Aug 03 14:56:53.151352 np0000006356 nova-conductor[99099]: DEBUG cotyledon.oslo_config_glue [-] workarounds.disable_rootwrap = False {{(pid=99099) log_opt_values /opt/stack/data/venv/lib/python3.12/site-packages/oslo_config/cfg.py:3545}}
Aug 03 14:56:53.151352 np0000006356 nova-conductor[99099]: DEBUG cotyledon.oslo_config_glue [-] workarounds.enable_numa_live_migration = False {{(pid=99099) log_opt_values /opt/stack/data/venv/lib/python3.12/site-packages/oslo_config/cfg.py:3545}}
Aug 03 14:56:53.151352 np0000006356 nova-conductor[99099]: DEBUG cotyledon.oslo_config_glue [-] workarounds.enable_qemu_monitor_announce_self = False {{(pid=99099) log_opt_values /opt/stack/data/venv/lib/python3.12/site-packages/oslo_config/cfg.py:3545}}
Aug 03 14:56:53.151352 np0000006356 nova-conductor[99099]: DEBUG cotyledon.oslo_config_glue [-] workarounds.ensure_libvirt_rbd_instance_dir_cleanup = False {{(pid=99099) log_opt_values /opt/stack/data/venv/lib/python3.12/site-packages/oslo_config/cfg.py:3545}}
Aug 03 14:56:53.151665 np0000006356 nova-conductor[99099]: DEBUG cotyledon.oslo_config_glue [-] workarounds.handle_virt_lifecycle_events = True {{(pid=99099) log_opt_values /opt/stack/data/venv/lib/python3.12/site-packages/oslo_config/cfg.py:3545}}
Aug 03 14:56:53.151665 np0000006356 nova-conductor[99099]: DEBUG cotyledon.oslo_config_glue [-] workarounds.libvirt_disable_apic = False {{(pid=99099) log_opt_values /opt/stack/data/venv/lib/python3.12/site-packages/oslo_config/cfg.py:3545}}
Aug 03 14:56:53.151665 np0000006356 nova-conductor[99099]: DEBUG cotyledon.oslo_config_glue [-] workarounds.never_download_image_if_on_rbd = False {{(pid=99099) log_opt_values /opt/stack/data/venv/lib/python3.12/site-packages/oslo_config/cfg.py:3545}}
Aug 03 14:56:53.151665 np0000006356 nova-conductor[99099]: DEBUG cotyledon.oslo_config_glue [-] workarounds.qemu_monitor_announce_self_count = 3 {{(pid=99099) log_opt_values /opt/stack/data/venv/lib/python3.12/site-packages/oslo_config/cfg.py:3545}}
Aug 03 14:56:53.151665 np0000006356 nova-conductor[99099]: DEBUG cotyledon.oslo_config_glue [-] workarounds.qemu_monitor_announce_self_interval = 1 {{(pid=99099) log_opt_values /opt/stack/data/venv/lib/python3.12/site-packages/oslo_config/cfg.py:3545}}
Aug 03 14:56:53.151665 np0000006356 nova-conductor[99099]: DEBUG cotyledon.oslo_config_glue [-] workarounds.reserve_disk_resource_for_image_cache = False {{(pid=99099) log_opt_values /opt/stack/data/venv/lib/python3.12/site-packages/oslo_config/cfg.py:3545}}
Aug 03 14:56:53.151665 np0000006356 nova-conductor[99099]: DEBUG cotyledon.oslo_config_glue [-] workarounds.skip_cpu_compare_at_startup = False {{(pid=99099) log_opt_values /opt/stack/data/venv/lib/python3.12/site-packages/oslo_config/cfg.py:3545}}
Aug 03 14:56:53.151665 np0000006356 nova-conductor[99099]: DEBUG cotyledon.oslo_config_glue [-] workarounds.skip_cpu_compare_on_dest = False {{(pid=99099) log_opt_values /opt/stack/data/venv/lib/python3.12/site-packages/oslo_config/cfg.py:3545}}
Aug 03 14:56:53.151665 np0000006356 nova-conductor[99099]: DEBUG cotyledon.oslo_config_glue [-] workarounds.skip_hypervisor_version_check_on_lm = False {{(pid=99099) log_opt_values /opt/stack/data/venv/lib/python3.12/site-packages/oslo_config/cfg.py:3545}}
Aug 03 14:56:53.151964 np0000006356 nova-conductor[99099]: DEBUG cotyledon.oslo_config_glue [-] workarounds.skip_reserve_in_use_ironic_nodes = False {{(pid=99099) log_opt_values /opt/stack/data/venv/lib/python3.12/site-packages/oslo_config/cfg.py:3545}}
Aug 03 14:56:53.151964 np0000006356 nova-conductor[99099]: DEBUG cotyledon.oslo_config_glue [-] workarounds.unified_limits_count_pcpu_as_vcpu = False {{(pid=99099) log_opt_values /opt/stack/data/venv/lib/python3.12/site-packages/oslo_config/cfg.py:3545}}
Aug 03 14:56:53.151964 np0000006356 nova-conductor[99099]: DEBUG cotyledon.oslo_config_glue [-] workarounds.wait_for_vif_plugged_event_during_hard_reboot = [] {{(pid=99099) log_opt_values /opt/stack/data/venv/lib/python3.12/site-packages/oslo_config/cfg.py:3545}}
Aug 03 14:56:53.151964 np0000006356 nova-conductor[99099]: DEBUG cotyledon.oslo_config_glue [-] wsgi.api_paste_config = /etc/nova/api-paste.ini {{(pid=99099) log_opt_values /opt/stack/data/venv/lib/python3.12/site-packages/oslo_config/cfg.py:3545}}
Aug 03 14:56:53.151964 np0000006356 nova-conductor[99099]: DEBUG cotyledon.oslo_config_glue [-] wsgi.secure_proxy_ssl_header = None {{(pid=99099) log_opt_values /opt/stack/data/venv/lib/python3.12/site-packages/oslo_config/cfg.py:3545}}
Aug 03 14:56:53.151964 np0000006356 nova-conductor[99099]: DEBUG cotyledon.oslo_config_glue [-] zvm.ca_file = None {{(pid=99099) log_opt_values /opt/stack/data/venv/lib/python3.12/site-packages/oslo_config/cfg.py:3545}}
Aug 03 14:56:53.151964 np0000006356 nova-conductor[99099]: DEBUG cotyledon.oslo_config_glue [-] zvm.cloud_connector_url = None {{(pid=99099) log_opt_values /opt/stack/data/venv/lib/python3.12/site-packages/oslo_config/cfg.py:3545}}
Aug 03 14:56:53.151964 np0000006356 nova-conductor[99099]: DEBUG cotyledon.oslo_config_glue [-] zvm.image_tmp_path = /opt/stack/data/nova/images {{(pid=99099) log_opt_values /opt/stack/data/venv/lib/python3.12/site-packages/oslo_config/cfg.py:3545}}
Aug 03 14:56:53.151964 np0000006356 nova-conductor[99099]: DEBUG cotyledon.oslo_config_glue [-] zvm.reachable_timeout = 300 {{(pid=99099) log_opt_values /opt/stack/data/venv/lib/python3.12/site-packages/oslo_config/cfg.py:3545}}
Aug 03 14:56:53.152252 np0000006356 nova-conductor[99099]: DEBUG cotyledon.oslo_config_glue [-] oslo_versionedobjects.fatal_exception_format_errors = False {{(pid=99099) log_opt_values /opt/stack/data/venv/lib/python3.12/site-packages/oslo_config/cfg.py:3545}}
Aug 03 14:56:53.152252 np0000006356 nova-conductor[99099]: DEBUG cotyledon.oslo_config_glue [-] oslo_middleware.http_basic_auth_user_file = /etc/htpasswd {{(pid=99099) log_opt_values /opt/stack/data/venv/lib/python3.12/site-packages/oslo_config/cfg.py:3545}}
Aug 03 14:56:53.152252 np0000006356 nova-conductor[99099]: DEBUG cotyledon.oslo_config_glue [-] profiler.connection_string = messaging:// {{(pid=99099) log_opt_values /opt/stack/data/venv/lib/python3.12/site-packages/oslo_config/cfg.py:3545}}
Aug 03 14:56:53.152252 np0000006356 nova-conductor[99099]: DEBUG cotyledon.oslo_config_glue [-] profiler.enabled = False {{(pid=99099) log_opt_values /opt/stack/data/venv/lib/python3.12/site-packages/oslo_config/cfg.py:3545}}
Aug 03 14:56:53.152252 np0000006356 nova-conductor[99099]: DEBUG cotyledon.oslo_config_glue [-] profiler.es_doc_type = notification {{(pid=99099) log_opt_values /opt/stack/data/venv/lib/python3.12/site-packages/oslo_config/cfg.py:3545}}
Aug 03 14:56:53.152252 np0000006356 nova-conductor[99099]: DEBUG cotyledon.oslo_config_glue [-] profiler.es_scroll_size = 10000 {{(pid=99099) log_opt_values /opt/stack/data/venv/lib/python3.12/site-packages/oslo_config/cfg.py:3545}}
Aug 03 14:56:53.152252 np0000006356 nova-conductor[99099]: DEBUG cotyledon.oslo_config_glue [-] profiler.es_scroll_time = 2m {{(pid=99099) log_opt_values /opt/stack/data/venv/lib/python3.12/site-packages/oslo_config/cfg.py:3545}}
Aug 03 14:56:53.152252 np0000006356 nova-conductor[99099]: DEBUG cotyledon.oslo_config_glue [-] profiler.filter_error_trace = False {{(pid=99099) log_opt_values /opt/stack/data/venv/lib/python3.12/site-packages/oslo_config/cfg.py:3545}}
Aug 03 14:56:53.152252 np0000006356 nova-conductor[99099]: DEBUG cotyledon.oslo_config_glue [-] profiler.hmac_keys = **** {{(pid=99099) log_opt_values /opt/stack/data/venv/lib/python3.12/site-packages/oslo_config/cfg.py:3545}}
Aug 03 14:56:53.152545 np0000006356 nova-conductor[99099]: DEBUG cotyledon.oslo_config_glue [-] profiler.sentinel_service_name = mymaster {{(pid=99099) log_opt_values /opt/stack/data/venv/lib/python3.12/site-packages/oslo_config/cfg.py:3545}}
Aug 03 14:56:53.152545 np0000006356 nova-conductor[99099]: DEBUG cotyledon.oslo_config_glue [-] profiler.socket_timeout = 0.1 {{(pid=99099) log_opt_values /opt/stack/data/venv/lib/python3.12/site-packages/oslo_config/cfg.py:3545}}
Aug 03 14:56:53.152545 np0000006356 nova-conductor[99099]: DEBUG cotyledon.oslo_config_glue [-] profiler.trace_requests = False {{(pid=99099) log_opt_values /opt/stack/data/venv/lib/python3.12/site-packages/oslo_config/cfg.py:3545}}
Aug 03 14:56:53.152545 np0000006356 nova-conductor[99099]: DEBUG cotyledon.oslo_config_glue [-] profiler.trace_sqlalchemy = False {{(pid=99099) log_opt_values /opt/stack/data/venv/lib/python3.12/site-packages/oslo_config/cfg.py:3545}}
Aug 03 14:56:53.152545 np0000006356 nova-conductor[99099]: DEBUG cotyledon.oslo_config_glue [-] profiler_jaeger.process_tags = {} {{(pid=99099) log_opt_values /opt/stack/data/venv/lib/python3.12/site-packages/oslo_config/cfg.py:3545}}
Aug 03 14:56:53.152545 np0000006356 nova-conductor[99099]: DEBUG cotyledon.oslo_config_glue [-] profiler_jaeger.service_name_prefix = None {{(pid=99099) log_opt_values /opt/stack/data/venv/lib/python3.12/site-packages/oslo_config/cfg.py:3545}}
Aug 03 14:56:53.152545 np0000006356 nova-conductor[99099]: DEBUG cotyledon.oslo_config_glue [-] profiler_otlp.service_name_prefix = None {{(pid=99099) log_opt_values /opt/stack/data/venv/lib/python3.12/site-packages/oslo_config/cfg.py:3545}}
Aug 03 14:56:53.152545 np0000006356 nova-conductor[99099]: DEBUG cotyledon.oslo_config_glue [-] oslo_messaging_rabbit.amqp_auto_delete = False {{(pid=99099) log_opt_values /opt/stack/data/venv/lib/python3.12/site-packages/oslo_config/cfg.py:3545}}
Aug 03 14:56:53.152545 np0000006356 nova-conductor[99099]: DEBUG cotyledon.oslo_config_glue [-] oslo_messaging_rabbit.amqp_durable_queues = False {{(pid=99099) log_opt_values /opt/stack/data/venv/lib/python3.12/site-packages/oslo_config/cfg.py:3545}}
Aug 03 14:56:53.152853 np0000006356 nova-conductor[99099]: DEBUG cotyledon.oslo_config_glue [-] oslo_messaging_rabbit.conn_pool_min_size = 2 {{(pid=99099) log_opt_values /opt/stack/data/venv/lib/python3.12/site-packages/oslo_config/cfg.py:3545}}
Aug 03 14:56:53.152853 np0000006356 nova-conductor[99099]: DEBUG cotyledon.oslo_config_glue [-] oslo_messaging_rabbit.conn_pool_ttl = 1200 {{(pid=99099) log_opt_values /opt/stack/data/venv/lib/python3.12/site-packages/oslo_config/cfg.py:3545}}
Aug 03 14:56:53.152853 np0000006356 nova-conductor[99099]: DEBUG cotyledon.oslo_config_glue [-] oslo_messaging_rabbit.direct_mandatory_flag = True {{(pid=99099) log_opt_values /opt/stack/data/venv/lib/python3.12/site-packages/oslo_config/cfg.py:3545}}
Aug 03 14:56:53.152853 np0000006356 nova-conductor[99099]: DEBUG cotyledon.oslo_config_glue [-] oslo_messaging_rabbit.enable_cancel_on_failover = False {{(pid=99099) log_opt_values /opt/stack/data/venv/lib/python3.12/site-packages/oslo_config/cfg.py:3545}}
Aug 03 14:56:53.152853 np0000006356 nova-conductor[99099]: DEBUG cotyledon.oslo_config_glue [-] oslo_messaging_rabbit.heartbeat_rate = 3 {{(pid=99099) log_opt_values /opt/stack/data/venv/lib/python3.12/site-packages/oslo_config/cfg.py:3545}}
Aug 03 14:56:53.152853 np0000006356 nova-conductor[99099]: DEBUG cotyledon.oslo_config_glue [-] oslo_messaging_rabbit.heartbeat_timeout_threshold = 60 {{(pid=99099) log_opt_values /opt/stack/data/venv/lib/python3.12/site-packages/oslo_config/cfg.py:3545}}
Aug 03 14:56:53.152853 np0000006356 nova-conductor[99099]: DEBUG cotyledon.oslo_config_glue [-] oslo_messaging_rabbit.hostname = np0000006356 {{(pid=99099) log_opt_values /opt/stack/data/venv/lib/python3.12/site-packages/oslo_config/cfg.py:3545}}
Aug 03 14:56:53.152853 np0000006356 nova-conductor[99099]: DEBUG cotyledon.oslo_config_glue [-] oslo_messaging_rabbit.kombu_compression = None {{(pid=99099) log_opt_values /opt/stack/data/venv/lib/python3.12/site-packages/oslo_config/cfg.py:3545}}
Aug 03 14:56:53.152853 np0000006356 nova-conductor[99099]: DEBUG cotyledon.oslo_config_glue [-] oslo_messaging_rabbit.kombu_failover_strategy = round-robin {{(pid=99099) log_opt_values /opt/stack/data/venv/lib/python3.12/site-packages/oslo_config/cfg.py:3545}}
Aug 03 14:56:53.153139 np0000006356 nova-conductor[99099]: DEBUG cotyledon.oslo_config_glue [-] oslo_messaging_rabbit.kombu_missing_consumer_retry_timeout = 60 {{(pid=99099) log_opt_values /opt/stack/data/venv/lib/python3.12/site-packages/oslo_config/cfg.py:3545}}
Aug 03 14:56:53.153139 np0000006356 nova-conductor[99099]: DEBUG cotyledon.oslo_config_glue [-] oslo_messaging_rabbit.kombu_reconnect_delay = 1.0 {{(pid=99099) log_opt_values /opt/stack/data/venv/lib/python3.12/site-packages/oslo_config/cfg.py:3545}}
Aug 03 14:56:53.153139 np0000006356 nova-conductor[99099]: DEBUG cotyledon.oslo_config_glue [-] oslo_messaging_rabbit.kombu_reconnect_splay = 0.0 {{(pid=99099) log_opt_values /opt/stack/data/venv/lib/python3.12/site-packages/oslo_config/cfg.py:3545}}
Aug 03 14:56:53.153139 np0000006356 nova-conductor[99099]: DEBUG cotyledon.oslo_config_glue [-] oslo_messaging_rabbit.processname = nova-conductor {{(pid=99099) log_opt_values /opt/stack/data/venv/lib/python3.12/site-packages/oslo_config/cfg.py:3545}}
Aug 03 14:56:53.153139 np0000006356 nova-conductor[99099]: DEBUG cotyledon.oslo_config_glue [-] oslo_messaging_rabbit.rabbit_ha_queues = False {{(pid=99099) log_opt_values /opt/stack/data/venv/lib/python3.12/site-packages/oslo_config/cfg.py:3545}}
Aug 03 14:56:53.153306 np0000006356 nova-conductor[99092]: INFO dbcounter [None req-b14ec19a-c454-465b-ad1d-a11bc5fab112 None None] Registered counter for database nova_cell0
Aug 03 14:56:53.153348 np0000006356 nova-conductor[99099]: DEBUG cotyledon.oslo_config_glue [-] oslo_messaging_rabbit.rabbit_interval_max = 30 {{(pid=99099) log_opt_values /opt/stack/data/venv/lib/python3.12/site-packages/oslo_config/cfg.py:3545}}
Aug 03 14:56:53.153348 np0000006356 nova-conductor[99099]: DEBUG cotyledon.oslo_config_glue [-] oslo_messaging_rabbit.rabbit_login_method = AMQPLAIN {{(pid=99099) log_opt_values /opt/stack/data/venv/lib/python3.12/site-packages/oslo_config/cfg.py:3545}}
Aug 03 14:56:53.153348 np0000006356 nova-conductor[99099]: DEBUG cotyledon.oslo_config_glue [-] oslo_messaging_rabbit.rabbit_qos_prefetch_count = 0 {{(pid=99099) log_opt_values /opt/stack/data/venv/lib/python3.12/site-packages/oslo_config/cfg.py:3545}}
Aug 03 14:56:53.153348 np0000006356 nova-conductor[99099]: DEBUG cotyledon.oslo_config_glue [-] oslo_messaging_rabbit.rabbit_quorum_delivery_limit = 0 {{(pid=99099) log_opt_values /opt/stack/data/venv/lib/python3.12/site-packages/oslo_config/cfg.py:3545}}
Aug 03 14:56:53.153348 np0000006356 nova-conductor[99099]: DEBUG cotyledon.oslo_config_glue [-] oslo_messaging_rabbit.rabbit_quorum_max_memory_bytes = 0 {{(pid=99099) log_opt_values /opt/stack/data/venv/lib/python3.12/site-packages/oslo_config/cfg.py:3545}}
Aug 03 14:56:53.153348 np0000006356 nova-conductor[99099]: DEBUG cotyledon.oslo_config_glue [-] oslo_messaging_rabbit.rabbit_quorum_max_memory_length = 0 {{(pid=99099) log_opt_values /opt/stack/data/venv/lib/python3.12/site-packages/oslo_config/cfg.py:3545}}
Aug 03 14:56:53.153348 np0000006356 nova-conductor[99099]: DEBUG cotyledon.oslo_config_glue [-] oslo_messaging_rabbit.rabbit_quorum_queue = False {{(pid=99099) log_opt_values /opt/stack/data/venv/lib/python3.12/site-packages/oslo_config/cfg.py:3545}}
Aug 03 14:56:53.153348 np0000006356 nova-conductor[99099]: DEBUG cotyledon.oslo_config_glue [-] oslo_messaging_rabbit.rabbit_retry_backoff = 2 {{(pid=99099) log_opt_values /opt/stack/data/venv/lib/python3.12/site-packages/oslo_config/cfg.py:3545}}
Aug 03 14:56:53.153348 np0000006356 nova-conductor[99099]: DEBUG cotyledon.oslo_config_glue [-] oslo_messaging_rabbit.rabbit_retry_interval = 1 {{(pid=99099) log_opt_values /opt/stack/data/venv/lib/python3.12/site-packages/oslo_config/cfg.py:3545}}
Aug 03 14:56:53.153658 np0000006356 nova-conductor[99099]: DEBUG cotyledon.oslo_config_glue [-] oslo_messaging_rabbit.rabbit_stream_fanout = False {{(pid=99099) log_opt_values /opt/stack/data/venv/lib/python3.12/site-packages/oslo_config/cfg.py:3545}}
Aug 03 14:56:53.153658 np0000006356 nova-conductor[99099]: DEBUG cotyledon.oslo_config_glue [-] oslo_messaging_rabbit.rabbit_transient_queues_ttl = 1800 {{(pid=99099) log_opt_values /opt/stack/data/venv/lib/python3.12/site-packages/oslo_config/cfg.py:3545}}
Aug 03 14:56:53.153658 np0000006356 nova-conductor[99099]: DEBUG cotyledon.oslo_config_glue [-] oslo_messaging_rabbit.rabbit_transient_quorum_queue = False {{(pid=99099) log_opt_values /opt/stack/data/venv/lib/python3.12/site-packages/oslo_config/cfg.py:3545}}
Aug 03 14:56:53.153658 np0000006356 nova-conductor[99099]: DEBUG cotyledon.oslo_config_glue [-] oslo_messaging_rabbit.rpc_conn_pool_size = 30 {{(pid=99099) log_opt_values /opt/stack/data/venv/lib/python3.12/site-packages/oslo_config/cfg.py:3545}}
Aug 03 14:56:53.153658 np0000006356 nova-conductor[99099]: DEBUG cotyledon.oslo_config_glue [-] oslo_messaging_rabbit.ssl = False {{(pid=99099) log_opt_values /opt/stack/data/venv/lib/python3.12/site-packages/oslo_config/cfg.py:3545}}
Aug 03 14:56:53.153658 np0000006356 nova-conductor[99099]: DEBUG cotyledon.oslo_config_glue [-] oslo_messaging_rabbit.ssl_ca_file = {{(pid=99099) log_opt_values /opt/stack/data/venv/lib/python3.12/site-packages/oslo_config/cfg.py:3545}}
Aug 03 14:56:53.153658 np0000006356 nova-conductor[99099]: DEBUG cotyledon.oslo_config_glue [-] oslo_messaging_rabbit.ssl_cert_file = {{(pid=99099) log_opt_values /opt/stack/data/venv/lib/python3.12/site-packages/oslo_config/cfg.py:3545}}
Aug 03 14:56:53.153658 np0000006356 nova-conductor[99099]: DEBUG cotyledon.oslo_config_glue [-] oslo_messaging_rabbit.ssl_enforce_fips_mode = False {{(pid=99099) log_opt_values /opt/stack/data/venv/lib/python3.12/site-packages/oslo_config/cfg.py:3545}}
Aug 03 14:56:53.153658 np0000006356 nova-conductor[99099]: DEBUG cotyledon.oslo_config_glue [-] oslo_messaging_rabbit.ssl_enforce_hostname_verification = True {{(pid=99099) log_opt_values /opt/stack/data/venv/lib/python3.12/site-packages/oslo_config/cfg.py:3545}}
Aug 03 14:56:53.153962 np0000006356 nova-conductor[99099]: DEBUG cotyledon.oslo_config_glue [-] oslo_messaging_rabbit.ssl_key_file = {{(pid=99099) log_opt_values /opt/stack/data/venv/lib/python3.12/site-packages/oslo_config/cfg.py:3545}}
Aug 03 14:56:53.153962 np0000006356 nova-conductor[99099]: DEBUG cotyledon.oslo_config_glue [-] oslo_messaging_rabbit.ssl_version = {{(pid=99099) log_opt_values /opt/stack/data/venv/lib/python3.12/site-packages/oslo_config/cfg.py:3545}}
Aug 03 14:56:53.153962 np0000006356 nova-conductor[99099]: DEBUG cotyledon.oslo_config_glue [-] oslo_messaging_rabbit.use_queue_manager = False {{(pid=99099) log_opt_values /opt/stack/data/venv/lib/python3.12/site-packages/oslo_config/cfg.py:3545}}
Aug 03 14:56:53.153962 np0000006356 nova-conductor[99099]: DEBUG cotyledon.oslo_config_glue [-] oslo_messaging_notifications.driver = ['messagingv2'] {{(pid=99099) log_opt_values /opt/stack/data/venv/lib/python3.12/site-packages/oslo_config/cfg.py:3545}}
Aug 03 14:56:53.153962 np0000006356 nova-conductor[99099]: DEBUG cotyledon.oslo_config_glue [-] oslo_messaging_notifications.retry = -1 {{(pid=99099) log_opt_values /opt/stack/data/venv/lib/python3.12/site-packages/oslo_config/cfg.py:3545}}
Aug 03 14:56:53.153962 np0000006356 nova-conductor[99099]: DEBUG cotyledon.oslo_config_glue [-] oslo_messaging_notifications.topics = ['notifications'] {{(pid=99099) log_opt_values /opt/stack/data/venv/lib/python3.12/site-packages/oslo_config/cfg.py:3545}}
Aug 03 14:56:53.153962 np0000006356 nova-conductor[99099]: DEBUG cotyledon.oslo_config_glue [-] oslo_messaging_notifications.transport_url = **** {{(pid=99099) log_opt_values /opt/stack/data/venv/lib/python3.12/site-packages/oslo_config/cfg.py:3545}}
Aug 03 14:56:53.153962 np0000006356 nova-conductor[99099]: DEBUG cotyledon.oslo_config_glue [-] oslo_limit.auth_section = None {{(pid=99099) log_opt_values /opt/stack/data/venv/lib/python3.12/site-packages/oslo_config/cfg.py:3545}}
Aug 03 14:56:53.153962 np0000006356 nova-conductor[99099]: DEBUG cotyledon.oslo_config_glue [-] oslo_limit.auth_type = None {{(pid=99099) log_opt_values /opt/stack/data/venv/lib/python3.12/site-packages/oslo_config/cfg.py:3545}}
Aug 03 14:56:53.154244 np0000006356 nova-conductor[99099]: DEBUG cotyledon.oslo_config_glue [-] oslo_limit.cafile = None {{(pid=99099) log_opt_values /opt/stack/data/venv/lib/python3.12/site-packages/oslo_config/cfg.py:3545}}
Aug 03 14:56:53.154244 np0000006356 nova-conductor[99099]: DEBUG cotyledon.oslo_config_glue [-] oslo_limit.certfile = None {{(pid=99099) log_opt_values /opt/stack/data/venv/lib/python3.12/site-packages/oslo_config/cfg.py:3545}}
Aug 03 14:56:53.154244 np0000006356 nova-conductor[99099]: DEBUG cotyledon.oslo_config_glue [-] oslo_limit.collect_timing = False {{(pid=99099) log_opt_values /opt/stack/data/venv/lib/python3.12/site-packages/oslo_config/cfg.py:3545}}
Aug 03 14:56:53.154244 np0000006356 nova-conductor[99099]: DEBUG cotyledon.oslo_config_glue [-] oslo_limit.connect_retries = None {{(pid=99099) log_opt_values /opt/stack/data/venv/lib/python3.12/site-packages/oslo_config/cfg.py:3545}}
Aug 03 14:56:53.154244 np0000006356 nova-conductor[99099]: DEBUG cotyledon.oslo_config_glue [-] oslo_limit.connect_retry_delay = None {{(pid=99099) log_opt_values /opt/stack/data/venv/lib/python3.12/site-packages/oslo_config/cfg.py:3545}}
Aug 03 14:56:53.154244 np0000006356 nova-conductor[99099]: DEBUG cotyledon.oslo_config_glue [-] oslo_limit.endpoint_id = None {{(pid=99099) log_opt_values /opt/stack/data/venv/lib/python3.12/site-packages/oslo_config/cfg.py:3545}}
Aug 03 14:56:53.154244 np0000006356 nova-conductor[99099]: DEBUG cotyledon.oslo_config_glue [-] oslo_limit.endpoint_interface = public {{(pid=99099) log_opt_values /opt/stack/data/venv/lib/python3.12/site-packages/oslo_config/cfg.py:3545}}
Aug 03 14:56:53.154244 np0000006356 nova-conductor[99099]: DEBUG cotyledon.oslo_config_glue [-] oslo_limit.endpoint_override = None {{(pid=99099) log_opt_values /opt/stack/data/venv/lib/python3.12/site-packages/oslo_config/cfg.py:3545}}
Aug 03 14:56:53.154244 np0000006356 nova-conductor[99099]: DEBUG cotyledon.oslo_config_glue [-] oslo_limit.endpoint_region_name = None {{(pid=99099) log_opt_values /opt/stack/data/venv/lib/python3.12/site-packages/oslo_config/cfg.py:3545}}
Aug 03 14:56:53.154870 np0000006356 nova-conductor[99099]: DEBUG cotyledon.oslo_config_glue [-] oslo_limit.endpoint_service_name = None {{(pid=99099) log_opt_values /opt/stack/data/venv/lib/python3.12/site-packages/oslo_config/cfg.py:3545}}
Aug 03 14:56:53.154870 np0000006356 nova-conductor[99099]: DEBUG cotyledon.oslo_config_glue [-] oslo_limit.endpoint_service_type = None {{(pid=99099) log_opt_values /opt/stack/data/venv/lib/python3.12/site-packages/oslo_config/cfg.py:3545}}
Aug 03 14:56:53.154870 np0000006356 nova-conductor[99099]: DEBUG cotyledon.oslo_config_glue [-] oslo_limit.insecure = False {{(pid=99099) log_opt_values /opt/stack/data/venv/lib/python3.12/site-packages/oslo_config/cfg.py:3545}}
Aug 03 14:56:53.154870 np0000006356 nova-conductor[99099]: DEBUG cotyledon.oslo_config_glue [-] oslo_limit.keyfile = None {{(pid=99099) log_opt_values /opt/stack/data/venv/lib/python3.12/site-packages/oslo_config/cfg.py:3545}}
Aug 03 14:56:53.154870 np0000006356 nova-conductor[99099]: DEBUG cotyledon.oslo_config_glue [-] oslo_limit.max_version = None {{(pid=99099) log_opt_values /opt/stack/data/venv/lib/python3.12/site-packages/oslo_config/cfg.py:3545}}
Aug 03 14:56:53.154870 np0000006356 nova-conductor[99099]: DEBUG cotyledon.oslo_config_glue [-] oslo_limit.min_version = None {{(pid=99099) log_opt_values /opt/stack/data/venv/lib/python3.12/site-packages/oslo_config/cfg.py:3545}}
Aug 03 14:56:53.154870 np0000006356 nova-conductor[99099]: DEBUG cotyledon.oslo_config_glue [-] oslo_limit.region_name = None {{(pid=99099) log_opt_values /opt/stack/data/venv/lib/python3.12/site-packages/oslo_config/cfg.py:3545}}
Aug 03 14:56:53.154870 np0000006356 nova-conductor[99099]: DEBUG cotyledon.oslo_config_glue [-] oslo_limit.retriable_status_codes = None {{(pid=99099) log_opt_values /opt/stack/data/venv/lib/python3.12/site-packages/oslo_config/cfg.py:3545}}
Aug 03 14:56:53.154870 np0000006356 nova-conductor[99099]: DEBUG cotyledon.oslo_config_glue [-] oslo_limit.service_name = None {{(pid=99099) log_opt_values /opt/stack/data/venv/lib/python3.12/site-packages/oslo_config/cfg.py:3545}}
Aug 03 14:56:53.155183 np0000006356 nova-conductor[99099]: DEBUG cotyledon.oslo_config_glue [-] oslo_limit.service_type = None {{(pid=99099) log_opt_values /opt/stack/data/venv/lib/python3.12/site-packages/oslo_config/cfg.py:3545}}
Aug 03 14:56:53.155183 np0000006356 nova-conductor[99099]: DEBUG cotyledon.oslo_config_glue [-] oslo_limit.split_loggers = False {{(pid=99099) log_opt_values /opt/stack/data/venv/lib/python3.12/site-packages/oslo_config/cfg.py:3545}}
Aug 03 14:56:53.155183 np0000006356 nova-conductor[99099]: DEBUG cotyledon.oslo_config_glue [-] oslo_limit.status_code_retries = None {{(pid=99099) log_opt_values /opt/stack/data/venv/lib/python3.12/site-packages/oslo_config/cfg.py:3545}}
Aug 03 14:56:53.155183 np0000006356 nova-conductor[99099]: DEBUG cotyledon.oslo_config_glue [-] oslo_limit.status_code_retry_delay = None {{(pid=99099) log_opt_values /opt/stack/data/venv/lib/python3.12/site-packages/oslo_config/cfg.py:3545}}
Aug 03 14:56:53.155183 np0000006356 nova-conductor[99099]: DEBUG cotyledon.oslo_config_glue [-] oslo_limit.timeout = None {{(pid=99099) log_opt_values /opt/stack/data/venv/lib/python3.12/site-packages/oslo_config/cfg.py:3545}}
Aug 03 14:56:53.155183 np0000006356 nova-conductor[99099]: DEBUG cotyledon.oslo_config_glue [-] oslo_limit.valid_interfaces = None {{(pid=99099) log_opt_values /opt/stack/data/venv/lib/python3.12/site-packages/oslo_config/cfg.py:3545}}
Aug 03 14:56:53.155183 np0000006356 nova-conductor[99099]: DEBUG cotyledon.oslo_config_glue [-] oslo_limit.version = None {{(pid=99099) log_opt_values /opt/stack/data/venv/lib/python3.12/site-packages/oslo_config/cfg.py:3545}}
Aug 03 14:56:53.155183 np0000006356 nova-conductor[99099]: DEBUG cotyledon.oslo_config_glue [-] oslo_reports.file_event_handler = None {{(pid=99099) log_opt_values /opt/stack/data/venv/lib/python3.12/site-packages/oslo_config/cfg.py:3545}}
Aug 03 14:56:53.155183 np0000006356 nova-conductor[99099]: DEBUG cotyledon.oslo_config_glue [-] oslo_reports.file_event_handler_interval = 1 {{(pid=99099) log_opt_values /opt/stack/data/venv/lib/python3.12/site-packages/oslo_config/cfg.py:3545}}
Aug 03 14:56:53.155727 np0000006356 nova-conductor[99099]: DEBUG cotyledon.oslo_config_glue [-] oslo_reports.log_dir = None {{(pid=99099) log_opt_values /opt/stack/data/venv/lib/python3.12/site-packages/oslo_config/cfg.py:3545}}
Aug 03 14:56:53.155727 np0000006356 nova-conductor[99099]: DEBUG cotyledon.oslo_config_glue [-] ******************************************************************************** {{(pid=99099) log_opt_values /opt/stack/data/venv/lib/python3.12/site-packages/oslo_config/cfg.py:3552}}
Aug 03 14:56:53.155727 np0000006356 nova-conductor[99099]: DEBUG cotyledon._service_worker [-] Run service ServiceWrapper(3) [99099] {{(pid=99099) wait_forever /opt/stack/data/venv/lib/python3.12/site-packages/cotyledon/_service_worker.py:218}}
Aug 03 14:56:53.155727 np0000006356 nova-conductor[99099]: INFO nova.service [-] Starting conductor node (version 33.1.0)
Aug 03 14:56:53.155727 np0000006356 nova-conductor[99099]: INFO dbcounter [None req-e06ef746-0c5d-4e03-ac33-0ff839733e31 None None] Registered counter for database nova_cell0
Aug 03 14:56:53.155903 np0000006356 nova-conductor[99070]: DEBUG oslo_db.sqlalchemy.engines [None req-5bd6ed42-bd90-4cfa-92ea-47d6e0642249 None None] MySQL server mode set to STRICT_TRANS_TABLES,STRICT_ALL_TABLES,NO_ZERO_IN_DATE,NO_ZERO_DATE,ERROR_FOR_DIVISION_BY_ZERO,TRADITIONAL,NO_ENGINE_SUBSTITUTION {{(pid=99070) _check_effective_sql_mode /opt/stack/data/venv/lib/python3.12/site-packages/oslo_db/sqlalchemy/engines.py:325}}
Aug 03 14:56:53.155903 np0000006356 nova-conductor[99070]: DEBUG dbcounter [-] [99070] Writer thread running {{(pid=99070) stat_writer /opt/stack/data/venv/lib/python3.12/site-packages/dbcounter.py:102}}
Aug 03 14:56:53.155992 np0000006356 nova-conductor[99084]: DEBUG oslo_db.sqlalchemy.engines [None req-e9160b65-ff78-449e-ad4c-ddd9966da8bb None None] MySQL server mode set to STRICT_TRANS_TABLES,STRICT_ALL_TABLES,NO_ZERO_IN_DATE,NO_ZERO_DATE,ERROR_FOR_DIVISION_BY_ZERO,TRADITIONAL,NO_ENGINE_SUBSTITUTION {{(pid=99084) _check_effective_sql_mode /opt/stack/data/venv/lib/python3.12/site-packages/oslo_db/sqlalchemy/engines.py:325}}
Aug 03 14:56:53.155992 np0000006356 nova-conductor[99084]: DEBUG dbcounter [-] [99084] Writer thread running {{(pid=99084) stat_writer /opt/stack/data/venv/lib/python3.12/site-packages/dbcounter.py:102}}
Aug 03 14:56:53.156063 np0000006356 nova-conductor[99070]: DEBUG nova.service [None req-5bd6ed42-bd90-4cfa-92ea-47d6e0642249 None None] Creating RPC server for service: nova-conductor on topic: conductor {{(pid=99070) start /opt/stack/nova/nova/service.py:196}}
Aug 03 14:56:53.156101 np0000006356 nova-conductor[99084]: DEBUG nova.service [None req-e9160b65-ff78-449e-ad4c-ddd9966da8bb None None] Creating RPC server for service: nova-conductor on topic: conductor {{(pid=99084) start /opt/stack/nova/nova/service.py:196}}
Aug 03 14:56:53.156147 np0000006356 nova-conductor[99099]: DEBUG oslo_db.sqlalchemy.engines [None req-e06ef746-0c5d-4e03-ac33-0ff839733e31 None None] MySQL server mode set to STRICT_TRANS_TABLES,STRICT_ALL_TABLES,NO_ZERO_IN_DATE,NO_ZERO_DATE,ERROR_FOR_DIVISION_BY_ZERO,TRADITIONAL,NO_ENGINE_SUBSTITUTION {{(pid=99099) _check_effective_sql_mode /opt/stack/data/venv/lib/python3.12/site-packages/oslo_db/sqlalchemy/engines.py:325}}
Aug 03 14:56:53.156187 np0000006356 nova-conductor[99092]: DEBUG oslo_db.sqlalchemy.engines [None req-b14ec19a-c454-465b-ad1d-a11bc5fab112 None None] MySQL server mode set to STRICT_TRANS_TABLES,STRICT_ALL_TABLES,NO_ZERO_IN_DATE,NO_ZERO_DATE,ERROR_FOR_DIVISION_BY_ZERO,TRADITIONAL,NO_ENGINE_SUBSTITUTION {{(pid=99092) _check_effective_sql_mode /opt/stack/data/venv/lib/python3.12/site-packages/oslo_db/sqlalchemy/engines.py:325}}
Aug 03 14:56:53.160347 np0000006356 nova-conductor[99099]: DEBUG dbcounter [-] [99099] Writer thread running {{(pid=99099) stat_writer /opt/stack/data/venv/lib/python3.12/site-packages/dbcounter.py:102}}
Aug 03 14:56:53.163346 np0000006356 nova-conductor[99099]: DEBUG nova.service [None req-e06ef746-0c5d-4e03-ac33-0ff839733e31 None None] Creating RPC server for service: nova-conductor on topic: conductor {{(pid=99099) start /opt/stack/nova/nova/service.py:196}}
Aug 03 14:56:53.167028 np0000006356 nova-conductor[99092]: DEBUG dbcounter [-] [99092] Writer thread running {{(pid=99092) stat_writer /opt/stack/data/venv/lib/python3.12/site-packages/dbcounter.py:102}}
Aug 03 14:56:53.169465 np0000006356 nova-conductor[99084]: DEBUG nova.service [None req-e9160b65-ff78-449e-ad4c-ddd9966da8bb None None] Join ServiceGroup membership for this service conductor {{(pid=99084) start /opt/stack/nova/nova/service.py:222}}
Aug 03 14:56:53.169938 np0000006356 nova-conductor[99084]: DEBUG nova.servicegroup.drivers.db [None req-e9160b65-ff78-449e-ad4c-ddd9966da8bb None None] DB_Driver: join new ServiceGroup member np0000006356 to the conductor group, service = {{(pid=99084) join /opt/stack/nova/nova/servicegroup/drivers/db.py:44}}
Aug 03 14:56:53.170300 np0000006356 nova-conductor[99092]: DEBUG nova.service [None req-b14ec19a-c454-465b-ad1d-a11bc5fab112 None None] Creating RPC server for service: nova-conductor on topic: conductor {{(pid=99092) start /opt/stack/nova/nova/service.py:196}}
Aug 03 14:56:53.176801 np0000006356 nova-conductor[99070]: DEBUG nova.service [None req-5bd6ed42-bd90-4cfa-92ea-47d6e0642249 None None] Join ServiceGroup membership for this service conductor {{(pid=99070) start /opt/stack/nova/nova/service.py:222}}
Aug 03 14:56:53.177023 np0000006356 nova-conductor[99070]: DEBUG nova.servicegroup.drivers.db [None req-5bd6ed42-bd90-4cfa-92ea-47d6e0642249 None None] DB_Driver: join new ServiceGroup member np0000006356 to the conductor group, service = {{(pid=99070) join /opt/stack/nova/nova/servicegroup/drivers/db.py:44}}
Aug 03 14:56:53.184055 np0000006356 nova-conductor[99099]: DEBUG nova.service [None req-e06ef746-0c5d-4e03-ac33-0ff839733e31 None None] Join ServiceGroup membership for this service conductor {{(pid=99099) start /opt/stack/nova/nova/service.py:222}}
Aug 03 14:56:53.184302 np0000006356 nova-conductor[99099]: DEBUG nova.servicegroup.drivers.db [None req-e06ef746-0c5d-4e03-ac33-0ff839733e31 None None] DB_Driver: join new ServiceGroup member np0000006356 to the conductor group, service = {{(pid=99099) join /opt/stack/nova/nova/servicegroup/drivers/db.py:44}}
Aug 03 14:56:53.190490 np0000006356 nova-conductor[99092]: DEBUG nova.service [None req-b14ec19a-c454-465b-ad1d-a11bc5fab112 None None] Join ServiceGroup membership for this service conductor {{(pid=99092) start /opt/stack/nova/nova/service.py:222}}
Aug 03 14:56:53.190731 np0000006356 nova-conductor[99092]: DEBUG nova.servicegroup.drivers.db [None req-b14ec19a-c454-465b-ad1d-a11bc5fab112 None None] DB_Driver: join new ServiceGroup member np0000006356 to the conductor group, service = {{(pid=99092) join /opt/stack/nova/nova/servicegroup/drivers/db.py:44}}
Aug 03 14:56:57.179079 np0000006356 nova-conductor[99070]: DEBUG oslo.service.backend._threading.loopingcall [None req-dc8d421f-6198-4771-aac2-68846e7e1c95 None None] Dynamic interval looping call 'nova.service.Service.periodic_tasks' sleeping for 60.00 seconds {{(pid=99070) _run_loop /opt/stack/data/venv/lib/python3.12/site-packages/oslo_service/backend/_threading/loopingcall.py:125}}
Aug 03 14:56:58.183727 np0000006356 nova-conductor[99084]: DEBUG oslo.service.backend._threading.loopingcall [-] Fixed interval looping call 'nova.servicegroup.drivers.db.DbDriver._report_state' sleeping for 119.99 seconds {{(pid=99084) _run_loop /opt/stack/data/venv/lib/python3.12/site-packages/oslo_service/backend/_threading/loopingcall.py:125}}
Aug 03 14:56:58.185844 np0000006356 nova-conductor[99070]: DEBUG oslo.service.backend._threading.loopingcall [-] Fixed interval looping call 'nova.servicegroup.drivers.db.DbDriver._report_state' sleeping for 119.99 seconds {{(pid=99070) _run_loop /opt/stack/data/venv/lib/python3.12/site-packages/oslo_service/backend/_threading/loopingcall.py:125}}
Aug 03 14:56:58.194797 np0000006356 nova-conductor[99099]: DEBUG oslo.service.backend._threading.loopingcall [-] Fixed interval looping call 'nova.servicegroup.drivers.db.DbDriver._report_state' sleeping for 119.99 seconds {{(pid=99099) _run_loop /opt/stack/data/venv/lib/python3.12/site-packages/oslo_service/backend/_threading/loopingcall.py:125}}
Aug 03 14:56:58.200037 np0000006356 nova-conductor[99092]: DEBUG oslo.service.backend._threading.loopingcall [-] Fixed interval looping call 'nova.servicegroup.drivers.db.DbDriver._report_state' sleeping for 119.99 seconds {{(pid=99092) _run_loop /opt/stack/data/venv/lib/python3.12/site-packages/oslo_service/backend/_threading/loopingcall.py:125}}
Aug 03 14:57:01.754377 np0000006356 nova-conductor[97620]: DEBUG dbcounter [-] [97620] Writing DB stats nova_api:SELECT=1 {{(pid=97620) stat_writer /opt/stack/data/venv/lib/python3.12/site-packages/dbcounter.py:115}}
Aug 03 14:57:01.870743 np0000006356 nova-conductor[97620]: DEBUG dbcounter [-] [97620] Writing DB stats nova_cell0:SELECT=1 {{(pid=97620) stat_writer /opt/stack/data/venv/lib/python3.12/site-packages/dbcounter.py:115}}
Aug 03 14:57:01.883609 np0000006356 nova-conductor[97620]: DEBUG dbcounter [-] [97620] Writing DB stats nova_cell1:SELECT=1 {{(pid=97620) stat_writer /opt/stack/data/venv/lib/python3.12/site-packages/dbcounter.py:115}}
Aug 03 14:57:08.180537 np0000006356 nova-conductor[99084]: DEBUG dbcounter [-] [99084] Writing DB stats nova_cell0:SELECT=3,nova_cell0:UPDATE=1 {{(pid=99084) stat_writer /opt/stack/data/venv/lib/python3.12/site-packages/dbcounter.py:115}}
Aug 03 14:57:08.184997 np0000006356 nova-conductor[99070]: DEBUG dbcounter [-] [99070] Writing DB stats nova_cell0:SELECT=4,nova_cell0:INSERT=1,nova_cell0:UPDATE=1 {{(pid=99070) stat_writer /opt/stack/data/venv/lib/python3.12/site-packages/dbcounter.py:115}}
Aug 03 14:57:08.191903 np0000006356 nova-conductor[99099]: DEBUG dbcounter [-] [99099] Writing DB stats nova_cell0:SELECT=3 {{(pid=99099) stat_writer /opt/stack/data/venv/lib/python3.12/site-packages/dbcounter.py:115}}
Aug 03 14:57:08.197688 np0000006356 nova-conductor[99092]: DEBUG dbcounter [-] [99092] Writing DB stats nova_cell0:SELECT=3 {{(pid=99092) stat_writer /opt/stack/data/venv/lib/python3.12/site-packages/dbcounter.py:115}}
Aug 03 14:57:27.171719 np0000006356 nova-conductor[99084]: DEBUG oslo.service.backend._threading.loopingcall [None req-a6a9b0c0-575c-435f-8283-52785cd0f3f6 None None] Dynamic interval looping call 'nova.service.Service.periodic_tasks' sleeping for 60.00 seconds {{(pid=99084) _run_loop /opt/stack/data/venv/lib/python3.12/site-packages/oslo_service/backend/_threading/loopingcall.py:125}}
Aug 03 14:57:50.186627 np0000006356 nova-conductor[99099]: DEBUG oslo.service.backend._threading.loopingcall [None req-ab39f1f2-6400-4be1-bf34-1a4bfca444bc None None] Dynamic interval looping call 'nova.service.Service.periodic_tasks' sleeping for 60.00 seconds {{(pid=99099) _run_loop /opt/stack/data/venv/lib/python3.12/site-packages/oslo_service/backend/_threading/loopingcall.py:125}}
Aug 03 14:57:53.192692 np0000006356 nova-conductor[99092]: DEBUG oslo.service.backend._threading.loopingcall [None req-286e7250-b380-4d16-b7fd-698f054cad0b None None] Dynamic interval looping call 'nova.service.Service.periodic_tasks' sleeping for 60.00 seconds {{(pid=99092) _run_loop /opt/stack/data/venv/lib/python3.12/site-packages/oslo_service/backend/_threading/loopingcall.py:125}}
Aug 03 14:57:57.179576 np0000006356 nova-conductor[99070]: DEBUG oslo.service.backend._threading.loopingcall [None req-dc8d421f-6198-4771-aac2-68846e7e1c95 None None] Dynamic interval looping call 'nova.service.Service.periodic_tasks' sleeping for 60.00 seconds {{(pid=99070) _run_loop /opt/stack/data/venv/lib/python3.12/site-packages/oslo_service/backend/_threading/loopingcall.py:125}}
Aug 03 14:58:27.172318 np0000006356 nova-conductor[99084]: DEBUG oslo.service.backend._threading.loopingcall [None req-a6a9b0c0-575c-435f-8283-52785cd0f3f6 None None] Dynamic interval looping call 'nova.service.Service.periodic_tasks' sleeping for 60.00 seconds {{(pid=99084) _run_loop /opt/stack/data/venv/lib/python3.12/site-packages/oslo_service/backend/_threading/loopingcall.py:125}}
Aug 03 14:58:50.188274 np0000006356 nova-conductor[99099]: DEBUG oslo.service.backend._threading.loopingcall [None req-ab39f1f2-6400-4be1-bf34-1a4bfca444bc None None] Dynamic interval looping call 'nova.service.Service.periodic_tasks' sleeping for 60.00 seconds {{(pid=99099) _run_loop /opt/stack/data/venv/lib/python3.12/site-packages/oslo_service/backend/_threading/loopingcall.py:125}}
Aug 03 14:58:53.193707 np0000006356 nova-conductor[99092]: DEBUG oslo.service.backend._threading.loopingcall [None req-286e7250-b380-4d16-b7fd-698f054cad0b None None] Dynamic interval looping call 'nova.service.Service.periodic_tasks' sleeping for 60.00 seconds {{(pid=99092) _run_loop /opt/stack/data/venv/lib/python3.12/site-packages/oslo_service/backend/_threading/loopingcall.py:125}}
Aug 03 14:58:57.180207 np0000006356 nova-conductor[99070]: DEBUG oslo.service.backend._threading.loopingcall [None req-dc8d421f-6198-4771-aac2-68846e7e1c95 None None] Dynamic interval looping call 'nova.service.Service.periodic_tasks' sleeping for 60.00 seconds {{(pid=99070) _run_loop /opt/stack/data/venv/lib/python3.12/site-packages/oslo_service/backend/_threading/loopingcall.py:125}}
Aug 03 14:58:58.183548 np0000006356 nova-conductor[99084]: DEBUG oslo.service.backend._threading.loopingcall [-] Fixed interval looping call 'nova.servicegroup.drivers.db.DbDriver._report_state' sleeping for 119.99 seconds {{(pid=99084) _run_loop /opt/stack/data/venv/lib/python3.12/site-packages/oslo_service/backend/_threading/loopingcall.py:125}}
Aug 03 14:58:58.184799 np0000006356 nova-conductor[99070]: DEBUG oslo.service.backend._threading.loopingcall [-] Fixed interval looping call 'nova.servicegroup.drivers.db.DbDriver._report_state' sleeping for 119.99 seconds {{(pid=99070) _run_loop /opt/stack/data/venv/lib/python3.12/site-packages/oslo_service/backend/_threading/loopingcall.py:125}}
Aug 03 14:58:58.188745 np0000006356 nova-conductor[99099]: DEBUG oslo.service.backend._threading.loopingcall [-] Fixed interval looping call 'nova.servicegroup.drivers.db.DbDriver._report_state' sleeping for 120.00 seconds {{(pid=99099) _run_loop /opt/stack/data/venv/lib/python3.12/site-packages/oslo_service/backend/_threading/loopingcall.py:125}}
Aug 03 14:58:58.194003 np0000006356 nova-conductor[99092]: DEBUG oslo.service.backend._threading.loopingcall [-] Fixed interval looping call 'nova.servicegroup.drivers.db.DbDriver._report_state' sleeping for 120.00 seconds {{(pid=99092) _run_loop /opt/stack/data/venv/lib/python3.12/site-packages/oslo_service/backend/_threading/loopingcall.py:125}}
Aug 03 14:59:05.464181 np0000006356 nova-conductor[99084]: DEBUG oslo_db.sqlalchemy.engines [None req-7a110db8-b743-46ab-a6ac-f82ae1025811 tempest-DeleteServersTestJSON-1645014972 tempest-DeleteServersTestJSON-1645014972-project-member] Parent process 97620 forked (99084) with an open database connection, which is being discarded and recreated. {{(pid=99084) checkout /opt/stack/data/venv/lib/python3.12/site-packages/oslo_db/sqlalchemy/engines.py:402}}
Aug 03 14:59:05.515022 np0000006356 nova-conductor[99084]: DEBUG dbcounter [-] [99084] Writer thread running {{(pid=99084) stat_writer /opt/stack/data/venv/lib/python3.12/site-packages/dbcounter.py:102}}
Aug 03 14:59:06.773214 np0000006356 nova-conductor[99084]: DEBUG nova.conductor.manager [None req-7a110db8-b743-46ab-a6ac-f82ae1025811 tempest-DeleteServersTestJSON-1645014972 tempest-DeleteServersTestJSON-1645014972-project-member] Took 1.26 seconds to select destinations for 1 instance(s). {{(pid=99084) _schedule_instances /opt/stack/nova/nova/conductor/manager.py:968}}
Aug 03 14:59:06.800269 np0000006356 nova-conductor[99084]: DEBUG oslo_concurrency.lockutils [None req-7a110db8-b743-46ab-a6ac-f82ae1025811 tempest-DeleteServersTestJSON-1645014972 tempest-DeleteServersTestJSON-1645014972-project-member] Acquiring lock "6dfb00a7-360d-4163-aa1d-3a1aede516f3" by "nova.context.set_target_cell..get_or_set_cached_cell_and_set_connections" {{(pid=99084) inner /opt/stack/data/venv/lib/python3.12/site-packages/oslo_concurrency/lockutils.py:512}}
Aug 03 14:59:06.800809 np0000006356 nova-conductor[99084]: DEBUG oslo_concurrency.lockutils [None req-7a110db8-b743-46ab-a6ac-f82ae1025811 tempest-DeleteServersTestJSON-1645014972 tempest-DeleteServersTestJSON-1645014972-project-member] Lock "6dfb00a7-360d-4163-aa1d-3a1aede516f3" acquired by "nova.context.set_target_cell..get_or_set_cached_cell_and_set_connections" :: waited 0.001s {{(pid=99084) inner /opt/stack/data/venv/lib/python3.12/site-packages/oslo_concurrency/lockutils.py:525}}
Aug 03 14:59:06.801970 np0000006356 nova-conductor[99084]: DEBUG oslo_concurrency.lockutils [None req-7a110db8-b743-46ab-a6ac-f82ae1025811 tempest-DeleteServersTestJSON-1645014972 tempest-DeleteServersTestJSON-1645014972-project-member] Lock "6dfb00a7-360d-4163-aa1d-3a1aede516f3" "released" by "nova.context.set_target_cell..get_or_set_cached_cell_and_set_connections" :: held 0.001s {{(pid=99084) inner /opt/stack/data/venv/lib/python3.12/site-packages/oslo_concurrency/lockutils.py:544}}
Aug 03 14:59:06.803635 np0000006356 nova-conductor[99084]: INFO dbcounter [None req-7a110db8-b743-46ab-a6ac-f82ae1025811 tempest-DeleteServersTestJSON-1645014972 tempest-DeleteServersTestJSON-1645014972-project-member] Registered counter for database nova_cell1
Aug 03 14:59:06.847979 np0000006356 nova-conductor[99084]: DEBUG oslo_db.sqlalchemy.engines [None req-7a110db8-b743-46ab-a6ac-f82ae1025811 tempest-DeleteServersTestJSON-1645014972 tempest-DeleteServersTestJSON-1645014972-project-member] MySQL server mode set to STRICT_TRANS_TABLES,STRICT_ALL_TABLES,NO_ZERO_IN_DATE,NO_ZERO_DATE,ERROR_FOR_DIVISION_BY_ZERO,TRADITIONAL,NO_ENGINE_SUBSTITUTION {{(pid=99084) _check_effective_sql_mode /opt/stack/data/venv/lib/python3.12/site-packages/oslo_db/sqlalchemy/engines.py:325}}
Aug 03 14:59:06.856078 np0000006356 nova-conductor[99084]: DEBUG dbcounter [-] [99084] Writer thread running {{(pid=99084) stat_writer /opt/stack/data/venv/lib/python3.12/site-packages/dbcounter.py:102}}
Aug 03 14:59:06.950015 np0000006356 nova-conductor[99084]: INFO nova.utils [None req-7a110db8-b743-46ab-a6ac-f82ae1025811 tempest-DeleteServersTestJSON-1645014972 tempest-DeleteServersTestJSON-1645014972-project-member] The cell worker thread pool ForkProcess-2.cell_worker is initialized
Aug 03 14:59:06.950387 np0000006356 nova-conductor[99084]: DEBUG oslo_concurrency.lockutils [None req-7a110db8-b743-46ab-a6ac-f82ae1025811 tempest-DeleteServersTestJSON-1645014972 tempest-DeleteServersTestJSON-1645014972-project-member] Acquiring lock "00000000-0000-0000-0000-000000000000" by "nova.context.set_target_cell..get_or_set_cached_cell_and_set_connections" {{(pid=99084) inner /opt/stack/data/venv/lib/python3.12/site-packages/oslo_concurrency/lockutils.py:512}}
Aug 03 14:59:06.950594 np0000006356 nova-conductor[99084]: DEBUG oslo_concurrency.lockutils [None req-7a110db8-b743-46ab-a6ac-f82ae1025811 tempest-DeleteServersTestJSON-1645014972 tempest-DeleteServersTestJSON-1645014972-project-member] Lock "00000000-0000-0000-0000-000000000000" acquired by "nova.context.set_target_cell..get_or_set_cached_cell_and_set_connections" :: waited 0.000s {{(pid=99084) inner /opt/stack/data/venv/lib/python3.12/site-packages/oslo_concurrency/lockutils.py:525}}
Aug 03 14:59:06.951052 np0000006356 nova-conductor[99084]: DEBUG oslo_concurrency.lockutils [None req-7a110db8-b743-46ab-a6ac-f82ae1025811 tempest-DeleteServersTestJSON-1645014972 tempest-DeleteServersTestJSON-1645014972-project-member] Lock "00000000-0000-0000-0000-000000000000" "released" by "nova.context.set_target_cell..get_or_set_cached_cell_and_set_connections" :: held 0.000s {{(pid=99084) inner /opt/stack/data/venv/lib/python3.12/site-packages/oslo_concurrency/lockutils.py:544}}
Aug 03 14:59:06.951900 np0000006356 nova-conductor[99084]: DEBUG oslo_concurrency.lockutils [None req-7a110db8-b743-46ab-a6ac-f82ae1025811 tempest-DeleteServersTestJSON-1645014972 tempest-DeleteServersTestJSON-1645014972-project-member] Acquiring lock "6dfb00a7-360d-4163-aa1d-3a1aede516f3" by "nova.context.set_target_cell..get_or_set_cached_cell_and_set_connections" {{(pid=99084) inner /opt/stack/data/venv/lib/python3.12/site-packages/oslo_concurrency/lockutils.py:512}}
Aug 03 14:59:06.952067 np0000006356 nova-conductor[99084]: DEBUG oslo_concurrency.lockutils [None req-7a110db8-b743-46ab-a6ac-f82ae1025811 tempest-DeleteServersTestJSON-1645014972 tempest-DeleteServersTestJSON-1645014972-project-member] Lock "6dfb00a7-360d-4163-aa1d-3a1aede516f3" acquired by "nova.context.set_target_cell..get_or_set_cached_cell_and_set_connections" :: waited 0.000s {{(pid=99084) inner /opt/stack/data/venv/lib/python3.12/site-packages/oslo_concurrency/lockutils.py:525}}
Aug 03 14:59:06.952243 np0000006356 nova-conductor[99084]: DEBUG oslo_concurrency.lockutils [None req-7a110db8-b743-46ab-a6ac-f82ae1025811 tempest-DeleteServersTestJSON-1645014972 tempest-DeleteServersTestJSON-1645014972-project-member] Lock "6dfb00a7-360d-4163-aa1d-3a1aede516f3" "released" by "nova.context.set_target_cell..get_or_set_cached_cell_and_set_connections" :: held 0.000s {{(pid=99084) inner /opt/stack/data/venv/lib/python3.12/site-packages/oslo_concurrency/lockutils.py:544}}
Aug 03 14:59:06.954152 np0000006356 nova-conductor[99084]: INFO dbcounter [None req-7a110db8-b743-46ab-a6ac-f82ae1025811 tempest-DeleteServersTestJSON-1645014972 tempest-DeleteServersTestJSON-1645014972-project-member] Registered counter for database nova_cell0
Aug 03 14:59:07.003887 np0000006356 nova-conductor[99084]: DEBUG oslo_db.sqlalchemy.engines [None req-7a110db8-b743-46ab-a6ac-f82ae1025811 tempest-DeleteServersTestJSON-1645014972 tempest-DeleteServersTestJSON-1645014972-project-member] MySQL server mode set to STRICT_TRANS_TABLES,STRICT_ALL_TABLES,NO_ZERO_IN_DATE,NO_ZERO_DATE,ERROR_FOR_DIVISION_BY_ZERO,TRADITIONAL,NO_ENGINE_SUBSTITUTION {{(pid=99084) _check_effective_sql_mode /opt/stack/data/venv/lib/python3.12/site-packages/oslo_db/sqlalchemy/engines.py:325}}
Aug 03 14:59:07.010270 np0000006356 nova-conductor[99084]: DEBUG dbcounter [-] [99084] Writer thread running {{(pid=99084) stat_writer /opt/stack/data/venv/lib/python3.12/site-packages/dbcounter.py:102}}
Aug 03 14:59:07.019096 np0000006356 nova-conductor[99084]: DEBUG nova.quota [None req-7a110db8-b743-46ab-a6ac-f82ae1025811 tempest-DeleteServersTestJSON-1645014972 tempest-DeleteServersTestJSON-1645014972-project-member] Getting quotas for project 2fac90dd952d4efead3361098ce9b1a1. Resources: {'instances', 'cores', 'ram'} {{(pid=99084) _get_quotas /opt/stack/nova/nova/quota.py:389}}
Aug 03 14:59:07.023097 np0000006356 nova-conductor[99084]: DEBUG nova.quota [None req-7a110db8-b743-46ab-a6ac-f82ae1025811 tempest-DeleteServersTestJSON-1645014972 tempest-DeleteServersTestJSON-1645014972-project-member] Getting quotas for user c555ba15e28449459380f5a6481200d9 and project 2fac90dd952d4efead3361098ce9b1a1. Resources: {'instances', 'cores', 'ram'} {{(pid=99084) _get_quotas /opt/stack/nova/nova/quota.py:379}}
