Jun 17 02:58:30.348309 np0000002996 devstack@c-api.service[96081]: DEBUG cinder.api.middleware.request_id [None req-cb5da751-48b1-4ad7-84bc-ed6f2ef9a5dc None None] RequestId filter calling following filter/app {{(pid=96081) _context_setter /opt/stack/cinder/cinder/api/middleware/request_id.py:62}}
Jun 17 02:58:30.352158 np0000002996 devstack@c-api.service[96081]: INFO cinder.api.openstack.wsgi [None req-cb5da751-48b1-4ad7-84bc-ed6f2ef9a5dc tempest-GroupSnapshotsTest-1675722190 tempest-GroupSnapshotsTest-1675722190-project-admin] POST https://10.4.3.93/volume/v3/group_types
Jun 17 02:58:30.352158 np0000002996 devstack@c-api.service[96081]: DEBUG cinder.api.openstack.wsgi [None req-cb5da751-48b1-4ad7-84bc-ed6f2ef9a5dc tempest-GroupSnapshotsTest-1675722190 tempest-GroupSnapshotsTest-1675722190-project-admin] Action: 'create', calling method: version_select, body: {"group_type": {"name": "tempest-GroupSnapshotsTest-group-type-679937422"}} {{(pid=96081) _process_stack /opt/stack/cinder/cinder/api/openstack/wsgi.py:876}}
Jun 17 02:58:30.352386 np0000002996 devstack@c-api.service[96082]: /opt/stack/data/venv/lib/python3.12/site-packages/oslo_context/context.py:102: DeprecationWarning: Policy enforcement is depending on the value of is_admin. This key is deprecated. Please update your policy file to use the standard policy values.
Jun 17 02:58:30.352386 np0000002996 devstack@c-api.service[96082]: warnings.warn(
Jun 17 02:58:30.353090 np0000002996 devstack@c-api.service[96082]: INFO cinder.volume.api [None req-fa5b365f-5589-4256-a371-92347b714679 tempest-VolumesImageMetadata-1806883246 tempest-VolumesImageMetadata-1806883246-project-member] Volume info retrieved successfully.
Jun 17 02:58:30.373029 np0000002996 devstack@c-api.service[96082]: INFO cinder.volume.api [None req-fa5b365f-5589-4256-a371-92347b714679 tempest-VolumesImageMetadata-1806883246 tempest-VolumesImageMetadata-1806883246-project-member] Update volume metadata completed successfully.
Jun 17 02:58:30.373465 np0000002996 devstack@c-api.service[96082]: INFO cinder.api.openstack.wsgi [None req-fa5b365f-5589-4256-a371-92347b714679 tempest-VolumesImageMetadata-1806883246 tempest-VolumesImageMetadata-1806883246-project-member] https://10.4.3.93/volume/v3/volumes/8602a104-0ac4-46a3-9d3d-533c893d257f/action returned with HTTP 200
Jun 17 02:58:30.374088 np0000002996 devstack@c-api.service[96082]: [pid: 96082|app: 0|req: 228/448] 10.4.3.93 () {68 vars in 1384 bytes} [Wed Jun 17 02:58:30 2026] POST /volume/v3/volumes/8602a104-0ac4-46a3-9d3d-533c893d257f/action => generated 563 bytes in 54 msecs (HTTP/1.1 200) 7 headers in 285 bytes (1 switches on core 0)
Jun 17 02:58:30.383762 np0000002996 devstack@c-api.service[96082]: DEBUG cinder.api.middleware.request_id [None req-fbc001da-ece8-4bf0-92f1-a94e4d6ebae6 None None] RequestId filter calling following filter/app {{(pid=96082) _context_setter /opt/stack/cinder/cinder/api/middleware/request_id.py:62}}
Jun 17 02:58:30.386456 np0000002996 devstack@c-api.service[96082]: INFO cinder.api.openstack.wsgi [None req-fbc001da-ece8-4bf0-92f1-a94e4d6ebae6 tempest-VolumesImageMetadata-1806883246 tempest-VolumesImageMetadata-1806883246-project-member] GET https://10.4.3.93/volume/v3/volumes/8602a104-0ac4-46a3-9d3d-533c893d257f
Jun 17 02:58:30.386787 np0000002996 devstack@c-api.service[96082]: DEBUG cinder.api.openstack.wsgi [None req-fbc001da-ece8-4bf0-92f1-a94e4d6ebae6 tempest-VolumesImageMetadata-1806883246 tempest-VolumesImageMetadata-1806883246-project-member] Empty body provided in request {{(pid=96082) get_body /opt/stack/cinder/cinder/api/openstack/wsgi.py:725}}
Jun 17 02:58:30.388389 np0000002996 devstack@c-api.service[96082]: DEBUG cinder.api.openstack.wsgi [None req-fbc001da-ece8-4bf0-92f1-a94e4d6ebae6 tempest-VolumesImageMetadata-1806883246 tempest-VolumesImageMetadata-1806883246-project-member] Calling method 'show' {{(pid=96082) _process_stack /opt/stack/cinder/cinder/api/openstack/wsgi.py:878}}
Jun 17 02:58:30.404036 np0000002996 devstack@c-api.service[96081]: INFO cinder.api.openstack.wsgi [None req-cb5da751-48b1-4ad7-84bc-ed6f2ef9a5dc tempest-GroupSnapshotsTest-1675722190 tempest-GroupSnapshotsTest-1675722190-project-admin] https://10.4.3.93/volume/v3/group_types returned with HTTP 202
Jun 17 02:58:30.404638 np0000002996 devstack@c-api.service[96081]: [pid: 96081|app: 0|req: 221/449] 10.4.3.93 () {70 vars in 1304 bytes} [Wed Jun 17 02:58:30 2026] POST /volume/v3/group_types => generated 180 bytes in 57 msecs (HTTP/1.1 202) 7 headers in 292 bytes (1 switches on core 0)
Jun 17 02:58:30.406777 np0000002996 devstack@c-api.service[96082]: /opt/stack/data/venv/lib/python3.12/site-packages/oslo_context/context.py:102: DeprecationWarning: Policy enforcement is depending on the value of is_admin. This key is deprecated. Please update your policy file to use the standard policy values.
Jun 17 02:58:30.406777 np0000002996 devstack@c-api.service[96082]: warnings.warn(
Jun 17 02:58:30.411661 np0000002996 devstack@c-api.service[96082]: INFO cinder.volume.api [None req-fbc001da-ece8-4bf0-92f1-a94e4d6ebae6 tempest-VolumesImageMetadata-1806883246 tempest-VolumesImageMetadata-1806883246-project-member] Volume info retrieved successfully.
Jun 17 02:58:30.421768 np0000002996 devstack@c-api.service[96082]: INFO cinder.api.openstack.wsgi [None req-fbc001da-ece8-4bf0-92f1-a94e4d6ebae6 tempest-VolumesImageMetadata-1806883246 tempest-VolumesImageMetadata-1806883246-project-member] https://10.4.3.93/volume/v3/volumes/8602a104-0ac4-46a3-9d3d-533c893d257f returned with HTTP 200
Jun 17 02:58:30.422043 np0000002996 devstack@c-api.service[96081]: DEBUG cinder.api.middleware.request_id [None req-120af7c6-cbd3-4e0b-a7fb-4480af7a78ba None None] RequestId filter calling following filter/app {{(pid=96081) _context_setter /opt/stack/cinder/cinder/api/middleware/request_id.py:62}}
Jun 17 02:58:30.422455 np0000002996 devstack@c-api.service[96082]: [pid: 96082|app: 0|req: 229/450] 10.4.3.93 () {66 vars in 1341 bytes} [Wed Jun 17 02:58:30 2026] GET /volume/v3/volumes/8602a104-0ac4-46a3-9d3d-533c893d257f => generated 1417 bytes in 39 msecs (HTTP/1.1 200) 7 headers in 286 bytes (1 switches on core 0)
Jun 17 02:58:30.442615 np0000002996 devstack@c-api.service[96082]: DEBUG cinder.api.middleware.request_id [None req-a2cc4d79-c74a-4567-876b-74106237780a None None] RequestId filter calling following filter/app {{(pid=96082) _context_setter /opt/stack/cinder/cinder/api/middleware/request_id.py:62}}
Jun 17 02:58:30.446837 np0000002996 devstack@c-api.service[96082]: INFO cinder.api.openstack.wsgi [None req-a2cc4d79-c74a-4567-876b-74106237780a tempest-VolumesImageMetadata-1806883246 tempest-VolumesImageMetadata-1806883246-project-member] POST https://10.4.3.93/volume/v3/volumes/8602a104-0ac4-46a3-9d3d-533c893d257f/action
Jun 17 02:58:30.447410 np0000002996 devstack@c-api.service[96082]: DEBUG cinder.api.openstack.wsgi [None req-a2cc4d79-c74a-4567-876b-74106237780a tempest-VolumesImageMetadata-1806883246 tempest-VolumesImageMetadata-1806883246-project-member] Action body: b'{"os-unset_image_metadata": {"key": "ramdisk_id"}}' {{(pid=96082) get_method /opt/stack/cinder/cinder/api/openstack/wsgi.py:993}}
Jun 17 02:58:30.447521 np0000002996 devstack@c-api.service[96082]: DEBUG cinder.api.openstack.wsgi [None req-a2cc4d79-c74a-4567-876b-74106237780a tempest-VolumesImageMetadata-1806883246 tempest-VolumesImageMetadata-1806883246-project-member] Action: 'action', calling method: delete, body: {"os-unset_image_metadata": {"key": "ramdisk_id"}} {{(pid=96082) _process_stack /opt/stack/cinder/cinder/api/openstack/wsgi.py:876}}
Jun 17 02:58:30.457522 np0000002996 devstack@c-api.service[96082]: /opt/stack/data/venv/lib/python3.12/site-packages/oslo_context/context.py:102: DeprecationWarning: Policy enforcement is depending on the value of is_admin. This key is deprecated. Please update your policy file to use the standard policy values.
Jun 17 02:58:30.457522 np0000002996 devstack@c-api.service[96082]: warnings.warn(
Jun 17 02:58:30.468774 np0000002996 devstack@c-api.service[96082]: /opt/stack/data/venv/lib/python3.12/site-packages/oslo_context/context.py:102: DeprecationWarning: Policy enforcement is depending on the value of is_admin. This key is deprecated. Please update your policy file to use the standard policy values.
Jun 17 02:58:30.468774 np0000002996 devstack@c-api.service[96082]: warnings.warn(
Jun 17 02:58:30.469644 np0000002996 devstack@c-api.service[96082]: INFO cinder.volume.api [None req-a2cc4d79-c74a-4567-876b-74106237780a tempest-VolumesImageMetadata-1806883246 tempest-VolumesImageMetadata-1806883246-project-member] Volume info retrieved successfully.
Jun 17 02:58:30.475265 np0000002996 devstack@c-api.service[96082]: INFO cinder.volume.api [None req-a2cc4d79-c74a-4567-876b-74106237780a tempest-VolumesImageMetadata-1806883246 tempest-VolumesImageMetadata-1806883246-project-member] Get volume image-metadata completed successfully.
Jun 17 02:58:30.489616 np0000002996 devstack@c-api.service[96082]: INFO cinder.volume.api [None req-a2cc4d79-c74a-4567-876b-74106237780a tempest-VolumesImageMetadata-1806883246 tempest-VolumesImageMetadata-1806883246-project-member] Delete volume metadata completed successfully.
Jun 17 02:58:30.489933 np0000002996 devstack@c-api.service[96082]: INFO cinder.api.openstack.wsgi [None req-a2cc4d79-c74a-4567-876b-74106237780a tempest-VolumesImageMetadata-1806883246 tempest-VolumesImageMetadata-1806883246-project-member] https://10.4.3.93/volume/v3/volumes/8602a104-0ac4-46a3-9d3d-533c893d257f/action returned with HTTP 200
Jun 17 02:58:30.490446 np0000002996 devstack@c-api.service[96082]: [pid: 96082|app: 0|req: 230/451] 10.4.3.93 () {68 vars in 1383 bytes} [Wed Jun 17 02:58:30 2026] POST /volume/v3/volumes/8602a104-0ac4-46a3-9d3d-533c893d257f/action => generated 0 bytes in 49 msecs (HTTP/1.1 200) 6 headers in 227 bytes (1 switches on core 0)
Jun 17 02:58:30.505956 np0000002996 devstack@c-api.service[96082]: DEBUG cinder.api.middleware.request_id [None req-acc13db6-906b-4c5b-94dc-21a3b7a2da36 None None] RequestId filter calling following filter/app {{(pid=96082) _context_setter /opt/stack/cinder/cinder/api/middleware/request_id.py:62}}
Jun 17 02:58:30.513720 np0000002996 devstack@c-api.service[96082]: INFO cinder.api.openstack.wsgi [None req-acc13db6-906b-4c5b-94dc-21a3b7a2da36 tempest-VolumesImageMetadata-1806883246 tempest-VolumesImageMetadata-1806883246-project-member] POST https://10.4.3.93/volume/v3/volumes/8602a104-0ac4-46a3-9d3d-533c893d257f/action
Jun 17 02:58:30.514240 np0000002996 devstack@c-api.service[96082]: DEBUG cinder.api.openstack.wsgi [None req-acc13db6-906b-4c5b-94dc-21a3b7a2da36 tempest-VolumesImageMetadata-1806883246 tempest-VolumesImageMetadata-1806883246-project-member] Action body: b'{"os-show_image_metadata": {}}' {{(pid=96082) get_method /opt/stack/cinder/cinder/api/openstack/wsgi.py:993}}
Jun 17 02:58:30.514860 np0000002996 devstack@c-api.service[96082]: DEBUG cinder.api.openstack.wsgi [None req-acc13db6-906b-4c5b-94dc-21a3b7a2da36 tempest-VolumesImageMetadata-1806883246 tempest-VolumesImageMetadata-1806883246-project-member] Action: 'action', calling method: index, body: {"os-show_image_metadata": {}} {{(pid=96082) _process_stack /opt/stack/cinder/cinder/api/openstack/wsgi.py:876}}
Jun 17 02:58:30.551270 np0000002996 devstack@c-api.service[96082]: /opt/stack/data/venv/lib/python3.12/site-packages/oslo_context/context.py:102: DeprecationWarning: Policy enforcement is depending on the value of is_admin. This key is deprecated. Please update your policy file to use the standard policy values.
Jun 17 02:58:30.551270 np0000002996 devstack@c-api.service[96082]: warnings.warn(
Jun 17 02:58:30.552024 np0000002996 devstack@c-api.service[96082]: INFO cinder.volume.api [None req-acc13db6-906b-4c5b-94dc-21a3b7a2da36 tempest-VolumesImageMetadata-1806883246 tempest-VolumesImageMetadata-1806883246-project-member] Volume info retrieved successfully.
Jun 17 02:58:30.566825 np0000002996 devstack@c-api.service[96081]: INFO cinder.api.openstack.wsgi [None req-120af7c6-cbd3-4e0b-a7fb-4480af7a78ba tempest-GroupSnapshotsTest-497315813 tempest-GroupSnapshotsTest-497315813-project-member] POST https://10.4.3.93/volume/v3/groups
Jun 17 02:58:30.567358 np0000002996 devstack@c-api.service[96081]: DEBUG cinder.api.openstack.wsgi [None req-120af7c6-cbd3-4e0b-a7fb-4480af7a78ba tempest-GroupSnapshotsTest-497315813 tempest-GroupSnapshotsTest-497315813-project-member] Action: 'create', calling method: version_select, body: {"group": {"group_type": "c5223bbc-964d-4adb-b6a8-5a34cd6c5d31", "volume_types": ["ec00d1cc-66b3-4e21-ab74-922a940dacdd"], "name": "tempest-GroupSnapshotsTest-Group-1680618729"}} {{(pid=96081) _process_stack /opt/stack/cinder/cinder/api/openstack/wsgi.py:876}}
Jun 17 02:58:30.572567 np0000002996 devstack@c-api.service[96082]: INFO cinder.volume.api [None req-acc13db6-906b-4c5b-94dc-21a3b7a2da36 tempest-VolumesImageMetadata-1806883246 tempest-VolumesImageMetadata-1806883246-project-member] Get volume image-metadata completed successfully.
Jun 17 02:58:30.572567 np0000002996 devstack@c-api.service[96082]: INFO cinder.api.openstack.wsgi [None req-acc13db6-906b-4c5b-94dc-21a3b7a2da36 tempest-VolumesImageMetadata-1806883246 tempest-VolumesImageMetadata-1806883246-project-member] https://10.4.3.93/volume/v3/volumes/8602a104-0ac4-46a3-9d3d-533c893d257f/action returned with HTTP 200
Jun 17 02:58:30.572567 np0000002996 devstack@c-api.service[96082]: [pid: 96082|app: 0|req: 231/452] 10.4.3.93 () {68 vars in 1383 bytes} [Wed Jun 17 02:58:30 2026] POST /volume/v3/volumes/8602a104-0ac4-46a3-9d3d-533c893d257f/action => generated 537 bytes in 68 msecs (HTTP/1.1 200) 7 headers in 285 bytes (1 switches on core 0)
Jun 17 02:58:30.572971 np0000002996 devstack@c-api.service[96081]: DEBUG cinder.api.v3.groups [None req-120af7c6-cbd3-4e0b-a7fb-4480af7a78ba tempest-GroupSnapshotsTest-497315813 tempest-GroupSnapshotsTest-497315813-project-member] Creating new group {'group': {'group_type': 'c5223bbc-964d-4adb-b6a8-5a34cd6c5d31', 'volume_types': ['ec00d1cc-66b3-4e21-ab74-922a940dacdd'], 'name': 'tempest-GroupSnapshotsTest-Group-1680618729'}} {{(pid=96081) create /opt/stack/cinder/cinder/api/v3/groups.py:190}}
Jun 17 02:58:30.591727 np0000002996 devstack@c-api.service[96082]: DEBUG cinder.api.middleware.request_id [None req-b6a1348e-83bd-480e-8367-317be3bec315 None None] RequestId filter calling following filter/app {{(pid=96082) _context_setter /opt/stack/cinder/cinder/api/middleware/request_id.py:62}}
Jun 17 02:58:30.595678 np0000002996 devstack@c-api.service[96081]: INFO cinder.api.v3.groups [None req-120af7c6-cbd3-4e0b-a7fb-4480af7a78ba tempest-GroupSnapshotsTest-497315813 tempest-GroupSnapshotsTest-497315813-project-member] Creating group tempest-GroupSnapshotsTest-Group-1680618729.
Jun 17 02:58:30.600242 np0000002996 devstack@c-api.service[96082]: INFO cinder.api.openstack.wsgi [None req-b6a1348e-83bd-480e-8367-317be3bec315 tempest-VolumesImageMetadata-1806883246 tempest-VolumesImageMetadata-1806883246-project-member] GET https://10.4.3.93/volume/v3/volumes/8602a104-0ac4-46a3-9d3d-533c893d257f
Jun 17 02:58:30.600242 np0000002996 devstack@c-api.service[96082]: DEBUG cinder.api.openstack.wsgi [None req-b6a1348e-83bd-480e-8367-317be3bec315 tempest-VolumesImageMetadata-1806883246 tempest-VolumesImageMetadata-1806883246-project-member] Empty body provided in request {{(pid=96082) get_body /opt/stack/cinder/cinder/api/openstack/wsgi.py:725}}
Jun 17 02:58:30.600543 np0000002996 devstack@c-api.service[96082]: DEBUG cinder.api.openstack.wsgi [None req-b6a1348e-83bd-480e-8367-317be3bec315 tempest-VolumesImageMetadata-1806883246 tempest-VolumesImageMetadata-1806883246-project-member] Calling method 'show' {{(pid=96082) _process_stack /opt/stack/cinder/cinder/api/openstack/wsgi.py:878}}
Jun 17 02:58:30.626065 np0000002996 devstack@c-api.service[96082]: /opt/stack/data/venv/lib/python3.12/site-packages/oslo_context/context.py:102: DeprecationWarning: Policy enforcement is depending on the value of is_admin. This key is deprecated. Please update your policy file to use the standard policy values.
Jun 17 02:58:30.626065 np0000002996 devstack@c-api.service[96082]: warnings.warn(
Jun 17 02:58:30.633502 np0000002996 devstack@c-api.service[96081]: DEBUG cinder.volume.api [None req-120af7c6-cbd3-4e0b-a7fb-4480af7a78ba tempest-GroupSnapshotsTest-497315813 tempest-GroupSnapshotsTest-497315813-project-member] Availability zone cache updated, next update will occur around 2026-06-17 03:58:30.633088. {{(pid=96081) list_availability_zones /opt/stack/cinder/cinder/volume/api.py:155}}
Jun 17 02:58:30.633677 np0000002996 devstack@c-api.service[96081]: INFO cinder.volume.api [None req-120af7c6-cbd3-4e0b-a7fb-4480af7a78ba tempest-GroupSnapshotsTest-497315813 tempest-GroupSnapshotsTest-497315813-project-member] Availability Zones retrieved successfully.
Jun 17 02:58:30.637522 np0000002996 devstack@c-api.service[96082]: INFO cinder.volume.api [None req-b6a1348e-83bd-480e-8367-317be3bec315 tempest-VolumesImageMetadata-1806883246 tempest-VolumesImageMetadata-1806883246-project-member] Volume info retrieved successfully.
Jun 17 02:58:30.645314 np0000002996 devstack@c-api.service[96082]: INFO cinder.api.openstack.wsgi [None req-b6a1348e-83bd-480e-8367-317be3bec315 tempest-VolumesImageMetadata-1806883246 tempest-VolumesImageMetadata-1806883246-project-member] https://10.4.3.93/volume/v3/volumes/8602a104-0ac4-46a3-9d3d-533c893d257f returned with HTTP 200
Jun 17 02:58:30.645877 np0000002996 devstack@c-api.service[96082]: [pid: 96082|app: 0|req: 232/453] 10.4.3.93 () {66 vars in 1341 bytes} [Wed Jun 17 02:58:30 2026] GET /volume/v3/volumes/8602a104-0ac4-46a3-9d3d-533c893d257f => generated 1391 bytes in 55 msecs (HTTP/1.1 200) 7 headers in 286 bytes (1 switches on core 0)
Jun 17 02:58:30.661691 np0000002996 devstack@c-api.service[96081]: DEBUG cinder.quota [None req-120af7c6-cbd3-4e0b-a7fb-4480af7a78ba tempest-GroupSnapshotsTest-497315813 tempest-GroupSnapshotsTest-497315813-project-member] Created reservations ['ad2cbf0e-fde3-4978-9e56-2f704fbd2123'] {{(pid=96081) reserve /opt/stack/cinder/cinder/quota.py:752}}
Jun 17 02:58:30.666353 np0000002996 devstack@c-api.service[96082]: DEBUG cinder.api.middleware.request_id [None req-e5aea1db-13d5-4358-9d2b-a1876d9cee9c None None] RequestId filter calling following filter/app {{(pid=96082) _context_setter /opt/stack/cinder/cinder/api/middleware/request_id.py:62}}
Jun 17 02:58:30.668254 np0000002996 devstack@c-api.service[96082]: INFO cinder.api.openstack.wsgi [None req-e5aea1db-13d5-4358-9d2b-a1876d9cee9c tempest-VolumesImageMetadata-1806883246 tempest-VolumesImageMetadata-1806883246-project-member] DELETE https://10.4.3.93/volume/v3/volumes/8602a104-0ac4-46a3-9d3d-533c893d257f
Jun 17 02:58:30.668535 np0000002996 devstack@c-api.service[96082]: DEBUG cinder.api.openstack.wsgi [None req-e5aea1db-13d5-4358-9d2b-a1876d9cee9c tempest-VolumesImageMetadata-1806883246 tempest-VolumesImageMetadata-1806883246-project-member] Empty body provided in request {{(pid=96082) get_body /opt/stack/cinder/cinder/api/openstack/wsgi.py:725}}
Jun 17 02:58:30.669200 np0000002996 devstack@c-api.service[96082]: DEBUG cinder.api.openstack.wsgi [None req-e5aea1db-13d5-4358-9d2b-a1876d9cee9c tempest-VolumesImageMetadata-1806883246 tempest-VolumesImageMetadata-1806883246-project-member] Calling method 'delete' {{(pid=96082) _process_stack /opt/stack/cinder/cinder/api/openstack/wsgi.py:878}}
Jun 17 02:58:30.669424 np0000002996 devstack@c-api.service[96082]: INFO cinder.api.v3.volumes [None req-e5aea1db-13d5-4358-9d2b-a1876d9cee9c tempest-VolumesImageMetadata-1806883246 tempest-VolumesImageMetadata-1806883246-project-member] Delete volume with id: 8602a104-0ac4-46a3-9d3d-533c893d257f
Jun 17 02:58:30.694228 np0000002996 devstack@c-api.service[96082]: /opt/stack/data/venv/lib/python3.12/site-packages/oslo_context/context.py:102: DeprecationWarning: Policy enforcement is depending on the value of is_admin. This key is deprecated. Please update your policy file to use the standard policy values.
Jun 17 02:58:30.694228 np0000002996 devstack@c-api.service[96082]: warnings.warn(
Jun 17 02:58:30.695433 np0000002996 devstack@c-api.service[96082]: INFO cinder.volume.api [None req-e5aea1db-13d5-4358-9d2b-a1876d9cee9c tempest-VolumesImageMetadata-1806883246 tempest-VolumesImageMetadata-1806883246-project-member] Volume info retrieved successfully.
Jun 17 02:58:30.711522 np0000002996 devstack@c-api.service[96081]: INFO cinder.api.openstack.wsgi [None req-120af7c6-cbd3-4e0b-a7fb-4480af7a78ba tempest-GroupSnapshotsTest-497315813 tempest-GroupSnapshotsTest-497315813-project-member] https://10.4.3.93/volume/v3/groups returned with HTTP 202
Jun 17 02:58:30.712160 np0000002996 devstack@c-api.service[96081]: [pid: 96081|app: 0|req: 222/454] 10.4.3.93 () {70 vars in 1290 bytes} [Wed Jun 17 02:58:30 2026] POST /volume/v3/groups => generated 112 bytes in 291 msecs (HTTP/1.1 202) 7 headers in 292 bytes (1 switches on core 0)
Jun 17 02:58:30.725037 np0000002996 devstack@c-api.service[96081]: DEBUG cinder.api.middleware.request_id [None req-0e392943-ad84-44a9-a762-9821d312323e None None] RequestId filter calling following filter/app {{(pid=96081) _context_setter /opt/stack/cinder/cinder/api/middleware/request_id.py:62}}
Jun 17 02:58:30.729524 np0000002996 devstack@c-api.service[96081]: INFO cinder.api.openstack.wsgi [None req-0e392943-ad84-44a9-a762-9821d312323e tempest-GroupSnapshotsTest-497315813 tempest-GroupSnapshotsTest-497315813-project-member] GET https://10.4.3.93/volume/v3/groups/32d78f07-002e-4eba-b39d-e28a49e7bd85
Jun 17 02:58:30.729907 np0000002996 devstack@c-api.service[96081]: DEBUG cinder.api.openstack.wsgi [None req-0e392943-ad84-44a9-a762-9821d312323e tempest-GroupSnapshotsTest-497315813 tempest-GroupSnapshotsTest-497315813-project-member] Empty body provided in request {{(pid=96081) get_body /opt/stack/cinder/cinder/api/openstack/wsgi.py:725}}
Jun 17 02:58:30.730179 np0000002996 devstack@c-api.service[96081]: DEBUG cinder.api.openstack.wsgi [None req-0e392943-ad84-44a9-a762-9821d312323e tempest-GroupSnapshotsTest-497315813 tempest-GroupSnapshotsTest-497315813-project-member] Calling method 'version_select' {{(pid=96081) _process_stack /opt/stack/cinder/cinder/api/openstack/wsgi.py:878}}
Jun 17 02:58:30.730483 np0000002996 devstack@c-api.service[96081]: DEBUG cinder.api.v3.groups [None req-0e392943-ad84-44a9-a762-9821d312323e tempest-GroupSnapshotsTest-497315813 tempest-GroupSnapshotsTest-497315813-project-member] show called for member 32d78f07-002e-4eba-b39d-e28a49e7bd85 {{(pid=96081) show /opt/stack/cinder/cinder/api/v3/groups.py:58}}
Jun 17 02:58:30.735983 np0000002996 devstack@c-api.service[96081]: /opt/stack/data/venv/lib/python3.12/site-packages/oslo_context/context.py:102: DeprecationWarning: Policy enforcement is depending on the value of is_admin. This key is deprecated. Please update your policy file to use the standard policy values.
Jun 17 02:58:30.735983 np0000002996 devstack@c-api.service[96081]: warnings.warn(
Jun 17 02:58:30.755044 np0000002996 devstack@c-api.service[96082]: INFO cinder.volume.api [None req-e5aea1db-13d5-4358-9d2b-a1876d9cee9c tempest-VolumesImageMetadata-1806883246 tempest-VolumesImageMetadata-1806883246-project-member] Delete volume request issued successfully.
Jun 17 02:58:30.755282 np0000002996 devstack@c-api.service[96082]: INFO cinder.api.openstack.wsgi [None req-e5aea1db-13d5-4358-9d2b-a1876d9cee9c tempest-VolumesImageMetadata-1806883246 tempest-VolumesImageMetadata-1806883246-project-member] https://10.4.3.93/volume/v3/volumes/8602a104-0ac4-46a3-9d3d-533c893d257f returned with HTTP 202
Jun 17 02:58:30.757455 np0000002996 devstack@c-api.service[96082]: [pid: 96082|app: 0|req: 233/455] 10.4.3.93 () {66 vars in 1344 bytes} [Wed Jun 17 02:58:30 2026] DELETE /volume/v3/volumes/8602a104-0ac4-46a3-9d3d-533c893d257f => generated 0 bytes in 90 msecs (HTTP/1.1 202) 6 headers in 233 bytes (1 switches on core 0)
Jun 17 02:58:30.765965 np0000002996 devstack@c-api.service[96081]: INFO cinder.api.openstack.wsgi [None req-0e392943-ad84-44a9-a762-9821d312323e tempest-GroupSnapshotsTest-497315813 tempest-GroupSnapshotsTest-497315813-project-member] https://10.4.3.93/volume/v3/groups/32d78f07-002e-4eba-b39d-e28a49e7bd85 returned with HTTP 200
Jun 17 02:58:30.767976 np0000002996 devstack@c-api.service[96081]: [pid: 96081|app: 0|req: 223/456] 10.4.3.93 () {68 vars in 1379 bytes} [Wed Jun 17 02:58:30 2026] GET /volume/v3/groups/32d78f07-002e-4eba-b39d-e28a49e7bd85 => generated 392 bytes in 44 msecs (HTTP/1.1 200) 7 headers in 286 bytes (1 switches on core 0)
Jun 17 02:58:30.776713 np0000002996 devstack@c-api.service[96082]: DEBUG cinder.api.middleware.request_id [None req-8d06172b-aa3c-483c-901d-bb65e0b52c8b None None] RequestId filter calling following filter/app {{(pid=96082) _context_setter /opt/stack/cinder/cinder/api/middleware/request_id.py:62}}
Jun 17 02:58:30.779338 np0000002996 devstack@c-api.service[96082]: INFO cinder.api.openstack.wsgi [None req-8d06172b-aa3c-483c-901d-bb65e0b52c8b tempest-VolumesImageMetadata-1806883246 tempest-VolumesImageMetadata-1806883246-project-member] GET https://10.4.3.93/volume/v3/volumes/8602a104-0ac4-46a3-9d3d-533c893d257f
Jun 17 02:58:30.779531 np0000002996 devstack@c-api.service[96082]: DEBUG cinder.api.openstack.wsgi [None req-8d06172b-aa3c-483c-901d-bb65e0b52c8b tempest-VolumesImageMetadata-1806883246 tempest-VolumesImageMetadata-1806883246-project-member] Empty body provided in request {{(pid=96082) get_body /opt/stack/cinder/cinder/api/openstack/wsgi.py:725}}
Jun 17 02:58:30.779725 np0000002996 devstack@c-api.service[96082]: DEBUG cinder.api.openstack.wsgi [None req-8d06172b-aa3c-483c-901d-bb65e0b52c8b tempest-VolumesImageMetadata-1806883246 tempest-VolumesImageMetadata-1806883246-project-member] Calling method 'show' {{(pid=96082) _process_stack /opt/stack/cinder/cinder/api/openstack/wsgi.py:878}}
Jun 17 02:58:30.804139 np0000002996 devstack@c-api.service[96082]: /opt/stack/data/venv/lib/python3.12/site-packages/oslo_context/context.py:102: DeprecationWarning: Policy enforcement is depending on the value of is_admin. This key is deprecated. Please update your policy file to use the standard policy values.
Jun 17 02:58:30.804139 np0000002996 devstack@c-api.service[96082]: warnings.warn(
Jun 17 02:58:30.816144 np0000002996 devstack@c-api.service[96082]: INFO cinder.volume.api [None req-8d06172b-aa3c-483c-901d-bb65e0b52c8b tempest-VolumesImageMetadata-1806883246 tempest-VolumesImageMetadata-1806883246-project-member] Volume info retrieved successfully.
Jun 17 02:58:30.826073 np0000002996 devstack@c-api.service[96082]: INFO cinder.api.openstack.wsgi [None req-8d06172b-aa3c-483c-901d-bb65e0b52c8b tempest-VolumesImageMetadata-1806883246 tempest-VolumesImageMetadata-1806883246-project-member] https://10.4.3.93/volume/v3/volumes/8602a104-0ac4-46a3-9d3d-533c893d257f returned with HTTP 200
Jun 17 02:58:30.826520 np0000002996 devstack@c-api.service[96082]: [pid: 96082|app: 0|req: 234/457] 10.4.3.93 () {66 vars in 1341 bytes} [Wed Jun 17 02:58:30 2026] GET /volume/v3/volumes/8602a104-0ac4-46a3-9d3d-533c893d257f => generated 1390 bytes in 50 msecs (HTTP/1.1 200) 7 headers in 286 bytes (1 switches on core 0)
Jun 17 02:58:31.783519 np0000002996 devstack@c-api.service[96081]: DEBUG cinder.api.middleware.request_id [None req-a9c28b9f-135f-4e12-937f-69f4303018a6 None None] RequestId filter calling following filter/app {{(pid=96081) _context_setter /opt/stack/cinder/cinder/api/middleware/request_id.py:62}}
Jun 17 02:58:31.785468 np0000002996 devstack@c-api.service[96081]: INFO cinder.api.openstack.wsgi [None req-a9c28b9f-135f-4e12-937f-69f4303018a6 tempest-GroupSnapshotsTest-497315813 tempest-GroupSnapshotsTest-497315813-project-member] GET https://10.4.3.93/volume/v3/groups/32d78f07-002e-4eba-b39d-e28a49e7bd85
Jun 17 02:58:31.785721 np0000002996 devstack@c-api.service[96081]: DEBUG cinder.api.openstack.wsgi [None req-a9c28b9f-135f-4e12-937f-69f4303018a6 tempest-GroupSnapshotsTest-497315813 tempest-GroupSnapshotsTest-497315813-project-member] Empty body provided in request {{(pid=96081) get_body /opt/stack/cinder/cinder/api/openstack/wsgi.py:725}}
Jun 17 02:58:31.785933 np0000002996 devstack@c-api.service[96081]: DEBUG cinder.api.openstack.wsgi [None req-a9c28b9f-135f-4e12-937f-69f4303018a6 tempest-GroupSnapshotsTest-497315813 tempest-GroupSnapshotsTest-497315813-project-member] Calling method 'version_select' {{(pid=96081) _process_stack /opt/stack/cinder/cinder/api/openstack/wsgi.py:878}}
Jun 17 02:58:31.786077 np0000002996 devstack@c-api.service[96081]: DEBUG cinder.api.v3.groups [None req-a9c28b9f-135f-4e12-937f-69f4303018a6 tempest-GroupSnapshotsTest-497315813 tempest-GroupSnapshotsTest-497315813-project-member] show called for member 32d78f07-002e-4eba-b39d-e28a49e7bd85 {{(pid=96081) show /opt/stack/cinder/cinder/api/v3/groups.py:58}}
Jun 17 02:58:31.792959 np0000002996 devstack@c-api.service[96081]: /opt/stack/data/venv/lib/python3.12/site-packages/oslo_context/context.py:102: DeprecationWarning: Policy enforcement is depending on the value of is_admin. This key is deprecated. Please update your policy file to use the standard policy values.
Jun 17 02:58:31.792959 np0000002996 devstack@c-api.service[96081]: warnings.warn(
Jun 17 02:58:31.807497 np0000002996 devstack@c-api.service[96081]: INFO cinder.api.openstack.wsgi [None req-a9c28b9f-135f-4e12-937f-69f4303018a6 tempest-GroupSnapshotsTest-497315813 tempest-GroupSnapshotsTest-497315813-project-member] https://10.4.3.93/volume/v3/groups/32d78f07-002e-4eba-b39d-e28a49e7bd85 returned with HTTP 200
Jun 17 02:58:31.807970 np0000002996 devstack@c-api.service[96081]: [pid: 96081|app: 0|req: 224/458] 10.4.3.93 () {68 vars in 1379 bytes} [Wed Jun 17 02:58:31 2026] GET /volume/v3/groups/32d78f07-002e-4eba-b39d-e28a49e7bd85 => generated 393 bytes in 25 msecs (HTTP/1.1 200) 7 headers in 286 bytes (1 switches on core 0)
Jun 17 02:58:31.818476 np0000002996 devstack@c-api.service[96082]: DEBUG cinder.api.middleware.request_id [None req-00b5cd91-4f8c-451f-8287-ab4f7f28109f None None] RequestId filter calling following filter/app {{(pid=96082) _context_setter /opt/stack/cinder/cinder/api/middleware/request_id.py:62}}
Jun 17 02:58:31.820558 np0000002996 devstack@c-api.service[96082]: INFO cinder.api.openstack.wsgi [None req-00b5cd91-4f8c-451f-8287-ab4f7f28109f tempest-GroupSnapshotsTest-497315813 tempest-GroupSnapshotsTest-497315813-project-member] POST https://10.4.3.93/volume/v3/volumes
Jun 17 02:58:31.821012 np0000002996 devstack@c-api.service[96082]: DEBUG cinder.api.openstack.wsgi [None req-00b5cd91-4f8c-451f-8287-ab4f7f28109f tempest-GroupSnapshotsTest-497315813 tempest-GroupSnapshotsTest-497315813-project-member] Action: 'create', calling method: create, body: {"volume": {"name": "tempest-volume-2049362141", "volume_type": "ec00d1cc-66b3-4e21-ab74-922a940dacdd", "group_id": "32d78f07-002e-4eba-b39d-e28a49e7bd85", "size": 1}} {{(pid=96082) _process_stack /opt/stack/cinder/cinder/api/openstack/wsgi.py:876}}
Jun 17 02:58:31.823529 np0000002996 devstack@c-api.service[96082]: DEBUG cinder.api.v3.volumes [None req-00b5cd91-4f8c-451f-8287-ab4f7f28109f tempest-GroupSnapshotsTest-497315813 tempest-GroupSnapshotsTest-497315813-project-member] Create volume request body: {'volume': {'name': 'tempest-volume-2049362141', 'volume_type': 'ec00d1cc-66b3-4e21-ab74-922a940dacdd', 'group_id': '32d78f07-002e-4eba-b39d-e28a49e7bd85', 'size': 1}} {{(pid=96082) create /opt/stack/cinder/cinder/api/v3/volumes.py:368}}
Jun 17 02:58:31.840155 np0000002996 devstack@c-api.service[96082]: /opt/stack/data/venv/lib/python3.12/site-packages/oslo_context/context.py:102: DeprecationWarning: Policy enforcement is depending on the value of is_admin. This key is deprecated. Please update your policy file to use the standard policy values.
Jun 17 02:58:31.840155 np0000002996 devstack@c-api.service[96082]: warnings.warn(
Jun 17 02:58:31.840155 np0000002996 devstack@c-api.service[96082]: INFO cinder.api.v3.volumes [None req-00b5cd91-4f8c-451f-8287-ab4f7f28109f tempest-GroupSnapshotsTest-497315813 tempest-GroupSnapshotsTest-497315813-project-member] Create volume of 1 GB
Jun 17 02:58:31.848008 np0000002996 devstack@c-api.service[96081]: DEBUG cinder.api.middleware.request_id [None req-c4fb30ed-7651-45d6-ad1e-78426ab79ed2 None None] RequestId filter calling following filter/app {{(pid=96081) _context_setter /opt/stack/cinder/cinder/api/middleware/request_id.py:62}}
Jun 17 02:58:31.852111 np0000002996 devstack@c-api.service[96081]: INFO cinder.api.openstack.wsgi [None req-c4fb30ed-7651-45d6-ad1e-78426ab79ed2 tempest-VolumesImageMetadata-1806883246 tempest-VolumesImageMetadata-1806883246-project-member] GET https://10.4.3.93/volume/v3/volumes/8602a104-0ac4-46a3-9d3d-533c893d257f
Jun 17 02:58:31.852416 np0000002996 devstack@c-api.service[96081]: DEBUG cinder.api.openstack.wsgi [None req-c4fb30ed-7651-45d6-ad1e-78426ab79ed2 tempest-VolumesImageMetadata-1806883246 tempest-VolumesImageMetadata-1806883246-project-member] Empty body provided in request {{(pid=96081) get_body /opt/stack/cinder/cinder/api/openstack/wsgi.py:725}}
Jun 17 02:58:31.853094 np0000002996 devstack@c-api.service[96081]: DEBUG cinder.api.openstack.wsgi [None req-c4fb30ed-7651-45d6-ad1e-78426ab79ed2 tempest-VolumesImageMetadata-1806883246 tempest-VolumesImageMetadata-1806883246-project-member] Calling method 'show' {{(pid=96081) _process_stack /opt/stack/cinder/cinder/api/openstack/wsgi.py:878}}
Jun 17 02:58:31.858478 np0000002996 devstack@c-api.service[96082]: INFO cinder.volume.api [None req-00b5cd91-4f8c-451f-8287-ab4f7f28109f tempest-GroupSnapshotsTest-497315813 tempest-GroupSnapshotsTest-497315813-project-member] Availability Zones retrieved successfully.
Jun 17 02:58:31.860343 np0000002996 devstack@c-api.service[96081]: INFO cinder.api.openstack.wsgi [None req-c4fb30ed-7651-45d6-ad1e-78426ab79ed2 tempest-VolumesImageMetadata-1806883246 tempest-VolumesImageMetadata-1806883246-project-member] https://10.4.3.93/volume/v3/volumes/8602a104-0ac4-46a3-9d3d-533c893d257f returned with HTTP 404
Jun 17 02:58:31.861019 np0000002996 devstack@c-api.service[96081]: [pid: 96081|app: 0|req: 225/459] 10.4.3.93 () {66 vars in 1341 bytes} [Wed Jun 17 02:58:31 2026] GET /volume/v3/volumes/8602a104-0ac4-46a3-9d3d-533c893d257f => generated 109 bytes in 14 msecs (HTTP/1.1 404) 7 headers in 292 bytes (1 switches on core 0)
Jun 17 02:58:31.867540 np0000002996 devstack@c-api.service[96082]: DEBUG cinder.volume.api [None req-00b5cd91-4f8c-451f-8287-ab4f7f28109f tempest-GroupSnapshotsTest-497315813 tempest-GroupSnapshotsTest-497315813-project-member] Flow 'volume_create_api' (69dfb24f-16f3-4f46-a6ab-2f7c1f57a51e) transitioned into state 'RUNNING' from state 'PENDING' {{(pid=96082) _flow_receiver /opt/stack/data/venv/lib/python3.12/site-packages/taskflow/listeners/logging.py:160}}
Jun 17 02:58:31.868810 np0000002996 devstack@c-api.service[96082]: DEBUG cinder.volume.api [None req-00b5cd91-4f8c-451f-8287-ab4f7f28109f tempest-GroupSnapshotsTest-497315813 tempest-GroupSnapshotsTest-497315813-project-member] Task 'cinder.volume.flows.api.create_volume.ExtractVolumeRequestTask;volume:create' (28704030-2ac6-49b7-b3b1-696b24c34a0e) transitioned into state 'RUNNING' from state 'PENDING' {{(pid=96082) _task_receiver /opt/stack/data/venv/lib/python3.12/site-packages/taskflow/listeners/logging.py:242}}
Jun 17 02:58:31.871219 np0000002996 devstack@c-api.service[96082]: /opt/stack/data/venv/lib/python3.12/site-packages/oslo_context/context.py:102: DeprecationWarning: Policy enforcement is depending on the value of is_admin. This key is deprecated. Please update your policy file to use the standard policy values.
Jun 17 02:58:31.871219 np0000002996 devstack@c-api.service[96082]: warnings.warn(
Jun 17 02:58:31.871219 np0000002996 devstack@c-api.service[96082]: DEBUG cinder.volume.flows.api.create_volume [None req-00b5cd91-4f8c-451f-8287-ab4f7f28109f tempest-GroupSnapshotsTest-497315813 tempest-GroupSnapshotsTest-497315813-project-member] Validating volume size '1' using validate_int {{(pid=96082) _extract_size /opt/stack/cinder/cinder/volume/flows/api/create_volume.py:226}}
Jun 17 02:58:31.895392 np0000002996 devstack@c-api.service[96082]: DEBUG cinder.volume.api [None req-00b5cd91-4f8c-451f-8287-ab4f7f28109f tempest-GroupSnapshotsTest-497315813 tempest-GroupSnapshotsTest-497315813-project-member] Task 'cinder.volume.flows.api.create_volume.ExtractVolumeRequestTask;volume:create' (28704030-2ac6-49b7-b3b1-696b24c34a0e) transitioned into state 'SUCCESS' from state 'RUNNING' with result '{'size': 1, 'snapshot_id': None, 'source_volid': None, 'volume_type': VolumeType(created_at=2026-06-17T02:58:30Z,deleted=False,deleted_at=None,description=None,extra_specs={},id=ec00d1cc-66b3-4e21-ab74-922a940dacdd,is_public=True,name='tempest-GroupSnapshotsTest-volume-type-1841973859',projects=[],qos_specs=,qos_specs_id=None,updated_at=None), 'volume_type_id': 'ec00d1cc-66b3-4e21-ab74-922a940dacdd', 'encryption_key_id': None, 'qos_specs': None, 'consistencygroup_id': None, 'cgsnapshot_id': None, 'group_id': '32d78f07-002e-4eba-b39d-e28a49e7bd85', 'replication_status': 'disabled', 'refresh_az': False, 'backup_id': None, 'multiattach': False, 'availability_zones': ['nova']}' {{(pid=96082) _task_receiver /opt/stack/data/venv/lib/python3.12/site-packages/taskflow/listeners/logging.py:218}}
Jun 17 02:58:31.896359 np0000002996 devstack@c-api.service[96082]: DEBUG cinder.volume.api [None req-00b5cd91-4f8c-451f-8287-ab4f7f28109f tempest-GroupSnapshotsTest-497315813 tempest-GroupSnapshotsTest-497315813-project-member] Task 'cinder.volume.flows.api.create_volume.QuotaReserveTask;volume:create' (22f8af13-8475-4b79-9317-3e0f56a3702c) transitioned into state 'RUNNING' from state 'PENDING' {{(pid=96082) _task_receiver /opt/stack/data/venv/lib/python3.12/site-packages/taskflow/listeners/logging.py:242}}
Jun 17 02:58:31.924435 np0000002996 devstack@c-api.service[96082]: WARNING cinder.quota [None req-00b5cd91-4f8c-451f-8287-ab4f7f28109f tempest-GroupSnapshotsTest-497315813 tempest-GroupSnapshotsTest-497315813-project-member] Deprecated: Default quota for resource: volumes_tempest-GroupSnapshotsTest-volume-type-1841973859 is set by the default quota flag: quota_volumes_tempest-GroupSnapshotsTest-volume-type-1841973859, it is now deprecated. Please use the default quota class for default quota.
Jun 17 02:58:31.924699 np0000002996 devstack@c-api.service[96082]: WARNING cinder.quota [None req-00b5cd91-4f8c-451f-8287-ab4f7f28109f tempest-GroupSnapshotsTest-497315813 tempest-GroupSnapshotsTest-497315813-project-member] Deprecated: Default quota for resource: gigabytes_tempest-GroupSnapshotsTest-volume-type-1841973859 is set by the default quota flag: quota_gigabytes_tempest-GroupSnapshotsTest-volume-type-1841973859, it is now deprecated. Please use the default quota class for default quota.
Jun 17 02:58:31.966698 np0000002996 devstack@c-api.service[96082]: DEBUG cinder.quota [None req-00b5cd91-4f8c-451f-8287-ab4f7f28109f tempest-GroupSnapshotsTest-497315813 tempest-GroupSnapshotsTest-497315813-project-member] Created reservations ['91e62d11-7790-4c9b-a2ee-75898bd10ccd', '87c1277a-600d-42ab-9f2c-a34fff90bc43', '53792fe3-17b6-45e8-acaf-a2d1e19479d5', '048d06c7-5598-4e7d-86c2-33c0263d6454'] {{(pid=96082) reserve /opt/stack/cinder/cinder/quota.py:752}}
Jun 17 02:58:31.967959 np0000002996 devstack@c-api.service[96082]: DEBUG cinder.volume.api [None req-00b5cd91-4f8c-451f-8287-ab4f7f28109f tempest-GroupSnapshotsTest-497315813 tempest-GroupSnapshotsTest-497315813-project-member] Task 'cinder.volume.flows.api.create_volume.QuotaReserveTask;volume:create' (22f8af13-8475-4b79-9317-3e0f56a3702c) transitioned into state 'SUCCESS' from state 'RUNNING' with result '{'reservations': ['91e62d11-7790-4c9b-a2ee-75898bd10ccd', '87c1277a-600d-42ab-9f2c-a34fff90bc43', '53792fe3-17b6-45e8-acaf-a2d1e19479d5', '048d06c7-5598-4e7d-86c2-33c0263d6454']}' {{(pid=96082) _task_receiver /opt/stack/data/venv/lib/python3.12/site-packages/taskflow/listeners/logging.py:218}}
Jun 17 02:58:31.969293 np0000002996 devstack@c-api.service[96082]: DEBUG cinder.volume.api [None req-00b5cd91-4f8c-451f-8287-ab4f7f28109f tempest-GroupSnapshotsTest-497315813 tempest-GroupSnapshotsTest-497315813-project-member] Task 'cinder.volume.flows.api.create_volume.EntryCreateTask;volume:create' (85682748-d708-41c9-bafe-0cec98db4242) transitioned into state 'RUNNING' from state 'PENDING' {{(pid=96082) _task_receiver /opt/stack/data/venv/lib/python3.12/site-packages/taskflow/listeners/logging.py:242}}
Jun 17 02:58:31.993879 np0000002996 devstack@c-api.service[96082]: DEBUG cinder.volume.api [None req-00b5cd91-4f8c-451f-8287-ab4f7f28109f tempest-GroupSnapshotsTest-497315813 tempest-GroupSnapshotsTest-497315813-project-member] Task 'cinder.volume.flows.api.create_volume.EntryCreateTask;volume:create' (85682748-d708-41c9-bafe-0cec98db4242) transitioned into state 'SUCCESS' from state 'RUNNING' with result '{'volume_id': '753f4203-7f1a-484c-b573-04f292490b4c', 'volume_properties': VolumeProperties(attach_status='detached',availability_zone='nova',cgsnapshot_id=None,consistencygroup_id=None,display_description=None,display_name='tempest-volume-2049362141',encryption_key_id=None,group_id=32d78f07-002e-4eba-b39d-e28a49e7bd85,group_type_id=,metadata={},multiattach=False,project_id='6786a2fcfd6c4da380120874cecd52b7',qos_specs=None,replication_status=,reservations=['91e62d11-7790-4c9b-a2ee-75898bd10ccd','87c1277a-600d-42ab-9f2c-a34fff90bc43','53792fe3-17b6-45e8-acaf-a2d1e19479d5','048d06c7-5598-4e7d-86c2-33c0263d6454'],size=1,snapshot_id=None,source_replicaid=,source_volid=None,status='creating',user_id='76d0cce2d50244bb804961173959d242',volume_type_id=ec00d1cc-66b3-4e21-ab74-922a940dacdd), 'volume': Volume(_name_id=None,admin_metadata=,attach_status='detached',availability_zone='nova',bootable=False,cluster=,cluster_name=None,consistencygroup=,consistencygroup_id=None,created_at=2026-06-17T02:58:31Z,deleted=False,deleted_at=None,display_description=None,display_name='tempest-volume-2049362141',ec2_id=None,encryption_key_id=None,glance_metadata=,group=,group_id=32d78f07-002e-4eba-b39d-e28a49e7bd85,host=None,id=753f4203-7f1a-484c-b573-04f292490b4c,launched_at=None,metadata={},migration_status=None,multiattach=False,previous_status=None,project_id='6786a2fcfd6c4da380120874cecd52b7',provider_auth=None,provider_geometry=None,provider_id=None,provider_location=None,replication_driver_data=None,replication_extended_status=None,replication_status=None,scheduled_at=None,service_uuid=None,shared_targets=True,size=1,snapshot_id=None,snapshots=,source_volid=None,status='creating',terminated_at=None,updated_at=None,use_quota=True,user_id='76d0cce2d50244bb804961173959d242',volume_attachment=VolumeAttachmentList,volume_type=VolumeType(ec00d1cc-66b3-4e21-ab74-922a940dacdd),volume_type_id=ec00d1cc-66b3-4e21-ab74-922a940dacdd)}' {{(pid=96082) _task_receiver /opt/stack/data/venv/lib/python3.12/site-packages/taskflow/listeners/logging.py:218}}
Jun 17 02:58:31.995076 np0000002996 devstack@c-api.service[96082]: DEBUG cinder.volume.api [None req-00b5cd91-4f8c-451f-8287-ab4f7f28109f tempest-GroupSnapshotsTest-497315813 tempest-GroupSnapshotsTest-497315813-project-member] Task 'cinder.volume.flows.api.create_volume.QuotaCommitTask;volume:create' (6c233480-9b84-4b2c-adfa-cbca661a542f) transitioned into state 'RUNNING' from state 'PENDING' {{(pid=96082) _task_receiver /opt/stack/data/venv/lib/python3.12/site-packages/taskflow/listeners/logging.py:242}}
Jun 17 02:58:32.026820 np0000002996 devstack@c-api.service[96082]: DEBUG cinder.volume.api [None req-00b5cd91-4f8c-451f-8287-ab4f7f28109f tempest-GroupSnapshotsTest-497315813 tempest-GroupSnapshotsTest-497315813-project-member] Task 'cinder.volume.flows.api.create_volume.QuotaCommitTask;volume:create' (6c233480-9b84-4b2c-adfa-cbca661a542f) transitioned into state 'SUCCESS' from state 'RUNNING' with result '{'volume_properties': VolumeProperties(attach_status='detached',availability_zone='nova',cgsnapshot_id=None,consistencygroup_id=None,display_description=None,display_name='tempest-volume-2049362141',encryption_key_id=None,group_id=32d78f07-002e-4eba-b39d-e28a49e7bd85,group_type_id=,metadata={},multiattach=False,project_id='6786a2fcfd6c4da380120874cecd52b7',qos_specs=None,replication_status=,reservations=['91e62d11-7790-4c9b-a2ee-75898bd10ccd','87c1277a-600d-42ab-9f2c-a34fff90bc43','53792fe3-17b6-45e8-acaf-a2d1e19479d5','048d06c7-5598-4e7d-86c2-33c0263d6454'],size=1,snapshot_id=None,source_replicaid=,source_volid=None,status='creating',user_id='76d0cce2d50244bb804961173959d242',volume_type_id=ec00d1cc-66b3-4e21-ab74-922a940dacdd)}' {{(pid=96082) _task_receiver /opt/stack/data/venv/lib/python3.12/site-packages/taskflow/listeners/logging.py:218}}
Jun 17 02:58:32.028212 np0000002996 devstack@c-api.service[96082]: DEBUG cinder.volume.api [None req-00b5cd91-4f8c-451f-8287-ab4f7f28109f tempest-GroupSnapshotsTest-497315813 tempest-GroupSnapshotsTest-497315813-project-member] Task 'cinder.volume.flows.api.create_volume.VolumeCastTask;volume:create' (610987c4-b75e-4d42-9994-fac803379dae) transitioned into state 'RUNNING' from state 'PENDING' {{(pid=96082) _task_receiver /opt/stack/data/venv/lib/python3.12/site-packages/taskflow/listeners/logging.py:242}}
Jun 17 02:58:32.052286 np0000002996 devstack@c-api.service[96082]: DEBUG cinder.volume.api [None req-00b5cd91-4f8c-451f-8287-ab4f7f28109f tempest-GroupSnapshotsTest-497315813 tempest-GroupSnapshotsTest-497315813-project-member] Task 'cinder.volume.flows.api.create_volume.VolumeCastTask;volume:create' (610987c4-b75e-4d42-9994-fac803379dae) transitioned into state 'SUCCESS' from state 'RUNNING' with result 'None' {{(pid=96082) _task_receiver /opt/stack/data/venv/lib/python3.12/site-packages/taskflow/listeners/logging.py:218}}
Jun 17 02:58:32.052286 np0000002996 devstack@c-api.service[96082]: DEBUG cinder.volume.api [None req-00b5cd91-4f8c-451f-8287-ab4f7f28109f tempest-GroupSnapshotsTest-497315813 tempest-GroupSnapshotsTest-497315813-project-member] Flow 'volume_create_api' (69dfb24f-16f3-4f46-a6ab-2f7c1f57a51e) transitioned into state 'SUCCESS' from state 'RUNNING' {{(pid=96082) _flow_receiver /opt/stack/data/venv/lib/python3.12/site-packages/taskflow/listeners/logging.py:160}}
Jun 17 02:58:32.052758 np0000002996 devstack@c-api.service[96082]: INFO cinder.volume.api [None req-00b5cd91-4f8c-451f-8287-ab4f7f28109f tempest-GroupSnapshotsTest-497315813 tempest-GroupSnapshotsTest-497315813-project-member] Create volume request issued successfully.
Jun 17 02:58:32.053761 np0000002996 devstack@c-api.service[96082]: WARNING stevedore.named [None req-00b5cd91-4f8c-451f-8287-ab4f7f28109f tempest-GroupSnapshotsTest-497315813 tempest-GroupSnapshotsTest-497315813-project-member] Could not load cinder.keymgr.conf_key_mgr.ConfKeyManager
Jun 17 02:58:32.054219 np0000002996 devstack@c-api.service[96082]: WARNING castellan.key_manager [None req-00b5cd91-4f8c-451f-8287-ab4f7f28109f tempest-GroupSnapshotsTest-497315813 tempest-GroupSnapshotsTest-497315813-project-member] Deprecation Warning : cinder.keymgr.conf_key_mgr.ConfKeyManager is not a stevedore based driver, trying to load it as a class: stevedore.exception.NoMatches: No 'castellan.drivers' driver found, looking for 'cinder.keymgr.conf_key_mgr.ConfKeyManager'
Jun 17 02:58:32.118669 np0000002996 devstack@c-api.service[96082]: DEBUG oslo_db.sqlalchemy.engines [None req-00b5cd91-4f8c-451f-8287-ab4f7f28109f tempest-GroupSnapshotsTest-497315813 tempest-GroupSnapshotsTest-497315813-project-member] MySQL server mode set to STRICT_TRANS_TABLES,STRICT_ALL_TABLES,NO_ZERO_IN_DATE,NO_ZERO_DATE,ERROR_FOR_DIVISION_BY_ZERO,TRADITIONAL,NO_ENGINE_SUBSTITUTION {{(pid=96082) _check_effective_sql_mode /opt/stack/data/venv/lib/python3.12/site-packages/oslo_db/sqlalchemy/engines.py:325}}
Jun 17 02:58:32.125623 np0000002996 devstack@c-api.service[96082]: /opt/stack/data/venv/lib/python3.12/site-packages/oslo_context/context.py:102: DeprecationWarning: Policy enforcement is depending on the value of is_admin. This key is deprecated. Please update your policy file to use the standard policy values.
Jun 17 02:58:32.125623 np0000002996 devstack@c-api.service[96082]: warnings.warn(
Jun 17 02:58:32.160711 np0000002996 devstack@c-api.service[96082]: INFO cinder.api.openstack.wsgi [None req-00b5cd91-4f8c-451f-8287-ab4f7f28109f tempest-GroupSnapshotsTest-497315813 tempest-GroupSnapshotsTest-497315813-project-member] https://10.4.3.93/volume/v3/volumes returned with HTTP 202
Jun 17 02:58:32.160711 np0000002996 devstack@c-api.service[96082]: [pid: 96082|app: 0|req: 235/460] 10.4.3.93 () {70 vars in 1293 bytes} [Wed Jun 17 02:58:31 2026] POST /volume/v3/volumes => generated 821 bytes in 343 msecs (HTTP/1.1 202) 7 headers in 292 bytes (1 switches on core 0)
Jun 17 02:58:32.177514 np0000002996 devstack@c-api.service[96081]: DEBUG cinder.api.middleware.request_id [None req-2278e076-9dc3-4869-98ec-32d98efab5e8 None None] RequestId filter calling following filter/app {{(pid=96081) _context_setter /opt/stack/cinder/cinder/api/middleware/request_id.py:62}}
Jun 17 02:58:32.188752 np0000002996 devstack@c-api.service[96081]: INFO cinder.api.openstack.wsgi [None req-2278e076-9dc3-4869-98ec-32d98efab5e8 tempest-GroupSnapshotsTest-497315813 tempest-GroupSnapshotsTest-497315813-project-member] GET https://10.4.3.93/volume/v3/volumes/753f4203-7f1a-484c-b573-04f292490b4c
Jun 17 02:58:32.188962 np0000002996 devstack@c-api.service[96081]: DEBUG cinder.api.openstack.wsgi [None req-2278e076-9dc3-4869-98ec-32d98efab5e8 tempest-GroupSnapshotsTest-497315813 tempest-GroupSnapshotsTest-497315813-project-member] Empty body provided in request {{(pid=96081) get_body /opt/stack/cinder/cinder/api/openstack/wsgi.py:725}}
