Jun 08 22:39:49.058402 np0000002366 devstack@g-api.service[102096]: [pid: 102096|app: 0|req: 86/265] 127.0.0.1 () {40 vars in 838 bytes} [Mon Jun 8 22:39:49 2026] GET /v2/images/01338da6-3125-4e97-a389-3cbb6e8cdb0a => generated 649 bytes in 7 msecs (HTTP/1.1 200) 4 headers in 157 bytes (1 switches on core 0)
Jun 08 22:39:50.066235 np0000002366 devstack@g-api.service[102097]: DEBUG glance.api.middleware.version_negotiation [None req-7d89c78f-141b-41d5-9451-6223f057c201 tempest-VolumesActionsTest-937933622 tempest-VolumesActionsTest-937933622-project-member] Determining version of request: GET /v2/images/01338da6-3125-4e97-a389-3cbb6e8cdb0a Accept: application/json {{(pid=102097) process_request /opt/stack/glance/glance/api/middleware/version_negotiation.py:44}}
Jun 08 22:39:50.066541 np0000002366 devstack@g-api.service[102097]: DEBUG glance.api.middleware.version_negotiation [None req-7d89c78f-141b-41d5-9451-6223f057c201 tempest-VolumesActionsTest-937933622 tempest-VolumesActionsTest-937933622-project-member] Using url versioning {{(pid=102097) process_request /opt/stack/glance/glance/api/middleware/version_negotiation.py:57}}
Jun 08 22:39:50.066570 np0000002366 devstack@g-api.service[102097]: DEBUG glance.api.middleware.version_negotiation [None req-7d89c78f-141b-41d5-9451-6223f057c201 tempest-VolumesActionsTest-937933622 tempest-VolumesActionsTest-937933622-project-member] Matched version: v2 {{(pid=102097) process_request /opt/stack/glance/glance/api/middleware/version_negotiation.py:69}}
Jun 08 22:39:50.066720 np0000002366 devstack@g-api.service[102097]: DEBUG glance.api.middleware.version_negotiation [None req-7d89c78f-141b-41d5-9451-6223f057c201 tempest-VolumesActionsTest-937933622 tempest-VolumesActionsTest-937933622-project-member] new path /v2/images/01338da6-3125-4e97-a389-3cbb6e8cdb0a {{(pid=102097) process_request /opt/stack/glance/glance/api/middleware/version_negotiation.py:70}}
Jun 08 22:39:50.076829 np0000002366 devstack@g-api.service[102097]: [pid: 102097|app: 0|req: 95/266] 127.0.0.1 () {40 vars in 838 bytes} [Mon Jun 8 22:39:50 2026] GET /v2/images/01338da6-3125-4e97-a389-3cbb6e8cdb0a => generated 649 bytes in 10 msecs (HTTP/1.1 200) 4 headers in 157 bytes (1 switches on core 0)
Jun 08 22:39:51.083749 np0000002366 devstack@g-api.service[102098]: DEBUG glance.api.middleware.version_negotiation [None req-bca0ce68-99d6-4e4c-92a2-7fd8b44879ea tempest-VolumesActionsTest-937933622 tempest-VolumesActionsTest-937933622-project-member] Determining version of request: GET /v2/images/01338da6-3125-4e97-a389-3cbb6e8cdb0a Accept: application/json {{(pid=102098) process_request /opt/stack/glance/glance/api/middleware/version_negotiation.py:44}}
Jun 08 22:39:51.084034 np0000002366 devstack@g-api.service[102098]: DEBUG glance.api.middleware.version_negotiation [None req-bca0ce68-99d6-4e4c-92a2-7fd8b44879ea tempest-VolumesActionsTest-937933622 tempest-VolumesActionsTest-937933622-project-member] Using url versioning {{(pid=102098) process_request /opt/stack/glance/glance/api/middleware/version_negotiation.py:57}}
Jun 08 22:39:51.084034 np0000002366 devstack@g-api.service[102098]: DEBUG glance.api.middleware.version_negotiation [None req-bca0ce68-99d6-4e4c-92a2-7fd8b44879ea tempest-VolumesActionsTest-937933622 tempest-VolumesActionsTest-937933622-project-member] Matched version: v2 {{(pid=102098) process_request /opt/stack/glance/glance/api/middleware/version_negotiation.py:69}}
Jun 08 22:39:51.084034 np0000002366 devstack@g-api.service[102098]: DEBUG glance.api.middleware.version_negotiation [None req-bca0ce68-99d6-4e4c-92a2-7fd8b44879ea tempest-VolumesActionsTest-937933622 tempest-VolumesActionsTest-937933622-project-member] new path /v2/images/01338da6-3125-4e97-a389-3cbb6e8cdb0a {{(pid=102098) process_request /opt/stack/glance/glance/api/middleware/version_negotiation.py:70}}
Jun 08 22:39:51.091108 np0000002366 devstack@g-api.service[102098]: [pid: 102098|app: 0|req: 86/267] 127.0.0.1 () {40 vars in 838 bytes} [Mon Jun 8 22:39:51 2026] GET /v2/images/01338da6-3125-4e97-a389-3cbb6e8cdb0a => generated 649 bytes in 7 msecs (HTTP/1.1 200) 4 headers in 157 bytes (1 switches on core 0)
Jun 08 22:39:51.505941 np0000002366 devstack@g-api.service[102096]: DEBUG glance.api.middleware.version_negotiation [None req-3fd7037d-414e-4fca-8974-e0131cb8513a tempest-VolumesActionsTest-937933622 tempest-VolumesActionsTest-937933622-project-member] Determining version of request: PUT /v2/images/01338da6-3125-4e97-a389-3cbb6e8cdb0a/file Accept: */* {{(pid=102096) process_request /opt/stack/glance/glance/api/middleware/version_negotiation.py:44}}
Jun 08 22:39:51.506946 np0000002366 devstack@g-api.service[102096]: DEBUG glance.api.middleware.version_negotiation [None req-3fd7037d-414e-4fca-8974-e0131cb8513a tempest-VolumesActionsTest-937933622 tempest-VolumesActionsTest-937933622-project-member] Using url versioning {{(pid=102096) process_request /opt/stack/glance/glance/api/middleware/version_negotiation.py:57}}
Jun 08 22:39:51.506946 np0000002366 devstack@g-api.service[102096]: DEBUG glance.api.middleware.version_negotiation [None req-3fd7037d-414e-4fca-8974-e0131cb8513a tempest-VolumesActionsTest-937933622 tempest-VolumesActionsTest-937933622-project-member] Matched version: v2 {{(pid=102096) process_request /opt/stack/glance/glance/api/middleware/version_negotiation.py:69}}
Jun 08 22:39:51.506946 np0000002366 devstack@g-api.service[102096]: DEBUG glance.api.middleware.version_negotiation [None req-3fd7037d-414e-4fca-8974-e0131cb8513a tempest-VolumesActionsTest-937933622 tempest-VolumesActionsTest-937933622-project-member] new path /v2/images/01338da6-3125-4e97-a389-3cbb6e8cdb0a/file {{(pid=102096) process_request /opt/stack/glance/glance/api/middleware/version_negotiation.py:70}}
Jun 08 22:39:51.968030 np0000002366 devstack@g-api.service[102096]: INFO glance.api.v2.image_data [None req-7d89c78f-141b-41d5-9451-6223f057c201 tempest-VolumesActionsTest-937933622 tempest-VolumesActionsTest-937933622-project-member] Unable to create trust: no such option collect_timing in group [keystone_authtoken] Use the existing user token.
Jun 08 22:39:52.100536 np0000002366 devstack@g-api.service[102097]: DEBUG glance.api.middleware.version_negotiation [None req-e80cb3ab-1b8d-4bd8-b328-72b8418dfeb7 tempest-VolumesActionsTest-937933622 tempest-VolumesActionsTest-937933622-project-member] Determining version of request: GET /v2/images/01338da6-3125-4e97-a389-3cbb6e8cdb0a Accept: application/json {{(pid=102097) process_request /opt/stack/glance/glance/api/middleware/version_negotiation.py:44}}
Jun 08 22:39:52.100890 np0000002366 devstack@g-api.service[102097]: DEBUG glance.api.middleware.version_negotiation [None req-e80cb3ab-1b8d-4bd8-b328-72b8418dfeb7 tempest-VolumesActionsTest-937933622 tempest-VolumesActionsTest-937933622-project-member] Using url versioning {{(pid=102097) process_request /opt/stack/glance/glance/api/middleware/version_negotiation.py:57}}
Jun 08 22:39:52.100890 np0000002366 devstack@g-api.service[102097]: DEBUG glance.api.middleware.version_negotiation [None req-e80cb3ab-1b8d-4bd8-b328-72b8418dfeb7 tempest-VolumesActionsTest-937933622 tempest-VolumesActionsTest-937933622-project-member] Matched version: v2 {{(pid=102097) process_request /opt/stack/glance/glance/api/middleware/version_negotiation.py:69}}
Jun 08 22:39:52.100890 np0000002366 devstack@g-api.service[102097]: DEBUG glance.api.middleware.version_negotiation [None req-e80cb3ab-1b8d-4bd8-b328-72b8418dfeb7 tempest-VolumesActionsTest-937933622 tempest-VolumesActionsTest-937933622-project-member] new path /v2/images/01338da6-3125-4e97-a389-3cbb6e8cdb0a {{(pid=102097) process_request /opt/stack/glance/glance/api/middleware/version_negotiation.py:70}}
Jun 08 22:39:52.109910 np0000002366 devstack@g-api.service[102097]: [pid: 102097|app: 0|req: 96/268] 127.0.0.1 () {40 vars in 838 bytes} [Mon Jun 8 22:39:52 2026] GET /v2/images/01338da6-3125-4e97-a389-3cbb6e8cdb0a => generated 649 bytes in 9 msecs (HTTP/1.1 200) 4 headers in 157 bytes (1 switches on core 0)
Jun 08 22:39:52.437039 np0000002366 devstack@g-api.service[102096]: DEBUG glance.location [None req-7d89c78f-141b-41d5-9451-6223f057c201 tempest-VolumesActionsTest-937933622 tempest-VolumesActionsTest-937933622-project-member] Enabling in-flight format inspection for raw {{(pid=102096) set_data /opt/stack/glance/glance/location.py:616}}
Jun 08 22:39:52.437437 np0000002366 devstack@g-api.service[102096]: DEBUG glance_store.backend [None req-7d89c78f-141b-41d5-9451-6223f057c201 tempest-VolumesActionsTest-937933622 tempest-VolumesActionsTest-937933622-project-member] Attempting to import store swift {{(pid=102096) _load_store /opt/stack/data/venv/lib/python3.12/site-packages/glance_store/backend.py:215}}
Jun 08 22:39:52.438953 np0000002366 devstack@g-api.service[102096]: DEBUG glance_store.capabilities [None req-7d89c78f-141b-41d5-9451-6223f057c201 tempest-VolumesActionsTest-937933622 tempest-VolumesActionsTest-937933622-project-member] Store glance_store._drivers.swift.store.SingleTenantStore doesn't support updating dynamic storage capabilities. Please overwrite 'update_capabilities' method of the store to implement updating logics if needed. {{(pid=102096) update_capabilities /opt/stack/data/venv/lib/python3.12/site-packages/glance_store/capabilities.py:91}}
Jun 08 22:39:52.439102 np0000002366 devstack@g-api.service[102096]: DEBUG glance_store.driver [None req-7d89c78f-141b-41d5-9451-6223f057c201 tempest-VolumesActionsTest-937933622 tempest-VolumesActionsTest-937933622-project-member] Late loading location class glance_store._drivers.swift.store.StoreLocation {{(pid=102096) get_store_location_class /opt/stack/data/venv/lib/python3.12/site-packages/glance_store/driver.py:134}}
Jun 08 22:39:52.439201 np0000002366 devstack@g-api.service[102096]: DEBUG glance_store.location [None req-7d89c78f-141b-41d5-9451-6223f057c201 tempest-VolumesActionsTest-937933622 tempest-VolumesActionsTest-937933622-project-member] Registering scheme swift+https with {'store': , 'location_class': , 'store_entry': 'swift'} {{(pid=102096) register_scheme_map /opt/stack/data/venv/lib/python3.12/site-packages/glance_store/location.py:146}}
Jun 08 22:39:52.439281 np0000002366 devstack@g-api.service[102096]: DEBUG glance_store.location [None req-7d89c78f-141b-41d5-9451-6223f057c201 tempest-VolumesActionsTest-937933622 tempest-VolumesActionsTest-937933622-project-member] Registering scheme swift+https with {'store': , 'location_class': , 'store_entry': 'swift'} {{(pid=102096) register_scheme_map /opt/stack/data/venv/lib/python3.12/site-packages/glance_store/location.py:146}}
Jun 08 22:39:52.439354 np0000002366 devstack@g-api.service[102096]: DEBUG glance_store.location [None req-7d89c78f-141b-41d5-9451-6223f057c201 tempest-VolumesActionsTest-937933622 tempest-VolumesActionsTest-937933622-project-member] Registering scheme swift with {'store': , 'location_class': , 'store_entry': 'swift'} {{(pid=102096) register_scheme_map /opt/stack/data/venv/lib/python3.12/site-packages/glance_store/location.py:146}}
Jun 08 22:39:52.439428 np0000002366 devstack@g-api.service[102096]: DEBUG glance_store.location [None req-7d89c78f-141b-41d5-9451-6223f057c201 tempest-VolumesActionsTest-937933622 tempest-VolumesActionsTest-937933622-project-member] Registering scheme swift+https with {'store': , 'location_class': , 'store_entry': 'swift'} {{(pid=102096) register_scheme_map /opt/stack/data/venv/lib/python3.12/site-packages/glance_store/location.py:146}}
Jun 08 22:39:52.439506 np0000002366 devstack@g-api.service[102096]: DEBUG glance_store.location [None req-7d89c78f-141b-41d5-9451-6223f057c201 tempest-VolumesActionsTest-937933622 tempest-VolumesActionsTest-937933622-project-member] Registering scheme swift with {'store': , 'location_class': , 'store_entry': 'swift'} {{(pid=102096) register_scheme_map /opt/stack/data/venv/lib/python3.12/site-packages/glance_store/location.py:146}}
Jun 08 22:39:52.439567 np0000002366 devstack@g-api.service[102096]: DEBUG glance_store.location [None req-7d89c78f-141b-41d5-9451-6223f057c201 tempest-VolumesActionsTest-937933622 tempest-VolumesActionsTest-937933622-project-member] Registering scheme swift+http with {'store': , 'location_class': , 'store_entry': 'swift'} {{(pid=102096) register_scheme_map /opt/stack/data/venv/lib/python3.12/site-packages/glance_store/location.py:146}}
Jun 08 22:39:52.439636 np0000002366 devstack@g-api.service[102096]: DEBUG glance_store.location [None req-7d89c78f-141b-41d5-9451-6223f057c201 tempest-VolumesActionsTest-937933622 tempest-VolumesActionsTest-937933622-project-member] Registering scheme swift+https with {'store': , 'location_class': , 'store_entry': 'swift'} {{(pid=102096) register_scheme_map /opt/stack/data/venv/lib/python3.12/site-packages/glance_store/location.py:146}}
Jun 08 22:39:52.439706 np0000002366 devstack@g-api.service[102096]: DEBUG glance_store.location [None req-7d89c78f-141b-41d5-9451-6223f057c201 tempest-VolumesActionsTest-937933622 tempest-VolumesActionsTest-937933622-project-member] Registering scheme swift with {'store': , 'location_class': , 'store_entry': 'swift'} {{(pid=102096) register_scheme_map /opt/stack/data/venv/lib/python3.12/site-packages/glance_store/location.py:146}}
Jun 08 22:39:52.439774 np0000002366 devstack@g-api.service[102096]: DEBUG glance_store.location [None req-7d89c78f-141b-41d5-9451-6223f057c201 tempest-VolumesActionsTest-937933622 tempest-VolumesActionsTest-937933622-project-member] Registering scheme swift+http with {'store': , 'location_class': , 'store_entry': 'swift'} {{(pid=102096) register_scheme_map /opt/stack/data/venv/lib/python3.12/site-packages/glance_store/location.py:146}}
Jun 08 22:39:52.439843 np0000002366 devstack@g-api.service[102096]: DEBUG glance_store.location [None req-7d89c78f-141b-41d5-9451-6223f057c201 tempest-VolumesActionsTest-937933622 tempest-VolumesActionsTest-937933622-project-member] Registering scheme swift+config with {'store': , 'location_class': , 'store_entry': 'swift'} {{(pid=102096) register_scheme_map /opt/stack/data/venv/lib/python3.12/site-packages/glance_store/location.py:146}}
Jun 08 22:39:52.660441 np0000002366 devstack@g-api.service[102096]: DEBUG swiftclient [None req-7d89c78f-141b-41d5-9451-6223f057c201 tempest-VolumesActionsTest-937933622 tempest-VolumesActionsTest-937933622-project-member] REQ: curl -i https://10.4.3.191:8080/v1/AUTH_6b23d016acab4e269e5dcacd352eb801/glance -I -H "X-Auth-Token: gAAAAABqJ0S4hzdK..." {{(pid=102096) http_log /opt/stack/data/venv/lib/python3.12/site-packages/swiftclient/client.py:160}}
Jun 08 22:39:52.660441 np0000002366 devstack@g-api.service[102096]: DEBUG swiftclient [None req-7d89c78f-141b-41d5-9451-6223f057c201 tempest-VolumesActionsTest-937933622 tempest-VolumesActionsTest-937933622-project-member] RESP STATUS: 204 No Content {{(pid=102096) http_log /opt/stack/data/venv/lib/python3.12/site-packages/swiftclient/client.py:161}}
Jun 08 22:39:52.660754 np0000002366 devstack@g-api.service[102096]: DEBUG swiftclient [None req-7d89c78f-141b-41d5-9451-6223f057c201 tempest-VolumesActionsTest-937933622 tempest-VolumesActionsTest-937933622-project-member] RESP HEADERS: {'Date': 'Mon, 08 Jun 2026 22:39:52 GMT', 'Server': 'Apache/2.4.58 (Ubuntu)', 'Content-Type': 'text/plain; charset=utf-8', 'X-Container-Object-Count': '7', 'X-Container-Bytes-Used': '111411200', 'X-Timestamp': '1780958006.64836', 'Last-Modified': 'Mon, 08 Jun 2026 22:33:27 GMT', 'Accept-Ranges': 'bytes', 'X-Storage-Policy': 'Policy-0', 'X-Container-Sharding': 'False', 'Vary': 'Accept', 'X-Trans-Id': 'txc3deb5fb52fe450492c7f-006a2744b8', 'X-Openstack-Request-Id': 'txc3deb5fb52fe450492c7f-006a2744b8', 'Connection': 'close'} {{(pid=102096) http_log /opt/stack/data/venv/lib/python3.12/site-packages/swiftclient/client.py:162}}
Jun 08 22:39:52.660754 np0000002366 devstack@g-api.service[102096]: DEBUG glance_store._drivers.swift.store [None req-7d89c78f-141b-41d5-9451-6223f057c201 tempest-VolumesActionsTest-937933622 tempest-VolumesActionsTest-937933622-project-member] Adding image object '01338da6-3125-4e97-a389-3cbb6e8cdb0a' to Swift {{(pid=102096) add /opt/stack/data/venv/lib/python3.12/site-packages/glance_store/_drivers/swift/store.py:970}}
Jun 08 22:39:52.660854 np0000002366 devstack@g-api.service[102096]: DEBUG glance_store._drivers.swift.store [None req-7d89c78f-141b-41d5-9451-6223f057c201 tempest-VolumesActionsTest-937933622 tempest-VolumesActionsTest-937933622-project-member] Cannot determine image size because it is either not provided in the request or chunked-transfer encoding is used. Adding image as a segmented object to Swift. {{(pid=102096) add /opt/stack/data/venv/lib/python3.12/site-packages/glance_store/_drivers/swift/store.py:994}}
Jun 08 22:39:52.666497 np0000002366 devstack@g-api.service[102096]: DEBUG oslo_utils.imageutils.format_inspector [None req-7d89c78f-141b-41d5-9451-6223f057c201 tempest-VolumesActionsTest-937933622 tempest-VolumesActionsTest-937933622-project-member] Format inspector for vmdk does not match, excluding from consideration (Signature KDMV not found: b'\x00\x00\x00\x00') {{(pid=102096) _process_chunk /opt/stack/data/venv/lib/python3.12/site-packages/oslo_utils/imageutils/format_inspector.py:1758}}
Jun 08 22:39:52.668738 np0000002366 devstack@g-api.service[102096]: DEBUG oslo_utils.imageutils.format_inspector [None req-7d89c78f-141b-41d5-9451-6223f057c201 tempest-VolumesActionsTest-937933622 tempest-VolumesActionsTest-937933622-project-member] Format inspector for vhdx does not match, excluding from consideration (Region signature not found at 30000) {{(pid=102096) _process_chunk /opt/stack/data/venv/lib/python3.12/site-packages/oslo_utils/imageutils/format_inspector.py:1758}}
Jun 08 22:39:53.117711 np0000002366 devstack@g-api.service[102098]: DEBUG glance.api.middleware.version_negotiation [None req-db152e16-f1ff-4691-be52-f91e07d61996 tempest-VolumesActionsTest-937933622 tempest-VolumesActionsTest-937933622-project-member] Determining version of request: GET /v2/images/01338da6-3125-4e97-a389-3cbb6e8cdb0a Accept: application/json {{(pid=102098) process_request /opt/stack/glance/glance/api/middleware/version_negotiation.py:44}}
Jun 08 22:39:53.118378 np0000002366 devstack@g-api.service[102098]: DEBUG glance.api.middleware.version_negotiation [None req-db152e16-f1ff-4691-be52-f91e07d61996 tempest-VolumesActionsTest-937933622 tempest-VolumesActionsTest-937933622-project-member] Using url versioning {{(pid=102098) process_request /opt/stack/glance/glance/api/middleware/version_negotiation.py:57}}
Jun 08 22:39:53.118378 np0000002366 devstack@g-api.service[102098]: DEBUG glance.api.middleware.version_negotiation [None req-db152e16-f1ff-4691-be52-f91e07d61996 tempest-VolumesActionsTest-937933622 tempest-VolumesActionsTest-937933622-project-member] Matched version: v2 {{(pid=102098) process_request /opt/stack/glance/glance/api/middleware/version_negotiation.py:69}}
Jun 08 22:39:53.118378 np0000002366 devstack@g-api.service[102098]: DEBUG glance.api.middleware.version_negotiation [None req-db152e16-f1ff-4691-be52-f91e07d61996 tempest-VolumesActionsTest-937933622 tempest-VolumesActionsTest-937933622-project-member] new path /v2/images/01338da6-3125-4e97-a389-3cbb6e8cdb0a {{(pid=102098) process_request /opt/stack/glance/glance/api/middleware/version_negotiation.py:70}}
Jun 08 22:39:53.129571 np0000002366 devstack@g-api.service[102098]: [pid: 102098|app: 0|req: 87/269] 127.0.0.1 () {40 vars in 838 bytes} [Mon Jun 8 22:39:53 2026] GET /v2/images/01338da6-3125-4e97-a389-3cbb6e8cdb0a => generated 649 bytes in 12 msecs (HTTP/1.1 200) 4 headers in 157 bytes (1 switches on core 0)
Jun 08 22:39:54.138008 np0000002366 devstack@g-api.service[102097]: DEBUG glance.api.middleware.version_negotiation [None req-341057c9-38a0-45f2-816d-353074ba49cf tempest-VolumesActionsTest-937933622 tempest-VolumesActionsTest-937933622-project-member] Determining version of request: GET /v2/images/01338da6-3125-4e97-a389-3cbb6e8cdb0a Accept: application/json {{(pid=102097) process_request /opt/stack/glance/glance/api/middleware/version_negotiation.py:44}}
Jun 08 22:39:54.138401 np0000002366 devstack@g-api.service[102097]: DEBUG glance.api.middleware.version_negotiation [None req-341057c9-38a0-45f2-816d-353074ba49cf tempest-VolumesActionsTest-937933622 tempest-VolumesActionsTest-937933622-project-member] Using url versioning {{(pid=102097) process_request /opt/stack/glance/glance/api/middleware/version_negotiation.py:57}}
Jun 08 22:39:54.138401 np0000002366 devstack@g-api.service[102097]: DEBUG glance.api.middleware.version_negotiation [None req-341057c9-38a0-45f2-816d-353074ba49cf tempest-VolumesActionsTest-937933622 tempest-VolumesActionsTest-937933622-project-member] Matched version: v2 {{(pid=102097) process_request /opt/stack/glance/glance/api/middleware/version_negotiation.py:69}}
Jun 08 22:39:54.138401 np0000002366 devstack@g-api.service[102097]: DEBUG glance.api.middleware.version_negotiation [None req-341057c9-38a0-45f2-816d-353074ba49cf tempest-VolumesActionsTest-937933622 tempest-VolumesActionsTest-937933622-project-member] new path /v2/images/01338da6-3125-4e97-a389-3cbb6e8cdb0a {{(pid=102097) process_request /opt/stack/glance/glance/api/middleware/version_negotiation.py:70}}
Jun 08 22:39:54.147335 np0000002366 devstack@g-api.service[102097]: [pid: 102097|app: 0|req: 97/270] 127.0.0.1 () {40 vars in 838 bytes} [Mon Jun 8 22:39:54 2026] GET /v2/images/01338da6-3125-4e97-a389-3cbb6e8cdb0a => generated 649 bytes in 9 msecs (HTTP/1.1 200) 4 headers in 157 bytes (1 switches on core 0)
Jun 08 22:39:54.248795 np0000002366 devstack@g-api.service[102098]: DEBUG glance.api.middleware.version_negotiation [None req-0e120596-7675-4e14-b016-14835aa8747c tempest-VolumesActionsTest-937933622 tempest-VolumesActionsTest-937933622-project-member] Determining version of request: GET /v2/images/e29b7e5f-7ee4-45c8-a113-213074ee2471 Accept: */* {{(pid=102098) process_request /opt/stack/glance/glance/api/middleware/version_negotiation.py:44}}
Jun 08 22:39:54.248795 np0000002366 devstack@g-api.service[102098]: DEBUG glance.api.middleware.version_negotiation [None req-0e120596-7675-4e14-b016-14835aa8747c tempest-VolumesActionsTest-937933622 tempest-VolumesActionsTest-937933622-project-member] Using url versioning {{(pid=102098) process_request /opt/stack/glance/glance/api/middleware/version_negotiation.py:57}}
Jun 08 22:39:54.249409 np0000002366 devstack@g-api.service[102098]: DEBUG glance.api.middleware.version_negotiation [None req-0e120596-7675-4e14-b016-14835aa8747c tempest-VolumesActionsTest-937933622 tempest-VolumesActionsTest-937933622-project-member] Matched version: v2 {{(pid=102098) process_request /opt/stack/glance/glance/api/middleware/version_negotiation.py:69}}
Jun 08 22:39:54.249409 np0000002366 devstack@g-api.service[102098]: DEBUG glance.api.middleware.version_negotiation [None req-0e120596-7675-4e14-b016-14835aa8747c tempest-VolumesActionsTest-937933622 tempest-VolumesActionsTest-937933622-project-member] new path /v2/images/e29b7e5f-7ee4-45c8-a113-213074ee2471 {{(pid=102098) process_request /opt/stack/glance/glance/api/middleware/version_negotiation.py:70}}
Jun 08 22:39:54.263460 np0000002366 devstack@g-api.service[102098]: [pid: 102098|app: 0|req: 88/271] 127.0.0.1 () {44 vars in 1115 bytes} [Mon Jun 8 22:39:54 2026] GET /v2/images/e29b7e5f-7ee4-45c8-a113-213074ee2471 => generated 1044 bytes in 14 msecs (HTTP/1.1 200) 4 headers in 158 bytes (1 switches on core 0)
Jun 08 22:39:54.309008 np0000002366 devstack@g-api.service[102097]: DEBUG glance.api.middleware.version_negotiation [None req-d2232e0d-ee79-4ec2-a5f7-269ce6c267ee tempest-VolumesActionsTest-937933622 tempest-VolumesActionsTest-937933622-project-member] Determining version of request: GET /v2/schemas/image Accept: */* {{(pid=102097) process_request /opt/stack/glance/glance/api/middleware/version_negotiation.py:44}}
Jun 08 22:39:54.309008 np0000002366 devstack@g-api.service[102097]: DEBUG glance.api.middleware.version_negotiation [None req-d2232e0d-ee79-4ec2-a5f7-269ce6c267ee tempest-VolumesActionsTest-937933622 tempest-VolumesActionsTest-937933622-project-member] Using url versioning {{(pid=102097) process_request /opt/stack/glance/glance/api/middleware/version_negotiation.py:57}}
Jun 08 22:39:54.309008 np0000002366 devstack@g-api.service[102097]: DEBUG glance.api.middleware.version_negotiation [None req-d2232e0d-ee79-4ec2-a5f7-269ce6c267ee tempest-VolumesActionsTest-937933622 tempest-VolumesActionsTest-937933622-project-member] Matched version: v2 {{(pid=102097) process_request /opt/stack/glance/glance/api/middleware/version_negotiation.py:69}}
Jun 08 22:39:54.309008 np0000002366 devstack@g-api.service[102097]: DEBUG glance.api.middleware.version_negotiation [None req-d2232e0d-ee79-4ec2-a5f7-269ce6c267ee tempest-VolumesActionsTest-937933622 tempest-VolumesActionsTest-937933622-project-member] new path /v2/schemas/image {{(pid=102097) process_request /opt/stack/glance/glance/api/middleware/version_negotiation.py:70}}
Jun 08 22:39:54.311329 np0000002366 devstack@g-api.service[102097]: [pid: 102097|app: 0|req: 98/272] 127.0.0.1 () {44 vars in 1055 bytes} [Mon Jun 8 22:39:54 2026] GET /v2/schemas/image => generated 6083 bytes in 3 msecs (HTTP/1.1 200) 4 headers in 158 bytes (1 switches on core 0)
Jun 08 22:39:54.521324 np0000002366 devstack@g-api.service[102096]: DEBUG swiftclient [None req-7d89c78f-141b-41d5-9451-6223f057c201 tempest-VolumesActionsTest-937933622 tempest-VolumesActionsTest-937933622-project-member] REQ: curl -i https://10.4.3.191:8080/v1/AUTH_6b23d016acab4e269e5dcacd352eb801/glance/01338da6-3125-4e97-a389-3cbb6e8cdb0a-00001 -X PUT -H "X-Auth-Token: gAAAAABqJ0S4hzdK..." {{(pid=102096) http_log /opt/stack/data/venv/lib/python3.12/site-packages/swiftclient/client.py:160}}
Jun 08 22:39:54.521562 np0000002366 devstack@g-api.service[102096]: DEBUG swiftclient [None req-7d89c78f-141b-41d5-9451-6223f057c201 tempest-VolumesActionsTest-937933622 tempest-VolumesActionsTest-937933622-project-member] RESP STATUS: 201 Created {{(pid=102096) http_log /opt/stack/data/venv/lib/python3.12/site-packages/swiftclient/client.py:161}}
Jun 08 22:39:54.521649 np0000002366 devstack@g-api.service[102096]: DEBUG swiftclient [None req-7d89c78f-141b-41d5-9451-6223f057c201 tempest-VolumesActionsTest-937933622 tempest-VolumesActionsTest-937933622-project-member] RESP HEADERS: {'Date': 'Mon, 08 Jun 2026 22:39:54 GMT', 'Server': 'Apache/2.4.58 (Ubuntu)', 'Content-Type': 'text/html; charset=UTF-8', 'Content-Length': '0', 'Etag': 'eda9a9889837ac4bc81d6387d92c1bec', 'Last-Modified': 'Mon, 08 Jun 2026 22:39:53 GMT', 'X-Trans-Id': 'tx1ce347a4077848cba87e6-006a2744b8', 'X-Openstack-Request-Id': 'tx1ce347a4077848cba87e6-006a2744b8', 'Connection': 'close'} {{(pid=102096) http_log /opt/stack/data/venv/lib/python3.12/site-packages/swiftclient/client.py:162}}
Jun 08 22:39:54.521778 np0000002366 devstack@g-api.service[102096]: DEBUG glance_store._drivers.swift.store [None req-7d89c78f-141b-41d5-9451-6223f057c201 tempest-VolumesActionsTest-937933622 tempest-VolumesActionsTest-937933622-project-member] Wrote chunk 01338da6-3125-4e97-a389-3cbb6e8cdb0a-00001 (1/?) of length 204800000 to Swift returning MD5 of content: eda9a9889837ac4bc81d6387d92c1bec {{(pid=102096) add /opt/stack/data/venv/lib/python3.12/site-packages/glance_store/_drivers/swift/store.py:1059}}
Jun 08 22:39:55.156726 np0000002366 devstack@g-api.service[102098]: DEBUG glance.api.middleware.version_negotiation [None req-02eb6a94-615a-45e7-ae5a-a8141266f36d tempest-ServerStableDeviceRescueTest-484219615 tempest-ServerStableDeviceRescueTest-484219615-project-member] Determining version of request: GET /v2/images/01338da6-3125-4e97-a389-3cbb6e8cdb0a Accept: application/json {{(pid=102098) process_request /opt/stack/glance/glance/api/middleware/version_negotiation.py:44}}
Jun 08 22:39:55.156878 np0000002366 devstack@g-api.service[102098]: DEBUG glance.api.middleware.version_negotiation [None req-02eb6a94-615a-45e7-ae5a-a8141266f36d tempest-ServerStableDeviceRescueTest-484219615 tempest-ServerStableDeviceRescueTest-484219615-project-member] Using url versioning {{(pid=102098) process_request /opt/stack/glance/glance/api/middleware/version_negotiation.py:57}}
Jun 08 22:39:55.157073 np0000002366 devstack@g-api.service[102098]: DEBUG glance.api.middleware.version_negotiation [None req-02eb6a94-615a-45e7-ae5a-a8141266f36d tempest-ServerStableDeviceRescueTest-484219615 tempest-ServerStableDeviceRescueTest-484219615-project-member] Matched version: v2 {{(pid=102098) process_request /opt/stack/glance/glance/api/middleware/version_negotiation.py:69}}
Jun 08 22:39:55.157213 np0000002366 devstack@g-api.service[102098]: DEBUG glance.api.middleware.version_negotiation [None req-02eb6a94-615a-45e7-ae5a-a8141266f36d tempest-ServerStableDeviceRescueTest-484219615 tempest-ServerStableDeviceRescueTest-484219615-project-member] new path /v2/images/01338da6-3125-4e97-a389-3cbb6e8cdb0a {{(pid=102098) process_request /opt/stack/glance/glance/api/middleware/version_negotiation.py:70}}
Jun 08 22:39:55.167258 np0000002366 devstack@g-api.service[102098]: [pid: 102098|app: 0|req: 89/273] 127.0.0.1 () {40 vars in 838 bytes} [Mon Jun 8 22:39:55 2026] GET /v2/images/01338da6-3125-4e97-a389-3cbb6e8cdb0a => generated 649 bytes in 10 msecs (HTTP/1.1 200) 4 headers in 157 bytes (1 switches on core 0)
Jun 08 22:39:56.176057 np0000002366 devstack@g-api.service[102097]: DEBUG glance.api.middleware.version_negotiation [None req-02eb6a94-615a-45e7-ae5a-a8141266f36d tempest-ServerStableDeviceRescueTest-484219615 tempest-ServerStableDeviceRescueTest-484219615-project-member] Determining version of request: GET /v2/images/01338da6-3125-4e97-a389-3cbb6e8cdb0a Accept: application/json {{(pid=102097) process_request /opt/stack/glance/glance/api/middleware/version_negotiation.py:44}}
Jun 08 22:39:56.176413 np0000002366 devstack@g-api.service[102097]: DEBUG glance.api.middleware.version_negotiation [None req-02eb6a94-615a-45e7-ae5a-a8141266f36d tempest-ServerStableDeviceRescueTest-484219615 tempest-ServerStableDeviceRescueTest-484219615-project-member] Using url versioning {{(pid=102097) process_request /opt/stack/glance/glance/api/middleware/version_negotiation.py:57}}
Jun 08 22:39:56.176591 np0000002366 devstack@g-api.service[102097]: DEBUG glance.api.middleware.version_negotiation [None req-02eb6a94-615a-45e7-ae5a-a8141266f36d tempest-ServerStableDeviceRescueTest-484219615 tempest-ServerStableDeviceRescueTest-484219615-project-member] Matched version: v2 {{(pid=102097) process_request /opt/stack/glance/glance/api/middleware/version_negotiation.py:69}}
Jun 08 22:39:56.176707 np0000002366 devstack@g-api.service[102097]: DEBUG glance.api.middleware.version_negotiation [None req-02eb6a94-615a-45e7-ae5a-a8141266f36d tempest-ServerStableDeviceRescueTest-484219615 tempest-ServerStableDeviceRescueTest-484219615-project-member] new path /v2/images/01338da6-3125-4e97-a389-3cbb6e8cdb0a {{(pid=102097) process_request /opt/stack/glance/glance/api/middleware/version_negotiation.py:70}}
Jun 08 22:39:56.186979 np0000002366 devstack@g-api.service[102097]: [pid: 102097|app: 0|req: 99/274] 127.0.0.1 () {40 vars in 838 bytes} [Mon Jun 8 22:39:56 2026] GET /v2/images/01338da6-3125-4e97-a389-3cbb6e8cdb0a => generated 649 bytes in 11 msecs (HTTP/1.1 200) 4 headers in 157 bytes (1 switches on core 0)
Jun 08 22:39:56.463958 np0000002366 devstack@g-api.service[102096]: DEBUG swiftclient [None req-7d89c78f-141b-41d5-9451-6223f057c201 tempest-VolumesActionsTest-937933622 tempest-VolumesActionsTest-937933622-project-member] REQ: curl -i https://10.4.3.191:8080/v1/AUTH_6b23d016acab4e269e5dcacd352eb801/glance/01338da6-3125-4e97-a389-3cbb6e8cdb0a-00002 -X PUT -H "X-Auth-Token: gAAAAABqJ0S4hzdK..." {{(pid=102096) http_log /opt/stack/data/venv/lib/python3.12/site-packages/swiftclient/client.py:160}}
Jun 08 22:39:56.464229 np0000002366 devstack@g-api.service[102096]: DEBUG swiftclient [None req-7d89c78f-141b-41d5-9451-6223f057c201 tempest-VolumesActionsTest-937933622 tempest-VolumesActionsTest-937933622-project-member] RESP STATUS: 201 Created {{(pid=102096) http_log /opt/stack/data/venv/lib/python3.12/site-packages/swiftclient/client.py:161}}
Jun 08 22:39:56.464381 np0000002366 devstack@g-api.service[102096]: DEBUG swiftclient [None req-7d89c78f-141b-41d5-9451-6223f057c201 tempest-VolumesActionsTest-937933622 tempest-VolumesActionsTest-937933622-project-member] RESP HEADERS: {'Date': 'Mon, 08 Jun 2026 22:39:56 GMT', 'Server': 'Apache/2.4.58 (Ubuntu)', 'Content-Type': 'text/html; charset=UTF-8', 'Content-Length': '0', 'Etag': 'eda9a9889837ac4bc81d6387d92c1bec', 'Last-Modified': 'Mon, 08 Jun 2026 22:39:55 GMT', 'X-Trans-Id': 'tx2c39b4a36f724e81a2896-006a2744ba', 'X-Openstack-Request-Id': 'tx2c39b4a36f724e81a2896-006a2744ba', 'Connection': 'close'} {{(pid=102096) http_log /opt/stack/data/venv/lib/python3.12/site-packages/swiftclient/client.py:162}}
Jun 08 22:39:56.464534 np0000002366 devstack@g-api.service[102096]: DEBUG glance_store._drivers.swift.store [None req-7d89c78f-141b-41d5-9451-6223f057c201 tempest-VolumesActionsTest-937933622 tempest-VolumesActionsTest-937933622-project-member] Wrote chunk 01338da6-3125-4e97-a389-3cbb6e8cdb0a-00002 (2/?) of length 204800000 to Swift returning MD5 of content: eda9a9889837ac4bc81d6387d92c1bec {{(pid=102096) add /opt/stack/data/venv/lib/python3.12/site-packages/glance_store/_drivers/swift/store.py:1059}}
Jun 08 22:39:57.200180 np0000002366 devstack@g-api.service[102098]: DEBUG glance.api.middleware.version_negotiation [None req-2de651a7-6f2d-4680-a76f-dfaef25f2d44 tempest-VolumesActionsTest-937933622 tempest-VolumesActionsTest-937933622-project-member] Determining version of request: GET /v2/images/01338da6-3125-4e97-a389-3cbb6e8cdb0a Accept: application/json {{(pid=102098) process_request /opt/stack/glance/glance/api/middleware/version_negotiation.py:44}}
Jun 08 22:39:57.200180 np0000002366 devstack@g-api.service[102098]: DEBUG glance.api.middleware.version_negotiation [None req-2de651a7-6f2d-4680-a76f-dfaef25f2d44 tempest-VolumesActionsTest-937933622 tempest-VolumesActionsTest-937933622-project-member] Using url versioning {{(pid=102098) process_request /opt/stack/glance/glance/api/middleware/version_negotiation.py:57}}
Jun 08 22:39:57.200180 np0000002366 devstack@g-api.service[102098]: DEBUG glance.api.middleware.version_negotiation [None req-2de651a7-6f2d-4680-a76f-dfaef25f2d44 tempest-VolumesActionsTest-937933622 tempest-VolumesActionsTest-937933622-project-member] Matched version: v2 {{(pid=102098) process_request /opt/stack/glance/glance/api/middleware/version_negotiation.py:69}}
Jun 08 22:39:57.200180 np0000002366 devstack@g-api.service[102098]: DEBUG glance.api.middleware.version_negotiation [None req-2de651a7-6f2d-4680-a76f-dfaef25f2d44 tempest-VolumesActionsTest-937933622 tempest-VolumesActionsTest-937933622-project-member] new path /v2/images/01338da6-3125-4e97-a389-3cbb6e8cdb0a {{(pid=102098) process_request /opt/stack/glance/glance/api/middleware/version_negotiation.py:70}}
Jun 08 22:39:57.209582 np0000002366 devstack@g-api.service[102098]: [pid: 102098|app: 0|req: 90/275] 127.0.0.1 () {40 vars in 838 bytes} [Mon Jun 8 22:39:57 2026] GET /v2/images/01338da6-3125-4e97-a389-3cbb6e8cdb0a => generated 649 bytes in 11 msecs (HTTP/1.1 200) 4 headers in 157 bytes (1 switches on core 0)
Jun 08 22:39:58.219004 np0000002366 devstack@g-api.service[102097]: DEBUG glance.api.middleware.version_negotiation [None req-e37a7c4b-5b8b-49f3-8913-3a85b7001ab4 tempest-VolumesActionsTest-937933622 tempest-VolumesActionsTest-937933622-project-member] Determining version of request: GET /v2/images/01338da6-3125-4e97-a389-3cbb6e8cdb0a Accept: application/json {{(pid=102097) process_request /opt/stack/glance/glance/api/middleware/version_negotiation.py:44}}
Jun 08 22:39:58.220360 np0000002366 devstack@g-api.service[102097]: DEBUG glance.api.middleware.version_negotiation [None req-e37a7c4b-5b8b-49f3-8913-3a85b7001ab4 tempest-VolumesActionsTest-937933622 tempest-VolumesActionsTest-937933622-project-member] Using url versioning {{(pid=102097) process_request /opt/stack/glance/glance/api/middleware/version_negotiation.py:57}}
Jun 08 22:39:58.220360 np0000002366 devstack@g-api.service[102097]: DEBUG glance.api.middleware.version_negotiation [None req-e37a7c4b-5b8b-49f3-8913-3a85b7001ab4 tempest-VolumesActionsTest-937933622 tempest-VolumesActionsTest-937933622-project-member] Matched version: v2 {{(pid=102097) process_request /opt/stack/glance/glance/api/middleware/version_negotiation.py:69}}
Jun 08 22:39:58.220360 np0000002366 devstack@g-api.service[102097]: DEBUG glance.api.middleware.version_negotiation [None req-e37a7c4b-5b8b-49f3-8913-3a85b7001ab4 tempest-VolumesActionsTest-937933622 tempest-VolumesActionsTest-937933622-project-member] new path /v2/images/01338da6-3125-4e97-a389-3cbb6e8cdb0a {{(pid=102097) process_request /opt/stack/glance/glance/api/middleware/version_negotiation.py:70}}
Jun 08 22:39:58.236724 np0000002366 devstack@g-api.service[102097]: [pid: 102097|app: 0|req: 100/276] 127.0.0.1 () {40 vars in 838 bytes} [Mon Jun 8 22:39:58 2026] GET /v2/images/01338da6-3125-4e97-a389-3cbb6e8cdb0a => generated 649 bytes in 17 msecs (HTTP/1.1 200) 4 headers in 157 bytes (1 switches on core 0)
Jun 08 22:39:58.463077 np0000002366 devstack@g-api.service[102096]: DEBUG swiftclient [None req-7d89c78f-141b-41d5-9451-6223f057c201 tempest-VolumesActionsTest-937933622 tempest-VolumesActionsTest-937933622-project-member] REQ: curl -i https://10.4.3.191:8080/v1/AUTH_6b23d016acab4e269e5dcacd352eb801/glance/01338da6-3125-4e97-a389-3cbb6e8cdb0a-00003 -X PUT -H "X-Auth-Token: gAAAAABqJ0S4hzdK..." {{(pid=102096) http_log /opt/stack/data/venv/lib/python3.12/site-packages/swiftclient/client.py:160}}
Jun 08 22:39:58.463566 np0000002366 devstack@g-api.service[102096]: DEBUG swiftclient [None req-7d89c78f-141b-41d5-9451-6223f057c201 tempest-VolumesActionsTest-937933622 tempest-VolumesActionsTest-937933622-project-member] RESP STATUS: 201 Created {{(pid=102096) http_log /opt/stack/data/venv/lib/python3.12/site-packages/swiftclient/client.py:161}}
Jun 08 22:39:58.463566 np0000002366 devstack@g-api.service[102096]: DEBUG swiftclient [None req-7d89c78f-141b-41d5-9451-6223f057c201 tempest-VolumesActionsTest-937933622 tempest-VolumesActionsTest-937933622-project-member] RESP HEADERS: {'Date': 'Mon, 08 Jun 2026 22:39:58 GMT', 'Server': 'Apache/2.4.58 (Ubuntu)', 'Content-Type': 'text/html; charset=UTF-8', 'Content-Length': '0', 'Etag': 'eda9a9889837ac4bc81d6387d92c1bec', 'Last-Modified': 'Mon, 08 Jun 2026 22:39:57 GMT', 'X-Trans-Id': 'tx156b72654d9042fe8aaaa-006a2744bc', 'X-Openstack-Request-Id': 'tx156b72654d9042fe8aaaa-006a2744bc', 'Connection': 'close'} {{(pid=102096) http_log /opt/stack/data/venv/lib/python3.12/site-packages/swiftclient/client.py:162}}
Jun 08 22:39:58.463566 np0000002366 devstack@g-api.service[102096]: DEBUG glance_store._drivers.swift.store [None req-7d89c78f-141b-41d5-9451-6223f057c201 tempest-VolumesActionsTest-937933622 tempest-VolumesActionsTest-937933622-project-member] Wrote chunk 01338da6-3125-4e97-a389-3cbb6e8cdb0a-00003 (3/?) of length 204800000 to Swift returning MD5 of content: eda9a9889837ac4bc81d6387d92c1bec {{(pid=102096) add /opt/stack/data/venv/lib/python3.12/site-packages/glance_store/_drivers/swift/store.py:1059}}
Jun 08 22:39:59.245360 np0000002366 devstack@g-api.service[102098]: DEBUG glance.api.middleware.version_negotiation [None req-7204b33c-fafd-42fa-92e5-5c59f877cef4 tempest-VolumesActionsTest-937933622 tempest-VolumesActionsTest-937933622-project-member] Determining version of request: GET /v2/images/01338da6-3125-4e97-a389-3cbb6e8cdb0a Accept: application/json {{(pid=102098) process_request /opt/stack/glance/glance/api/middleware/version_negotiation.py:44}}
Jun 08 22:39:59.245751 np0000002366 devstack@g-api.service[102098]: DEBUG glance.api.middleware.version_negotiation [None req-7204b33c-fafd-42fa-92e5-5c59f877cef4 tempest-VolumesActionsTest-937933622 tempest-VolumesActionsTest-937933622-project-member] Using url versioning {{(pid=102098) process_request /opt/stack/glance/glance/api/middleware/version_negotiation.py:57}}
Jun 08 22:39:59.245751 np0000002366 devstack@g-api.service[102098]: DEBUG glance.api.middleware.version_negotiation [None req-7204b33c-fafd-42fa-92e5-5c59f877cef4 tempest-VolumesActionsTest-937933622 tempest-VolumesActionsTest-937933622-project-member] Matched version: v2 {{(pid=102098) process_request /opt/stack/glance/glance/api/middleware/version_negotiation.py:69}}
Jun 08 22:39:59.245751 np0000002366 devstack@g-api.service[102098]: DEBUG glance.api.middleware.version_negotiation [None req-7204b33c-fafd-42fa-92e5-5c59f877cef4 tempest-VolumesActionsTest-937933622 tempest-VolumesActionsTest-937933622-project-member] new path /v2/images/01338da6-3125-4e97-a389-3cbb6e8cdb0a {{(pid=102098) process_request /opt/stack/glance/glance/api/middleware/version_negotiation.py:70}}
Jun 08 22:39:59.258666 np0000002366 devstack@g-api.service[102098]: [pid: 102098|app: 0|req: 91/277] 127.0.0.1 () {40 vars in 838 bytes} [Mon Jun 8 22:39:59 2026] GET /v2/images/01338da6-3125-4e97-a389-3cbb6e8cdb0a => generated 649 bytes in 13 msecs (HTTP/1.1 200) 4 headers in 157 bytes (1 switches on core 0)
Jun 08 22:40:00.269165 np0000002366 devstack@g-api.service[102097]: DEBUG glance.api.middleware.version_negotiation [None req-2a773d06-8ef7-471c-96bd-62b46b79b5dd tempest-VolumesActionsTest-937933622 tempest-VolumesActionsTest-937933622-project-member] Determining version of request: GET /v2/images/01338da6-3125-4e97-a389-3cbb6e8cdb0a Accept: application/json {{(pid=102097) process_request /opt/stack/glance/glance/api/middleware/version_negotiation.py:44}}
Jun 08 22:40:00.269165 np0000002366 devstack@g-api.service[102097]: DEBUG glance.api.middleware.version_negotiation [None req-2a773d06-8ef7-471c-96bd-62b46b79b5dd tempest-VolumesActionsTest-937933622 tempest-VolumesActionsTest-937933622-project-member] Using url versioning {{(pid=102097) process_request /opt/stack/glance/glance/api/middleware/version_negotiation.py:57}}
Jun 08 22:40:00.269165 np0000002366 devstack@g-api.service[102097]: DEBUG glance.api.middleware.version_negotiation [None req-2a773d06-8ef7-471c-96bd-62b46b79b5dd tempest-VolumesActionsTest-937933622 tempest-VolumesActionsTest-937933622-project-member] Matched version: v2 {{(pid=102097) process_request /opt/stack/glance/glance/api/middleware/version_negotiation.py:69}}
Jun 08 22:40:00.269165 np0000002366 devstack@g-api.service[102097]: DEBUG glance.api.middleware.version_negotiation [None req-2a773d06-8ef7-471c-96bd-62b46b79b5dd tempest-VolumesActionsTest-937933622 tempest-VolumesActionsTest-937933622-project-member] new path /v2/images/01338da6-3125-4e97-a389-3cbb6e8cdb0a {{(pid=102097) process_request /opt/stack/glance/glance/api/middleware/version_negotiation.py:70}}
Jun 08 22:40:00.276945 np0000002366 devstack@g-api.service[102097]: DEBUG dbcounter [-] [102097] Writing DB stats glance:SELECT=81,glance:INSERT=23,glance:UPDATE=27,glance:DELETE=1 {{(pid=102097) stat_writer /opt/stack/data/venv/lib/python3.12/site-packages/dbcounter.py:115}}
Jun 08 22:40:00.285134 np0000002366 devstack@g-api.service[102097]: [pid: 102097|app: 0|req: 101/278] 127.0.0.1 () {40 vars in 838 bytes} [Mon Jun 8 22:40:00 2026] GET /v2/images/01338da6-3125-4e97-a389-3cbb6e8cdb0a => generated 649 bytes in 17 msecs (HTTP/1.1 200) 4 headers in 157 bytes (1 switches on core 0)
Jun 08 22:40:00.532919 np0000002366 devstack@g-api.service[102096]: DEBUG swiftclient [None req-7d89c78f-141b-41d5-9451-6223f057c201 tempest-VolumesActionsTest-937933622 tempest-VolumesActionsTest-937933622-project-member] REQ: curl -i https://10.4.3.191:8080/v1/AUTH_6b23d016acab4e269e5dcacd352eb801/glance/01338da6-3125-4e97-a389-3cbb6e8cdb0a-00004 -X PUT -H "X-Auth-Token: gAAAAABqJ0S4hzdK..." {{(pid=102096) http_log /opt/stack/data/venv/lib/python3.12/site-packages/swiftclient/client.py:160}}
Jun 08 22:40:00.533134 np0000002366 devstack@g-api.service[102096]: DEBUG swiftclient [None req-7d89c78f-141b-41d5-9451-6223f057c201 tempest-VolumesActionsTest-937933622 tempest-VolumesActionsTest-937933622-project-member] RESP STATUS: 201 Created {{(pid=102096) http_log /opt/stack/data/venv/lib/python3.12/site-packages/swiftclient/client.py:161}}
Jun 08 22:40:00.533221 np0000002366 devstack@g-api.service[102096]: DEBUG swiftclient [None req-7d89c78f-141b-41d5-9451-6223f057c201 tempest-VolumesActionsTest-937933622 tempest-VolumesActionsTest-937933622-project-member] RESP HEADERS: {'Date': 'Mon, 08 Jun 2026 22:40:00 GMT', 'Server': 'Apache/2.4.58 (Ubuntu)', 'Content-Type': 'text/html; charset=UTF-8', 'Content-Length': '0', 'Etag': 'eda9a9889837ac4bc81d6387d92c1bec', 'Last-Modified': 'Mon, 08 Jun 2026 22:39:59 GMT', 'X-Trans-Id': 'tx69f2d88961594553a5dfb-006a2744be', 'X-Openstack-Request-Id': 'tx69f2d88961594553a5dfb-006a2744be', 'Connection': 'close'} {{(pid=102096) http_log /opt/stack/data/venv/lib/python3.12/site-packages/swiftclient/client.py:162}}
Jun 08 22:40:00.533266 np0000002366 devstack@g-api.service[102096]: DEBUG glance_store._drivers.swift.store [None req-7d89c78f-141b-41d5-9451-6223f057c201 tempest-VolumesActionsTest-937933622 tempest-VolumesActionsTest-937933622-project-member] Wrote chunk 01338da6-3125-4e97-a389-3cbb6e8cdb0a-00004 (4/?) of length 204800000 to Swift returning MD5 of content: eda9a9889837ac4bc81d6387d92c1bec {{(pid=102096) add /opt/stack/data/venv/lib/python3.12/site-packages/glance_store/_drivers/swift/store.py:1059}}
Jun 08 22:40:00.882515 np0000002366 devstack@g-api.service[102098]: DEBUG glance.api.middleware.version_negotiation [None req-dca45b1e-f4d8-4de3-a530-ddc70dcf300f tempest-VolumesActionsTest-937933622 tempest-VolumesActionsTest-937933622-project-member] Determining version of request: GET /v2/images/e29b7e5f-7ee4-45c8-a113-213074ee2471 Accept: */* {{(pid=102098) process_request /opt/stack/glance/glance/api/middleware/version_negotiation.py:44}}
Jun 08 22:40:00.882515 np0000002366 devstack@g-api.service[102098]: DEBUG glance.api.middleware.version_negotiation [None req-dca45b1e-f4d8-4de3-a530-ddc70dcf300f tempest-VolumesActionsTest-937933622 tempest-VolumesActionsTest-937933622-project-member] Using url versioning {{(pid=102098) process_request /opt/stack/glance/glance/api/middleware/version_negotiation.py:57}}
Jun 08 22:40:00.882907 np0000002366 devstack@g-api.service[102098]: DEBUG glance.api.middleware.version_negotiation [None req-dca45b1e-f4d8-4de3-a530-ddc70dcf300f tempest-VolumesActionsTest-937933622 tempest-VolumesActionsTest-937933622-project-member] Matched version: v2 {{(pid=102098) process_request /opt/stack/glance/glance/api/middleware/version_negotiation.py:69}}
Jun 08 22:40:00.882907 np0000002366 devstack@g-api.service[102098]: DEBUG glance.api.middleware.version_negotiation [None req-dca45b1e-f4d8-4de3-a530-ddc70dcf300f tempest-VolumesActionsTest-937933622 tempest-VolumesActionsTest-937933622-project-member] new path /v2/images/e29b7e5f-7ee4-45c8-a113-213074ee2471 {{(pid=102098) process_request /opt/stack/glance/glance/api/middleware/version_negotiation.py:70}}
Jun 08 22:40:00.900557 np0000002366 devstack@g-api.service[102098]: [pid: 102098|app: 0|req: 92/279] 127.0.0.1 () {44 vars in 1115 bytes} [Mon Jun 8 22:40:00 2026] GET /v2/images/e29b7e5f-7ee4-45c8-a113-213074ee2471 => generated 1044 bytes in 18 msecs (HTTP/1.1 200) 4 headers in 158 bytes (1 switches on core 0)
Jun 08 22:40:00.952754 np0000002366 devstack@g-api.service[102097]: DEBUG glance.api.middleware.version_negotiation [None req-8090abfb-e0be-4a4c-980f-1f671cc8919c tempest-VolumesActionsTest-937933622 tempest-VolumesActionsTest-937933622-project-member] Determining version of request: GET /v2/schemas/image Accept: */* {{(pid=102097) process_request /opt/stack/glance/glance/api/middleware/version_negotiation.py:44}}
Jun 08 22:40:00.952980 np0000002366 devstack@g-api.service[102097]: DEBUG glance.api.middleware.version_negotiation [None req-8090abfb-e0be-4a4c-980f-1f671cc8919c tempest-VolumesActionsTest-937933622 tempest-VolumesActionsTest-937933622-project-member] Using url versioning {{(pid=102097) process_request /opt/stack/glance/glance/api/middleware/version_negotiation.py:57}}
Jun 08 22:40:00.953186 np0000002366 devstack@g-api.service[102097]: DEBUG glance.api.middleware.version_negotiation [None req-8090abfb-e0be-4a4c-980f-1f671cc8919c tempest-VolumesActionsTest-937933622 tempest-VolumesActionsTest-937933622-project-member] Matched version: v2 {{(pid=102097) process_request /opt/stack/glance/glance/api/middleware/version_negotiation.py:69}}
Jun 08 22:40:00.953358 np0000002366 devstack@g-api.service[102097]: DEBUG glance.api.middleware.version_negotiation [None req-8090abfb-e0be-4a4c-980f-1f671cc8919c tempest-VolumesActionsTest-937933622 tempest-VolumesActionsTest-937933622-project-member] new path /v2/schemas/image {{(pid=102097) process_request /opt/stack/glance/glance/api/middleware/version_negotiation.py:70}}
Jun 08 22:40:00.957533 np0000002366 devstack@g-api.service[102097]: [pid: 102097|app: 0|req: 102/280] 127.0.0.1 () {44 vars in 1055 bytes} [Mon Jun 8 22:40:00 2026] GET /v2/schemas/image => generated 6083 bytes in 5 msecs (HTTP/1.1 200) 4 headers in 158 bytes (1 switches on core 0)
Jun 08 22:40:01.296513 np0000002366 devstack@g-api.service[102098]: DEBUG glance.api.middleware.version_negotiation [None req-09b876bc-b859-4cc3-8b62-aeff27b0331c tempest-VolumesNegativeTest-1791592452 tempest-VolumesNegativeTest-1791592452-project-member] Determining version of request: GET /v2/images/01338da6-3125-4e97-a389-3cbb6e8cdb0a Accept: application/json {{(pid=102098) process_request /opt/stack/glance/glance/api/middleware/version_negotiation.py:44}}
