Jun 08 22:33:19.386455 np0000002366 devstack@g-api.service[102097]: DEBUG glance_store.location [-] Registering scheme swift+config with {'store': , 'location_class': , 'store_entry': 'swift'} {{(pid=102097) register_scheme_map /opt/stack/data/venv/lib/python3.12/site-packages/glance_store/location.py:146}}
Jun 08 22:33:19.386500 np0000002366 devstack@g-api.service[102097]: DEBUG glance_store.backend [-] Attempting to import store file {{(pid=102097) _load_store /opt/stack/data/venv/lib/python3.12/site-packages/glance_store/backend.py:215}}
Jun 08 22:33:19.387011 np0000002366 devstack@g-api.service[102097]: DEBUG glance_store.capabilities [-] Store glance_store._drivers.filesystem.Store doesn't support updating dynamic storage capabilities. Please overwrite 'update_capabilities' method of the store to implement updating logics if needed. {{(pid=102097) update_capabilities /opt/stack/data/venv/lib/python3.12/site-packages/glance_store/capabilities.py:91}}
Jun 08 22:33:19.387103 np0000002366 devstack@g-api.service[102097]: DEBUG glance_store.backend [-] Registering store file with schemes ('file', 'filesystem') {{(pid=102097) create_stores /opt/stack/data/venv/lib/python3.12/site-packages/glance_store/backend.py:261}}
Jun 08 22:33:19.387159 np0000002366 devstack@g-api.service[102097]: DEBUG glance_store.driver [-] Late loading location class glance_store._drivers.filesystem.StoreLocation {{(pid=102097) get_store_location_class /opt/stack/data/venv/lib/python3.12/site-packages/glance_store/driver.py:134}}
Jun 08 22:33:19.387200 np0000002366 devstack@g-api.service[102097]: DEBUG glance_store.location [-] Registering scheme file with {'store': , 'location_class': , 'store_entry': 'file'} {{(pid=102097) register_scheme_map /opt/stack/data/venv/lib/python3.12/site-packages/glance_store/location.py:146}}
Jun 08 22:33:19.387261 np0000002366 devstack@g-api.service[102097]: DEBUG glance_store.location [-] Registering scheme filesystem with {'store': , 'location_class': , 'store_entry': 'file'} {{(pid=102097) register_scheme_map /opt/stack/data/venv/lib/python3.12/site-packages/glance_store/location.py:146}}
Jun 08 22:33:19.387312 np0000002366 devstack@g-api.service[102097]: DEBUG glance_store.backend [-] Attempting to import store http {{(pid=102097) _load_store /opt/stack/data/venv/lib/python3.12/site-packages/glance_store/backend.py:215}}
Jun 08 22:33:19.387546 np0000002366 devstack@g-api.service[102097]: DEBUG glance_store.capabilities [-] Store glance_store._drivers.http.Store doesn't support updating dynamic storage capabilities. Please overwrite 'update_capabilities' method of the store to implement updating logics if needed. {{(pid=102097) update_capabilities /opt/stack/data/venv/lib/python3.12/site-packages/glance_store/capabilities.py:91}}
Jun 08 22:33:19.387601 np0000002366 devstack@g-api.service[102097]: DEBUG glance_store.backend [-] Registering store http with schemes ('http', 'https') {{(pid=102097) create_stores /opt/stack/data/venv/lib/python3.12/site-packages/glance_store/backend.py:261}}
Jun 08 22:33:19.387652 np0000002366 devstack@g-api.service[102097]: DEBUG glance_store.driver [-] Late loading location class glance_store._drivers.http.StoreLocation {{(pid=102097) get_store_location_class /opt/stack/data/venv/lib/python3.12/site-packages/glance_store/driver.py:134}}
Jun 08 22:33:19.387692 np0000002366 devstack@g-api.service[102097]: DEBUG glance_store.location [-] Registering scheme http with {'store': , 'location_class': , 'store_entry': 'http'} {{(pid=102097) register_scheme_map /opt/stack/data/venv/lib/python3.12/site-packages/glance_store/location.py:146}}
Jun 08 22:33:19.387749 np0000002366 devstack@g-api.service[102097]: DEBUG glance_store.location [-] Registering scheme https with {'store': , 'location_class': , 'store_entry': 'http'} {{(pid=102097) register_scheme_map /opt/stack/data/venv/lib/python3.12/site-packages/glance_store/location.py:146}}
Jun 08 22:33:19.387823 np0000002366 devstack@g-api.service[102097]: DEBUG glance_store.backend [-] Attempting to import store swift {{(pid=102097) _load_store /opt/stack/data/venv/lib/python3.12/site-packages/glance_store/backend.py:215}}
Jun 08 22:33:19.388980 np0000002366 devstack@g-api.service[102097]: DEBUG glance_store.capabilities [-] Store glance_store._drivers.swift.store.SingleTenantStore doesn't support updating dynamic storage capabilities. Please overwrite 'update_capabilities' method of the store to implement updating logics if needed. {{(pid=102097) update_capabilities /opt/stack/data/venv/lib/python3.12/site-packages/glance_store/capabilities.py:91}}
Jun 08 22:33:19.389043 np0000002366 devstack@g-api.service[102097]: DEBUG glance_store.driver [-] Late loading location class glance_store._drivers.swift.store.StoreLocation {{(pid=102097) get_store_location_class /opt/stack/data/venv/lib/python3.12/site-packages/glance_store/driver.py:134}}
Jun 08 22:33:19.389108 np0000002366 devstack@g-api.service[102097]: DEBUG glance_store.location [-] Registering scheme swift+https with {'store': , 'location_class': , 'store_entry': 'swift'} {{(pid=102097) register_scheme_map /opt/stack/data/venv/lib/python3.12/site-packages/glance_store/location.py:146}}
Jun 08 22:33:19.389184 np0000002366 devstack@g-api.service[102097]: DEBUG glance_store.location [-] Registering scheme swift+https with {'store': , 'location_class': , 'store_entry': 'swift'} {{(pid=102097) register_scheme_map /opt/stack/data/venv/lib/python3.12/site-packages/glance_store/location.py:146}}
Jun 08 22:33:19.389238 np0000002366 devstack@g-api.service[102097]: DEBUG glance_store.location [-] Registering scheme swift with {'store': , 'location_class': , 'store_entry': 'swift'} {{(pid=102097) register_scheme_map /opt/stack/data/venv/lib/python3.12/site-packages/glance_store/location.py:146}}
Jun 08 22:33:19.389300 np0000002366 devstack@g-api.service[102097]: DEBUG glance_store.location [-] Registering scheme swift+https with {'store': , 'location_class': , 'store_entry': 'swift'} {{(pid=102097) register_scheme_map /opt/stack/data/venv/lib/python3.12/site-packages/glance_store/location.py:146}}
Jun 08 22:33:19.389349 np0000002366 devstack@g-api.service[102097]: DEBUG glance_store.location [-] Registering scheme swift with {'store': , 'location_class': , 'store_entry': 'swift'} {{(pid=102097) register_scheme_map /opt/stack/data/venv/lib/python3.12/site-packages/glance_store/location.py:146}}
Jun 08 22:33:19.389394 np0000002366 devstack@g-api.service[102097]: DEBUG glance_store.location [-] Registering scheme swift+http with {'store': , 'location_class': , 'store_entry': 'swift'} {{(pid=102097) register_scheme_map /opt/stack/data/venv/lib/python3.12/site-packages/glance_store/location.py:146}}
Jun 08 22:33:19.389458 np0000002366 devstack@g-api.service[102097]: DEBUG glance_store.location [-] Registering scheme swift+https with {'store': , 'location_class': , 'store_entry': 'swift'} {{(pid=102097) register_scheme_map /opt/stack/data/venv/lib/python3.12/site-packages/glance_store/location.py:146}}
Jun 08 22:33:19.389506 np0000002366 devstack@g-api.service[102097]: DEBUG glance_store.location [-] Registering scheme swift with {'store': , 'location_class': , 'store_entry': 'swift'} {{(pid=102097) register_scheme_map /opt/stack/data/venv/lib/python3.12/site-packages/glance_store/location.py:146}}
Jun 08 22:33:19.389553 np0000002366 devstack@g-api.service[102097]: DEBUG glance_store.location [-] Registering scheme swift+http with {'store': , 'location_class': , 'store_entry': 'swift'} {{(pid=102097) register_scheme_map /opt/stack/data/venv/lib/python3.12/site-packages/glance_store/location.py:146}}
Jun 08 22:33:19.389611 np0000002366 devstack@g-api.service[102097]: DEBUG glance_store.location [-] Registering scheme swift+config with {'store': , 'location_class': , 'store_entry': 'swift'} {{(pid=102097) register_scheme_map /opt/stack/data/venv/lib/python3.12/site-packages/glance_store/location.py:146}}
Jun 08 22:33:19.389821 np0000002366 devstack@g-api.service[102097]: DEBUG glance.sqlite_migration [-] SQLite caching database not located, skipping migration {{(pid=102097) get_db_path /opt/stack/glance/glance/sqlite_migration.py:68}}
Jun 08 22:33:19.389987 np0000002366 devstack@g-api.service[102097]: WARNING glance.common.wsgi_app [-] Import methods are enabled but staging directory /tmp/staging/ does not exist; Imports will fail!
Jun 08 22:33:19.612661 np0000002366 devstack@g-api.service[102096]: DEBUG glance.common.config [None req-71343ef4-cfb0-498a-bb4b-a688842f654a None None] Loading glance-api-keystone+cachemanagement from /etc/glance/glance-api-paste.ini {{(pid=102096) load_paste_app /opt/stack/glance/glance/common/config.py:758}}
Jun 08 22:33:19.634549 np0000002366 devstack@g-api.service[102097]: DEBUG glance.common.config [None req-c903597d-4a0c-44a3-b152-52b37ac42d4c None None] Loading glance-api-keystone+cachemanagement from /etc/glance/glance-api-paste.ini {{(pid=102097) load_paste_app /opt/stack/glance/glance/common/config.py:758}}
Jun 08 22:33:19.641282 np0000002366 devstack@g-api.service[102098]: DEBUG glance.common.config [None req-ca64a199-da12-4af3-9581-38744e01bb64 None None] Loading glance-api-keystone+cachemanagement from /etc/glance/glance-api-paste.ini {{(pid=102098) load_paste_app /opt/stack/glance/glance/common/config.py:758}}
Jun 08 22:33:20.161177 np0000002366 devstack@g-api.service[102096]: INFO glance.image_cache [None req-71343ef4-cfb0-498a-bb4b-a688842f654a None None] Image cache loaded driver 'centralized_db'.
Jun 08 22:33:20.161616 np0000002366 devstack@g-api.service[102097]: INFO glance.image_cache [None req-c903597d-4a0c-44a3-b152-52b37ac42d4c None None] Image cache loaded driver 'centralized_db'.
Jun 08 22:33:20.163413 np0000002366 devstack@g-api.service[102098]: INFO glance.image_cache [None req-ca64a199-da12-4af3-9581-38744e01bb64 None None] Image cache loaded driver 'centralized_db'.
Jun 08 22:33:20.203151 np0000002366 devstack@g-api.service[102096]: INFO dbcounter [None req-71343ef4-cfb0-498a-bb4b-a688842f654a None None] Registered counter for database glance
Jun 08 22:33:20.205730 np0000002366 devstack@g-api.service[102098]: INFO dbcounter [None req-ca64a199-da12-4af3-9581-38744e01bb64 None None] Registered counter for database glance
Jun 08 22:33:20.208333 np0000002366 devstack@g-api.service[102097]: INFO dbcounter [None req-c903597d-4a0c-44a3-b152-52b37ac42d4c None None] Registered counter for database glance
Jun 08 22:33:20.243836 np0000002366 devstack@g-api.service[102096]: DEBUG oslo_db.sqlalchemy.engines [None req-71343ef4-cfb0-498a-bb4b-a688842f654a None None] MySQL server mode set to STRICT_TRANS_TABLES,STRICT_ALL_TABLES,NO_ZERO_IN_DATE,NO_ZERO_DATE,ERROR_FOR_DIVISION_BY_ZERO,TRADITIONAL,NO_ENGINE_SUBSTITUTION {{(pid=102096) _check_effective_sql_mode /opt/stack/data/venv/lib/python3.12/site-packages/oslo_db/sqlalchemy/engines.py:325}}
Jun 08 22:33:20.249277 np0000002366 devstack@g-api.service[102098]: DEBUG oslo_db.sqlalchemy.engines [None req-ca64a199-da12-4af3-9581-38744e01bb64 None None] MySQL server mode set to STRICT_TRANS_TABLES,STRICT_ALL_TABLES,NO_ZERO_IN_DATE,NO_ZERO_DATE,ERROR_FOR_DIVISION_BY_ZERO,TRADITIONAL,NO_ENGINE_SUBSTITUTION {{(pid=102098) _check_effective_sql_mode /opt/stack/data/venv/lib/python3.12/site-packages/oslo_db/sqlalchemy/engines.py:325}}
Jun 08 22:33:20.257711 np0000002366 devstack@g-api.service[102097]: DEBUG oslo_db.sqlalchemy.engines [None req-c903597d-4a0c-44a3-b152-52b37ac42d4c None None] MySQL server mode set to STRICT_TRANS_TABLES,STRICT_ALL_TABLES,NO_ZERO_IN_DATE,NO_ZERO_DATE,ERROR_FOR_DIVISION_BY_ZERO,TRADITIONAL,NO_ENGINE_SUBSTITUTION {{(pid=102097) _check_effective_sql_mode /opt/stack/data/venv/lib/python3.12/site-packages/oslo_db/sqlalchemy/engines.py:325}}
Jun 08 22:33:20.263610 np0000002366 devstack@g-api.service[102096]: DEBUG dbcounter [-] [102096] Writer thread running {{(pid=102096) stat_writer /opt/stack/data/venv/lib/python3.12/site-packages/dbcounter.py:102}}
Jun 08 22:33:20.273650 np0000002366 devstack@g-api.service[102096]: INFO glance.image_cache [None req-71343ef4-cfb0-498a-bb4b-a688842f654a None None] Image cache loaded driver 'centralized_db'.
Jun 08 22:33:20.277086 np0000002366 devstack@g-api.service[102098]: DEBUG dbcounter [-] [102098] Writer thread running {{(pid=102098) stat_writer /opt/stack/data/venv/lib/python3.12/site-packages/dbcounter.py:102}}
Jun 08 22:33:20.280397 np0000002366 devstack@g-api.service[102098]: DEBUG glance.image_cache.drivers.centralized_db [None req-ca64a199-da12-4af3-9581-38744e01bb64 None None] Node reference is already recorded, ignoring it {{(pid=102098) configure /opt/stack/glance/glance/image_cache/drivers/centralized_db.py:71}}
Jun 08 22:33:20.280782 np0000002366 devstack@g-api.service[102096]: DEBUG glance.image_cache.drivers.centralized_db [None req-71343ef4-cfb0-498a-bb4b-a688842f654a None None] Node reference is already recorded, ignoring it {{(pid=102096) configure /opt/stack/glance/glance/image_cache/drivers/centralized_db.py:71}}
Jun 08 22:33:20.281922 np0000002366 devstack@g-api.service[102097]: DEBUG dbcounter [-] [102097] Writer thread running {{(pid=102097) stat_writer /opt/stack/data/venv/lib/python3.12/site-packages/dbcounter.py:102}}
Jun 08 22:33:20.284112 np0000002366 devstack@g-api.service[102097]: DEBUG glance.image_cache.drivers.centralized_db [None req-c903597d-4a0c-44a3-b152-52b37ac42d4c None None] Node reference is already recorded, ignoring it {{(pid=102097) configure /opt/stack/glance/glance/image_cache/drivers/centralized_db.py:71}}
Jun 08 22:33:20.285534 np0000002366 devstack@g-api.service[102096]: DEBUG glance.api.v2.cached_images [None req-71343ef4-cfb0-498a-bb4b-a688842f654a None None] Started cache worker thread {{(pid=102096) __init__ /opt/stack/glance/glance/api/v2/cached_images.py:69}}
Jun 08 22:33:20.285859 np0000002366 devstack@g-api.service[102098]: INFO glance.image_cache [None req-ca64a199-da12-4af3-9581-38744e01bb64 None None] Image cache loaded driver 'centralized_db'.
Jun 08 22:33:20.286241 np0000002366 devstack@g-api.service[102096]: INFO glance.image_cache [None req-71343ef4-cfb0-498a-bb4b-a688842f654a None None] Image cache loaded driver 'centralized_db'.
Jun 08 22:33:20.290122 np0000002366 devstack@g-api.service[102097]: INFO glance.image_cache [None req-c903597d-4a0c-44a3-b152-52b37ac42d4c None None] Image cache loaded driver 'centralized_db'.
Jun 08 22:33:20.292107 np0000002366 devstack@g-api.service[102096]: DEBUG glance.image_cache.drivers.centralized_db [None req-71343ef4-cfb0-498a-bb4b-a688842f654a None None] Node reference is already recorded, ignoring it {{(pid=102096) configure /opt/stack/glance/glance/image_cache/drivers/centralized_db.py:71}}
Jun 08 22:33:20.292798 np0000002366 devstack@g-api.service[102098]: DEBUG glance.image_cache.drivers.centralized_db [None req-ca64a199-da12-4af3-9581-38744e01bb64 None None] Node reference is already recorded, ignoring it {{(pid=102098) configure /opt/stack/glance/glance/image_cache/drivers/centralized_db.py:71}}
Jun 08 22:33:20.296308 np0000002366 devstack@g-api.service[102096]: INFO glance.api.middleware.cache_manage [None req-71343ef4-cfb0-498a-bb4b-a688842f654a None None] Initialized image cache management middleware
Jun 08 22:33:20.296454 np0000002366 devstack@g-api.service[102096]: INFO glance.image_cache [None req-71343ef4-cfb0-498a-bb4b-a688842f654a None None] Image cache loaded driver 'centralized_db'.
Jun 08 22:33:20.296599 np0000002366 devstack@g-api.service[102097]: DEBUG glance.image_cache.drivers.centralized_db [None req-c903597d-4a0c-44a3-b152-52b37ac42d4c None None] Node reference is already recorded, ignoring it {{(pid=102097) configure /opt/stack/glance/glance/image_cache/drivers/centralized_db.py:71}}
Jun 08 22:33:20.298387 np0000002366 devstack@g-api.service[102098]: DEBUG glance.api.v2.cached_images [None req-ca64a199-da12-4af3-9581-38744e01bb64 None None] Started cache worker thread {{(pid=102098) __init__ /opt/stack/glance/glance/api/v2/cached_images.py:69}}
Jun 08 22:33:20.299074 np0000002366 devstack@g-api.service[102098]: INFO glance.image_cache [None req-ca64a199-da12-4af3-9581-38744e01bb64 None None] Image cache loaded driver 'centralized_db'.
Jun 08 22:33:20.301544 np0000002366 devstack@g-api.service[102097]: DEBUG glance.api.v2.cached_images [None req-c903597d-4a0c-44a3-b152-52b37ac42d4c None None] Started cache worker thread {{(pid=102097) __init__ /opt/stack/glance/glance/api/v2/cached_images.py:69}}
Jun 08 22:33:20.301826 np0000002366 devstack@g-api.service[102096]: DEBUG glance.image_cache.drivers.centralized_db [None req-71343ef4-cfb0-498a-bb4b-a688842f654a None None] Node reference is already recorded, ignoring it {{(pid=102096) configure /opt/stack/glance/glance/image_cache/drivers/centralized_db.py:71}}
Jun 08 22:33:20.302291 np0000002366 devstack@g-api.service[102097]: INFO glance.image_cache [None req-c903597d-4a0c-44a3-b152-52b37ac42d4c None None] Image cache loaded driver 'centralized_db'.
Jun 08 22:33:20.305244 np0000002366 devstack@g-api.service[102098]: DEBUG glance.image_cache.drivers.centralized_db [None req-ca64a199-da12-4af3-9581-38744e01bb64 None None] Node reference is already recorded, ignoring it {{(pid=102098) configure /opt/stack/glance/glance/image_cache/drivers/centralized_db.py:71}}
Jun 08 22:33:20.305390 np0000002366 devstack@g-api.service[102096]: INFO glance.api.middleware.cache [None req-71343ef4-cfb0-498a-bb4b-a688842f654a None None] Initialized image cache middleware
Jun 08 22:33:20.308919 np0000002366 devstack@g-api.service[102097]: DEBUG glance.image_cache.drivers.centralized_db [None req-c903597d-4a0c-44a3-b152-52b37ac42d4c None None] Node reference is already recorded, ignoring it {{(pid=102097) configure /opt/stack/glance/glance/image_cache/drivers/centralized_db.py:71}}
Jun 08 22:33:20.309633 np0000002366 devstack@g-api.service[102098]: INFO glance.api.middleware.cache_manage [None req-ca64a199-da12-4af3-9581-38744e01bb64 None None] Initialized image cache management middleware
Jun 08 22:33:20.309785 np0000002366 devstack@g-api.service[102098]: INFO glance.image_cache [None req-ca64a199-da12-4af3-9581-38744e01bb64 None None] Image cache loaded driver 'centralized_db'.
Jun 08 22:33:20.313816 np0000002366 devstack@g-api.service[102097]: INFO glance.api.middleware.cache_manage [None req-c903597d-4a0c-44a3-b152-52b37ac42d4c None None] Initialized image cache management middleware
Jun 08 22:33:20.313953 np0000002366 devstack@g-api.service[102097]: INFO glance.image_cache [None req-c903597d-4a0c-44a3-b152-52b37ac42d4c None None] Image cache loaded driver 'centralized_db'.
Jun 08 22:33:20.316144 np0000002366 devstack@g-api.service[102098]: DEBUG glance.image_cache.drivers.centralized_db [None req-ca64a199-da12-4af3-9581-38744e01bb64 None None] Node reference is already recorded, ignoring it {{(pid=102098) configure /opt/stack/glance/glance/image_cache/drivers/centralized_db.py:71}}
Jun 08 22:33:20.320565 np0000002366 devstack@g-api.service[102097]: DEBUG glance.image_cache.drivers.centralized_db [None req-c903597d-4a0c-44a3-b152-52b37ac42d4c None None] Node reference is already recorded, ignoring it {{(pid=102097) configure /opt/stack/glance/glance/image_cache/drivers/centralized_db.py:71}}
Jun 08 22:33:20.320687 np0000002366 devstack@g-api.service[102098]: INFO glance.api.middleware.cache [None req-ca64a199-da12-4af3-9581-38744e01bb64 None None] Initialized image cache middleware
Jun 08 22:33:20.325577 np0000002366 devstack@g-api.service[102097]: INFO glance.api.middleware.cache [None req-c903597d-4a0c-44a3-b152-52b37ac42d4c None None] Initialized image cache middleware
Jun 08 22:33:20.401826 np0000002366 devstack@g-api.service[102096]: DEBUG glance.common.config [None req-71343ef4-cfb0-498a-bb4b-a688842f654a None None] ******************************************************************************** {{(pid=102096) log_opt_values /opt/stack/data/venv/lib/python3.12/site-packages/oslo_config/cfg.py:3229}}
Jun 08 22:33:20.401996 np0000002366 devstack@g-api.service[102096]: DEBUG glance.common.config [None req-71343ef4-cfb0-498a-bb4b-a688842f654a None None] Configuration options gathered from: {{(pid=102096) log_opt_values /opt/stack/data/venv/lib/python3.12/site-packages/oslo_config/cfg.py:3230}}
Jun 08 22:33:20.402269 np0000002366 devstack@g-api.service[102096]: DEBUG glance.common.config [None req-71343ef4-cfb0-498a-bb4b-a688842f654a None None] command line args: [] {{(pid=102096) log_opt_values /opt/stack/data/venv/lib/python3.12/site-packages/oslo_config/cfg.py:3231}}
Jun 08 22:33:20.402442 np0000002366 devstack@g-api.service[102096]: DEBUG glance.common.config [None req-71343ef4-cfb0-498a-bb4b-a688842f654a None None] config files: ['/etc/glance/glance-image-import.conf', '/etc/glance/glance-api.conf'] {{(pid=102096) log_opt_values /opt/stack/data/venv/lib/python3.12/site-packages/oslo_config/cfg.py:3232}}
Jun 08 22:33:20.402559 np0000002366 devstack@g-api.service[102096]: DEBUG glance.common.config [None req-71343ef4-cfb0-498a-bb4b-a688842f654a None None] ================================================================================ {{(pid=102096) log_opt_values /opt/stack/data/venv/lib/python3.12/site-packages/oslo_config/cfg.py:3237}}
Jun 08 22:33:20.402725 np0000002366 devstack@g-api.service[102096]: DEBUG glance.common.config [None req-71343ef4-cfb0-498a-bb4b-a688842f654a None None] allow_anonymous_access = False {{(pid=102096) log_opt_values /opt/stack/data/venv/lib/python3.12/site-packages/oslo_config/cfg.py:3245}}
Jun 08 22:33:20.402868 np0000002366 devstack@g-api.service[102096]: DEBUG glance.common.config [None req-71343ef4-cfb0-498a-bb4b-a688842f654a None None] api_limit_max = 1000 {{(pid=102096) log_opt_values /opt/stack/data/venv/lib/python3.12/site-packages/oslo_config/cfg.py:3245}}
Jun 08 22:33:20.403016 np0000002366 devstack@g-api.service[102096]: DEBUG glance.common.config [None req-71343ef4-cfb0-498a-bb4b-a688842f654a None None] backlog = 4096 {{(pid=102096) log_opt_values /opt/stack/data/venv/lib/python3.12/site-packages/oslo_config/cfg.py:3245}}
Jun 08 22:33:20.403209 np0000002366 devstack@g-api.service[102096]: DEBUG glance.common.config [None req-71343ef4-cfb0-498a-bb4b-a688842f654a None None] bind_host = 0.0.0.0 {{(pid=102096) log_opt_values /opt/stack/data/venv/lib/python3.12/site-packages/oslo_config/cfg.py:3245}}
Jun 08 22:33:20.403368 np0000002366 devstack@g-api.service[102096]: DEBUG glance.common.config [None req-71343ef4-cfb0-498a-bb4b-a688842f654a None None] bind_port = 19292 {{(pid=102096) log_opt_values /opt/stack/data/venv/lib/python3.12/site-packages/oslo_config/cfg.py:3245}}
Jun 08 22:33:20.403523 np0000002366 devstack@g-api.service[102096]: DEBUG glance.common.config [None req-71343ef4-cfb0-498a-bb4b-a688842f654a None None] client_socket_timeout = 900 {{(pid=102096) log_opt_values /opt/stack/data/venv/lib/python3.12/site-packages/oslo_config/cfg.py:3245}}
Jun 08 22:33:20.403666 np0000002366 devstack@g-api.service[102096]: DEBUG glance.common.config [None req-71343ef4-cfb0-498a-bb4b-a688842f654a None None] config_dir = [] {{(pid=102096) log_opt_values /opt/stack/data/venv/lib/python3.12/site-packages/oslo_config/cfg.py:3245}}
Jun 08 22:33:20.403778 np0000002366 devstack@g-api.service[102096]: DEBUG glance.common.config [None req-71343ef4-cfb0-498a-bb4b-a688842f654a None None] config_file = ['/etc/glance/glance-image-import.conf', '/etc/glance/glance-api.conf'] {{(pid=102096) log_opt_values /opt/stack/data/venv/lib/python3.12/site-packages/oslo_config/cfg.py:3245}}
Jun 08 22:33:20.403949 np0000002366 devstack@g-api.service[102096]: DEBUG glance.common.config [None req-71343ef4-cfb0-498a-bb4b-a688842f654a None None] config_source = [] {{(pid=102096) log_opt_values /opt/stack/data/venv/lib/python3.12/site-packages/oslo_config/cfg.py:3245}}
Jun 08 22:33:20.404111 np0000002366 devstack@g-api.service[102096]: DEBUG glance.common.config [None req-71343ef4-cfb0-498a-bb4b-a688842f654a None None] control_exchange = glance {{(pid=102096) log_opt_values /opt/stack/data/venv/lib/python3.12/site-packages/oslo_config/cfg.py:3245}}
Jun 08 22:33:20.404224 np0000002366 devstack@g-api.service[102096]: DEBUG glance.common.config [None req-71343ef4-cfb0-498a-bb4b-a688842f654a None None] debug = True {{(pid=102096) log_opt_values /opt/stack/data/venv/lib/python3.12/site-packages/oslo_config/cfg.py:3245}}
Jun 08 22:33:20.404470 np0000002366 devstack@g-api.service[102096]: DEBUG glance.common.config [None req-71343ef4-cfb0-498a-bb4b-a688842f654a None None] default_log_levels = ['amqp=WARN', 'boto=WARN', 'sqlalchemy=WARN', 'suds=INFO', 'oslo.messaging=INFO', 'oslo_messaging=INFO', 'iso8601=WARN', 'requests.packages.urllib3.connectionpool=WARN', 'urllib3.connectionpool=WARN', 'websocket=WARN', 'requests.packages.urllib3.util.retry=WARN', 'urllib3.util.retry=WARN', 'keystonemiddleware=WARN', 'routes.middleware=WARN', 'stevedore=WARN', 'taskflow=WARN', 'keystoneauth=WARN', 'oslo.cache=INFO', 'oslo_policy=INFO', 'dogpile.core.dogpile=INFO'] {{(pid=102096) log_opt_values /opt/stack/data/venv/lib/python3.12/site-packages/oslo_config/cfg.py:3245}}
Jun 08 22:33:20.404621 np0000002366 devstack@g-api.service[102096]: DEBUG glance.common.config [None req-71343ef4-cfb0-498a-bb4b-a688842f654a None None] default_publisher_id = image.localhost {{(pid=102096) log_opt_values /opt/stack/data/venv/lib/python3.12/site-packages/oslo_config/cfg.py:3245}}
Jun 08 22:33:20.404764 np0000002366 devstack@g-api.service[102096]: DEBUG glance.common.config [None req-71343ef4-cfb0-498a-bb4b-a688842f654a None None] delayed_delete = False {{(pid=102096) log_opt_values /opt/stack/data/venv/lib/python3.12/site-packages/oslo_config/cfg.py:3245}}
Jun 08 22:33:20.404913 np0000002366 devstack@g-api.service[102096]: DEBUG glance.common.config [None req-71343ef4-cfb0-498a-bb4b-a688842f654a None None] digest_algorithm = sha256 {{(pid=102096) log_opt_values /opt/stack/data/venv/lib/python3.12/site-packages/oslo_config/cfg.py:3245}}
Jun 08 22:33:20.405057 np0000002366 devstack@g-api.service[102096]: DEBUG glance.common.config [None req-71343ef4-cfb0-498a-bb4b-a688842f654a None None] disabled_notifications = [] {{(pid=102096) log_opt_values /opt/stack/data/venv/lib/python3.12/site-packages/oslo_config/cfg.py:3245}}
Jun 08 22:33:20.405213 np0000002366 devstack@g-api.service[102096]: DEBUG glance.common.config [None req-71343ef4-cfb0-498a-bb4b-a688842f654a None None] do_secure_hash = True {{(pid=102096) log_opt_values /opt/stack/data/venv/lib/python3.12/site-packages/oslo_config/cfg.py:3245}}
Jun 08 22:33:20.405353 np0000002366 devstack@g-api.service[102096]: DEBUG glance.common.config [None req-71343ef4-cfb0-498a-bb4b-a688842f654a None None] enabled_backends = None {{(pid=102096) log_opt_values /opt/stack/data/venv/lib/python3.12/site-packages/oslo_config/cfg.py:3245}}
Jun 08 22:33:20.405528 np0000002366 devstack@g-api.service[102096]: DEBUG glance.common.config [None req-71343ef4-cfb0-498a-bb4b-a688842f654a None None] enabled_import_methods = ['glance-direct', 'web-download', 'copy-image'] {{(pid=102096) log_opt_values /opt/stack/data/venv/lib/python3.12/site-packages/oslo_config/cfg.py:3245}}
Jun 08 22:33:20.405666 np0000002366 devstack@g-api.service[102096]: DEBUG glance.common.config [None req-71343ef4-cfb0-498a-bb4b-a688842f654a None None] fatal_deprecations = False {{(pid=102096) log_opt_values /opt/stack/data/venv/lib/python3.12/site-packages/oslo_config/cfg.py:3245}}
Jun 08 22:33:20.405809 np0000002366 devstack@g-api.service[102096]: DEBUG glance.common.config [None req-71343ef4-cfb0-498a-bb4b-a688842f654a None None] hashing_algorithm = sha512 {{(pid=102096) log_opt_values /opt/stack/data/venv/lib/python3.12/site-packages/oslo_config/cfg.py:3245}}
Jun 08 22:33:20.405944 np0000002366 devstack@g-api.service[102096]: DEBUG glance.common.config [None req-71343ef4-cfb0-498a-bb4b-a688842f654a None None] http_keepalive = True {{(pid=102096) log_opt_values /opt/stack/data/venv/lib/python3.12/site-packages/oslo_config/cfg.py:3245}}
Jun 08 22:33:20.406093 np0000002366 devstack@g-api.service[102096]: DEBUG glance.common.config [None req-71343ef4-cfb0-498a-bb4b-a688842f654a None None] http_retries = 3 {{(pid=102096) log_opt_values /opt/stack/data/venv/lib/python3.12/site-packages/oslo_config/cfg.py:3245}}
Jun 08 22:33:20.406243 np0000002366 devstack@g-api.service[102096]: DEBUG glance.common.config [None req-71343ef4-cfb0-498a-bb4b-a688842f654a None None] image_cache_dir = /opt/stack/data/glance/cache/ {{(pid=102096) log_opt_values /opt/stack/data/venv/lib/python3.12/site-packages/oslo_config/cfg.py:3245}}
Jun 08 22:33:20.406388 np0000002366 devstack@g-api.service[102096]: DEBUG glance.common.config [None req-71343ef4-cfb0-498a-bb4b-a688842f654a None None] image_cache_driver = centralized_db {{(pid=102096) log_opt_values /opt/stack/data/venv/lib/python3.12/site-packages/oslo_config/cfg.py:3245}}
Jun 08 22:33:20.406537 np0000002366 devstack@g-api.service[102096]: DEBUG glance.common.config [None req-71343ef4-cfb0-498a-bb4b-a688842f654a None None] image_cache_max_size = 10737418240 {{(pid=102096) log_opt_values /opt/stack/data/venv/lib/python3.12/site-packages/oslo_config/cfg.py:3245}}
Jun 08 22:33:20.406680 np0000002366 devstack@g-api.service[102096]: DEBUG glance.common.config [None req-71343ef4-cfb0-498a-bb4b-a688842f654a None None] image_cache_sqlite_db = cache.db {{(pid=102096) log_opt_values /opt/stack/data/venv/lib/python3.12/site-packages/oslo_config/cfg.py:3245}}
Jun 08 22:33:20.406819 np0000002366 devstack@g-api.service[102096]: DEBUG glance.common.config [None req-71343ef4-cfb0-498a-bb4b-a688842f654a None None] image_cache_stall_time = 86400 {{(pid=102096) log_opt_values /opt/stack/data/venv/lib/python3.12/site-packages/oslo_config/cfg.py:3245}}
Jun 08 22:33:20.406954 np0000002366 devstack@g-api.service[102096]: DEBUG glance.common.config [None req-71343ef4-cfb0-498a-bb4b-a688842f654a None None] image_location_quota = 10 {{(pid=102096) log_opt_values /opt/stack/data/venv/lib/python3.12/site-packages/oslo_config/cfg.py:3245}}
Jun 08 22:33:20.407103 np0000002366 devstack@g-api.service[102096]: DEBUG glance.common.config [None req-71343ef4-cfb0-498a-bb4b-a688842f654a None None] image_member_quota = 128 {{(pid=102096) log_opt_values /opt/stack/data/venv/lib/python3.12/site-packages/oslo_config/cfg.py:3245}}
Jun 08 22:33:20.407240 np0000002366 devstack@g-api.service[102096]: DEBUG glance.common.config [None req-71343ef4-cfb0-498a-bb4b-a688842f654a None None] image_property_quota = 128 {{(pid=102096) log_opt_values /opt/stack/data/venv/lib/python3.12/site-packages/oslo_config/cfg.py:3245}}
Jun 08 22:33:20.407381 np0000002366 devstack@g-api.service[102096]: DEBUG glance.common.config [None req-71343ef4-cfb0-498a-bb4b-a688842f654a None None] image_size_cap = 1099511627776 {{(pid=102096) log_opt_values /opt/stack/data/venv/lib/python3.12/site-packages/oslo_config/cfg.py:3245}}
Jun 08 22:33:20.407524 np0000002366 devstack@g-api.service[102096]: DEBUG glance.common.config [None req-71343ef4-cfb0-498a-bb4b-a688842f654a None None] image_tag_quota = 128 {{(pid=102096) log_opt_values /opt/stack/data/venv/lib/python3.12/site-packages/oslo_config/cfg.py:3245}}
Jun 08 22:33:20.407671 np0000002366 devstack@g-api.service[102096]: DEBUG glance.common.config [None req-71343ef4-cfb0-498a-bb4b-a688842f654a None None] instance_format = [instance: %(uuid)s] {{(pid=102096) log_opt_values /opt/stack/data/venv/lib/python3.12/site-packages/oslo_config/cfg.py:3245}}
Jun 08 22:33:20.407809 np0000002366 devstack@g-api.service[102096]: DEBUG glance.common.config [None req-71343ef4-cfb0-498a-bb4b-a688842f654a None None] instance_uuid_format = [instance: %(uuid)s] {{(pid=102096) log_opt_values /opt/stack/data/venv/lib/python3.12/site-packages/oslo_config/cfg.py:3245}}
Jun 08 22:33:20.407943 np0000002366 devstack@g-api.service[102096]: DEBUG glance.common.config [None req-71343ef4-cfb0-498a-bb4b-a688842f654a None None] limit_param_default = 25 {{(pid=102096) log_opt_values /opt/stack/data/venv/lib/python3.12/site-packages/oslo_config/cfg.py:3245}}
Jun 08 22:33:20.408103 np0000002366 devstack@g-api.service[102096]: DEBUG glance.common.config [None req-71343ef4-cfb0-498a-bb4b-a688842f654a None None] log_color = False {{(pid=102096) log_opt_values /opt/stack/data/venv/lib/python3.12/site-packages/oslo_config/cfg.py:3245}}
Jun 08 22:33:20.408244 np0000002366 devstack@g-api.service[102096]: DEBUG glance.common.config [None req-71343ef4-cfb0-498a-bb4b-a688842f654a None None] log_config_append = None {{(pid=102096) log_opt_values /opt/stack/data/venv/lib/python3.12/site-packages/oslo_config/cfg.py:3245}}
Jun 08 22:33:20.408389 np0000002366 devstack@g-api.service[102096]: DEBUG glance.common.config [None req-71343ef4-cfb0-498a-bb4b-a688842f654a None None] log_date_format = %Y-%m-%d %H:%M:%S {{(pid=102096) log_opt_values /opt/stack/data/venv/lib/python3.12/site-packages/oslo_config/cfg.py:3245}}
Jun 08 22:33:20.408541 np0000002366 devstack@g-api.service[102096]: DEBUG glance.common.config [None req-71343ef4-cfb0-498a-bb4b-a688842f654a None None] log_dir = None {{(pid=102096) log_opt_values /opt/stack/data/venv/lib/python3.12/site-packages/oslo_config/cfg.py:3245}}
Jun 08 22:33:20.408676 np0000002366 devstack@g-api.service[102096]: DEBUG glance.common.config [None req-71343ef4-cfb0-498a-bb4b-a688842f654a None None] log_file = None {{(pid=102096) log_opt_values /opt/stack/data/venv/lib/python3.12/site-packages/oslo_config/cfg.py:3245}}
Jun 08 22:33:20.408809 np0000002366 devstack@g-api.service[102096]: DEBUG glance.common.config [None req-71343ef4-cfb0-498a-bb4b-a688842f654a None None] log_rotate_interval = 1 {{(pid=102096) log_opt_values /opt/stack/data/venv/lib/python3.12/site-packages/oslo_config/cfg.py:3245}}
Jun 08 22:33:20.408951 np0000002366 devstack@g-api.service[102096]: DEBUG glance.common.config [None req-71343ef4-cfb0-498a-bb4b-a688842f654a None None] log_rotate_interval_type = days {{(pid=102096) log_opt_values /opt/stack/data/venv/lib/python3.12/site-packages/oslo_config/cfg.py:3245}}
Jun 08 22:33:20.409115 np0000002366 devstack@g-api.service[102096]: DEBUG glance.common.config [None req-71343ef4-cfb0-498a-bb4b-a688842f654a None None] log_rotation_type = none {{(pid=102096) log_opt_values /opt/stack/data/venv/lib/python3.12/site-packages/oslo_config/cfg.py:3245}}
Jun 08 22:33:20.409229 np0000002366 devstack@g-api.service[102096]: DEBUG glance.common.config [None req-71343ef4-cfb0-498a-bb4b-a688842f654a None None] logging_context_format_string = %(color)s%(levelname)s %(name)s [%(global_request_id)s %(request_id)s %(project_name)s %(user_name)s%(color)s] %(instance)s%(color)s%(message)s {{(pid=102096) log_opt_values /opt/stack/data/venv/lib/python3.12/site-packages/oslo_config/cfg.py:3245}}
Jun 08 22:33:20.409338 np0000002366 devstack@g-api.service[102096]: DEBUG glance.common.config [None req-71343ef4-cfb0-498a-bb4b-a688842f654a None None] logging_debug_format_suffix = {{(pid=%(process)d) %(funcName)s %(pathname)s:%(lineno)d}} {{(pid=102096) log_opt_values /opt/stack/data/venv/lib/python3.12/site-packages/oslo_config/cfg.py:3245}}
Jun 08 22:33:20.409489 np0000002366 devstack@g-api.service[102096]: DEBUG glance.common.config [None req-71343ef4-cfb0-498a-bb4b-a688842f654a None None] logging_default_format_string = %(color)s%(levelname)s %(name)s [-%(color)s] %(instance)s%(color)s%(message)s {{(pid=102096) log_opt_values /opt/stack/data/venv/lib/python3.12/site-packages/oslo_config/cfg.py:3245}}
Jun 08 22:33:20.409630 np0000002366 devstack@g-api.service[102096]: DEBUG glance.common.config [None req-71343ef4-cfb0-498a-bb4b-a688842f654a None None] logging_exception_prefix = ERROR %(name)s %(instance)s {{(pid=102096) log_opt_values /opt/stack/data/venv/lib/python3.12/site-packages/oslo_config/cfg.py:3245}}
Jun 08 22:33:20.409738 np0000002366 devstack@g-api.service[102096]: DEBUG glance.common.config [None req-71343ef4-cfb0-498a-bb4b-a688842f654a None None] logging_user_identity_format = %(user)s %(project)s %(domain)s %(system_scope)s %(user_domain)s %(project_domain)s {{(pid=102096) log_opt_values /opt/stack/data/venv/lib/python3.12/site-packages/oslo_config/cfg.py:3245}}
Jun 08 22:33:20.409878 np0000002366 devstack@g-api.service[102096]: DEBUG glance.common.config [None req-71343ef4-cfb0-498a-bb4b-a688842f654a None None] max_header_line = 16384 {{(pid=102096) log_opt_values /opt/stack/data/venv/lib/python3.12/site-packages/oslo_config/cfg.py:3245}}
Jun 08 22:33:20.410007 np0000002366 devstack@g-api.service[102096]: DEBUG glance.common.config [None req-71343ef4-cfb0-498a-bb4b-a688842f654a None None] max_logfile_count = 30 {{(pid=102096) log_opt_values /opt/stack/data/venv/lib/python3.12/site-packages/oslo_config/cfg.py:3245}}
Jun 08 22:33:20.410154 np0000002366 devstack@g-api.service[102096]: DEBUG glance.common.config [None req-71343ef4-cfb0-498a-bb4b-a688842f654a None None] max_logfile_size_mb = 200 {{(pid=102096) log_opt_values /opt/stack/data/venv/lib/python3.12/site-packages/oslo_config/cfg.py:3245}}
Jun 08 22:33:20.410295 np0000002366 devstack@g-api.service[102096]: DEBUG glance.common.config [None req-71343ef4-cfb0-498a-bb4b-a688842f654a None None] max_request_id_length = 64 {{(pid=102096) log_opt_values /opt/stack/data/venv/lib/python3.12/site-packages/oslo_config/cfg.py:3245}}
Jun 08 22:33:20.410437 np0000002366 devstack@g-api.service[102096]: DEBUG glance.common.config [None req-71343ef4-cfb0-498a-bb4b-a688842f654a None None] metadata_encryption_key = **** {{(pid=102096) log_opt_values /opt/stack/data/venv/lib/python3.12/site-packages/oslo_config/cfg.py:3245}}
Jun 08 22:33:20.410580 np0000002366 devstack@g-api.service[102096]: DEBUG glance.common.config [None req-71343ef4-cfb0-498a-bb4b-a688842f654a None None] node_staging_uri = file:///tmp/staging/ {{(pid=102096) log_opt_values /opt/stack/data/venv/lib/python3.12/site-packages/oslo_config/cfg.py:3245}}
Jun 08 22:33:20.410712 np0000002366 devstack@g-api.service[102096]: DEBUG glance.common.config [None req-71343ef4-cfb0-498a-bb4b-a688842f654a None None] property_protection_file = None {{(pid=102096) log_opt_values /opt/stack/data/venv/lib/python3.12/site-packages/oslo_config/cfg.py:3245}}
Jun 08 22:33:20.410852 np0000002366 devstack@g-api.service[102096]: DEBUG glance.common.config [None req-71343ef4-cfb0-498a-bb4b-a688842f654a None None] property_protection_rule_format = roles {{(pid=102096) log_opt_values /opt/stack/data/venv/lib/python3.12/site-packages/oslo_config/cfg.py:3245}}
Jun 08 22:33:20.410991 np0000002366 devstack@g-api.service[102096]: DEBUG glance.common.config [None req-71343ef4-cfb0-498a-bb4b-a688842f654a None None] public_endpoint = https://10.4.3.191/image {{(pid=102096) log_opt_values /opt/stack/data/venv/lib/python3.12/site-packages/oslo_config/cfg.py:3245}}
Jun 08 22:33:20.411143 np0000002366 devstack@g-api.service[102096]: DEBUG glance.common.config [None req-71343ef4-cfb0-498a-bb4b-a688842f654a None None] publish_errors = False {{(pid=102096) log_opt_values /opt/stack/data/venv/lib/python3.12/site-packages/oslo_config/cfg.py:3245}}
Jun 08 22:33:20.411280 np0000002366 devstack@g-api.service[102096]: DEBUG glance.common.config [None req-71343ef4-cfb0-498a-bb4b-a688842f654a None None] pydev_worker_debug_host = None {{(pid=102096) log_opt_values /opt/stack/data/venv/lib/python3.12/site-packages/oslo_config/cfg.py:3245}}
Jun 08 22:33:20.411415 np0000002366 devstack@g-api.service[102096]: DEBUG glance.common.config [None req-71343ef4-cfb0-498a-bb4b-a688842f654a None None] pydev_worker_debug_port = 5678 {{(pid=102096) log_opt_values /opt/stack/data/venv/lib/python3.12/site-packages/oslo_config/cfg.py:3245}}
Jun 08 22:33:20.411562 np0000002366 devstack@g-api.service[102096]: DEBUG glance.common.config [None req-71343ef4-cfb0-498a-bb4b-a688842f654a None None] rate_limit_burst = 0 {{(pid=102096) log_opt_values /opt/stack/data/venv/lib/python3.12/site-packages/oslo_config/cfg.py:3245}}
Jun 08 22:33:20.411705 np0000002366 devstack@g-api.service[102096]: DEBUG glance.common.config [None req-71343ef4-cfb0-498a-bb4b-a688842f654a None None] rate_limit_except_level = CRITICAL {{(pid=102096) log_opt_values /opt/stack/data/venv/lib/python3.12/site-packages/oslo_config/cfg.py:3245}}
Jun 08 22:33:20.411840 np0000002366 devstack@g-api.service[102096]: DEBUG glance.common.config [None req-71343ef4-cfb0-498a-bb4b-a688842f654a None None] rate_limit_interval = 0 {{(pid=102096) log_opt_values /opt/stack/data/venv/lib/python3.12/site-packages/oslo_config/cfg.py:3245}}
Jun 08 22:33:20.411972 np0000002366 devstack@g-api.service[102096]: DEBUG glance.common.config [None req-71343ef4-cfb0-498a-bb4b-a688842f654a None None] scrub_pool_size = 1 {{(pid=102096) log_opt_values /opt/stack/data/venv/lib/python3.12/site-packages/oslo_config/cfg.py:3245}}
Jun 08 22:33:20.412122 np0000002366 devstack@g-api.service[102096]: DEBUG glance.common.config [None req-71343ef4-cfb0-498a-bb4b-a688842f654a None None] scrub_time = 0 {{(pid=102096) log_opt_values /opt/stack/data/venv/lib/python3.12/site-packages/oslo_config/cfg.py:3245}}
Jun 08 22:33:20.412258 np0000002366 devstack@g-api.service[102096]: DEBUG glance.common.config [None req-71343ef4-cfb0-498a-bb4b-a688842f654a None None] shell_completion = None {{(pid=102096) log_opt_values /opt/stack/data/venv/lib/python3.12/site-packages/oslo_config/cfg.py:3245}}
Jun 08 22:33:20.412401 np0000002366 devstack@g-api.service[102096]: DEBUG glance.common.config [None req-71343ef4-cfb0-498a-bb4b-a688842f654a None None] show_image_direct_url = False {{(pid=102096) log_opt_values /opt/stack/data/venv/lib/python3.12/site-packages/oslo_config/cfg.py:3245}}
Jun 08 22:33:20.412684 np0000002366 devstack@g-api.service[102096]: WARNING oslo_config.cfg [None req-71343ef4-cfb0-498a-bb4b-a688842f654a None None] Deprecated: Option "show_multiple_locations" from group "DEFAULT" is deprecated for removal (Use of this option, deprecated since Newton, is a security risk and will be removed once we figure out a way to satisfy those use cases that currently require it. An earlier announcement that the same functionality can be achieved with greater granularity by using policies is incorrect. You cannot work around this option via policy configuration at the present time, though that is the direction we believe the fix will take. Please keep an eye on the Glance release notes to stay up to date on progress in addressing this issue.). Its value may be silently ignored in the future.
Jun 08 22:33:20.412839 np0000002366 devstack@g-api.service[102096]: DEBUG glance.common.config [None req-71343ef4-cfb0-498a-bb4b-a688842f654a None None] show_multiple_locations = False {{(pid=102096) log_opt_values /opt/stack/data/venv/lib/python3.12/site-packages/oslo_config/cfg.py:3245}}
Jun 08 22:33:20.412984 np0000002366 devstack@g-api.service[102096]: DEBUG glance.common.config [None req-71343ef4-cfb0-498a-bb4b-a688842f654a None None] syslog_log_facility = LOG_USER {{(pid=102096) log_opt_values /opt/stack/data/venv/lib/python3.12/site-packages/oslo_config/cfg.py:3245}}
Jun 08 22:33:20.413131 np0000002366 devstack@g-api.service[102096]: DEBUG glance.common.config [None req-71343ef4-cfb0-498a-bb4b-a688842f654a None None] tcp_keepidle = 600 {{(pid=102096) log_opt_values /opt/stack/data/venv/lib/python3.12/site-packages/oslo_config/cfg.py:3245}}
Jun 08 22:33:20.413272 np0000002366 devstack@g-api.service[102096]: DEBUG glance.common.config [None req-71343ef4-cfb0-498a-bb4b-a688842f654a None None] transport_url = **** {{(pid=102096) log_opt_values /opt/stack/data/venv/lib/python3.12/site-packages/oslo_config/cfg.py:3245}}
Jun 08 22:33:20.413409 np0000002366 devstack@g-api.service[102096]: DEBUG glance.common.config [None req-71343ef4-cfb0-498a-bb4b-a688842f654a None None] use_journal = False {{(pid=102096) log_opt_values /opt/stack/data/venv/lib/python3.12/site-packages/oslo_config/cfg.py:3245}}
Jun 08 22:33:20.413562 np0000002366 devstack@g-api.service[102096]: DEBUG glance.common.config [None req-71343ef4-cfb0-498a-bb4b-a688842f654a None None] use_json = False {{(pid=102096) log_opt_values /opt/stack/data/venv/lib/python3.12/site-packages/oslo_config/cfg.py:3245}}
Jun 08 22:33:20.413712 np0000002366 devstack@g-api.service[102096]: DEBUG glance.common.config [None req-71343ef4-cfb0-498a-bb4b-a688842f654a None None] use_keystone_limits = True {{(pid=102096) log_opt_values /opt/stack/data/venv/lib/python3.12/site-packages/oslo_config/cfg.py:3245}}
Jun 08 22:33:20.413850 np0000002366 devstack@g-api.service[102096]: DEBUG glance.common.config [None req-71343ef4-cfb0-498a-bb4b-a688842f654a None None] use_stderr = False {{(pid=102096) log_opt_values /opt/stack/data/venv/lib/python3.12/site-packages/oslo_config/cfg.py:3245}}
Jun 08 22:33:20.413989 np0000002366 devstack@g-api.service[102096]: DEBUG glance.common.config [None req-71343ef4-cfb0-498a-bb4b-a688842f654a None None] use_syslog = False {{(pid=102096) log_opt_values /opt/stack/data/venv/lib/python3.12/site-packages/oslo_config/cfg.py:3245}}
Jun 08 22:33:20.414142 np0000002366 devstack@g-api.service[102096]: DEBUG glance.common.config [None req-71343ef4-cfb0-498a-bb4b-a688842f654a None None] user_storage_quota = 0 {{(pid=102096) log_opt_values /opt/stack/data/venv/lib/python3.12/site-packages/oslo_config/cfg.py:3245}}
Jun 08 22:33:20.414285 np0000002366 devstack@g-api.service[102096]: DEBUG glance.common.config [None req-71343ef4-cfb0-498a-bb4b-a688842f654a None None] worker_self_reference_url = http://127.0.0.1:60999 {{(pid=102096) log_opt_values /opt/stack/data/venv/lib/python3.12/site-packages/oslo_config/cfg.py:3245}}
Jun 08 22:33:20.414416 np0000002366 devstack@g-api.service[102096]: DEBUG glance.common.config [None req-71343ef4-cfb0-498a-bb4b-a688842f654a None None] workers = None {{(pid=102096) log_opt_values /opt/stack/data/venv/lib/python3.12/site-packages/oslo_config/cfg.py:3245}}
Jun 08 22:33:20.414580 np0000002366 devstack@g-api.service[102096]: DEBUG glance.common.config [None req-71343ef4-cfb0-498a-bb4b-a688842f654a None None] oslo_concurrency.disable_process_locking = False {{(pid=102096) log_opt_values /opt/stack/data/venv/lib/python3.12/site-packages/oslo_config/cfg.py:3256}}
Jun 08 22:33:20.414740 np0000002366 devstack@g-api.service[102096]: DEBUG glance.common.config [None req-71343ef4-cfb0-498a-bb4b-a688842f654a None None] oslo_concurrency.lock_path = /opt/stack/data/glance/locks {{(pid=102096) log_opt_values /opt/stack/data/venv/lib/python3.12/site-packages/oslo_config/cfg.py:3256}}
Jun 08 22:33:20.414886 np0000002366 devstack@g-api.service[102096]: DEBUG glance.common.config [None req-71343ef4-cfb0-498a-bb4b-a688842f654a None None] oslo_middleware.enable_proxy_headers_parsing = False {{(pid=102096) log_opt_values /opt/stack/data/venv/lib/python3.12/site-packages/oslo_config/cfg.py:3256}}
Jun 08 22:33:20.415032 np0000002366 devstack@g-api.service[102096]: DEBUG glance.common.config [None req-71343ef4-cfb0-498a-bb4b-a688842f654a None None] oslo_middleware.http_basic_auth_user_file = /etc/htpasswd {{(pid=102096) log_opt_values /opt/stack/data/venv/lib/python3.12/site-packages/oslo_config/cfg.py:3256}}
Jun 08 22:33:20.415189 np0000002366 devstack@g-api.service[102096]: DEBUG glance.common.config [None req-71343ef4-cfb0-498a-bb4b-a688842f654a None None] paste_deploy.config_file = None {{(pid=102096) log_opt_values /opt/stack/data/venv/lib/python3.12/site-packages/oslo_config/cfg.py:3256}}
Jun 08 22:33:20.415339 np0000002366 devstack@g-api.service[102096]: DEBUG glance.common.config [None req-71343ef4-cfb0-498a-bb4b-a688842f654a None None] paste_deploy.flavor = keystone+cachemanagement {{(pid=102096) log_opt_values /opt/stack/data/venv/lib/python3.12/site-packages/oslo_config/cfg.py:3256}}
Jun 08 22:33:20.415546 np0000002366 devstack@g-api.service[102096]: DEBUG glance.common.config [None req-71343ef4-cfb0-498a-bb4b-a688842f654a None None] image_format.container_formats = ['ami', 'ari', 'aki', 'bare', 'ovf', 'ova', 'docker', 'compressed'] {{(pid=102096) log_opt_values /opt/stack/data/venv/lib/python3.12/site-packages/oslo_config/cfg.py:3256}}
Jun 08 22:33:20.415741 np0000002366 devstack@g-api.service[102096]: DEBUG glance.common.config [None req-71343ef4-cfb0-498a-bb4b-a688842f654a None None] image_format.disk_formats = ['ami', 'ari', 'aki', 'vhd', 'vhdx', 'vmdk', 'raw', 'qcow2', 'vdi', 'iso', 'ploop'] {{(pid=102096) log_opt_values /opt/stack/data/venv/lib/python3.12/site-packages/oslo_config/cfg.py:3256}}
Jun 08 22:33:20.415881 np0000002366 devstack@g-api.service[102096]: DEBUG glance.common.config [None req-71343ef4-cfb0-498a-bb4b-a688842f654a None None] image_format.gpt_safety_checks_nonfatal = [] {{(pid=102096) log_opt_values /opt/stack/data/venv/lib/python3.12/site-packages/oslo_config/cfg.py:3256}}
Jun 08 22:33:20.416025 np0000002366 devstack@g-api.service[102096]: DEBUG glance.common.config [None req-71343ef4-cfb0-498a-bb4b-a688842f654a None None] image_format.require_image_format_match = True {{(pid=102096) log_opt_values /opt/stack/data/venv/lib/python3.12/site-packages/oslo_config/cfg.py:3256}}
Jun 08 22:33:20.416197 np0000002366 devstack@g-api.service[102096]: DEBUG glance.common.config [None req-71343ef4-cfb0-498a-bb4b-a688842f654a None None] image_format.vmdk_allowed_types = ['streamOptimized', 'monolithicSparse'] {{(pid=102096) log_opt_values /opt/stack/data/venv/lib/python3.12/site-packages/oslo_config/cfg.py:3256}}
Jun 08 22:33:20.416349 np0000002366 devstack@g-api.service[102096]: DEBUG glance.common.config [None req-71343ef4-cfb0-498a-bb4b-a688842f654a None None] task.task_executor = taskflow {{(pid=102096) log_opt_values /opt/stack/data/venv/lib/python3.12/site-packages/oslo_config/cfg.py:3256}}
