Jun 08 22:32:57.665554 np0000002366 nova-scheduler[95825]: DEBUG cotyledon.oslo_config_glue [-] oslo_limit.endpoint_interface = public {{(pid=95825) log_opt_values /opt/stack/data/venv/lib/python3.12/site-packages/oslo_config/cfg.py:3256}}
Jun 08 22:32:57.665813 np0000002366 nova-scheduler[95825]: DEBUG cotyledon.oslo_config_glue [-] oslo_limit.endpoint_override = None {{(pid=95825) log_opt_values /opt/stack/data/venv/lib/python3.12/site-packages/oslo_config/cfg.py:3256}}
Jun 08 22:32:57.665813 np0000002366 nova-scheduler[95825]: DEBUG cotyledon.oslo_config_glue [-] oslo_limit.endpoint_region_name = None {{(pid=95825) log_opt_values /opt/stack/data/venv/lib/python3.12/site-packages/oslo_config/cfg.py:3256}}
Jun 08 22:32:57.665813 np0000002366 nova-scheduler[95825]: DEBUG cotyledon.oslo_config_glue [-] oslo_limit.endpoint_service_name = None {{(pid=95825) log_opt_values /opt/stack/data/venv/lib/python3.12/site-packages/oslo_config/cfg.py:3256}}
Jun 08 22:32:57.665813 np0000002366 nova-scheduler[95825]: DEBUG cotyledon.oslo_config_glue [-] oslo_limit.endpoint_service_type = None {{(pid=95825) log_opt_values /opt/stack/data/venv/lib/python3.12/site-packages/oslo_config/cfg.py:3256}}
Jun 08 22:32:57.665813 np0000002366 nova-scheduler[95825]: DEBUG cotyledon.oslo_config_glue [-] oslo_limit.insecure = False {{(pid=95825) log_opt_values /opt/stack/data/venv/lib/python3.12/site-packages/oslo_config/cfg.py:3256}}
Jun 08 22:32:57.665813 np0000002366 nova-scheduler[95825]: DEBUG cotyledon.oslo_config_glue [-] oslo_limit.keyfile = None {{(pid=95825) log_opt_values /opt/stack/data/venv/lib/python3.12/site-packages/oslo_config/cfg.py:3256}}
Jun 08 22:32:57.665813 np0000002366 nova-scheduler[95825]: DEBUG cotyledon.oslo_config_glue [-] oslo_limit.max_version = None {{(pid=95825) log_opt_values /opt/stack/data/venv/lib/python3.12/site-packages/oslo_config/cfg.py:3256}}
Jun 08 22:32:57.665813 np0000002366 nova-scheduler[95825]: DEBUG cotyledon.oslo_config_glue [-] oslo_limit.min_version = None {{(pid=95825) log_opt_values /opt/stack/data/venv/lib/python3.12/site-packages/oslo_config/cfg.py:3256}}
Jun 08 22:32:57.665813 np0000002366 nova-scheduler[95825]: DEBUG cotyledon.oslo_config_glue [-] oslo_limit.region_name = None {{(pid=95825) log_opt_values /opt/stack/data/venv/lib/python3.12/site-packages/oslo_config/cfg.py:3256}}
Jun 08 22:32:57.666057 np0000002366 nova-scheduler[95825]: DEBUG cotyledon.oslo_config_glue [-] oslo_limit.retriable_status_codes = None {{(pid=95825) log_opt_values /opt/stack/data/venv/lib/python3.12/site-packages/oslo_config/cfg.py:3256}}
Jun 08 22:32:57.666057 np0000002366 nova-scheduler[95825]: DEBUG cotyledon.oslo_config_glue [-] oslo_limit.service_name = None {{(pid=95825) log_opt_values /opt/stack/data/venv/lib/python3.12/site-packages/oslo_config/cfg.py:3256}}
Jun 08 22:32:57.666057 np0000002366 nova-scheduler[95825]: DEBUG cotyledon.oslo_config_glue [-] oslo_limit.service_type = None {{(pid=95825) log_opt_values /opt/stack/data/venv/lib/python3.12/site-packages/oslo_config/cfg.py:3256}}
Jun 08 22:32:57.666057 np0000002366 nova-scheduler[95825]: DEBUG cotyledon.oslo_config_glue [-] oslo_limit.split_loggers = False {{(pid=95825) log_opt_values /opt/stack/data/venv/lib/python3.12/site-packages/oslo_config/cfg.py:3256}}
Jun 08 22:32:57.666057 np0000002366 nova-scheduler[95825]: DEBUG cotyledon.oslo_config_glue [-] oslo_limit.status_code_retries = None {{(pid=95825) log_opt_values /opt/stack/data/venv/lib/python3.12/site-packages/oslo_config/cfg.py:3256}}
Jun 08 22:32:57.666057 np0000002366 nova-scheduler[95825]: DEBUG cotyledon.oslo_config_glue [-] oslo_limit.status_code_retry_delay = None {{(pid=95825) log_opt_values /opt/stack/data/venv/lib/python3.12/site-packages/oslo_config/cfg.py:3256}}
Jun 08 22:32:57.666057 np0000002366 nova-scheduler[95825]: DEBUG cotyledon.oslo_config_glue [-] oslo_limit.timeout = None {{(pid=95825) log_opt_values /opt/stack/data/venv/lib/python3.12/site-packages/oslo_config/cfg.py:3256}}
Jun 08 22:32:57.666057 np0000002366 nova-scheduler[95825]: DEBUG cotyledon.oslo_config_glue [-] oslo_limit.valid_interfaces = None {{(pid=95825) log_opt_values /opt/stack/data/venv/lib/python3.12/site-packages/oslo_config/cfg.py:3256}}
Jun 08 22:32:57.666057 np0000002366 nova-scheduler[95825]: DEBUG cotyledon.oslo_config_glue [-] oslo_limit.version = None {{(pid=95825) log_opt_values /opt/stack/data/venv/lib/python3.12/site-packages/oslo_config/cfg.py:3256}}
Jun 08 22:32:57.666317 np0000002366 nova-scheduler[95825]: DEBUG cotyledon.oslo_config_glue [-] oslo_reports.file_event_handler = None {{(pid=95825) log_opt_values /opt/stack/data/venv/lib/python3.12/site-packages/oslo_config/cfg.py:3256}}
Jun 08 22:32:57.666317 np0000002366 nova-scheduler[95825]: DEBUG cotyledon.oslo_config_glue [-] oslo_reports.file_event_handler_interval = 1 {{(pid=95825) log_opt_values /opt/stack/data/venv/lib/python3.12/site-packages/oslo_config/cfg.py:3256}}
Jun 08 22:32:57.666372 np0000002366 nova-scheduler[95797]: INFO nova.service [-] Starting scheduler node (version 33.1.0)
Jun 08 22:32:57.666412 np0000002366 nova-scheduler[95825]: DEBUG cotyledon.oslo_config_glue [-] oslo_reports.log_dir = None {{(pid=95825) log_opt_values /opt/stack/data/venv/lib/python3.12/site-packages/oslo_config/cfg.py:3256}}
Jun 08 22:32:57.666412 np0000002366 nova-scheduler[95825]: DEBUG cotyledon.oslo_config_glue [-] ******************************************************************************** {{(pid=95825) log_opt_values /opt/stack/data/venv/lib/python3.12/site-packages/oslo_config/cfg.py:3263}}
Jun 08 22:32:57.666412 np0000002366 nova-scheduler[95825]: DEBUG cotyledon._service_worker [-] Run service ServiceWrapper(2) [95825] {{(pid=95825) wait_forever /opt/stack/data/venv/lib/python3.12/site-packages/cotyledon/_service_worker.py:218}}
Jun 08 22:32:57.666412 np0000002366 nova-scheduler[95825]: INFO nova.service [-] Starting scheduler node (version 33.1.0)
Jun 08 22:32:57.666534 np0000002366 nova-scheduler[95797]: INFO dbcounter [None req-6b81b54e-184b-4941-a1dc-21a348e0201c None None] Registered counter for database nova_cell0
Jun 08 22:32:57.666564 np0000002366 nova-scheduler[95795]: DEBUG oslo_db.sqlalchemy.engines [None req-de2182c3-e6ab-4e0c-85f0-08beb9233a20 None None] MySQL server mode set to STRICT_TRANS_TABLES,STRICT_ALL_TABLES,NO_ZERO_IN_DATE,NO_ZERO_DATE,ERROR_FOR_DIVISION_BY_ZERO,TRADITIONAL,NO_ENGINE_SUBSTITUTION {{(pid=95795) _check_effective_sql_mode /opt/stack/data/venv/lib/python3.12/site-packages/oslo_db/sqlalchemy/engines.py:325}}
Jun 08 22:32:57.666602 np0000002366 nova-scheduler[95825]: INFO dbcounter [None req-5b700210-2ceb-4229-be76-9fef5ce821cb None None] Registered counter for database nova_cell0
Jun 08 22:32:57.666640 np0000002366 nova-scheduler[95795]: DEBUG dbcounter [-] [95795] Writer thread running {{(pid=95795) stat_writer /opt/stack/data/venv/lib/python3.12/site-packages/dbcounter.py:102}}
Jun 08 22:32:57.677900 np0000002366 nova-scheduler[95795]: DEBUG nova.service [None req-de2182c3-e6ab-4e0c-85f0-08beb9233a20 None None] Creating RPC server for service: nova-scheduler on topic: scheduler {{(pid=95795) start /opt/stack/nova/nova/service.py:195}}
Jun 08 22:32:57.703195 np0000002366 nova-scheduler[95797]: DEBUG oslo_db.sqlalchemy.engines [None req-6b81b54e-184b-4941-a1dc-21a348e0201c None None] MySQL server mode set to STRICT_TRANS_TABLES,STRICT_ALL_TABLES,NO_ZERO_IN_DATE,NO_ZERO_DATE,ERROR_FOR_DIVISION_BY_ZERO,TRADITIONAL,NO_ENGINE_SUBSTITUTION {{(pid=95797) _check_effective_sql_mode /opt/stack/data/venv/lib/python3.12/site-packages/oslo_db/sqlalchemy/engines.py:325}}
Jun 08 22:32:57.714540 np0000002366 nova-scheduler[95795]: DEBUG nova.service [None req-de2182c3-e6ab-4e0c-85f0-08beb9233a20 None None] Join ServiceGroup membership for this service scheduler {{(pid=95795) start /opt/stack/nova/nova/service.py:221}}
Jun 08 22:32:57.714718 np0000002366 nova-scheduler[95797]: DEBUG dbcounter [-] [95797] Writer thread running {{(pid=95797) stat_writer /opt/stack/data/venv/lib/python3.12/site-packages/dbcounter.py:102}}
Jun 08 22:32:57.714762 np0000002366 nova-scheduler[95795]: DEBUG nova.servicegroup.drivers.db [None req-de2182c3-e6ab-4e0c-85f0-08beb9233a20 None None] DB_Driver: join new ServiceGroup member np0000002366 to the scheduler group, service = {{(pid=95795) join /opt/stack/nova/nova/servicegroup/drivers/db.py:44}}
Jun 08 22:32:57.717640 np0000002366 nova-scheduler[95797]: DEBUG nova.service [None req-6b81b54e-184b-4941-a1dc-21a348e0201c None None] Creating RPC server for service: nova-scheduler on topic: scheduler {{(pid=95797) start /opt/stack/nova/nova/service.py:195}}
Jun 08 22:32:57.719369 np0000002366 nova-scheduler[95825]: DEBUG oslo_db.sqlalchemy.engines [None req-5b700210-2ceb-4229-be76-9fef5ce821cb None None] MySQL server mode set to STRICT_TRANS_TABLES,STRICT_ALL_TABLES,NO_ZERO_IN_DATE,NO_ZERO_DATE,ERROR_FOR_DIVISION_BY_ZERO,TRADITIONAL,NO_ENGINE_SUBSTITUTION {{(pid=95825) _check_effective_sql_mode /opt/stack/data/venv/lib/python3.12/site-packages/oslo_db/sqlalchemy/engines.py:325}}
Jun 08 22:32:57.728370 np0000002366 nova-scheduler[95825]: DEBUG dbcounter [-] [95825] Writer thread running {{(pid=95825) stat_writer /opt/stack/data/venv/lib/python3.12/site-packages/dbcounter.py:102}}
Jun 08 22:32:57.731313 np0000002366 nova-scheduler[95825]: DEBUG nova.service [None req-5b700210-2ceb-4229-be76-9fef5ce821cb None None] Creating RPC server for service: nova-scheduler on topic: scheduler {{(pid=95825) start /opt/stack/nova/nova/service.py:195}}
Jun 08 22:32:57.732794 np0000002366 nova-scheduler[95797]: DEBUG nova.service [None req-6b81b54e-184b-4941-a1dc-21a348e0201c None None] Join ServiceGroup membership for this service scheduler {{(pid=95797) start /opt/stack/nova/nova/service.py:221}}
Jun 08 22:32:57.733184 np0000002366 nova-scheduler[95797]: DEBUG nova.servicegroup.drivers.db [None req-6b81b54e-184b-4941-a1dc-21a348e0201c None None] DB_Driver: join new ServiceGroup member np0000002366 to the scheduler group, service = {{(pid=95797) join /opt/stack/nova/nova/servicegroup/drivers/db.py:44}}
Jun 08 22:32:57.745786 np0000002366 nova-scheduler[95825]: DEBUG nova.service [None req-5b700210-2ceb-4229-be76-9fef5ce821cb None None] Join ServiceGroup membership for this service scheduler {{(pid=95825) start /opt/stack/nova/nova/service.py:221}}
Jun 08 22:32:57.745931 np0000002366 nova-scheduler[95825]: DEBUG nova.servicegroup.drivers.db [None req-5b700210-2ceb-4229-be76-9fef5ce821cb None None] DB_Driver: join new ServiceGroup member np0000002366 to the scheduler group, service = {{(pid=95825) join /opt/stack/nova/nova/servicegroup/drivers/db.py:44}}
Jun 08 22:33:02.729834 np0000002366 nova-scheduler[95795]: DEBUG oslo.service.backend._threading.loopingcall [-] Fixed interval looping call 'nova.servicegroup.drivers.db.DbDriver._report_state' sleeping for 119.99 seconds {{(pid=95795) _run_loop /opt/stack/data/venv/lib/python3.12/site-packages/oslo_service/backend/_threading/loopingcall.py:125}}
Jun 08 22:33:02.748552 np0000002366 nova-scheduler[95797]: DEBUG oslo.service.backend._threading.loopingcall [-] Fixed interval looping call 'nova.servicegroup.drivers.db.DbDriver._report_state' sleeping for 119.99 seconds {{(pid=95797) _run_loop /opt/stack/data/venv/lib/python3.12/site-packages/oslo_service/backend/_threading/loopingcall.py:125}}
Jun 08 22:33:02.758569 np0000002366 nova-scheduler[95825]: DEBUG oslo.service.backend._threading.loopingcall [-] Fixed interval looping call 'nova.servicegroup.drivers.db.DbDriver._report_state' sleeping for 119.99 seconds {{(pid=95825) _run_loop /opt/stack/data/venv/lib/python3.12/site-packages/oslo_service/backend/_threading/loopingcall.py:125}}
Jun 08 22:33:06.297524 np0000002366 nova-scheduler[94525]: DEBUG dbcounter [-] [94525] Writing DB stats nova_api:SELECT=3 {{(pid=94525) stat_writer /opt/stack/data/venv/lib/python3.12/site-packages/dbcounter.py:115}}
Jun 08 22:33:06.438327 np0000002366 nova-scheduler[94525]: DEBUG dbcounter [-] [94525] Writing DB stats nova_cell0:SELECT=1 {{(pid=94525) stat_writer /opt/stack/data/venv/lib/python3.12/site-packages/dbcounter.py:115}}
Jun 08 22:33:06.444939 np0000002366 nova-scheduler[94525]: DEBUG dbcounter [-] [94525] Writing DB stats nova_cell1:SELECT=1 {{(pid=94525) stat_writer /opt/stack/data/venv/lib/python3.12/site-packages/dbcounter.py:115}}
Jun 08 22:33:12.723997 np0000002366 nova-scheduler[95795]: DEBUG dbcounter [-] [95795] Writing DB stats nova_cell0:SELECT=4,nova_cell0:INSERT=1,nova_cell0:UPDATE=1 {{(pid=95795) stat_writer /opt/stack/data/venv/lib/python3.12/site-packages/dbcounter.py:115}}
Jun 08 22:33:12.745718 np0000002366 nova-scheduler[95797]: DEBUG dbcounter [-] [95797] Writing DB stats nova_cell0:SELECT=3 {{(pid=95797) stat_writer /opt/stack/data/venv/lib/python3.12/site-packages/dbcounter.py:115}}
Jun 08 22:33:12.757391 np0000002366 nova-scheduler[95825]: DEBUG dbcounter [-] [95825] Writing DB stats nova_cell0:SELECT=3 {{(pid=95825) stat_writer /opt/stack/data/venv/lib/python3.12/site-packages/dbcounter.py:115}}
Jun 08 22:33:19.739016 np0000002366 nova-scheduler[95797]: DEBUG oslo.service.backend._threading.loopingcall [None req-c86888a1-c2f3-49fe-89e9-2d27ecbb40dc None None] Dynamic interval looping call 'nova.service.Service.periodic_tasks' sleeping for 60.00 seconds {{(pid=95797) _run_loop /opt/stack/data/venv/lib/python3.12/site-packages/oslo_service/backend/_threading/loopingcall.py:125}}
Jun 08 22:33:32.716877 np0000002366 nova-scheduler[95795]: DEBUG oslo.service.backend._threading.loopingcall [None req-55d10187-196d-4f22-ac98-c0b6cd280a24 None None] Dynamic interval looping call 'nova.service.Service.periodic_tasks' sleeping for 60.00 seconds {{(pid=95795) _run_loop /opt/stack/data/venv/lib/python3.12/site-packages/oslo_service/backend/_threading/loopingcall.py:125}}
Jun 08 22:33:51.750407 np0000002366 nova-scheduler[95825]: DEBUG oslo.service.backend._threading.loopingcall [None req-932dae48-f800-4166-9ab0-f2df99a78903 None None] Dynamic interval looping call 'nova.service.Service.periodic_tasks' sleeping for 60.00 seconds {{(pid=95825) _run_loop /opt/stack/data/venv/lib/python3.12/site-packages/oslo_service/backend/_threading/loopingcall.py:125}}
Jun 08 22:34:19.739483 np0000002366 nova-scheduler[95797]: DEBUG oslo.service.backend._threading.loopingcall [None req-c86888a1-c2f3-49fe-89e9-2d27ecbb40dc None None] Dynamic interval looping call 'nova.service.Service.periodic_tasks' sleeping for 60.00 seconds {{(pid=95797) _run_loop /opt/stack/data/venv/lib/python3.12/site-packages/oslo_service/backend/_threading/loopingcall.py:125}}
Jun 08 22:34:32.717478 np0000002366 nova-scheduler[95795]: DEBUG oslo.service.backend._threading.loopingcall [None req-55d10187-196d-4f22-ac98-c0b6cd280a24 None None] Dynamic interval looping call 'nova.service.Service.periodic_tasks' sleeping for 60.00 seconds {{(pid=95795) _run_loop /opt/stack/data/venv/lib/python3.12/site-packages/oslo_service/backend/_threading/loopingcall.py:125}}
Jun 08 22:34:51.751186 np0000002366 nova-scheduler[95825]: DEBUG oslo.service.backend._threading.loopingcall [None req-932dae48-f800-4166-9ab0-f2df99a78903 None None] Dynamic interval looping call 'nova.service.Service.periodic_tasks' sleeping for 60.00 seconds {{(pid=95825) _run_loop /opt/stack/data/venv/lib/python3.12/site-packages/oslo_service/backend/_threading/loopingcall.py:125}}
Jun 08 22:35:02.731051 np0000002366 nova-scheduler[95795]: DEBUG oslo.service.backend._threading.loopingcall [-] Fixed interval looping call 'nova.servicegroup.drivers.db.DbDriver._report_state' sleeping for 119.99 seconds {{(pid=95795) _run_loop /opt/stack/data/venv/lib/python3.12/site-packages/oslo_service/backend/_threading/loopingcall.py:125}}
Jun 08 22:35:02.741600 np0000002366 nova-scheduler[95797]: DEBUG oslo.service.backend._threading.loopingcall [-] Fixed interval looping call 'nova.servicegroup.drivers.db.DbDriver._report_state' sleeping for 120.00 seconds {{(pid=95797) _run_loop /opt/stack/data/venv/lib/python3.12/site-packages/oslo_service/backend/_threading/loopingcall.py:125}}
Jun 08 22:35:02.752637 np0000002366 nova-scheduler[95825]: DEBUG oslo.service.backend._threading.loopingcall [-] Fixed interval looping call 'nova.servicegroup.drivers.db.DbDriver._report_state' sleeping for 120.00 seconds {{(pid=95825) _run_loop /opt/stack/data/venv/lib/python3.12/site-packages/oslo_service/backend/_threading/loopingcall.py:125}}
Jun 08 22:35:12.723645 np0000002366 nova-scheduler[95795]: DEBUG dbcounter [-] [95795] Writing DB stats nova_cell0:SELECT=1,nova_cell0:UPDATE=1 {{(pid=95795) stat_writer /opt/stack/data/venv/lib/python3.12/site-packages/dbcounter.py:115}}
Jun 08 22:35:12.740188 np0000002366 nova-scheduler[95797]: DEBUG dbcounter [-] [95797] Writing DB stats nova_cell0:SELECT=1 {{(pid=95797) stat_writer /opt/stack/data/venv/lib/python3.12/site-packages/dbcounter.py:115}}
Jun 08 22:35:12.750636 np0000002366 nova-scheduler[95825]: DEBUG dbcounter [-] [95825] Writing DB stats nova_cell0:SELECT=1 {{(pid=95825) stat_writer /opt/stack/data/venv/lib/python3.12/site-packages/dbcounter.py:115}}
Jun 08 22:35:19.739955 np0000002366 nova-scheduler[95797]: DEBUG oslo.service.backend._threading.loopingcall [None req-c86888a1-c2f3-49fe-89e9-2d27ecbb40dc None None] Dynamic interval looping call 'nova.service.Service.periodic_tasks' sleeping for 60.00 seconds {{(pid=95797) _run_loop /opt/stack/data/venv/lib/python3.12/site-packages/oslo_service/backend/_threading/loopingcall.py:125}}
Jun 08 22:35:32.717900 np0000002366 nova-scheduler[95795]: DEBUG oslo.service.backend._threading.loopingcall [None req-55d10187-196d-4f22-ac98-c0b6cd280a24 None None] Dynamic interval looping call 'nova.service.Service.periodic_tasks' sleeping for 60.00 seconds {{(pid=95795) _run_loop /opt/stack/data/venv/lib/python3.12/site-packages/oslo_service/backend/_threading/loopingcall.py:125}}
Jun 08 22:35:36.858326 np0000002366 nova-scheduler[95795]: DEBUG nova.scheduler.manager [None req-5fb73117-cc64-41de-abbd-475b4813dd23 tempest-DeleteServersTestJSON-1753525695 tempest-DeleteServersTestJSON-1753525695-project-member] Starting to schedule for instances: ['cc5906c8-b4dd-4e76-9d37-78fa3e007cf2'] {{(pid=95795) select_destinations /opt/stack/nova/nova/scheduler/manager.py:210}}
Jun 08 22:35:36.859367 np0000002366 nova-scheduler[95795]: DEBUG nova.scheduler.request_filter [None req-5fb73117-cc64-41de-abbd-475b4813dd23 tempest-DeleteServersTestJSON-1753525695 tempest-DeleteServersTestJSON-1753525695-project-member] compute_status_filter request filter added forbidden trait COMPUTE_STATUS_DISABLED {{(pid=95795) compute_status_filter /opt/stack/nova/nova/scheduler/request_filter.py:253}}
Jun 08 22:35:36.860035 np0000002366 nova-scheduler[95795]: DEBUG nova.scheduler.request_filter [None req-5fb73117-cc64-41de-abbd-475b4813dd23 tempest-DeleteServersTestJSON-1753525695 tempest-DeleteServersTestJSON-1753525695-project-member] Request filter 'compute_status_filter' took 0.0 seconds {{(pid=95795) wrapper /opt/stack/nova/nova/scheduler/request_filter.py:46}}
Jun 08 22:35:36.860035 np0000002366 nova-scheduler[95795]: DEBUG nova.scheduler.request_filter [None req-5fb73117-cc64-41de-abbd-475b4813dd23 tempest-DeleteServersTestJSON-1753525695 tempest-DeleteServersTestJSON-1753525695-project-member] Request filter 'accelerators_filter' took 0.0 seconds {{(pid=95795) wrapper /opt/stack/nova/nova/scheduler/request_filter.py:46}}
Jun 08 22:35:36.860035 np0000002366 nova-scheduler[95795]: DEBUG nova.scheduler.request_filter [None req-5fb73117-cc64-41de-abbd-475b4813dd23 tempest-DeleteServersTestJSON-1753525695 tempest-DeleteServersTestJSON-1753525695-project-member] Request filter 'packed_virtqueue_filter' took 0.0 seconds {{(pid=95795) wrapper /opt/stack/nova/nova/scheduler/request_filter.py:46}}
Jun 08 22:35:36.860274 np0000002366 nova-scheduler[95795]: DEBUG nova.scheduler.request_filter [None req-5fb73117-cc64-41de-abbd-475b4813dd23 tempest-DeleteServersTestJSON-1753525695 tempest-DeleteServersTestJSON-1753525695-project-member] Request filter 'remote_managed_ports_filter' took 0.0 seconds {{(pid=95795) wrapper /opt/stack/nova/nova/scheduler/request_filter.py:46}}
Jun 08 22:35:36.860434 np0000002366 nova-scheduler[95795]: DEBUG nova.scheduler.request_filter [None req-5fb73117-cc64-41de-abbd-475b4813dd23 tempest-DeleteServersTestJSON-1753525695 tempest-DeleteServersTestJSON-1753525695-project-member] ephemeral_encryption_filter skipped {{(pid=95795) ephemeral_encryption_filter /opt/stack/nova/nova/scheduler/request_filter.py:426}}
Jun 08 22:35:36.862645 np0000002366 nova-scheduler[95795]: DEBUG nova.scheduler.request_filter [None req-5fb73117-cc64-41de-abbd-475b4813dd23 tempest-DeleteServersTestJSON-1753525695 tempest-DeleteServersTestJSON-1753525695-project-member] virtio_sound_filter skipped {{(pid=95795) virtio_sound_filter /opt/stack/nova/nova/scheduler/request_filter.py:460}}
Jun 08 22:35:36.862645 np0000002366 nova-scheduler[95795]: DEBUG nova.scheduler.request_filter [None req-5fb73117-cc64-41de-abbd-475b4813dd23 tempest-DeleteServersTestJSON-1753525695 tempest-DeleteServersTestJSON-1753525695-project-member] tpm_secret_security_filter skipped {{(pid=95795) tpm_secret_security_filter /opt/stack/nova/nova/scheduler/request_filter.py:477}}
Jun 08 22:35:37.498632 np0000002366 nova-scheduler[95795]: INFO nova.utils [None req-5fb73117-cc64-41de-abbd-475b4813dd23 tempest-DeleteServersTestJSON-1753525695 tempest-DeleteServersTestJSON-1753525695-project-member] The cell worker thread pool ForkProcess-1.cell_worker is initialized
Jun 08 22:35:37.500144 np0000002366 nova-scheduler[95795]: DEBUG oslo_concurrency.lockutils [None req-5fb73117-cc64-41de-abbd-475b4813dd23 tempest-DeleteServersTestJSON-1753525695 tempest-DeleteServersTestJSON-1753525695-project-member] Acquiring lock "6c3e3922-f604-4261-a921-f14ebaa130f2" by "nova.context.set_target_cell..get_or_set_cached_cell_and_set_connections" {{(pid=95795) inner /opt/stack/data/venv/lib/python3.12/site-packages/oslo_concurrency/lockutils.py:511}}
Jun 08 22:35:37.500144 np0000002366 nova-scheduler[95795]: DEBUG oslo_concurrency.lockutils [None req-5fb73117-cc64-41de-abbd-475b4813dd23 tempest-DeleteServersTestJSON-1753525695 tempest-DeleteServersTestJSON-1753525695-project-member] Lock "6c3e3922-f604-4261-a921-f14ebaa130f2" acquired by "nova.context.set_target_cell..get_or_set_cached_cell_and_set_connections" :: waited 0.001s {{(pid=95795) inner /opt/stack/data/venv/lib/python3.12/site-packages/oslo_concurrency/lockutils.py:524}}
Jun 08 22:35:37.502432 np0000002366 nova-scheduler[95795]: DEBUG oslo_concurrency.lockutils [None req-5fb73117-cc64-41de-abbd-475b4813dd23 tempest-DeleteServersTestJSON-1753525695 tempest-DeleteServersTestJSON-1753525695-project-member] Lock "6c3e3922-f604-4261-a921-f14ebaa130f2" "released" by "nova.context.set_target_cell..get_or_set_cached_cell_and_set_connections" :: held 0.002s {{(pid=95795) inner /opt/stack/data/venv/lib/python3.12/site-packages/oslo_concurrency/lockutils.py:543}}
Jun 08 22:35:37.505457 np0000002366 nova-scheduler[95795]: INFO dbcounter [None req-5fb73117-cc64-41de-abbd-475b4813dd23 tempest-DeleteServersTestJSON-1753525695 tempest-DeleteServersTestJSON-1753525695-project-member] Registered counter for database nova_cell1
Jun 08 22:35:37.555074 np0000002366 nova-scheduler[95795]: DEBUG oslo_db.sqlalchemy.engines [None req-5fb73117-cc64-41de-abbd-475b4813dd23 tempest-DeleteServersTestJSON-1753525695 tempest-DeleteServersTestJSON-1753525695-project-member] MySQL server mode set to STRICT_TRANS_TABLES,STRICT_ALL_TABLES,NO_ZERO_IN_DATE,NO_ZERO_DATE,ERROR_FOR_DIVISION_BY_ZERO,TRADITIONAL,NO_ENGINE_SUBSTITUTION {{(pid=95795) _check_effective_sql_mode /opt/stack/data/venv/lib/python3.12/site-packages/oslo_db/sqlalchemy/engines.py:325}}
Jun 08 22:35:37.560838 np0000002366 nova-scheduler[95795]: DEBUG dbcounter [-] [95795] Writer thread running {{(pid=95795) stat_writer /opt/stack/data/venv/lib/python3.12/site-packages/dbcounter.py:102}}
Jun 08 22:35:37.574532 np0000002366 nova-scheduler[95795]: DEBUG oslo_db.sqlalchemy.engines [None req-5fb73117-cc64-41de-abbd-475b4813dd23 tempest-DeleteServersTestJSON-1753525695 tempest-DeleteServersTestJSON-1753525695-project-member] Parent process 94525 forked (95795) with an open database connection, which is being discarded and recreated. {{(pid=95795) checkout /opt/stack/data/venv/lib/python3.12/site-packages/oslo_db/sqlalchemy/engines.py:402}}
Jun 08 22:35:37.625008 np0000002366 nova-scheduler[95795]: DEBUG dbcounter [-] [95795] Writer thread running {{(pid=95795) stat_writer /opt/stack/data/venv/lib/python3.12/site-packages/dbcounter.py:102}}
Jun 08 22:35:37.627833 np0000002366 nova-scheduler[95795]: DEBUG oslo_concurrency.lockutils [None req-5fb73117-cc64-41de-abbd-475b4813dd23 tempest-DeleteServersTestJSON-1753525695 tempest-DeleteServersTestJSON-1753525695-project-member] Acquiring lock "6c3e3922-f604-4261-a921-f14ebaa130f2" by "nova.context.set_target_cell..get_or_set_cached_cell_and_set_connections" {{(pid=95795) inner /opt/stack/data/venv/lib/python3.12/site-packages/oslo_concurrency/lockutils.py:511}}
Jun 08 22:35:37.627833 np0000002366 nova-scheduler[95795]: DEBUG oslo_concurrency.lockutils [None req-5fb73117-cc64-41de-abbd-475b4813dd23 tempest-DeleteServersTestJSON-1753525695 tempest-DeleteServersTestJSON-1753525695-project-member] Lock "6c3e3922-f604-4261-a921-f14ebaa130f2" acquired by "nova.context.set_target_cell..get_or_set_cached_cell_and_set_connections" :: waited 0.000s {{(pid=95795) inner /opt/stack/data/venv/lib/python3.12/site-packages/oslo_concurrency/lockutils.py:524}}
Jun 08 22:35:37.628016 np0000002366 nova-scheduler[95795]: DEBUG oslo_concurrency.lockutils [None req-5fb73117-cc64-41de-abbd-475b4813dd23 tempest-DeleteServersTestJSON-1753525695 tempest-DeleteServersTestJSON-1753525695-project-member] Lock "6c3e3922-f604-4261-a921-f14ebaa130f2" "released" by "nova.context.set_target_cell..get_or_set_cached_cell_and_set_connections" :: held 0.000s {{(pid=95795) inner /opt/stack/data/venv/lib/python3.12/site-packages/oslo_concurrency/lockutils.py:543}}
Jun 08 22:35:37.631044 np0000002366 nova-scheduler[95795]: DEBUG oslo_concurrency.lockutils [None req-5fb73117-cc64-41de-abbd-475b4813dd23 tempest-DeleteServersTestJSON-1753525695 tempest-DeleteServersTestJSON-1753525695-project-member] Acquiring lock "('np0000002366', 'np0000002366')" by "nova.scheduler.host_manager.HostState.update.._locked_update" {{(pid=95795) inner /opt/stack/data/venv/lib/python3.12/site-packages/oslo_concurrency/lockutils.py:511}}
Jun 08 22:35:37.631044 np0000002366 nova-scheduler[95795]: DEBUG oslo_concurrency.lockutils [None req-5fb73117-cc64-41de-abbd-475b4813dd23 tempest-DeleteServersTestJSON-1753525695 tempest-DeleteServersTestJSON-1753525695-project-member] Lock "('np0000002366', 'np0000002366')" acquired by "nova.scheduler.host_manager.HostState.update.._locked_update" :: waited 0.000s {{(pid=95795) inner /opt/stack/data/venv/lib/python3.12/site-packages/oslo_concurrency/lockutils.py:524}}
Jun 08 22:35:37.632380 np0000002366 nova-scheduler[95795]: DEBUG nova.scheduler.host_manager [None req-5fb73117-cc64-41de-abbd-475b4813dd23 tempest-DeleteServersTestJSON-1753525695 tempest-DeleteServersTestJSON-1753525695-project-member] Update host state from compute node: ComputeNode(cpu_allocation_ratio=4.0,cpu_info='{"arch": "x86_64", "model": "EPYC-Milan", "vendor": "AMD", "topology": {"cells": 1, "sockets": 12, "cores": 1, "threads": 1}, "maxphysaddr": {"mode": "emulate", "bits": 40}, "features": ["amd-psfd", "mce", "aes", "erms", "pclmuldq", "bmi1", "smap", "adx", "null-sel-clr-base", "lm", "perfctr_core", "gds-no", "tsc_adjust", "3dnowprefetch", "ssbd", "vaes", "ibrs", "sep", "mmx", "nx", "v-vmsave-vmload", "cr8legacy", "xgetbv1", "amd-stibp", "pku", "syscall", "topoext", "vmcb-clean", "pdpe1gb", "mmxext", "ssse3", "skip-l1dfl-vmentry", "no-nested-data-bp", "npt", "abm", "fxsr", "cmp_legacy", "mds-no", "fsgsbase", "stibp", "rdpid", "pae", "svm", "lfence-always-serializing", "f16c", "pse36", "spec-ctrl", "movbe", "sha-ni", "pni", "vgif", "invpcid", "rdrand", "xsaves", "tsc-scale", "amd-ssbd", "fsrm", "umip", "osvw", "xsavec", "pge", "apic", "svme-addr-chk", "misalignsse", "stibp-always-on", "msr", "bmi2", "pse", "virt-ssbd", "avx", "popcnt", "rdctl-no", "pat", "sse", "rdtscp", "clflushopt", "rdseed", "tsc-deadline", "fpu", "xsaveerptr", "de", "tsc", "x2apic", "cx16", "wbnoinvd", "sse2", "arat", "xsaveopt", "pfthreshold", "lbrv", "pschange-mc-no", "hypervisor", "xsave", "cmov", "fma", "sse4.2", "sse4a", "ibpb", "nrip-save", "flushbyasid", "clwb", "avx2", "lahf_lm", "sse4.1", "pause-filter", "smep", "mtrr", "fxsr_opt", "cx8", "vpclmulqdq", "vme", "clflush", "arch-capabilities", "clzero", "pcid", "mca"]}',created_at=2026-06-08T22:33:23Z,current_workload=0,deleted=False,deleted_at=None,disk_allocation_ratio=1.0,disk_available_least=74,free_disk_gb=95,free_ram_mb=23518,host='np0000002366',host_ip=10.4.3.191,hypervisor_hostname='np0000002366',hypervisor_type='QEMU',hypervisor_version=8002002,id=1,local_gb=95,local_gb_used=0,mapped=1,memory_mb=24030,memory_mb_used=512,metrics='[]',numa_topology='{"nova_object.name": "NUMATopology", "nova_object.namespace": "nova", "nova_object.version": "1.2", "nova_object.data": {"cells": [{"nova_object.name": "NUMACell", "nova_object.namespace": "nova", "nova_object.version": "1.5", "nova_object.data": {"id": 0, "cpuset": [0, 1, 2, 3, 4, 5, 6, 7, 8, 9, 10, 11], "pcpuset": [0, 1, 2, 3, 4, 5, 6, 7, 8, 9, 10, 11], "memory": 24030, "cpu_usage": 0, "memory_usage": 0, "pinned_cpus": [], "siblings": [[6], [2], [5], [11], [8], [4], [1], [7], [10], [0], [3], [9]], "mempages": [{"nova_object.name": "NUMAPagesTopology", "nova_object.namespace": "nova", "nova_object.version": "1.1", "nova_object.data": {"size_kb": 4, "total": 6151797, "used": 0, "reserved": 0}, "nova_object.changes": ["size_kb", "total", "reserved", "used"]}, {"nova_object.name": "NUMAPagesTopology", "nova_object.namespace": "nova", "nova_object.version": "1.1", "nova_object.data": {"size_kb": 2048, "total": 0, "used": 0, "reserved": 0}, "nova_object.changes": ["size_kb", "total", "reserved", "used"]}, {"nova_object.name": "NUMAPagesTopology", "nova_object.namespace": "nova", "nova_object.version": "1.1", "nova_object.data": {"size_kb": 1048576, "total": 0, "used": 0, "reserved": 0}, "nova_object.changes": ["size_kb", "total", "reserved", "used"]}], "network_metadata": {"nova_object.name": "NetworkMetadata", "nova_object.namespace": "nova", "nova_object.version": "1.0", "nova_object.data": {"physnets": [], "tunneled": false}, "nova_object.changes": ["physnets", "tunneled"]}, "socket": null}, "nova_object.changes": ["network_metadata", "pcpuset", "pinned_cpus", "siblings", "memory", "mempages", "socket", "cpuset", "id", "memory_usage", "cpu_usage"]}]}, "nova_object.changes": ["cells"]}',pci_device_pools=PciDevicePoolList,ram_allocation_ratio=1.0,running_vms=0,service_id=2,stats={failed_builds='0',uptime=' 22:35:08 up 28 min, 2 users, load average: 1.47, 1.49, 0.83
Jun 08 22:35:37.632380 np0000002366 nova-scheduler[95795]: '},supported_hv_specs=[HVSpec,HVSpec,HVSpec,HVSpec,HVSpec,HVSpec,HVSpec,HVSpec,HVSpec,HVSpec,HVSpec,HVSpec,HVSpec,HVSpec,HVSpec,HVSpec,HVSpec,HVSpec,HVSpec,HVSpec,HVSpec,HVSpec,HVSpec,HVSpec,HVSpec],updated_at=2026-06-08T22:35:10Z,uuid=95274198-f40e-4847-bc31-2a2b6621ab35,vcpus=12,vcpus_used=0) {{(pid=95795) _locked_update /opt/stack/nova/nova/scheduler/host_manager.py:168}}
Jun 08 22:35:37.633080 np0000002366 nova-scheduler[95795]: DEBUG nova.scheduler.host_manager [None req-5fb73117-cc64-41de-abbd-475b4813dd23 tempest-DeleteServersTestJSON-1753525695 tempest-DeleteServersTestJSON-1753525695-project-member] Update host state with aggregates: [] {{(pid=95795) _locked_update /opt/stack/nova/nova/scheduler/host_manager.py:171}}
Jun 08 22:35:37.633215 np0000002366 nova-scheduler[95795]: DEBUG nova.scheduler.host_manager [None req-5fb73117-cc64-41de-abbd-475b4813dd23 tempest-DeleteServersTestJSON-1753525695 tempest-DeleteServersTestJSON-1753525695-project-member] Update host state with service dict: {'id': 2, 'uuid': 'a99123a3-636d-4962-8372-8f286d485acf', 'host': 'np0000002366', 'binary': 'nova-compute', 'topic': 'compute', 'report_count': 2, 'disabled': False, 'disabled_reason': None, 'last_seen_up': datetime.datetime(2026, 6, 8, 22, 35, 31, tzinfo=datetime.timezone.utc), 'forced_down': False, 'version': 72, 'created_at': datetime.datetime(2026, 6, 8, 22, 33, 21, tzinfo=datetime.timezone.utc), 'updated_at': datetime.datetime(2026, 6, 8, 22, 35, 31, tzinfo=datetime.timezone.utc), 'deleted_at': None, 'deleted': False} {{(pid=95795) _locked_update /opt/stack/nova/nova/scheduler/host_manager.py:174}}
Jun 08 22:35:37.633363 np0000002366 nova-scheduler[95795]: DEBUG nova.scheduler.host_manager [None req-5fb73117-cc64-41de-abbd-475b4813dd23 tempest-DeleteServersTestJSON-1753525695 tempest-DeleteServersTestJSON-1753525695-project-member] Update host state with instances: [] {{(pid=95795) _locked_update /opt/stack/nova/nova/scheduler/host_manager.py:177}}
Jun 08 22:35:37.633473 np0000002366 nova-scheduler[95795]: DEBUG oslo_concurrency.lockutils [None req-5fb73117-cc64-41de-abbd-475b4813dd23 tempest-DeleteServersTestJSON-1753525695 tempest-DeleteServersTestJSON-1753525695-project-member] Lock "('np0000002366', 'np0000002366')" "released" by "nova.scheduler.host_manager.HostState.update.._locked_update" :: held 0.002s {{(pid=95795) inner /opt/stack/data/venv/lib/python3.12/site-packages/oslo_concurrency/lockutils.py:543}}
Jun 08 22:35:37.633865 np0000002366 nova-scheduler[95795]: DEBUG nova.filters [None req-5fb73117-cc64-41de-abbd-475b4813dd23 tempest-DeleteServersTestJSON-1753525695 tempest-DeleteServersTestJSON-1753525695-project-member] Starting with 1 host(s) {{(pid=95795) get_filtered_objects /opt/stack/nova/nova/filters.py:70}}
Jun 08 22:35:37.634050 np0000002366 nova-scheduler[95795]: DEBUG nova.filters [None req-5fb73117-cc64-41de-abbd-475b4813dd23 tempest-DeleteServersTestJSON-1753525695 tempest-DeleteServersTestJSON-1753525695-project-member] Filter ComputeFilter returned 1 host(s) {{(pid=95795) get_filtered_objects /opt/stack/nova/nova/filters.py:102}}
Jun 08 22:35:37.634197 np0000002366 nova-scheduler[95795]: DEBUG nova.filters [None req-5fb73117-cc64-41de-abbd-475b4813dd23 tempest-DeleteServersTestJSON-1753525695 tempest-DeleteServersTestJSON-1753525695-project-member] Filter ComputeCapabilitiesFilter returned 1 host(s) {{(pid=95795) get_filtered_objects /opt/stack/nova/nova/filters.py:102}}
Jun 08 22:35:37.634375 np0000002366 nova-scheduler[95795]: DEBUG nova.filters [None req-5fb73117-cc64-41de-abbd-475b4813dd23 tempest-DeleteServersTestJSON-1753525695 tempest-DeleteServersTestJSON-1753525695-project-member] Filter ImagePropertiesFilter returned 1 host(s) {{(pid=95795) get_filtered_objects /opt/stack/nova/nova/filters.py:102}}
Jun 08 22:35:37.634579 np0000002366 nova-scheduler[95795]: DEBUG nova.filters [None req-5fb73117-cc64-41de-abbd-475b4813dd23 tempest-DeleteServersTestJSON-1753525695 tempest-DeleteServersTestJSON-1753525695-project-member] Filter ServerGroupAntiAffinityFilter returned 1 host(s) {{(pid=95795) get_filtered_objects /opt/stack/nova/nova/filters.py:102}}
Jun 08 22:35:37.634624 np0000002366 nova-scheduler[95795]: DEBUG nova.filters [None req-5fb73117-cc64-41de-abbd-475b4813dd23 tempest-DeleteServersTestJSON-1753525695 tempest-DeleteServersTestJSON-1753525695-project-member] Filter ServerGroupAffinityFilter returned 1 host(s) {{(pid=95795) get_filtered_objects /opt/stack/nova/nova/filters.py:102}}
Jun 08 22:35:37.634724 np0000002366 nova-scheduler[95795]: DEBUG nova.filters [None req-5fb73117-cc64-41de-abbd-475b4813dd23 tempest-DeleteServersTestJSON-1753525695 tempest-DeleteServersTestJSON-1753525695-project-member] Filter SameHostFilter returned 1 host(s) {{(pid=95795) get_filtered_objects /opt/stack/nova/nova/filters.py:102}}
Jun 08 22:35:37.634814 np0000002366 nova-scheduler[95795]: DEBUG nova.filters [None req-5fb73117-cc64-41de-abbd-475b4813dd23 tempest-DeleteServersTestJSON-1753525695 tempest-DeleteServersTestJSON-1753525695-project-member] Filter DifferentHostFilter returned 1 host(s) {{(pid=95795) get_filtered_objects /opt/stack/nova/nova/filters.py:102}}
Jun 08 22:35:37.635004 np0000002366 nova-scheduler[95795]: DEBUG nova.scheduler.manager [None req-5fb73117-cc64-41de-abbd-475b4813dd23 tempest-DeleteServersTestJSON-1753525695 tempest-DeleteServersTestJSON-1753525695-project-member] Filtered [(np0000002366, np0000002366) ram: 23518MB disk: 75776MB io_ops: 0 instances: 0, allocation_candidates: 1] {{(pid=95795) _get_sorted_hosts /opt/stack/nova/nova/scheduler/manager.py:743}}
Jun 08 22:35:37.636126 np0000002366 nova-scheduler[95795]: DEBUG nova.scheduler.manager [None req-5fb73117-cc64-41de-abbd-475b4813dd23 tempest-DeleteServersTestJSON-1753525695 tempest-DeleteServersTestJSON-1753525695-project-member] Weighed [WeighedHost [host: (np0000002366, np0000002366) ram: 23518MB disk: 75776MB io_ops: 0 instances: 0, allocation_candidates: 1, weight: 0.0]] {{(pid=95795) _get_sorted_hosts /opt/stack/nova/nova/scheduler/manager.py:765}}
Jun 08 22:35:37.636126 np0000002366 nova-scheduler[95795]: DEBUG nova.scheduler.utils [None req-5fb73117-cc64-41de-abbd-475b4813dd23 tempest-DeleteServersTestJSON-1753525695 tempest-DeleteServersTestJSON-1753525695-project-member] Attempting to claim resources in the placement API for instance cc5906c8-b4dd-4e76-9d37-78fa3e007cf2 {{(pid=95795) claim_resources /opt/stack/nova/nova/scheduler/utils.py:1345}}
Jun 08 22:35:37.793852 np0000002366 nova-scheduler[95795]: DEBUG nova.scheduler.manager [None req-5fb73117-cc64-41de-abbd-475b4813dd23 tempest-DeleteServersTestJSON-1753525695 tempest-DeleteServersTestJSON-1753525695-project-member] [instance: cc5906c8-b4dd-4e76-9d37-78fa3e007cf2] Selected host: (np0000002366, np0000002366) ram: 23518MB disk: 75776MB io_ops: 0 instances: 0, allocation_candidates: 1 {{(pid=95795) _consume_selected_host /opt/stack/nova/nova/scheduler/manager.py:625}}
Jun 08 22:35:37.794271 np0000002366 nova-scheduler[95795]: DEBUG oslo_concurrency.lockutils [None req-5fb73117-cc64-41de-abbd-475b4813dd23 tempest-DeleteServersTestJSON-1753525695 tempest-DeleteServersTestJSON-1753525695-project-member] Acquiring lock "('np0000002366', 'np0000002366')" by "nova.scheduler.host_manager.HostState.consume_from_request.._locked" {{(pid=95795) inner /opt/stack/data/venv/lib/python3.12/site-packages/oslo_concurrency/lockutils.py:511}}
Jun 08 22:35:37.794549 np0000002366 nova-scheduler[95795]: DEBUG oslo_concurrency.lockutils [None req-5fb73117-cc64-41de-abbd-475b4813dd23 tempest-DeleteServersTestJSON-1753525695 tempest-DeleteServersTestJSON-1753525695-project-member] Lock "('np0000002366', 'np0000002366')" acquired by "nova.scheduler.host_manager.HostState.consume_from_request.._locked" :: waited 0.000s {{(pid=95795) inner /opt/stack/data/venv/lib/python3.12/site-packages/oslo_concurrency/lockutils.py:524}}
Jun 08 22:35:37.794795 np0000002366 nova-scheduler[95795]: DEBUG oslo_concurrency.lockutils [None req-5fb73117-cc64-41de-abbd-475b4813dd23 tempest-DeleteServersTestJSON-1753525695 tempest-DeleteServersTestJSON-1753525695-project-member] Lock "('np0000002366', 'np0000002366')" "released" by "nova.scheduler.host_manager.HostState.consume_from_request.._locked" :: held 0.000s {{(pid=95795) inner /opt/stack/data/venv/lib/python3.12/site-packages/oslo_concurrency/lockutils.py:543}}
Jun 08 22:35:41.569354 np0000002366 nova-scheduler[95797]: DEBUG nova.scheduler.manager [None req-e9e0018e-2726-4ae7-a675-8cae586c8068 tempest-ServerActionsTestOtherA-256345554 tempest-ServerActionsTestOtherA-256345554-project-member] Starting to schedule for instances: ['a3429c80-cae9-40ab-98cc-195c87a0b113'] {{(pid=95797) select_destinations /opt/stack/nova/nova/scheduler/manager.py:210}}
Jun 08 22:35:41.570704 np0000002366 nova-scheduler[95797]: DEBUG nova.scheduler.request_filter [None req-e9e0018e-2726-4ae7-a675-8cae586c8068 tempest-ServerActionsTestOtherA-256345554 tempest-ServerActionsTestOtherA-256345554-project-member] compute_status_filter request filter added forbidden trait COMPUTE_STATUS_DISABLED {{(pid=95797) compute_status_filter /opt/stack/nova/nova/scheduler/request_filter.py:253}}
Jun 08 22:35:41.570704 np0000002366 nova-scheduler[95797]: DEBUG nova.scheduler.request_filter [None req-e9e0018e-2726-4ae7-a675-8cae586c8068 tempest-ServerActionsTestOtherA-256345554 tempest-ServerActionsTestOtherA-256345554-project-member] Request filter 'compute_status_filter' took 0.0 seconds {{(pid=95797) wrapper /opt/stack/nova/nova/scheduler/request_filter.py:46}}
Jun 08 22:35:41.570832 np0000002366 nova-scheduler[95797]: DEBUG nova.scheduler.request_filter [None req-e9e0018e-2726-4ae7-a675-8cae586c8068 tempest-ServerActionsTestOtherA-256345554 tempest-ServerActionsTestOtherA-256345554-project-member] Request filter 'accelerators_filter' took 0.0 seconds {{(pid=95797) wrapper /opt/stack/nova/nova/scheduler/request_filter.py:46}}
Jun 08 22:35:41.571013 np0000002366 nova-scheduler[95797]: DEBUG nova.scheduler.request_filter [None req-e9e0018e-2726-4ae7-a675-8cae586c8068 tempest-ServerActionsTestOtherA-256345554 tempest-ServerActionsTestOtherA-256345554-project-member] Request filter 'packed_virtqueue_filter' took 0.0 seconds {{(pid=95797) wrapper /opt/stack/nova/nova/scheduler/request_filter.py:46}}
Jun 08 22:35:41.571250 np0000002366 nova-scheduler[95797]: DEBUG nova.scheduler.request_filter [None req-e9e0018e-2726-4ae7-a675-8cae586c8068 tempest-ServerActionsTestOtherA-256345554 tempest-ServerActionsTestOtherA-256345554-project-member] Request filter 'remote_managed_ports_filter' took 0.0 seconds {{(pid=95797) wrapper /opt/stack/nova/nova/scheduler/request_filter.py:46}}
Jun 08 22:35:41.571379 np0000002366 nova-scheduler[95797]: DEBUG nova.scheduler.request_filter [None req-e9e0018e-2726-4ae7-a675-8cae586c8068 tempest-ServerActionsTestOtherA-256345554 tempest-ServerActionsTestOtherA-256345554-project-member] ephemeral_encryption_filter skipped {{(pid=95797) ephemeral_encryption_filter /opt/stack/nova/nova/scheduler/request_filter.py:426}}
Jun 08 22:35:41.571514 np0000002366 nova-scheduler[95797]: DEBUG nova.scheduler.request_filter [None req-e9e0018e-2726-4ae7-a675-8cae586c8068 tempest-ServerActionsTestOtherA-256345554 tempest-ServerActionsTestOtherA-256345554-project-member] virtio_sound_filter skipped {{(pid=95797) virtio_sound_filter /opt/stack/nova/nova/scheduler/request_filter.py:460}}
Jun 08 22:35:41.571625 np0000002366 nova-scheduler[95797]: DEBUG nova.scheduler.request_filter [None req-e9e0018e-2726-4ae7-a675-8cae586c8068 tempest-ServerActionsTestOtherA-256345554 tempest-ServerActionsTestOtherA-256345554-project-member] tpm_secret_security_filter skipped {{(pid=95797) tpm_secret_security_filter /opt/stack/nova/nova/scheduler/request_filter.py:477}}
Jun 08 22:35:41.669773 np0000002366 nova-scheduler[95797]: INFO nova.utils [None req-e9e0018e-2726-4ae7-a675-8cae586c8068 tempest-ServerActionsTestOtherA-256345554 tempest-ServerActionsTestOtherA-256345554-project-member] The cell worker thread pool ForkProcess-2.cell_worker is initialized
Jun 08 22:35:41.670217 np0000002366 nova-scheduler[95797]: DEBUG oslo_concurrency.lockutils [None req-e9e0018e-2726-4ae7-a675-8cae586c8068 tempest-ServerActionsTestOtherA-256345554 tempest-ServerActionsTestOtherA-256345554-project-member] Acquiring lock "6c3e3922-f604-4261-a921-f14ebaa130f2" by "nova.context.set_target_cell..get_or_set_cached_cell_and_set_connections" {{(pid=95797) inner /opt/stack/data/venv/lib/python3.12/site-packages/oslo_concurrency/lockutils.py:511}}
Jun 08 22:35:41.670461 np0000002366 nova-scheduler[95797]: DEBUG oslo_concurrency.lockutils [None req-e9e0018e-2726-4ae7-a675-8cae586c8068 tempest-ServerActionsTestOtherA-256345554 tempest-ServerActionsTestOtherA-256345554-project-member] Lock "6c3e3922-f604-4261-a921-f14ebaa130f2" acquired by "nova.context.set_target_cell..get_or_set_cached_cell_and_set_connections" :: waited 0.000s {{(pid=95797) inner /opt/stack/data/venv/lib/python3.12/site-packages/oslo_concurrency/lockutils.py:524}}
Jun 08 22:35:41.671983 np0000002366 nova-scheduler[95797]: DEBUG oslo_concurrency.lockutils [None req-e9e0018e-2726-4ae7-a675-8cae586c8068 tempest-ServerActionsTestOtherA-256345554 tempest-ServerActionsTestOtherA-256345554-project-member] Lock "6c3e3922-f604-4261-a921-f14ebaa130f2" "released" by "nova.context.set_target_cell..get_or_set_cached_cell_and_set_connections" :: held 0.001s {{(pid=95797) inner /opt/stack/data/venv/lib/python3.12/site-packages/oslo_concurrency/lockutils.py:543}}
Jun 08 22:35:41.673953 np0000002366 nova-scheduler[95797]: INFO dbcounter [None req-e9e0018e-2726-4ae7-a675-8cae586c8068 tempest-ServerActionsTestOtherA-256345554 tempest-ServerActionsTestOtherA-256345554-project-member] Registered counter for database nova_cell1
Jun 08 22:35:41.716603 np0000002366 nova-scheduler[95797]: DEBUG oslo_db.sqlalchemy.engines [None req-e9e0018e-2726-4ae7-a675-8cae586c8068 tempest-ServerActionsTestOtherA-256345554 tempest-ServerActionsTestOtherA-256345554-project-member] MySQL server mode set to STRICT_TRANS_TABLES,STRICT_ALL_TABLES,NO_ZERO_IN_DATE,NO_ZERO_DATE,ERROR_FOR_DIVISION_BY_ZERO,TRADITIONAL,NO_ENGINE_SUBSTITUTION {{(pid=95797) _check_effective_sql_mode /opt/stack/data/venv/lib/python3.12/site-packages/oslo_db/sqlalchemy/engines.py:325}}
Jun 08 22:35:41.721332 np0000002366 nova-scheduler[95797]: DEBUG dbcounter [-] [95797] Writer thread running {{(pid=95797) stat_writer /opt/stack/data/venv/lib/python3.12/site-packages/dbcounter.py:102}}
Jun 08 22:35:41.777397 np0000002366 nova-scheduler[95797]: DEBUG dbcounter [-] [95797] Writer thread running {{(pid=95797) stat_writer /opt/stack/data/venv/lib/python3.12/site-packages/dbcounter.py:102}}
Jun 08 22:35:41.780153 np0000002366 nova-scheduler[95797]: DEBUG oslo_concurrency.lockutils [None req-e9e0018e-2726-4ae7-a675-8cae586c8068 tempest-ServerActionsTestOtherA-256345554 tempest-ServerActionsTestOtherA-256345554-project-member] Acquiring lock "6c3e3922-f604-4261-a921-f14ebaa130f2" by "nova.context.set_target_cell..get_or_set_cached_cell_and_set_connections" {{(pid=95797) inner /opt/stack/data/venv/lib/python3.12/site-packages/oslo_concurrency/lockutils.py:511}}
Jun 08 22:35:41.780442 np0000002366 nova-scheduler[95797]: DEBUG oslo_concurrency.lockutils [None req-e9e0018e-2726-4ae7-a675-8cae586c8068 tempest-ServerActionsTestOtherA-256345554 tempest-ServerActionsTestOtherA-256345554-project-member] Lock "6c3e3922-f604-4261-a921-f14ebaa130f2" acquired by "nova.context.set_target_cell..get_or_set_cached_cell_and_set_connections" :: waited 0.000s {{(pid=95797) inner /opt/stack/data/venv/lib/python3.12/site-packages/oslo_concurrency/lockutils.py:524}}
Jun 08 22:35:41.780647 np0000002366 nova-scheduler[95797]: DEBUG oslo_concurrency.lockutils [None req-e9e0018e-2726-4ae7-a675-8cae586c8068 tempest-ServerActionsTestOtherA-256345554 tempest-ServerActionsTestOtherA-256345554-project-member] Lock "6c3e3922-f604-4261-a921-f14ebaa130f2" "released" by "nova.context.set_target_cell..get_or_set_cached_cell_and_set_connections" :: held 0.000s {{(pid=95797) inner /opt/stack/data/venv/lib/python3.12/site-packages/oslo_concurrency/lockutils.py:543}}
Jun 08 22:35:41.784531 np0000002366 nova-scheduler[95797]: DEBUG oslo_concurrency.lockutils [None req-e9e0018e-2726-4ae7-a675-8cae586c8068 tempest-ServerActionsTestOtherA-256345554 tempest-ServerActionsTestOtherA-256345554-project-member] Acquiring lock "('np0000002366', 'np0000002366')" by "nova.scheduler.host_manager.HostState.update.._locked_update" {{(pid=95797) inner /opt/stack/data/venv/lib/python3.12/site-packages/oslo_concurrency/lockutils.py:511}}
Jun 08 22:35:41.788097 np0000002366 nova-scheduler[95797]: DEBUG oslo_concurrency.lockutils [None req-e9e0018e-2726-4ae7-a675-8cae586c8068 tempest-ServerActionsTestOtherA-256345554 tempest-ServerActionsTestOtherA-256345554-project-member] Lock "('np0000002366', 'np0000002366')" acquired by "nova.scheduler.host_manager.HostState.update.._locked_update" :: waited 0.000s {{(pid=95797) inner /opt/stack/data/venv/lib/python3.12/site-packages/oslo_concurrency/lockutils.py:524}}
