Jun 08 22:32:34.098468 np0000002366 devstack@neutron-api.service[90047]: INFO neutron.api.extensions [None req-922c6a9b-dd5a-4a86-99c9-e0a21a7d150c None None] Loaded extension: subnetpool-prefix-ops
Jun 08 22:32:34.098521 np0000002366 devstack@neutron-api.service[90047]: DEBUG neutron.api.extensions [None req-922c6a9b-dd5a-4a86-99c9-e0a21a7d150c None None] Loading extension file: tag_creation.py {{(pid=90047) _load_all_extensions_from_path /opt/stack/neutron/neutron/api/extensions.py:449}}
Jun 08 22:32:34.098975 np0000002366 devstack@neutron-api.service[90047]: DEBUG neutron.api.extensions [None req-922c6a9b-dd5a-4a86-99c9-e0a21a7d150c None None] Ext name="Tag creation extension" alias="tag-creation" description="Allow to create multiple tags for a resource" updated="2024-23-07T10:00:00-00:00" {{(pid=90047) _check_extension /opt/stack/neutron/neutron/api/extensions.py:415}}
Jun 08 22:32:34.098975 np0000002366 devstack@neutron-api.service[90047]: INFO neutron.api.extensions [None req-922c6a9b-dd5a-4a86-99c9-e0a21a7d150c None None] Loaded extension: tag-creation
Jun 08 22:32:34.099143 np0000002366 devstack@neutron-api.service[90047]: DEBUG neutron.api.extensions [None req-922c6a9b-dd5a-4a86-99c9-e0a21a7d150c None None] Loading extension file: tag_ports_during_bulk_creation.py {{(pid=90047) _load_all_extensions_from_path /opt/stack/neutron/neutron/api/extensions.py:449}}
Jun 08 22:32:34.099626 np0000002366 devstack@neutron-api.service[90047]: DEBUG neutron.api.extensions [None req-922c6a9b-dd5a-4a86-99c9-e0a21a7d150c None None] Ext name="Tag Ports During Bulk Creation" alias="tag-ports-during-bulk-creation" description="Allow to tag ports during bulk creation" updated="2019-12-29T19:00:00-00:00" {{(pid=90047) _check_extension /opt/stack/neutron/neutron/api/extensions.py:415}}
Jun 08 22:32:34.099626 np0000002366 devstack@neutron-api.service[90047]: INFO neutron.api.extensions [None req-922c6a9b-dd5a-4a86-99c9-e0a21a7d150c None None] Extension tag-ports-during-bulk-creation not supported by any of loaded plugins
Jun 08 22:32:34.099678 np0000002366 devstack@neutron-api.service[90047]: DEBUG neutron.api.extensions [None req-922c6a9b-dd5a-4a86-99c9-e0a21a7d150c None None] Loading extension file: tagging.py {{(pid=90047) _load_all_extensions_from_path /opt/stack/neutron/neutron/api/extensions.py:449}}
Jun 08 22:32:34.100717 np0000002366 devstack@neutron-api.service[90047]: DEBUG neutron.api.extensions [None req-922c6a9b-dd5a-4a86-99c9-e0a21a7d150c None None] Ext name="Tag support for resources with standard attribute: port, subnet, subnetpool, network, security_group, router, floatingip, policy, trunk, network_segment_range" alias="standard-attr-tag" description="Enables to set tag on resources with standard attribute." updated="2017-01-01T00:00:00-00:00" {{(pid=90047) _check_extension /opt/stack/neutron/neutron/api/extensions.py:415}}
Jun 08 22:32:34.100930 np0000002366 devstack@neutron-api.service[90047]: INFO neutron.api.extensions [None req-922c6a9b-dd5a-4a86-99c9-e0a21a7d150c None None] Loaded extension: standard-attr-tag
Jun 08 22:32:34.101042 np0000002366 devstack@neutron-api.service[90047]: DEBUG neutron.api.extensions [None req-922c6a9b-dd5a-4a86-99c9-e0a21a7d150c None None] Loading extension file: timestamp.py {{(pid=90047) _load_all_extensions_from_path /opt/stack/neutron/neutron/api/extensions.py:449}}
Jun 08 22:32:34.101427 np0000002366 devstack@neutron-api.service[90047]: DEBUG neutron.api.extensions [None req-922c6a9b-dd5a-4a86-99c9-e0a21a7d150c None None] Ext name="Resource timestamps" alias="standard-attr-timestamp" description="Adds created_at and updated_at fields to all Neutron resources that have Neutron standard attributes." updated="2016-09-12T10:00:00-00:00" {{(pid=90047) _check_extension /opt/stack/neutron/neutron/api/extensions.py:415}}
Jun 08 22:32:34.101581 np0000002366 devstack@neutron-api.service[90047]: INFO neutron.api.extensions [None req-922c6a9b-dd5a-4a86-99c9-e0a21a7d150c None None] Loaded extension: standard-attr-timestamp
Jun 08 22:32:34.101685 np0000002366 devstack@neutron-api.service[90047]: DEBUG neutron.api.extensions [None req-922c6a9b-dd5a-4a86-99c9-e0a21a7d150c None None] Loading extension file: trunk.py {{(pid=90047) _load_all_extensions_from_path /opt/stack/neutron/neutron/api/extensions.py:449}}
Jun 08 22:32:34.101976 np0000002366 devstack@neutron-api.service[90047]: DEBUG neutron.api.extensions [None req-922c6a9b-dd5a-4a86-99c9-e0a21a7d150c None None] Ext name="Trunk Extension" alias="trunk" description="Provides support for trunk ports" updated="2016-01-01T10:00:00-00:00" {{(pid=90047) _check_extension /opt/stack/neutron/neutron/api/extensions.py:415}}
Jun 08 22:32:34.102240 np0000002366 devstack@neutron-api.service[90047]: INFO neutron.api.extensions [None req-922c6a9b-dd5a-4a86-99c9-e0a21a7d150c None None] Extension trunk not supported by any of loaded plugins
Jun 08 22:32:34.102300 np0000002366 devstack@neutron-api.service[90047]: DEBUG neutron.api.extensions [None req-922c6a9b-dd5a-4a86-99c9-e0a21a7d150c None None] Loading extension file: trunk_details.py {{(pid=90047) _load_all_extensions_from_path /opt/stack/neutron/neutron/api/extensions.py:449}}
Jun 08 22:32:34.102596 np0000002366 devstack@neutron-api.service[90047]: DEBUG neutron.api.extensions [None req-922c6a9b-dd5a-4a86-99c9-e0a21a7d150c None None] Ext name="Trunk port details" alias="trunk-details" description="Expose trunk port details" updated="2016-01-01T10:00:00-00:00" {{(pid=90047) _check_extension /opt/stack/neutron/neutron/api/extensions.py:415}}
Jun 08 22:32:34.102802 np0000002366 devstack@neutron-api.service[90047]: INFO neutron.api.extensions [None req-922c6a9b-dd5a-4a86-99c9-e0a21a7d150c None None] Extension trunk-details not supported by any of loaded plugins
Jun 08 22:32:34.102893 np0000002366 devstack@neutron-api.service[90047]: DEBUG neutron.api.extensions [None req-922c6a9b-dd5a-4a86-99c9-e0a21a7d150c None None] Loading extension file: uplink_status_propagation.py {{(pid=90047) _load_all_extensions_from_path /opt/stack/neutron/neutron/api/extensions.py:449}}
Jun 08 22:32:34.103178 np0000002366 devstack@neutron-api.service[90047]: DEBUG neutron.api.extensions [None req-922c6a9b-dd5a-4a86-99c9-e0a21a7d150c None None] Ext name="Uplink status propagation extension" alias="uplink-status-propagation" description="Provides ability to propagate port uplink status." updated="2018-05-31T18:00:00-00:00" {{(pid=90047) _check_extension /opt/stack/neutron/neutron/api/extensions.py:415}}
Jun 08 22:32:34.103371 np0000002366 devstack@neutron-api.service[90047]: INFO neutron.api.extensions [None req-922c6a9b-dd5a-4a86-99c9-e0a21a7d150c None None] Extension uplink-status-propagation not supported by any of loaded plugins
Jun 08 22:32:34.104078 np0000002366 devstack@neutron-api.service[90047]: DEBUG neutron.api.extensions [None req-922c6a9b-dd5a-4a86-99c9-e0a21a7d150c None None] Loading extension file: uplink_status_propagation_updatable.py {{(pid=90047) _load_all_extensions_from_path /opt/stack/neutron/neutron/api/extensions.py:449}}
Jun 08 22:32:34.104078 np0000002366 devstack@neutron-api.service[90047]: DEBUG neutron.api.extensions [None req-922c6a9b-dd5a-4a86-99c9-e0a21a7d150c None None] Ext name="Uplink status propagation updatable extension" alias="uplink-status-propagation-updatable" description="Provides ability to update the port uplink status." updated="2024-09-03T18:00:00-00:00" {{(pid=90047) _check_extension /opt/stack/neutron/neutron/api/extensions.py:415}}
Jun 08 22:32:34.104078 np0000002366 devstack@neutron-api.service[90047]: INFO neutron.api.extensions [None req-922c6a9b-dd5a-4a86-99c9-e0a21a7d150c None None] Extension uplink-status-propagation-updatable not supported by any of loaded plugins
Jun 08 22:32:34.104078 np0000002366 devstack@neutron-api.service[90047]: DEBUG neutron.api.extensions [None req-922c6a9b-dd5a-4a86-99c9-e0a21a7d150c None None] Loading extension file: vlantransparent.py {{(pid=90047) _load_all_extensions_from_path /opt/stack/neutron/neutron/api/extensions.py:449}}
Jun 08 22:32:34.104397 np0000002366 devstack@neutron-api.service[90047]: DEBUG neutron.api.extensions [None req-922c6a9b-dd5a-4a86-99c9-e0a21a7d150c None None] Ext name="Vlantransparent" alias="vlan-transparent" description="Provides Vlan Transparent Networks" updated="2015-03-23T09:00:00-00:00" {{(pid=90047) _check_extension /opt/stack/neutron/neutron/api/extensions.py:415}}
Jun 08 22:32:34.104575 np0000002366 devstack@neutron-api.service[90047]: INFO neutron.api.extensions [None req-922c6a9b-dd5a-4a86-99c9-e0a21a7d150c None None] Loaded extension: vlan-transparent
Jun 08 22:32:34.107045 np0000002366 devstack@neutron-api.service[90047]: INFO neutron.quota.resource_registry [None req-922c6a9b-dd5a-4a86-99c9-e0a21a7d150c None None] Creating instance of TrackedResource for resource:network
Jun 08 22:32:34.107045 np0000002366 devstack@neutron-api.service[90047]: INFO neutron.quota.resource_registry [None req-922c6a9b-dd5a-4a86-99c9-e0a21a7d150c None None] Creating instance of TrackedResource for resource:subnet
Jun 08 22:32:34.107339 np0000002366 devstack@neutron-api.service[90047]: INFO neutron.quota.resource_registry [None req-922c6a9b-dd5a-4a86-99c9-e0a21a7d150c None None] Creating instance of TrackedResource for resource:subnetpool
Jun 08 22:32:34.107339 np0000002366 devstack@neutron-api.service[90047]: INFO neutron.quota.resource_registry [None req-922c6a9b-dd5a-4a86-99c9-e0a21a7d150c None None] Creating instance of TrackedResource for resource:port
Jun 08 22:32:34.108959 np0000002366 devstack@neutron-api.service[90047]: DEBUG neutron.api.v2.resource_helper [None req-922c6a9b-dd5a-4a86-99c9-e0a21a7d150c None None] Service L3_ROUTER_NAT assigned prefix: {{(pid=90047) build_resource_info /opt/stack/neutron/neutron/api/v2/resource_helper.py:77}}
Jun 08 22:32:34.109431 np0000002366 devstack@neutron-api.service[90047]: DEBUG neutron.api.v2.resource_helper [None req-922c6a9b-dd5a-4a86-99c9-e0a21a7d150c None None] Service FLAVORS assigned prefix: {{(pid=90047) build_resource_info /opt/stack/neutron/neutron/api/v2/resource_helper.py:77}}
Jun 08 22:32:34.110543 np0000002366 devstack@neutron-api.service[90047]: DEBUG neutron.api.v2.resource_helper [None req-922c6a9b-dd5a-4a86-99c9-e0a21a7d150c None None] Service L3_ROUTER_NAT assigned prefix: {{(pid=90047) build_resource_info /opt/stack/neutron/neutron/api/v2/resource_helper.py:77}}
Jun 08 22:32:34.110830 np0000002366 devstack@neutron-api.service[90049]: INFO neutron.plugins.ml2.drivers.type_vlan [None req-f7c5fbc4-6cae-4e05-bc8f-05bd4cc595bf None None] VlanTypeDriver initialization complete
Jun 08 22:32:34.111050 np0000002366 devstack@neutron-api.service[90047]: DEBUG neutron.api.v2.resource_helper [None req-922c6a9b-dd5a-4a86-99c9-e0a21a7d150c None None] Service L3_ROUTER_NAT assigned prefix: {{(pid=90047) build_resource_info /opt/stack/neutron/neutron/api/v2/resource_helper.py:77}}
Jun 08 22:32:34.111196 np0000002366 devstack@neutron-api.service[90049]: INFO neutron.plugins.ml2.managers [None req-f7c5fbc4-6cae-4e05-bc8f-05bd4cc595bf None None] Initializing extension driver 'port_security'
Jun 08 22:32:34.111257 np0000002366 devstack@neutron-api.service[90047]: INFO neutron.quota.resource_registry [None req-922c6a9b-dd5a-4a86-99c9-e0a21a7d150c None None] Creating instance of TrackedResource for resource:router
Jun 08 22:32:34.111303 np0000002366 devstack@neutron-api.service[90049]: INFO neutron.plugins.ml2.extensions.port_security [None req-f7c5fbc4-6cae-4e05-bc8f-05bd4cc595bf None None] PortSecurityExtensionDriver initialization complete
Jun 08 22:32:34.111303 np0000002366 devstack@neutron-api.service[90049]: INFO neutron.plugins.ml2.managers [None req-f7c5fbc4-6cae-4e05-bc8f-05bd4cc595bf None None] Initializing extension driver 'qos'
Jun 08 22:32:34.111303 np0000002366 devstack@neutron-api.service[90049]: DEBUG neutron.plugins.ml2.extensions.qos [None req-f7c5fbc4-6cae-4e05-bc8f-05bd4cc595bf None None] QosExtensionDriver initialization complete {{(pid=90049) initialize /opt/stack/neutron/neutron/plugins/ml2/extensions/qos.py:31}}
Jun 08 22:32:34.111384 np0000002366 devstack@neutron-api.service[90049]: INFO neutron.plugins.ml2.managers [None req-f7c5fbc4-6cae-4e05-bc8f-05bd4cc595bf None None] Initializing mechanism driver 'ovn'
Jun 08 22:32:34.111471 np0000002366 devstack@neutron-api.service[90049]: INFO neutron.plugins.ml2.drivers.ovn.mech_driver.mech_driver [None req-f7c5fbc4-6cae-4e05-bc8f-05bd4cc595bf None None] Starting OVNMechanismDriver
Jun 08 22:32:34.111687 np0000002366 devstack@neutron-api.service[90047]: INFO neutron.quota.resource_registry [None req-922c6a9b-dd5a-4a86-99c9-e0a21a7d150c None None] Creating instance of TrackedResource for resource:floatingip
Jun 08 22:32:34.112904 np0000002366 devstack@neutron-api.service[90047]: INFO neutron.quota.resource_registry [None req-922c6a9b-dd5a-4a86-99c9-e0a21a7d150c None None] Creating instance of CountableResource for resource:rbac_policy
Jun 08 22:32:34.113188 np0000002366 devstack@neutron-api.service[90049]: DEBUG neutron_lib.callbacks.manager [None req-f7c5fbc4-6cae-4e05-bc8f-05bd4cc595bf None None] Subscribe: > process before_spawn 55550000, False {{(pid=90049) subscribe /opt/stack/data/venv/lib/python3.12/site-packages/neutron_lib/callbacks/manager.py:52}}
Jun 08 22:32:34.113312 np0000002366 devstack@neutron-api.service[90049]: DEBUG neutron_lib.callbacks.manager [None req-f7c5fbc4-6cae-4e05-bc8f-05bd4cc595bf None None] Subscribe: > process after_init 55550000, True {{(pid=90049) subscribe /opt/stack/data/venv/lib/python3.12/site-packages/neutron_lib/callbacks/manager.py:52}}
Jun 08 22:32:34.113475 np0000002366 devstack@neutron-api.service[90049]: DEBUG neutron_lib.callbacks.manager [None req-f7c5fbc4-6cae-4e05-bc8f-05bd4cc595bf None None] Subscribe: > segment after_create 55550000, False {{(pid=90049) subscribe /opt/stack/data/venv/lib/python3.12/site-packages/neutron_lib/callbacks/manager.py:52}}
Jun 08 22:32:34.113544 np0000002366 devstack@neutron-api.service[90049]: DEBUG neutron_lib.callbacks.manager [None req-f7c5fbc4-6cae-4e05-bc8f-05bd4cc595bf None None] Subscribe: > segment after_create 55550000, False {{(pid=90049) subscribe /opt/stack/data/venv/lib/python3.12/site-packages/neutron_lib/callbacks/manager.py:52}}
Jun 08 22:32:34.113568 np0000002366 devstack@neutron-api.service[90047]: INFO neutron.quota.resource_registry [None req-922c6a9b-dd5a-4a86-99c9-e0a21a7d150c None None] Creating instance of TrackedResource for resource:security_group
Jun 08 22:32:34.113673 np0000002366 devstack@neutron-api.service[90049]: DEBUG neutron_lib.callbacks.manager [None req-f7c5fbc4-6cae-4e05-bc8f-05bd4cc595bf None None] Subscribe: > segment after_delete 55550000, False {{(pid=90049) subscribe /opt/stack/data/venv/lib/python3.12/site-packages/neutron_lib/callbacks/manager.py:52}}
Jun 08 22:32:34.113772 np0000002366 devstack@neutron-api.service[90049]: DEBUG neutron_lib.callbacks.manager [None req-f7c5fbc4-6cae-4e05-bc8f-05bd4cc595bf None None] Subscribe: > allowed_address_pair before_create 55550000, False {{(pid=90049) subscribe /opt/stack/data/venv/lib/python3.12/site-packages/neutron_lib/callbacks/manager.py:52}}
Jun 08 22:32:34.113920 np0000002366 devstack@neutron-api.service[90049]: DEBUG neutron_lib.callbacks.manager [None req-f7c5fbc4-6cae-4e05-bc8f-05bd4cc595bf None None] Subscribe: > security_group precommit_create 55550000, False {{(pid=90049) subscribe /opt/stack/data/venv/lib/python3.12/site-packages/neutron_lib/callbacks/manager.py:52}}
Jun 08 22:32:34.114040 np0000002366 devstack@neutron-api.service[90047]: INFO neutron.quota.resource_registry [None req-922c6a9b-dd5a-4a86-99c9-e0a21a7d150c None None] Creating instance of TrackedResource for resource:security_group_rule
Jun 08 22:32:34.114143 np0000002366 devstack@neutron-api.service[90049]: DEBUG neutron_lib.callbacks.manager [None req-f7c5fbc4-6cae-4e05-bc8f-05bd4cc595bf None None] Subscribe: > security_group after_update 55550000, False {{(pid=90049) subscribe /opt/stack/data/venv/lib/python3.12/site-packages/neutron_lib/callbacks/manager.py:52}}
Jun 08 22:32:34.114256 np0000002366 devstack@neutron-api.service[90049]: DEBUG neutron_lib.callbacks.manager [None req-f7c5fbc4-6cae-4e05-bc8f-05bd4cc595bf None None] Subscribe: > security_group after_create 55550000, False {{(pid=90049) subscribe /opt/stack/data/venv/lib/python3.12/site-packages/neutron_lib/callbacks/manager.py:52}}
Jun 08 22:32:34.114256 np0000002366 devstack@neutron-api.service[90049]: DEBUG neutron_lib.callbacks.manager [None req-f7c5fbc4-6cae-4e05-bc8f-05bd4cc595bf None None] Subscribe: > security_group precommit_delete 55550000, False {{(pid=90049) subscribe /opt/stack/data/venv/lib/python3.12/site-packages/neutron_lib/callbacks/manager.py:52}}
Jun 08 22:32:34.114388 np0000002366 devstack@neutron-api.service[90049]: DEBUG neutron_lib.callbacks.manager [None req-f7c5fbc4-6cae-4e05-bc8f-05bd4cc595bf None None] Subscribe: > security_group after_delete 55550000, False {{(pid=90049) subscribe /opt/stack/data/venv/lib/python3.12/site-packages/neutron_lib/callbacks/manager.py:52}}
Jun 08 22:32:34.114491 np0000002366 devstack@neutron-api.service[90049]: DEBUG neutron_lib.callbacks.manager [None req-f7c5fbc4-6cae-4e05-bc8f-05bd4cc595bf None None] Subscribe: > security_group_rule precommit_create 55550000, False {{(pid=90049) subscribe /opt/stack/data/venv/lib/python3.12/site-packages/neutron_lib/callbacks/manager.py:52}}
Jun 08 22:32:34.114610 np0000002366 devstack@neutron-api.service[90049]: DEBUG neutron_lib.callbacks.manager [None req-f7c5fbc4-6cae-4e05-bc8f-05bd4cc595bf None None] Subscribe: > security_group_rule after_create 55550000, False {{(pid=90049) subscribe /opt/stack/data/venv/lib/python3.12/site-packages/neutron_lib/callbacks/manager.py:52}}
Jun 08 22:32:34.114711 np0000002366 devstack@neutron-api.service[90049]: DEBUG neutron_lib.callbacks.manager [None req-f7c5fbc4-6cae-4e05-bc8f-05bd4cc595bf None None] Subscribe: > security_group_rule before_delete 55550000, False {{(pid=90049) subscribe /opt/stack/data/venv/lib/python3.12/site-packages/neutron_lib/callbacks/manager.py:52}}
Jun 08 22:32:34.114737 np0000002366 devstack@neutron-api.service[90047]: DEBUG neutron.api.v2.resource_helper [None req-922c6a9b-dd5a-4a86-99c9-e0a21a7d150c None None] Service CORE assigned prefix: {{(pid=90047) build_resource_info /opt/stack/neutron/neutron/api/v2/resource_helper.py:77}}
Jun 08 22:32:34.114813 np0000002366 devstack@neutron-api.service[90049]: DEBUG neutron_lib.callbacks.manager [None req-f7c5fbc4-6cae-4e05-bc8f-05bd4cc595bf None None] Subscribe: > address_group after_create 55550000, False {{(pid=90049) subscribe /opt/stack/data/venv/lib/python3.12/site-packages/neutron_lib/callbacks/manager.py:52}}
Jun 08 22:32:34.114868 np0000002366 devstack@neutron-api.service[90047]: INFO neutron.quota.resource_registry [None req-922c6a9b-dd5a-4a86-99c9-e0a21a7d150c None None] Creating instance of TrackedResource for resource:subnetpool
Jun 08 22:32:34.114893 np0000002366 devstack@neutron-api.service[90049]: DEBUG neutron_lib.callbacks.manager [None req-f7c5fbc4-6cae-4e05-bc8f-05bd4cc595bf None None] Subscribe: > address_group after_update 55550000, False {{(pid=90049) subscribe /opt/stack/data/venv/lib/python3.12/site-packages/neutron_lib/callbacks/manager.py:52}}
Jun 08 22:32:34.115009 np0000002366 devstack@neutron-api.service[90049]: DEBUG neutron_lib.callbacks.manager [None req-f7c5fbc4-6cae-4e05-bc8f-05bd4cc595bf None None] Subscribe: > address_group after_delete 55550000, False {{(pid=90049) subscribe /opt/stack/data/venv/lib/python3.12/site-packages/neutron_lib/callbacks/manager.py:52}}
Jun 08 22:32:34.115103 np0000002366 devstack@neutron-api.service[90047]: WARNING neutron.quota.resource_registry [None req-922c6a9b-dd5a-4a86-99c9-e0a21a7d150c None None] subnetpool is already registered
Jun 08 22:32:34.115183 np0000002366 devstack@neutron-api.service[90049]: DEBUG neutron_lib.callbacks.manager [None req-f7c5fbc4-6cae-4e05-bc8f-05bd4cc595bf None None] Subscribe: > qos_plugin after_init 55550000, False {{(pid=90049) subscribe /opt/stack/data/venv/lib/python3.12/site-packages/neutron_lib/callbacks/manager.py:52}}
Jun 08 22:32:34.115410 np0000002366 devstack@neutron-api.service[90049]: DEBUG neutron_lib.callbacks.manager [None req-f7c5fbc4-6cae-4e05-bc8f-05bd4cc595bf None None] Subscribe: > trunk_plugin after_init 55550000, False {{(pid=90049) subscribe /opt/stack/data/venv/lib/python3.12/site-packages/neutron_lib/callbacks/manager.py:52}}
Jun 08 22:32:34.115463 np0000002366 devstack@neutron-api.service[90047]: DEBUG neutron.api.v2.resource_helper [None req-922c6a9b-dd5a-4a86-99c9-e0a21a7d150c None None] Service CORE assigned prefix: {{(pid=90047) build_resource_info /opt/stack/neutron/neutron/api/v2/resource_helper.py:77}}
Jun 08 22:32:34.115594 np0000002366 devstack@neutron-api.service[90049]: DEBUG neutron_lib.callbacks.manager [None req-f7c5fbc4-6cae-4e05-bc8f-05bd4cc595bf None None] Subscribe: > logging-plugin after_init 55550000, False {{(pid=90049) subscribe /opt/stack/data/venv/lib/python3.12/site-packages/neutron_lib/callbacks/manager.py:52}}
Jun 08 22:32:34.115620 np0000002366 devstack@neutron-api.service[90047]: INFO neutron.quota.resource_registry [None req-922c6a9b-dd5a-4a86-99c9-e0a21a7d150c None None] Creating instance of TrackedResource for resource:subnetpool
Jun 08 22:32:34.115936 np0000002366 devstack@neutron-api.service[90047]: WARNING neutron.quota.resource_registry [None req-922c6a9b-dd5a-4a86-99c9-e0a21a7d150c None None] subnetpool is already registered
Jun 08 22:32:34.116165 np0000002366 devstack@neutron-api.service[90049]: INFO neutron.services.logapi.drivers.ovn.driver [None req-f7c5fbc4-6cae-4e05-bc8f-05bd4cc595bf None None] OVN logging driver registered
Jun 08 22:32:34.116277 np0000002366 devstack@neutron-api.service[90049]: DEBUG neutron_lib.callbacks.manager [None req-f7c5fbc4-6cae-4e05-bc8f-05bd4cc595bf None None] Subscribe: ._register_pvlan_driver at 0x7ac577859080> pvlan_plugin before_spawn 55550000, False {{(pid=90049) subscribe /opt/stack/data/venv/lib/python3.12/site-packages/neutron_lib/callbacks/manager.py:52}}
Jun 08 22:32:34.116343 np0000002366 devstack@neutron-api.service[90049]: DEBUG neutron_lib.callbacks.manager [None req-f7c5fbc4-6cae-4e05-bc8f-05bd4cc595bf None None] Subscribe: process after_init 55550000, False {{(pid=90049) subscribe /opt/stack/data/venv/lib/python3.12/site-packages/neutron_lib/callbacks/manager.py:52}}
Jun 08 22:32:34.118264 np0000002366 devstack@neutron-api.service[90049]: DEBUG neutron.plugins.ml2.plugin [None req-f7c5fbc4-6cae-4e05-bc8f-05bd4cc595bf None None] neutron.plugins.ml2.plugin.Ml2Plugin method _start_rpc_notifiers called with arguments () {} {{(pid=90049) wrapper /opt/stack/data/venv/lib/python3.12/site-packages/oslo_log/helpers.py:77}}
Jun 08 22:32:34.118264 np0000002366 devstack@neutron-api.service[90049]: DEBUG neutron_lib.callbacks.manager [None req-f7c5fbc4-6cae-4e05-bc8f-05bd4cc595bf None None] Subscribe: > port after_create 55550000, False {{(pid=90049) subscribe /opt/stack/data/venv/lib/python3.12/site-packages/neutron_lib/callbacks/manager.py:52}}
Jun 08 22:32:34.118488 np0000002366 devstack@neutron-api.service[90049]: DEBUG neutron_lib.callbacks.manager [None req-f7c5fbc4-6cae-4e05-bc8f-05bd4cc595bf None None] Subscribe: > port after_update 55550000, False {{(pid=90049) subscribe /opt/stack/data/venv/lib/python3.12/site-packages/neutron_lib/callbacks/manager.py:52}}
Jun 08 22:32:34.118612 np0000002366 devstack@neutron-api.service[90047]: DEBUG neutron.api.v2.resource_helper [None req-922c6a9b-dd5a-4a86-99c9-e0a21a7d150c None None] Service L3_ROUTER_NAT assigned prefix: {{(pid=90047) build_resource_info /opt/stack/neutron/neutron/api/v2/resource_helper.py:77}}
Jun 08 22:32:34.118709 np0000002366 devstack@neutron-api.service[90049]: DEBUG neutron_lib.callbacks.manager [None req-f7c5fbc4-6cae-4e05-bc8f-05bd4cc595bf None None] Subscribe: > port after_delete 55550000, False {{(pid=90049) subscribe /opt/stack/data/venv/lib/python3.12/site-packages/neutron_lib/callbacks/manager.py:52}}
Jun 08 22:32:34.118709 np0000002366 devstack@neutron-api.service[90049]: DEBUG neutron_lib.callbacks.manager [None req-f7c5fbc4-6cae-4e05-bc8f-05bd4cc595bf None None] Subscribe: > subnet after_create 55550000, False {{(pid=90049) subscribe /opt/stack/data/venv/lib/python3.12/site-packages/neutron_lib/callbacks/manager.py:52}}
Jun 08 22:32:34.118709 np0000002366 devstack@neutron-api.service[90049]: DEBUG neutron_lib.callbacks.manager [None req-f7c5fbc4-6cae-4e05-bc8f-05bd4cc595bf None None] Subscribe: > subnet after_update 55550000, False {{(pid=90049) subscribe /opt/stack/data/venv/lib/python3.12/site-packages/neutron_lib/callbacks/manager.py:52}}
Jun 08 22:32:34.118875 np0000002366 devstack@neutron-api.service[90049]: DEBUG neutron_lib.callbacks.manager [None req-f7c5fbc4-6cae-4e05-bc8f-05bd4cc595bf None None] Subscribe: > subnet after_delete 55550000, False {{(pid=90049) subscribe /opt/stack/data/venv/lib/python3.12/site-packages/neutron_lib/callbacks/manager.py:52}}
Jun 08 22:32:34.118900 np0000002366 devstack@neutron-api.service[90047]: DEBUG neutron.api.v2.resource_helper [None req-922c6a9b-dd5a-4a86-99c9-e0a21a7d150c None None] Service FLAVORS assigned prefix: {{(pid=90047) build_resource_info /opt/stack/neutron/neutron/api/v2/resource_helper.py:77}}
Jun 08 22:32:34.119044 np0000002366 devstack@neutron-api.service[90049]: DEBUG neutron_lib.callbacks.manager [None req-f7c5fbc4-6cae-4e05-bc8f-05bd4cc595bf None None] Subscribe: > network after_create 55550000, False {{(pid=90049) subscribe /opt/stack/data/venv/lib/python3.12/site-packages/neutron_lib/callbacks/manager.py:52}}
Jun 08 22:32:34.119044 np0000002366 devstack@neutron-api.service[90049]: DEBUG neutron_lib.callbacks.manager [None req-f7c5fbc4-6cae-4e05-bc8f-05bd4cc595bf None None] Subscribe: > network after_update 55550000, False {{(pid=90049) subscribe /opt/stack/data/venv/lib/python3.12/site-packages/neutron_lib/callbacks/manager.py:52}}
Jun 08 22:32:34.119183 np0000002366 devstack@neutron-api.service[90049]: DEBUG neutron_lib.callbacks.manager [None req-f7c5fbc4-6cae-4e05-bc8f-05bd4cc595bf None None] Subscribe: > network after_delete 55550000, False {{(pid=90049) subscribe /opt/stack/data/venv/lib/python3.12/site-packages/neutron_lib/callbacks/manager.py:52}}
Jun 08 22:32:34.119183 np0000002366 devstack@neutron-api.service[90049]: DEBUG neutron_lib.callbacks.manager [None req-f7c5fbc4-6cae-4e05-bc8f-05bd4cc595bf None None] Subscribe: > security_group after_create 55550000, False {{(pid=90049) subscribe /opt/stack/data/venv/lib/python3.12/site-packages/neutron_lib/callbacks/manager.py:52}}
Jun 08 22:32:34.119332 np0000002366 devstack@neutron-api.service[90049]: DEBUG neutron_lib.callbacks.manager [None req-f7c5fbc4-6cae-4e05-bc8f-05bd4cc595bf None None] Subscribe: > security_group after_update 55550000, False {{(pid=90049) subscribe /opt/stack/data/venv/lib/python3.12/site-packages/neutron_lib/callbacks/manager.py:52}}
Jun 08 22:32:34.119427 np0000002366 devstack@neutron-api.service[90049]: DEBUG neutron_lib.callbacks.manager [None req-f7c5fbc4-6cae-4e05-bc8f-05bd4cc595bf None None] Subscribe: > security_group after_delete 55550000, False {{(pid=90049) subscribe /opt/stack/data/venv/lib/python3.12/site-packages/neutron_lib/callbacks/manager.py:52}}
Jun 08 22:32:34.119519 np0000002366 devstack@neutron-api.service[90049]: DEBUG neutron_lib.callbacks.manager [None req-f7c5fbc4-6cae-4e05-bc8f-05bd4cc595bf None None] Subscribe: > security_group_rule after_create 55550000, False {{(pid=90049) subscribe /opt/stack/data/venv/lib/python3.12/site-packages/neutron_lib/callbacks/manager.py:52}}
Jun 08 22:32:34.119563 np0000002366 devstack@neutron-api.service[90049]: DEBUG neutron_lib.callbacks.manager [None req-f7c5fbc4-6cae-4e05-bc8f-05bd4cc595bf None None] Subscribe: > security_group_rule after_update 55550000, False {{(pid=90049) subscribe /opt/stack/data/venv/lib/python3.12/site-packages/neutron_lib/callbacks/manager.py:52}}
Jun 08 22:32:34.119632 np0000002366 devstack@neutron-api.service[90049]: DEBUG neutron_lib.callbacks.manager [None req-f7c5fbc4-6cae-4e05-bc8f-05bd4cc595bf None None] Subscribe: > security_group_rule after_delete 55550000, False {{(pid=90049) subscribe /opt/stack/data/venv/lib/python3.12/site-packages/neutron_lib/callbacks/manager.py:52}}
Jun 08 22:32:34.119724 np0000002366 devstack@neutron-api.service[90049]: DEBUG neutron_lib.callbacks.manager [None req-f7c5fbc4-6cae-4e05-bc8f-05bd4cc595bf None None] Subscribe: > address_group after_create 55550000, False {{(pid=90049) subscribe /opt/stack/data/venv/lib/python3.12/site-packages/neutron_lib/callbacks/manager.py:52}}
Jun 08 22:32:34.119817 np0000002366 devstack@neutron-api.service[90049]: DEBUG neutron_lib.callbacks.manager [None req-f7c5fbc4-6cae-4e05-bc8f-05bd4cc595bf None None] Subscribe: > address_group after_update 55550000, False {{(pid=90049) subscribe /opt/stack/data/venv/lib/python3.12/site-packages/neutron_lib/callbacks/manager.py:52}}
Jun 08 22:32:34.119892 np0000002366 devstack@neutron-api.service[90049]: DEBUG neutron_lib.callbacks.manager [None req-f7c5fbc4-6cae-4e05-bc8f-05bd4cc595bf None None] Subscribe: > address_group after_delete 55550000, False {{(pid=90049) subscribe /opt/stack/data/venv/lib/python3.12/site-packages/neutron_lib/callbacks/manager.py:52}}
Jun 08 22:32:34.119916 np0000002366 devstack@neutron-api.service[90047]: DEBUG neutron.api.v2.resource_helper [None req-922c6a9b-dd5a-4a86-99c9-e0a21a7d150c None None] Service L3_ROUTER_NAT assigned prefix: {{(pid=90047) build_resource_info /opt/stack/neutron/neutron/api/v2/resource_helper.py:77}}
Jun 08 22:32:34.120022 np0000002366 devstack@neutron-api.service[90049]: DEBUG neutron.plugins.ml2.ovo_rpc [None req-f7c5fbc4-6cae-4e05-bc8f-05bd4cc595bf None None] ML2 OVO RPC backend initialized. {{(pid=90049) __init__ /opt/stack/neutron/neutron/plugins/ml2/ovo_rpc.py:117}}
Jun 08 22:32:34.120957 np0000002366 devstack@neutron-api.service[90047]: DEBUG neutron.api.v2.resource_helper [None req-922c6a9b-dd5a-4a86-99c9-e0a21a7d150c None None] Service L3_ROUTER_NAT assigned prefix: {{(pid=90047) build_resource_info /opt/stack/neutron/neutron/api/v2/resource_helper.py:77}}
Jun 08 22:32:34.120957 np0000002366 devstack@neutron-api.service[90047]: INFO neutron.quota.resource_registry [None req-922c6a9b-dd5a-4a86-99c9-e0a21a7d150c None None] Creating instance of TrackedResource for resource:router
Jun 08 22:32:34.120957 np0000002366 devstack@neutron-api.service[90047]: WARNING neutron.quota.resource_registry [None req-922c6a9b-dd5a-4a86-99c9-e0a21a7d150c None None] router is already registered
Jun 08 22:32:34.121172 np0000002366 devstack@neutron-api.service[90049]: INFO neutron.quota [None req-f7c5fbc4-6cae-4e05-bc8f-05bd4cc595bf None None] Loaded quota_driver: .
Jun 08 22:32:34.121172 np0000002366 devstack@neutron-api.service[90049]: INFO neutron.plugins.ml2.plugin [None req-f7c5fbc4-6cae-4e05-bc8f-05bd4cc595bf None None] Modular L2 Plugin initialization complete
Jun 08 22:32:34.121309 np0000002366 devstack@neutron-api.service[90047]: INFO neutron.quota.resource_registry [None req-922c6a9b-dd5a-4a86-99c9-e0a21a7d150c None None] Creating instance of TrackedResource for resource:floatingip
Jun 08 22:32:34.121438 np0000002366 devstack@neutron-api.service[90049]: DEBUG neutron.manager [None req-f7c5fbc4-6cae-4e05-bc8f-05bd4cc595bf None None] Loading services supported by the core plugin {{(pid=90049) _load_services_from_core_plugin /opt/stack/neutron/neutron/manager.py:170}}
Jun 08 22:32:34.121535 np0000002366 devstack@neutron-api.service[90047]: WARNING neutron.quota.resource_registry [None req-922c6a9b-dd5a-4a86-99c9-e0a21a7d150c None None] floatingip is already registered
Jun 08 22:32:34.121602 np0000002366 devstack@neutron-api.service[90049]: INFO neutron.plugins.ml2.managers [None req-f7c5fbc4-6cae-4e05-bc8f-05bd4cc595bf None None] Got port-security extension from driver 'port_security'
Jun 08 22:32:34.121602 np0000002366 devstack@neutron-api.service[90049]: DEBUG neutron.manager [None req-f7c5fbc4-6cae-4e05-bc8f-05bd4cc595bf None None] Loading service plugins: ['ovn-router', 'auto_allocate', 'tag', 'timestamp', 'network_ip_availability', 'flavors', 'revisions'] {{(pid=90049) _load_service_plugins /opt/stack/neutron/neutron/manager.py:195}}
Jun 08 22:32:34.121716 np0000002366 devstack@neutron-api.service[90049]: INFO neutron.manager [None req-f7c5fbc4-6cae-4e05-bc8f-05bd4cc595bf None None] Loading Plugin: ovn-router
Jun 08 22:32:34.122605 np0000002366 devstack@neutron-api.service[90047]: INFO neutron.quota.resource_registry [None req-922c6a9b-dd5a-4a86-99c9-e0a21a7d150c None None] Creating instance of CountableResource for resource:rbac_policy
Jun 08 22:32:34.122706 np0000002366 devstack@neutron-api.service[90047]: WARNING neutron.quota.resource_registry [None req-922c6a9b-dd5a-4a86-99c9-e0a21a7d150c None None] rbac_policy is already registered
Jun 08 22:32:34.123339 np0000002366 devstack@neutron-api.service[90047]: INFO neutron.quota.resource_registry [None req-922c6a9b-dd5a-4a86-99c9-e0a21a7d150c None None] Creating instance of TrackedResource for resource:security_group
Jun 08 22:32:34.124086 np0000002366 devstack@neutron-api.service[90047]: WARNING neutron.quota.resource_registry [None req-922c6a9b-dd5a-4a86-99c9-e0a21a7d150c None None] security_group is already registered
Jun 08 22:32:34.124086 np0000002366 devstack@neutron-api.service[90047]: INFO neutron.quota.resource_registry [None req-922c6a9b-dd5a-4a86-99c9-e0a21a7d150c None None] Creating instance of TrackedResource for resource:security_group_rule
Jun 08 22:32:34.124086 np0000002366 devstack@neutron-api.service[90047]: WARNING neutron.quota.resource_registry [None req-922c6a9b-dd5a-4a86-99c9-e0a21a7d150c None None] security_group_rule is already registered
Jun 08 22:32:34.124708 np0000002366 devstack@neutron-api.service[90047]: DEBUG neutron.api.v2.resource_helper [None req-922c6a9b-dd5a-4a86-99c9-e0a21a7d150c None None] Service CORE assigned prefix: {{(pid=90047) build_resource_info /opt/stack/neutron/neutron/api/v2/resource_helper.py:77}}
Jun 08 22:32:34.124855 np0000002366 devstack@neutron-api.service[90047]: INFO neutron.quota.resource_registry [None req-922c6a9b-dd5a-4a86-99c9-e0a21a7d150c None None] Creating instance of TrackedResource for resource:subnetpool
Jun 08 22:32:34.125001 np0000002366 devstack@neutron-api.service[90047]: WARNING neutron.quota.resource_registry [None req-922c6a9b-dd5a-4a86-99c9-e0a21a7d150c None None] subnetpool is already registered
Jun 08 22:32:34.125448 np0000002366 devstack@neutron-api.service[90047]: DEBUG neutron.api.v2.resource_helper [None req-922c6a9b-dd5a-4a86-99c9-e0a21a7d150c None None] Service CORE assigned prefix: {{(pid=90047) build_resource_info /opt/stack/neutron/neutron/api/v2/resource_helper.py:77}}
Jun 08 22:32:34.125600 np0000002366 devstack@neutron-api.service[90047]: INFO neutron.quota.resource_registry [None req-922c6a9b-dd5a-4a86-99c9-e0a21a7d150c None None] Creating instance of TrackedResource for resource:subnetpool
Jun 08 22:32:34.125751 np0000002366 devstack@neutron-api.service[90047]: WARNING neutron.quota.resource_registry [None req-922c6a9b-dd5a-4a86-99c9-e0a21a7d150c None None] subnetpool is already registered
Jun 08 22:32:34.126230 np0000002366 devstack@neutron-api.service[90047]: DEBUG neutron.api.extensions [None req-922c6a9b-dd5a-4a86-99c9-e0a21a7d150c None None] Extended resource: extensions {{(pid=90047) __init__ /opt/stack/neutron/neutron/api/extensions.py:156}}
Jun 08 22:32:34.127080 np0000002366 devstack@neutron-api.service[90047]: DEBUG neutron.api.extensions [None req-922c6a9b-dd5a-4a86-99c9-e0a21a7d150c None None] Extended resource: address-groups {{(pid=90047) __init__ /opt/stack/neutron/neutron/api/extensions.py:156}}
Jun 08 22:32:34.127946 np0000002366 devstack@neutron-api.service[90047]: DEBUG neutron.api.extensions [None req-922c6a9b-dd5a-4a86-99c9-e0a21a7d150c None None] Extended resource: address-scopes {{(pid=90047) __init__ /opt/stack/neutron/neutron/api/extensions.py:156}}
Jun 08 22:32:34.128614 np0000002366 devstack@neutron-api.service[90047]: DEBUG neutron.api.extensions [None req-922c6a9b-dd5a-4a86-99c9-e0a21a7d150c None None] Extended resource: agents {{(pid=90047) __init__ /opt/stack/neutron/neutron/api/extensions.py:156}}
Jun 08 22:32:34.129213 np0000002366 devstack@neutron-api.service[90047]: DEBUG neutron.api.extensions [None req-922c6a9b-dd5a-4a86-99c9-e0a21a7d150c None None] Extended resource: auto-allocated-topology {{(pid=90047) __init__ /opt/stack/neutron/neutron/api/extensions.py:156}}
Jun 08 22:32:34.131086 np0000002366 devstack@neutron-api.service[90047]: DEBUG neutron.api.extensions [None req-922c6a9b-dd5a-4a86-99c9-e0a21a7d150c None None] Extended resource: availability_zones {{(pid=90047) __init__ /opt/stack/neutron/neutron/api/extensions.py:156}}
Jun 08 22:32:34.131703 np0000002366 devstack@neutron-api.service[90047]: DEBUG neutron.api.extensions [None req-922c6a9b-dd5a-4a86-99c9-e0a21a7d150c None None] Extended resource: dhcp-networks {{(pid=90047) __init__ /opt/stack/neutron/neutron/api/extensions.py:156}}
Jun 08 22:32:34.132416 np0000002366 devstack@neutron-api.service[90047]: DEBUG neutron.api.extensions [None req-922c6a9b-dd5a-4a86-99c9-e0a21a7d150c None None] Extended resource: dhcp-agents {{(pid=90047) __init__ /opt/stack/neutron/neutron/api/extensions.py:156}}
Jun 08 22:32:34.133311 np0000002366 devstack@neutron-api.service[90049]: DEBUG neutron_lib.callbacks.manager [None req-f7c5fbc4-6cae-4e05-bc8f-05bd4cc595bf None None] Subscribe: > router before_delete 55550000, False {{(pid=90049) subscribe /opt/stack/data/venv/lib/python3.12/site-packages/neutron_lib/callbacks/manager.py:52}}
Jun 08 22:32:34.137076 np0000002366 devstack@neutron-api.service[90049]: DEBUG neutron_lib.callbacks.manager [None req-f7c5fbc4-6cae-4e05-bc8f-05bd4cc595bf None None] Subscribe: port before_update 55550000, False {{(pid=90049) subscribe /opt/stack/data/venv/lib/python3.12/site-packages/neutron_lib/callbacks/manager.py:52}}
Jun 08 22:32:34.137076 np0000002366 devstack@neutron-api.service[90049]: DEBUG neutron_lib.callbacks.manager [None req-f7c5fbc4-6cae-4e05-bc8f-05bd4cc595bf None None] Subscribe: port after_update 55550000, False {{(pid=90049) subscribe /opt/stack/data/venv/lib/python3.12/site-packages/neutron_lib/callbacks/manager.py:52}}
Jun 08 22:32:34.137076 np0000002366 devstack@neutron-api.service[90049]: DEBUG neutron_lib.callbacks.manager [None req-f7c5fbc4-6cae-4e05-bc8f-05bd4cc595bf None None] Subscribe: > port precommit_delete 55550000, False {{(pid=90049) subscribe /opt/stack/data/venv/lib/python3.12/site-packages/neutron_lib/callbacks/manager.py:52}}
Jun 08 22:32:34.137076 np0000002366 devstack@neutron-api.service[90049]: DEBUG neutron_lib.callbacks.manager [None req-f7c5fbc4-6cae-4e05-bc8f-05bd4cc595bf None None] Subscribe: port before_update 55550000, False {{(pid=90049) subscribe /opt/stack/data/venv/lib/python3.12/site-packages/neutron_lib/callbacks/manager.py:52}}
Jun 08 22:32:34.137076 np0000002366 devstack@neutron-api.service[90049]: DEBUG neutron_lib.callbacks.manager [None req-f7c5fbc4-6cae-4e05-bc8f-05bd4cc595bf None None] Subscribe: port before_delete 55550000, False {{(pid=90049) subscribe /opt/stack/data/venv/lib/python3.12/site-packages/neutron_lib/callbacks/manager.py:52}}
Jun 08 22:32:34.137208 np0000002366 devstack@neutron-api.service[90049]: DEBUG neutron_lib.callbacks.manager [None req-f7c5fbc4-6cae-4e05-bc8f-05bd4cc595bf None None] Subscribe: > router precommit_create 55550000, False {{(pid=90049) subscribe /opt/stack/data/venv/lib/python3.12/site-packages/neutron_lib/callbacks/manager.py:52}}
Jun 08 22:32:34.137208 np0000002366 devstack@neutron-api.service[90049]: DEBUG neutron_lib.callbacks.manager [None req-f7c5fbc4-6cae-4e05-bc8f-05bd4cc595bf None None] Subscribe: > router precommit_create 55550000, False {{(pid=90049) subscribe /opt/stack/data/venv/lib/python3.12/site-packages/neutron_lib/callbacks/manager.py:52}}
Jun 08 22:32:34.137208 np0000002366 devstack@neutron-api.service[90049]: DEBUG neutron_lib.callbacks.manager [None req-f7c5fbc4-6cae-4e05-bc8f-05bd4cc595bf None None] Subscribe: > router precommit_update 55550000, False {{(pid=90049) subscribe /opt/stack/data/venv/lib/python3.12/site-packages/neutron_lib/callbacks/manager.py:52}}
Jun 08 22:32:34.137208 np0000002366 devstack@neutron-api.service[90049]: DEBUG neutron_lib.callbacks.manager [None req-f7c5fbc4-6cae-4e05-bc8f-05bd4cc595bf None None] Subscribe: subnet after_update 55550000, False {{(pid=90049) subscribe /opt/stack/data/venv/lib/python3.12/site-packages/neutron_lib/callbacks/manager.py:52}}
Jun 08 22:32:34.137208 np0000002366 devstack@neutron-api.service[90049]: DEBUG neutron.quota.resource_registry [None req-f7c5fbc4-6cae-4e05-bc8f-05bd4cc595bf None None] Tracking information for resource: router configured {{(pid=90049) set_tracked_resource /opt/stack/neutron/neutron/quota/resource_registry.py:203}}
Jun 08 22:32:34.137309 np0000002366 devstack@neutron-api.service[90049]: DEBUG neutron.quota.resource_registry [None req-f7c5fbc4-6cae-4e05-bc8f-05bd4cc595bf None None] Tracking information for resource: floatingip configured {{(pid=90049) set_tracked_resource /opt/stack/neutron/neutron/quota/resource_registry.py:203}}
Jun 08 22:32:34.137309 np0000002366 devstack@neutron-api.service[90049]: INFO neutron.services.ovn_l3.plugin [None req-f7c5fbc4-6cae-4e05-bc8f-05bd4cc595bf None None] Starting OVNL3RouterPlugin
Jun 08 22:32:34.137309 np0000002366 devstack@neutron-api.service[90049]: DEBUG neutron_lib.callbacks.manager [None req-f7c5fbc4-6cae-4e05-bc8f-05bd4cc595bf None None] Subscribe: > port_forwarding_plugin after_init 55550000, False {{(pid=90049) subscribe /opt/stack/data/venv/lib/python3.12/site-packages/neutron_lib/callbacks/manager.py:52}}
Jun 08 22:32:34.137309 np0000002366 devstack@neutron-api.service[90049]: DEBUG neutron_lib.callbacks.manager [None req-f7c5fbc4-6cae-4e05-bc8f-05bd4cc595bf None None] Subscribe: > router before_create 55550100, False {{(pid=90049) subscribe /opt/stack/data/venv/lib/python3.12/site-packages/neutron_lib/callbacks/manager.py:52}}
Jun 08 22:32:34.137309 np0000002366 devstack@neutron-api.service[90049]: DEBUG neutron_lib.callbacks.manager [None req-f7c5fbc4-6cae-4e05-bc8f-05bd4cc595bf None None] Subscribe: > router precommit_delete 55550100, False {{(pid=90049) subscribe /opt/stack/data/venv/lib/python3.12/site-packages/neutron_lib/callbacks/manager.py:52}}
Jun 08 22:32:34.137398 np0000002366 devstack@neutron-api.service[90049]: DEBUG neutron_lib.callbacks.manager [None req-f7c5fbc4-6cae-4e05-bc8f-05bd4cc595bf None None] Subscribe: > router precommit_create 55550100, False {{(pid=90049) subscribe /opt/stack/data/venv/lib/python3.12/site-packages/neutron_lib/callbacks/manager.py:52}}
Jun 08 22:32:34.137398 np0000002366 devstack@neutron-api.service[90049]: DEBUG neutron_lib.callbacks.manager [None req-f7c5fbc4-6cae-4e05-bc8f-05bd4cc595bf None None] Subscribe: > router precommit_update 55550100, False {{(pid=90049) subscribe /opt/stack/data/venv/lib/python3.12/site-packages/neutron_lib/callbacks/manager.py:52}}
Jun 08 22:32:34.138752 np0000002366 devstack@neutron-api.service[90049]: DEBUG neutron.services.provider_configuration [None req-f7c5fbc4-6cae-4e05-bc8f-05bd4cc595bf None None] Service providers = [] {{(pid=90049) parse_service_provider_opt /opt/stack/neutron/neutron/services/provider_configuration.py:170}}
Jun 08 22:32:34.138752 np0000002366 devstack@neutron-api.service[90049]: DEBUG neutron.db.servicetype_db [None req-f7c5fbc4-6cae-4e05-bc8f-05bd4cc595bf None None] Adding provider configuration for service L3_ROUTER_NAT {{(pid=90049) add_provider_configuration /opt/stack/neutron/neutron/db/servicetype_db.py:45}}
Jun 08 22:32:34.140059 np0000002366 devstack@neutron-api.service[90049]: DEBUG neutron_lib.callbacks.manager [None req-f7c5fbc4-6cae-4e05-bc8f-05bd4cc595bf None None] Subscribe: > router precommit_create 55549900, False {{(pid=90049) subscribe /opt/stack/data/venv/lib/python3.12/site-packages/neutron_lib/callbacks/manager.py:52}}
Jun 08 22:32:34.140202 np0000002366 devstack@neutron-api.service[90049]: DEBUG neutron_lib.callbacks.manager [None req-f7c5fbc4-6cae-4e05-bc8f-05bd4cc595bf None None] Subscribe: > router_interface after_create 55550000, False {{(pid=90049) subscribe /opt/stack/data/venv/lib/python3.12/site-packages/neutron_lib/callbacks/manager.py:52}}
Jun 08 22:32:34.140325 np0000002366 devstack@neutron-api.service[90049]: DEBUG neutron_lib.callbacks.manager [None req-f7c5fbc4-6cae-4e05-bc8f-05bd4cc595bf None None] Subscribe: > floatingip after_create 55550000, False {{(pid=90049) subscribe /opt/stack/data/venv/lib/python3.12/site-packages/neutron_lib/callbacks/manager.py:52}}
Jun 08 22:32:34.140428 np0000002366 devstack@neutron-api.service[90049]: DEBUG neutron_lib.callbacks.manager [None req-f7c5fbc4-6cae-4e05-bc8f-05bd4cc595bf None None] Subscribe: > floatingip precommit_create 55550000, False {{(pid=90049) subscribe /opt/stack/data/venv/lib/python3.12/site-packages/neutron_lib/callbacks/manager.py:52}}
Jun 08 22:32:34.140550 np0000002366 devstack@neutron-api.service[90049]: DEBUG neutron_lib.callbacks.manager [None req-f7c5fbc4-6cae-4e05-bc8f-05bd4cc595bf None None] Subscribe: > floatingip precommit_update 55550000, False {{(pid=90049) subscribe /opt/stack/data/venv/lib/python3.12/site-packages/neutron_lib/callbacks/manager.py:52}}
Jun 08 22:32:34.140669 np0000002366 devstack@neutron-api.service[90049]: DEBUG neutron_lib.callbacks.manager [None req-f7c5fbc4-6cae-4e05-bc8f-05bd4cc595bf None None] Subscribe: > floatingip after_delete 55550000, False {{(pid=90049) subscribe /opt/stack/data/venv/lib/python3.12/site-packages/neutron_lib/callbacks/manager.py:52}}
Jun 08 22:32:34.140771 np0000002366 devstack@neutron-api.service[90049]: DEBUG neutron_lib.callbacks.manager [None req-f7c5fbc4-6cae-4e05-bc8f-05bd4cc595bf None None] Subscribe: > floatingip after_status_update 55550000, False {{(pid=90049) subscribe /opt/stack/data/venv/lib/python3.12/site-packages/neutron_lib/callbacks/manager.py:52}}
Jun 08 22:32:34.140865 np0000002366 devstack@neutron-api.service[90049]: DEBUG neutron_lib.callbacks.manager [None req-f7c5fbc4-6cae-4e05-bc8f-05bd4cc595bf None None] Subscribe: > floatingip after_update 55550000, False {{(pid=90049) subscribe /opt/stack/data/venv/lib/python3.12/site-packages/neutron_lib/callbacks/manager.py:52}}
Jun 08 22:32:34.140963 np0000002366 devstack@neutron-api.service[90049]: DEBUG neutron_lib.callbacks.manager [None req-f7c5fbc4-6cae-4e05-bc8f-05bd4cc595bf None None] Subscribe: > port_forwarding after_create 55550000, False {{(pid=90049) subscribe /opt/stack/data/venv/lib/python3.12/site-packages/neutron_lib/callbacks/manager.py:52}}
Jun 08 22:32:34.141093 np0000002366 devstack@neutron-api.service[90049]: DEBUG neutron_lib.callbacks.manager [None req-f7c5fbc4-6cae-4e05-bc8f-05bd4cc595bf None None] Subscribe: > router_interface after_delete 55550000, False {{(pid=90049) subscribe /opt/stack/data/venv/lib/python3.12/site-packages/neutron_lib/callbacks/manager.py:52}}
Jun 08 22:32:34.141195 np0000002366 devstack@neutron-api.service[90049]: DEBUG neutron_lib.callbacks.manager [None req-f7c5fbc4-6cae-4e05-bc8f-05bd4cc595bf None None] Subscribe: > router after_create 55550000, False {{(pid=90049) subscribe /opt/stack/data/venv/lib/python3.12/site-packages/neutron_lib/callbacks/manager.py:52}}
Jun 08 22:32:34.141308 np0000002366 devstack@neutron-api.service[90049]: DEBUG neutron_lib.callbacks.manager [None req-f7c5fbc4-6cae-4e05-bc8f-05bd4cc595bf None None] Subscribe: > router precommit_create 55550000, False {{(pid=90049) subscribe /opt/stack/data/venv/lib/python3.12/site-packages/neutron_lib/callbacks/manager.py:52}}
Jun 08 22:32:34.141406 np0000002366 devstack@neutron-api.service[90049]: DEBUG neutron_lib.callbacks.manager [None req-f7c5fbc4-6cae-4e05-bc8f-05bd4cc595bf None None] Subscribe: > router after_delete 55550000, False {{(pid=90049) subscribe /opt/stack/data/venv/lib/python3.12/site-packages/neutron_lib/callbacks/manager.py:52}}
Jun 08 22:32:34.141561 np0000002366 devstack@neutron-api.service[90049]: DEBUG neutron_lib.callbacks.manager [None req-f7c5fbc4-6cae-4e05-bc8f-05bd4cc595bf None None] Subscribe: > router after_update 55550000, False {{(pid=90049) subscribe /opt/stack/data/venv/lib/python3.12/site-packages/neutron_lib/callbacks/manager.py:52}}
Jun 08 22:32:34.141667 np0000002366 devstack@neutron-api.service[90049]: DEBUG neutron.services.service_base [None req-f7c5fbc4-6cae-4e05-bc8f-05bd4cc595bf None None] Loaded 'neutron.services.ovn_l3.service_providers.ovn.OvnDriver' provider for service L3_ROUTER_NAT {{(pid=90049) load_drivers /opt/stack/neutron/neutron/services/service_base.py:49}}
Jun 08 22:32:34.142397 np0000002366 devstack@neutron-api.service[90049]: DEBUG neutron_lib.callbacks.manager [None req-f7c5fbc4-6cae-4e05-bc8f-05bd4cc595bf None None] Subscribe: > process after_init 55550001, True {{(pid=90049) subscribe /opt/stack/data/venv/lib/python3.12/site-packages/neutron_lib/callbacks/manager.py:52}}
Jun 08 22:32:34.142397 np0000002366 devstack@neutron-api.service[90049]: DEBUG neutron.manager [None req-f7c5fbc4-6cae-4e05-bc8f-05bd4cc595bf None None] Successfully loaded L3_ROUTER_NAT plugin. Description: L3 Router Service Plugin for basic L3 forwarding using OVN {{(pid=90049) _create_and_add_service_plugin /opt/stack/neutron/neutron/manager.py:239}}
Jun 08 22:32:34.142397 np0000002366 devstack@neutron-api.service[90049]: INFO neutron.manager [None req-f7c5fbc4-6cae-4e05-bc8f-05bd4cc595bf None None] Loading Plugin: auto_allocate
