Jul 07 19:20:44.794330 np0000004757 devstack@g-api.service[99494]: DEBUG glance_store.backend [-] Registering store swift with schemes ('swift+https', 'swift', 'swift+http', 'swift+config') {{(pid=99494) create_stores /opt/stack/data/venv/lib/python3.12/site-packages/glance_store/backend.py:261}}
Jul 07 19:20:44.794419 np0000004757 devstack@g-api.service[99494]: DEBUG glance_store.driver [-] Late loading location class glance_store._drivers.swift.store.StoreLocation {{(pid=99494) get_store_location_class /opt/stack/data/venv/lib/python3.12/site-packages/glance_store/driver.py:134}}
Jul 07 19:20:44.794511 np0000004757 devstack@g-api.service[99494]: DEBUG glance_store.location [-] Registering scheme swift+https with {'store': , 'location_class': , 'store_entry': 'swift'} {{(pid=99494) register_scheme_map /opt/stack/data/venv/lib/python3.12/site-packages/glance_store/location.py:146}}
Jul 07 19:20:44.794597 np0000004757 devstack@g-api.service[99494]: DEBUG glance_store.location [-] Registering scheme swift with {'store': , 'location_class': , 'store_entry': 'swift'} {{(pid=99494) register_scheme_map /opt/stack/data/venv/lib/python3.12/site-packages/glance_store/location.py:146}}
Jul 07 19:20:44.794700 np0000004757 devstack@g-api.service[99494]: DEBUG glance_store.location [-] Registering scheme swift+http with {'store': , 'location_class': , 'store_entry': 'swift'} {{(pid=99494) register_scheme_map /opt/stack/data/venv/lib/python3.12/site-packages/glance_store/location.py:146}}
Jul 07 19:20:44.794781 np0000004757 devstack@g-api.service[99494]: DEBUG glance_store.location [-] Registering scheme swift+config with {'store': , 'location_class': , 'store_entry': 'swift'} {{(pid=99494) register_scheme_map /opt/stack/data/venv/lib/python3.12/site-packages/glance_store/location.py:146}}
Jul 07 19:20:44.794861 np0000004757 devstack@g-api.service[99494]: DEBUG glance_store.backend [-] Attempting to import store http {{(pid=99494) _load_store /opt/stack/data/venv/lib/python3.12/site-packages/glance_store/backend.py:215}}
Jul 07 19:20:44.795090 np0000004757 devstack@g-api.service[99494]: DEBUG glance_store.capabilities [-] Store glance_store._drivers.http.Store doesn't support updating dynamic storage capabilities. Please overwrite 'update_capabilities' method of the store to implement updating logics if needed. {{(pid=99494) update_capabilities /opt/stack/data/venv/lib/python3.12/site-packages/glance_store/capabilities.py:91}}
Jul 07 19:20:44.795140 np0000004757 devstack@g-api.service[99494]: DEBUG glance_store.backend [-] Registering store http with schemes ('http', 'https') {{(pid=99494) create_stores /opt/stack/data/venv/lib/python3.12/site-packages/glance_store/backend.py:261}}
Jul 07 19:20:44.795225 np0000004757 devstack@g-api.service[99494]: DEBUG glance_store.driver [-] Late loading location class glance_store._drivers.http.StoreLocation {{(pid=99494) get_store_location_class /opt/stack/data/venv/lib/python3.12/site-packages/glance_store/driver.py:134}}
Jul 07 19:20:44.795325 np0000004757 devstack@g-api.service[99494]: DEBUG glance_store.location [-] Registering scheme http with {'store': , 'location_class': , 'store_entry': 'http'} {{(pid=99494) register_scheme_map /opt/stack/data/venv/lib/python3.12/site-packages/glance_store/location.py:146}}
Jul 07 19:20:44.795407 np0000004757 devstack@g-api.service[99494]: DEBUG glance_store.location [-] Registering scheme https with {'store': , 'location_class': , 'store_entry': 'http'} {{(pid=99494) register_scheme_map /opt/stack/data/venv/lib/python3.12/site-packages/glance_store/location.py:146}}
Jul 07 19:20:44.795542 np0000004757 devstack@g-api.service[99494]: DEBUG glance_store.backend [-] Attempting to import store swift {{(pid=99494) _load_store /opt/stack/data/venv/lib/python3.12/site-packages/glance_store/backend.py:215}}
Jul 07 19:20:44.796635 np0000004757 devstack@g-api.service[99494]: DEBUG glance_store.capabilities [-] Store glance_store._drivers.swift.store.SingleTenantStore doesn't support updating dynamic storage capabilities. Please overwrite 'update_capabilities' method of the store to implement updating logics if needed. {{(pid=99494) update_capabilities /opt/stack/data/venv/lib/python3.12/site-packages/glance_store/capabilities.py:91}}
Jul 07 19:20:44.796697 np0000004757 devstack@g-api.service[99494]: DEBUG glance_store.driver [-] Late loading location class glance_store._drivers.swift.store.StoreLocation {{(pid=99494) get_store_location_class /opt/stack/data/venv/lib/python3.12/site-packages/glance_store/driver.py:134}}
Jul 07 19:20:44.796795 np0000004757 devstack@g-api.service[99494]: DEBUG glance_store.location [-] Registering scheme swift+https with {'store': , 'location_class': , 'store_entry': 'swift'} {{(pid=99494) register_scheme_map /opt/stack/data/venv/lib/python3.12/site-packages/glance_store/location.py:146}}
Jul 07 19:20:44.796880 np0000004757 devstack@g-api.service[99494]: DEBUG glance_store.location [-] Registering scheme swift+https with {'store': , 'location_class': , 'store_entry': 'swift'} {{(pid=99494) register_scheme_map /opt/stack/data/venv/lib/python3.12/site-packages/glance_store/location.py:146}}
Jul 07 19:20:44.796949 np0000004757 devstack@g-api.service[99494]: DEBUG glance_store.location [-] Registering scheme swift with {'store': , 'location_class': , 'store_entry': 'swift'} {{(pid=99494) register_scheme_map /opt/stack/data/venv/lib/python3.12/site-packages/glance_store/location.py:146}}
Jul 07 19:20:44.797012 np0000004757 devstack@g-api.service[99494]: DEBUG glance_store.location [-] Registering scheme swift+https with {'store': , 'location_class': , 'store_entry': 'swift'} {{(pid=99494) register_scheme_map /opt/stack/data/venv/lib/python3.12/site-packages/glance_store/location.py:146}}
Jul 07 19:20:44.797100 np0000004757 devstack@g-api.service[99494]: DEBUG glance_store.location [-] Registering scheme swift with {'store': , 'location_class': , 'store_entry': 'swift'} {{(pid=99494) register_scheme_map /opt/stack/data/venv/lib/python3.12/site-packages/glance_store/location.py:146}}
Jul 07 19:20:44.797160 np0000004757 devstack@g-api.service[99494]: DEBUG glance_store.location [-] Registering scheme swift+http with {'store': , 'location_class': , 'store_entry': 'swift'} {{(pid=99494) register_scheme_map /opt/stack/data/venv/lib/python3.12/site-packages/glance_store/location.py:146}}
Jul 07 19:20:44.797247 np0000004757 devstack@g-api.service[99494]: DEBUG glance_store.location [-] Registering scheme swift+https with {'store': , 'location_class': , 'store_entry': 'swift'} {{(pid=99494) register_scheme_map /opt/stack/data/venv/lib/python3.12/site-packages/glance_store/location.py:146}}
Jul 07 19:20:44.797329 np0000004757 devstack@g-api.service[99494]: DEBUG glance_store.location [-] Registering scheme swift with {'store': , 'location_class': , 'store_entry': 'swift'} {{(pid=99494) register_scheme_map /opt/stack/data/venv/lib/python3.12/site-packages/glance_store/location.py:146}}
Jul 07 19:20:44.797416 np0000004757 devstack@g-api.service[99494]: DEBUG glance_store.location [-] Registering scheme swift+http with {'store': , 'location_class': , 'store_entry': 'swift'} {{(pid=99494) register_scheme_map /opt/stack/data/venv/lib/python3.12/site-packages/glance_store/location.py:146}}
Jul 07 19:20:44.797495 np0000004757 devstack@g-api.service[99494]: DEBUG glance_store.location [-] Registering scheme swift+config with {'store': , 'location_class': , 'store_entry': 'swift'} {{(pid=99494) register_scheme_map /opt/stack/data/venv/lib/python3.12/site-packages/glance_store/location.py:146}}
Jul 07 19:20:44.797821 np0000004757 devstack@g-api.service[99494]: DEBUG glance.sqlite_migration [-] SQLite caching database not located, skipping migration {{(pid=99494) get_db_path /opt/stack/glance/glance/sqlite_migration.py:68}}
Jul 07 19:20:44.798045 np0000004757 devstack@g-api.service[99494]: WARNING glance.common.wsgi_app [-] Import methods are enabled but staging directory /tmp/staging/ does not exist; Imports will fail!
Jul 07 19:20:44.904584 np0000004757 devstack@g-api.service[99495]: DEBUG glance.common.config [None req-2ce41917-4ee0-4af2-881d-c7be104a8a66 None None] Loading glance-api-keystone+cachemanagement from /etc/glance/glance-api-paste.ini {{(pid=99495) load_paste_app /opt/stack/glance/glance/common/config.py:765}}
Jul 07 19:20:44.905711 np0000004757 devstack@g-api.service[99496]: DEBUG glance.common.config [None req-874c4283-e999-4815-a131-a757954f8bd9 None None] Loading glance-api-keystone+cachemanagement from /etc/glance/glance-api-paste.ini {{(pid=99496) load_paste_app /opt/stack/glance/glance/common/config.py:765}}
Jul 07 19:20:44.937139 np0000004757 devstack@g-api.service[99494]: DEBUG glance.common.config [None req-95baa68c-1d48-4e9a-a6db-1d346bbf9b00 None None] Loading glance-api-keystone+cachemanagement from /etc/glance/glance-api-paste.ini {{(pid=99494) load_paste_app /opt/stack/glance/glance/common/config.py:765}}
Jul 07 19:20:45.487759 np0000004757 devstack@g-api.service[99496]: INFO glance.image_cache [None req-874c4283-e999-4815-a131-a757954f8bd9 None None] Image cache loaded driver 'centralized_db'.
Jul 07 19:20:45.489605 np0000004757 devstack@g-api.service[99494]: INFO glance.image_cache [None req-95baa68c-1d48-4e9a-a6db-1d346bbf9b00 None None] Image cache loaded driver 'centralized_db'.
Jul 07 19:20:45.489902 np0000004757 devstack@g-api.service[99495]: INFO glance.image_cache [None req-2ce41917-4ee0-4af2-881d-c7be104a8a66 None None] Image cache loaded driver 'centralized_db'.
Jul 07 19:20:45.530737 np0000004757 devstack@g-api.service[99495]: INFO dbcounter [None req-2ce41917-4ee0-4af2-881d-c7be104a8a66 None None] Registered counter for database glance
Jul 07 19:20:45.531035 np0000004757 devstack@g-api.service[99496]: INFO dbcounter [None req-874c4283-e999-4815-a131-a757954f8bd9 None None] Registered counter for database glance
Jul 07 19:20:45.533109 np0000004757 devstack@g-api.service[99494]: INFO dbcounter [None req-95baa68c-1d48-4e9a-a6db-1d346bbf9b00 None None] Registered counter for database glance
Jul 07 19:20:45.566255 np0000004757 devstack@g-api.service[99495]: DEBUG oslo_db.sqlalchemy.engines [None req-2ce41917-4ee0-4af2-881d-c7be104a8a66 None None] MySQL server mode set to STRICT_TRANS_TABLES,STRICT_ALL_TABLES,NO_ZERO_IN_DATE,NO_ZERO_DATE,ERROR_FOR_DIVISION_BY_ZERO,TRADITIONAL,NO_ENGINE_SUBSTITUTION {{(pid=99495) _check_effective_sql_mode /opt/stack/data/venv/lib/python3.12/site-packages/oslo_db/sqlalchemy/engines.py:325}}
Jul 07 19:20:45.567513 np0000004757 devstack@g-api.service[99496]: DEBUG oslo_db.sqlalchemy.engines [None req-874c4283-e999-4815-a131-a757954f8bd9 None None] MySQL server mode set to STRICT_TRANS_TABLES,STRICT_ALL_TABLES,NO_ZERO_IN_DATE,NO_ZERO_DATE,ERROR_FOR_DIVISION_BY_ZERO,TRADITIONAL,NO_ENGINE_SUBSTITUTION {{(pid=99496) _check_effective_sql_mode /opt/stack/data/venv/lib/python3.12/site-packages/oslo_db/sqlalchemy/engines.py:325}}
Jul 07 19:20:45.570065 np0000004757 devstack@g-api.service[99494]: DEBUG oslo_db.sqlalchemy.engines [None req-95baa68c-1d48-4e9a-a6db-1d346bbf9b00 None None] MySQL server mode set to STRICT_TRANS_TABLES,STRICT_ALL_TABLES,NO_ZERO_IN_DATE,NO_ZERO_DATE,ERROR_FOR_DIVISION_BY_ZERO,TRADITIONAL,NO_ENGINE_SUBSTITUTION {{(pid=99494) _check_effective_sql_mode /opt/stack/data/venv/lib/python3.12/site-packages/oslo_db/sqlalchemy/engines.py:325}}
Jul 07 19:20:45.585306 np0000004757 devstack@g-api.service[99495]: DEBUG dbcounter [-] [99495] Writer thread running {{(pid=99495) stat_writer /opt/stack/data/venv/lib/python3.12/site-packages/dbcounter.py:102}}
Jul 07 19:20:45.588174 np0000004757 devstack@g-api.service[99496]: DEBUG dbcounter [-] [99496] Writer thread running {{(pid=99496) stat_writer /opt/stack/data/venv/lib/python3.12/site-packages/dbcounter.py:102}}
Jul 07 19:20:45.589814 np0000004757 devstack@g-api.service[99494]: DEBUG dbcounter [-] [99494] Writer thread running {{(pid=99494) stat_writer /opt/stack/data/venv/lib/python3.12/site-packages/dbcounter.py:102}}
Jul 07 19:20:45.594114 np0000004757 devstack@g-api.service[99494]: DEBUG glance.image_cache.drivers.centralized_db [None req-95baa68c-1d48-4e9a-a6db-1d346bbf9b00 None None] Node reference is already recorded, ignoring it {{(pid=99494) configure /opt/stack/glance/glance/image_cache/drivers/centralized_db.py:71}}
Jul 07 19:20:45.594170 np0000004757 devstack@g-api.service[99496]: DEBUG glance.image_cache.drivers.centralized_db [None req-874c4283-e999-4815-a131-a757954f8bd9 None None] Node reference is already recorded, ignoring it {{(pid=99496) configure /opt/stack/glance/glance/image_cache/drivers/centralized_db.py:71}}
Jul 07 19:20:45.600537 np0000004757 devstack@g-api.service[99495]: INFO glance.image_cache [None req-2ce41917-4ee0-4af2-881d-c7be104a8a66 None None] Image cache loaded driver 'centralized_db'.
Jul 07 19:20:45.600910 np0000004757 devstack@g-api.service[99496]: INFO glance.image_cache [None req-874c4283-e999-4815-a131-a757954f8bd9 None None] Image cache loaded driver 'centralized_db'.
Jul 07 19:20:45.601316 np0000004757 devstack@g-api.service[99494]: INFO glance.image_cache [None req-95baa68c-1d48-4e9a-a6db-1d346bbf9b00 None None] Image cache loaded driver 'centralized_db'.
Jul 07 19:20:45.611938 np0000004757 devstack@g-api.service[99496]: DEBUG glance.image_cache.drivers.centralized_db [None req-874c4283-e999-4815-a131-a757954f8bd9 None None] Node reference is already recorded, ignoring it {{(pid=99496) configure /opt/stack/glance/glance/image_cache/drivers/centralized_db.py:71}}
Jul 07 19:20:45.693717 np0000004757 devstack@g-api.service[99495]: DEBUG glance.image_cache.drivers.centralized_db [None req-2ce41917-4ee0-4af2-881d-c7be104a8a66 None None] Node reference is already recorded, ignoring it {{(pid=99495) configure /opt/stack/glance/glance/image_cache/drivers/centralized_db.py:71}}
Jul 07 19:20:45.698314 np0000004757 devstack@g-api.service[99495]: DEBUG glance.api.v2.cached_images [None req-2ce41917-4ee0-4af2-881d-c7be104a8a66 None None] Started cache worker thread {{(pid=99495) __init__ /opt/stack/glance/glance/api/v2/cached_images.py:71}}
Jul 07 19:20:45.699005 np0000004757 devstack@g-api.service[99495]: INFO glance.image_cache [None req-2ce41917-4ee0-4af2-881d-c7be104a8a66 None None] Image cache loaded driver 'centralized_db'.
Jul 07 19:20:45.705031 np0000004757 devstack@g-api.service[99495]: DEBUG glance.image_cache.drivers.centralized_db [None req-2ce41917-4ee0-4af2-881d-c7be104a8a66 None None] Node reference is already recorded, ignoring it {{(pid=99495) configure /opt/stack/glance/glance/image_cache/drivers/centralized_db.py:71}}
Jul 07 19:20:45.706368 np0000004757 devstack@g-api.service[99494]: DEBUG glance.image_cache.drivers.centralized_db [None req-95baa68c-1d48-4e9a-a6db-1d346bbf9b00 None None] Node reference is already recorded, ignoring it {{(pid=99494) configure /opt/stack/glance/glance/image_cache/drivers/centralized_db.py:71}}
Jul 07 19:20:45.709936 np0000004757 devstack@g-api.service[99495]: INFO glance.api.middleware.cache_manage [None req-2ce41917-4ee0-4af2-881d-c7be104a8a66 None None] Initialized image cache management middleware
Jul 07 19:20:45.710111 np0000004757 devstack@g-api.service[99495]: INFO glance.image_cache [None req-2ce41917-4ee0-4af2-881d-c7be104a8a66 None None] Image cache loaded driver 'centralized_db'.
Jul 07 19:20:45.711173 np0000004757 devstack@g-api.service[99494]: DEBUG glance.api.v2.cached_images [None req-95baa68c-1d48-4e9a-a6db-1d346bbf9b00 None None] Started cache worker thread {{(pid=99494) __init__ /opt/stack/glance/glance/api/v2/cached_images.py:71}}
Jul 07 19:20:45.711798 np0000004757 devstack@g-api.service[99494]: INFO glance.image_cache [None req-95baa68c-1d48-4e9a-a6db-1d346bbf9b00 None None] Image cache loaded driver 'centralized_db'.
Jul 07 19:20:45.711986 np0000004757 devstack@g-api.service[99496]: DEBUG glance.api.v2.cached_images [None req-874c4283-e999-4815-a131-a757954f8bd9 None None] Started cache worker thread {{(pid=99496) __init__ /opt/stack/glance/glance/api/v2/cached_images.py:71}}
Jul 07 19:20:45.712785 np0000004757 devstack@g-api.service[99496]: INFO glance.image_cache [None req-874c4283-e999-4815-a131-a757954f8bd9 None None] Image cache loaded driver 'centralized_db'.
Jul 07 19:20:45.716029 np0000004757 devstack@g-api.service[99495]: DEBUG glance.image_cache.drivers.centralized_db [None req-2ce41917-4ee0-4af2-881d-c7be104a8a66 None None] Node reference is already recorded, ignoring it {{(pid=99495) configure /opt/stack/glance/glance/image_cache/drivers/centralized_db.py:71}}
Jul 07 19:20:45.718567 np0000004757 devstack@g-api.service[99496]: DEBUG glance.image_cache.drivers.centralized_db [None req-874c4283-e999-4815-a131-a757954f8bd9 None None] Node reference is already recorded, ignoring it {{(pid=99496) configure /opt/stack/glance/glance/image_cache/drivers/centralized_db.py:71}}
Jul 07 19:20:45.718634 np0000004757 devstack@g-api.service[99494]: DEBUG glance.image_cache.drivers.centralized_db [None req-95baa68c-1d48-4e9a-a6db-1d346bbf9b00 None None] Node reference is already recorded, ignoring it {{(pid=99494) configure /opt/stack/glance/glance/image_cache/drivers/centralized_db.py:71}}
Jul 07 19:20:45.719433 np0000004757 devstack@g-api.service[99495]: INFO glance.api.middleware.cache [None req-2ce41917-4ee0-4af2-881d-c7be104a8a66 None None] Initialized image cache middleware
Jul 07 19:20:45.723039 np0000004757 devstack@g-api.service[99496]: INFO glance.api.middleware.cache_manage [None req-874c4283-e999-4815-a131-a757954f8bd9 None None] Initialized image cache management middleware
Jul 07 19:20:45.723123 np0000004757 devstack@g-api.service[99494]: INFO glance.api.middleware.cache_manage [None req-95baa68c-1d48-4e9a-a6db-1d346bbf9b00 None None] Initialized image cache management middleware
Jul 07 19:20:45.723199 np0000004757 devstack@g-api.service[99496]: INFO glance.image_cache [None req-874c4283-e999-4815-a131-a757954f8bd9 None None] Image cache loaded driver 'centralized_db'.
Jul 07 19:20:45.723246 np0000004757 devstack@g-api.service[99494]: INFO glance.image_cache [None req-95baa68c-1d48-4e9a-a6db-1d346bbf9b00 None None] Image cache loaded driver 'centralized_db'.
Jul 07 19:20:45.730001 np0000004757 devstack@g-api.service[99494]: DEBUG glance.image_cache.drivers.centralized_db [None req-95baa68c-1d48-4e9a-a6db-1d346bbf9b00 None None] Node reference is already recorded, ignoring it {{(pid=99494) configure /opt/stack/glance/glance/image_cache/drivers/centralized_db.py:71}}
Jul 07 19:20:45.730541 np0000004757 devstack@g-api.service[99496]: DEBUG glance.image_cache.drivers.centralized_db [None req-874c4283-e999-4815-a131-a757954f8bd9 None None] Node reference is already recorded, ignoring it {{(pid=99496) configure /opt/stack/glance/glance/image_cache/drivers/centralized_db.py:71}}
Jul 07 19:20:45.730670 np0000004757 devstack@g-api.service[99495]: DEBUG glance.common.config [None req-2ce41917-4ee0-4af2-881d-c7be104a8a66 None None] ******************************************************************************** {{(pid=99495) log_opt_values /opt/stack/data/venv/lib/python3.12/site-packages/oslo_config/cfg.py:3226}}
Jul 07 19:20:45.730781 np0000004757 devstack@g-api.service[99495]: DEBUG glance.common.config [None req-2ce41917-4ee0-4af2-881d-c7be104a8a66 None None] Configuration options gathered from: {{(pid=99495) log_opt_values /opt/stack/data/venv/lib/python3.12/site-packages/oslo_config/cfg.py:3227}}
Jul 07 19:20:45.731042 np0000004757 devstack@g-api.service[99495]: DEBUG glance.common.config [None req-2ce41917-4ee0-4af2-881d-c7be104a8a66 None None] command line args: [] {{(pid=99495) log_opt_values /opt/stack/data/venv/lib/python3.12/site-packages/oslo_config/cfg.py:3228}}
Jul 07 19:20:45.731168 np0000004757 devstack@g-api.service[99495]: DEBUG glance.common.config [None req-2ce41917-4ee0-4af2-881d-c7be104a8a66 None None] config files: ['/etc/glance/glance-image-import.conf', '/etc/glance/glance-api.conf'] {{(pid=99495) log_opt_values /opt/stack/data/venv/lib/python3.12/site-packages/oslo_config/cfg.py:3229}}
Jul 07 19:20:45.731240 np0000004757 devstack@g-api.service[99495]: DEBUG glance.common.config [None req-2ce41917-4ee0-4af2-881d-c7be104a8a66 None None] ================================================================================ {{(pid=99495) log_opt_values /opt/stack/data/venv/lib/python3.12/site-packages/oslo_config/cfg.py:3234}}
Jul 07 19:20:45.731371 np0000004757 devstack@g-api.service[99495]: DEBUG glance.common.config [None req-2ce41917-4ee0-4af2-881d-c7be104a8a66 None None] allow_anonymous_access = False {{(pid=99495) log_opt_values /opt/stack/data/venv/lib/python3.12/site-packages/oslo_config/cfg.py:3242}}
Jul 07 19:20:45.731467 np0000004757 devstack@g-api.service[99495]: DEBUG glance.common.config [None req-2ce41917-4ee0-4af2-881d-c7be104a8a66 None None] api_limit_max = 1000 {{(pid=99495) log_opt_values /opt/stack/data/venv/lib/python3.12/site-packages/oslo_config/cfg.py:3242}}
Jul 07 19:20:45.731558 np0000004757 devstack@g-api.service[99495]: DEBUG glance.common.config [None req-2ce41917-4ee0-4af2-881d-c7be104a8a66 None None] config_dir = [] {{(pid=99495) log_opt_values /opt/stack/data/venv/lib/python3.12/site-packages/oslo_config/cfg.py:3242}}
Jul 07 19:20:45.731655 np0000004757 devstack@g-api.service[99495]: DEBUG glance.common.config [None req-2ce41917-4ee0-4af2-881d-c7be104a8a66 None None] config_file = ['/etc/glance/glance-image-import.conf', '/etc/glance/glance-api.conf'] {{(pid=99495) log_opt_values /opt/stack/data/venv/lib/python3.12/site-packages/oslo_config/cfg.py:3242}}
Jul 07 19:20:45.731750 np0000004757 devstack@g-api.service[99495]: DEBUG glance.common.config [None req-2ce41917-4ee0-4af2-881d-c7be104a8a66 None None] config_source = [] {{(pid=99495) log_opt_values /opt/stack/data/venv/lib/python3.12/site-packages/oslo_config/cfg.py:3242}}
Jul 07 19:20:45.731843 np0000004757 devstack@g-api.service[99495]: DEBUG glance.common.config [None req-2ce41917-4ee0-4af2-881d-c7be104a8a66 None None] control_exchange = glance {{(pid=99495) log_opt_values /opt/stack/data/venv/lib/python3.12/site-packages/oslo_config/cfg.py:3242}}
Jul 07 19:20:45.731912 np0000004757 devstack@g-api.service[99495]: DEBUG glance.common.config [None req-2ce41917-4ee0-4af2-881d-c7be104a8a66 None None] debug = True {{(pid=99495) log_opt_values /opt/stack/data/venv/lib/python3.12/site-packages/oslo_config/cfg.py:3242}}
Jul 07 19:20:45.732062 np0000004757 devstack@g-api.service[99495]: DEBUG glance.common.config [None req-2ce41917-4ee0-4af2-881d-c7be104a8a66 None None] default_log_levels = ['amqp=WARN', 'boto=WARN', 'sqlalchemy=WARN', 'suds=INFO', 'oslo.messaging=INFO', 'oslo_messaging=INFO', 'iso8601=WARN', 'requests.packages.urllib3.connectionpool=WARN', 'urllib3.connectionpool=WARN', 'websocket=WARN', 'requests.packages.urllib3.util.retry=WARN', 'urllib3.util.retry=WARN', 'keystonemiddleware=WARN', 'routes.middleware=WARN', 'stevedore=WARN', 'taskflow=WARN', 'keystoneauth=WARN', 'oslo.cache=INFO', 'oslo_policy=INFO', 'dogpile.core.dogpile=INFO'] {{(pid=99495) log_opt_values /opt/stack/data/venv/lib/python3.12/site-packages/oslo_config/cfg.py:3242}}
Jul 07 19:20:45.732151 np0000004757 devstack@g-api.service[99495]: DEBUG glance.common.config [None req-2ce41917-4ee0-4af2-881d-c7be104a8a66 None None] default_publisher_id = image.localhost {{(pid=99495) log_opt_values /opt/stack/data/venv/lib/python3.12/site-packages/oslo_config/cfg.py:3242}}
Jul 07 19:20:45.732238 np0000004757 devstack@g-api.service[99495]: DEBUG glance.common.config [None req-2ce41917-4ee0-4af2-881d-c7be104a8a66 None None] delayed_delete = False {{(pid=99495) log_opt_values /opt/stack/data/venv/lib/python3.12/site-packages/oslo_config/cfg.py:3242}}
Jul 07 19:20:45.732361 np0000004757 devstack@g-api.service[99495]: DEBUG glance.common.config [None req-2ce41917-4ee0-4af2-881d-c7be104a8a66 None None] digest_algorithm = sha256 {{(pid=99495) log_opt_values /opt/stack/data/venv/lib/python3.12/site-packages/oslo_config/cfg.py:3242}}
Jul 07 19:20:45.732460 np0000004757 devstack@g-api.service[99495]: DEBUG glance.common.config [None req-2ce41917-4ee0-4af2-881d-c7be104a8a66 None None] disabled_notifications = [] {{(pid=99495) log_opt_values /opt/stack/data/venv/lib/python3.12/site-packages/oslo_config/cfg.py:3242}}
Jul 07 19:20:45.732599 np0000004757 devstack@g-api.service[99495]: DEBUG glance.common.config [None req-2ce41917-4ee0-4af2-881d-c7be104a8a66 None None] do_secure_hash = True {{(pid=99495) log_opt_values /opt/stack/data/venv/lib/python3.12/site-packages/oslo_config/cfg.py:3242}}
Jul 07 19:20:45.732709 np0000004757 devstack@g-api.service[99495]: DEBUG glance.common.config [None req-2ce41917-4ee0-4af2-881d-c7be104a8a66 None None] enabled_backends = None {{(pid=99495) log_opt_values /opt/stack/data/venv/lib/python3.12/site-packages/oslo_config/cfg.py:3242}}
Jul 07 19:20:45.732848 np0000004757 devstack@g-api.service[99495]: DEBUG glance.common.config [None req-2ce41917-4ee0-4af2-881d-c7be104a8a66 None None] enabled_import_methods = ['glance-direct', 'web-download', 'copy-image'] {{(pid=99495) log_opt_values /opt/stack/data/venv/lib/python3.12/site-packages/oslo_config/cfg.py:3242}}
Jul 07 19:20:45.732946 np0000004757 devstack@g-api.service[99495]: DEBUG glance.common.config [None req-2ce41917-4ee0-4af2-881d-c7be104a8a66 None None] fatal_deprecations = False {{(pid=99495) log_opt_values /opt/stack/data/venv/lib/python3.12/site-packages/oslo_config/cfg.py:3242}}
Jul 07 19:20:45.733037 np0000004757 devstack@g-api.service[99495]: DEBUG glance.common.config [None req-2ce41917-4ee0-4af2-881d-c7be104a8a66 None None] hashing_algorithm = sha512 {{(pid=99495) log_opt_values /opt/stack/data/venv/lib/python3.12/site-packages/oslo_config/cfg.py:3242}}
Jul 07 19:20:45.733129 np0000004757 devstack@g-api.service[99495]: DEBUG glance.common.config [None req-2ce41917-4ee0-4af2-881d-c7be104a8a66 None None] http_retries = 3 {{(pid=99495) log_opt_values /opt/stack/data/venv/lib/python3.12/site-packages/oslo_config/cfg.py:3242}}
Jul 07 19:20:45.733210 np0000004757 devstack@g-api.service[99495]: DEBUG glance.common.config [None req-2ce41917-4ee0-4af2-881d-c7be104a8a66 None None] image_cache_dir = /opt/stack/data/glance/cache/ {{(pid=99495) log_opt_values /opt/stack/data/venv/lib/python3.12/site-packages/oslo_config/cfg.py:3242}}
Jul 07 19:20:45.733321 np0000004757 devstack@g-api.service[99495]: DEBUG glance.common.config [None req-2ce41917-4ee0-4af2-881d-c7be104a8a66 None None] image_cache_driver = centralized_db {{(pid=99495) log_opt_values /opt/stack/data/venv/lib/python3.12/site-packages/oslo_config/cfg.py:3242}}
Jul 07 19:20:45.733406 np0000004757 devstack@g-api.service[99495]: DEBUG glance.common.config [None req-2ce41917-4ee0-4af2-881d-c7be104a8a66 None None] image_cache_max_size = 10737418240 {{(pid=99495) log_opt_values /opt/stack/data/venv/lib/python3.12/site-packages/oslo_config/cfg.py:3242}}
Jul 07 19:20:45.733439 np0000004757 devstack@g-api.service[99494]: INFO glance.api.middleware.cache [None req-95baa68c-1d48-4e9a-a6db-1d346bbf9b00 None None] Initialized image cache middleware
Jul 07 19:20:45.733523 np0000004757 devstack@g-api.service[99495]: DEBUG glance.common.config [None req-2ce41917-4ee0-4af2-881d-c7be104a8a66 None None] image_cache_sqlite_db = cache.db {{(pid=99495) log_opt_values /opt/stack/data/venv/lib/python3.12/site-packages/oslo_config/cfg.py:3242}}
Jul 07 19:20:45.733644 np0000004757 devstack@g-api.service[99495]: DEBUG glance.common.config [None req-2ce41917-4ee0-4af2-881d-c7be104a8a66 None None] image_cache_stall_time = 86400 {{(pid=99495) log_opt_values /opt/stack/data/venv/lib/python3.12/site-packages/oslo_config/cfg.py:3242}}
Jul 07 19:20:45.733731 np0000004757 devstack@g-api.service[99495]: DEBUG glance.common.config [None req-2ce41917-4ee0-4af2-881d-c7be104a8a66 None None] image_location_quota = 10 {{(pid=99495) log_opt_values /opt/stack/data/venv/lib/python3.12/site-packages/oslo_config/cfg.py:3242}}
Jul 07 19:20:45.733816 np0000004757 devstack@g-api.service[99495]: DEBUG glance.common.config [None req-2ce41917-4ee0-4af2-881d-c7be104a8a66 None None] image_member_quota = 128 {{(pid=99495) log_opt_values /opt/stack/data/venv/lib/python3.12/site-packages/oslo_config/cfg.py:3242}}
Jul 07 19:20:45.733903 np0000004757 devstack@g-api.service[99495]: DEBUG glance.common.config [None req-2ce41917-4ee0-4af2-881d-c7be104a8a66 None None] image_property_quota = 128 {{(pid=99495) log_opt_values /opt/stack/data/venv/lib/python3.12/site-packages/oslo_config/cfg.py:3242}}
Jul 07 19:20:45.734006 np0000004757 devstack@g-api.service[99496]: INFO glance.api.middleware.cache [None req-874c4283-e999-4815-a131-a757954f8bd9 None None] Initialized image cache middleware
Jul 07 19:20:45.734038 np0000004757 devstack@g-api.service[99495]: DEBUG glance.common.config [None req-2ce41917-4ee0-4af2-881d-c7be104a8a66 None None] image_size_cap = 1099511627776 {{(pid=99495) log_opt_values /opt/stack/data/venv/lib/python3.12/site-packages/oslo_config/cfg.py:3242}}
Jul 07 19:20:45.734096 np0000004757 devstack@g-api.service[99495]: DEBUG glance.common.config [None req-2ce41917-4ee0-4af2-881d-c7be104a8a66 None None] image_tag_quota = 128 {{(pid=99495) log_opt_values /opt/stack/data/venv/lib/python3.12/site-packages/oslo_config/cfg.py:3242}}
Jul 07 19:20:45.734184 np0000004757 devstack@g-api.service[99495]: DEBUG glance.common.config [None req-2ce41917-4ee0-4af2-881d-c7be104a8a66 None None] instance_format = [instance: %(uuid)s] {{(pid=99495) log_opt_values /opt/stack/data/venv/lib/python3.12/site-packages/oslo_config/cfg.py:3242}}
Jul 07 19:20:45.734292 np0000004757 devstack@g-api.service[99495]: DEBUG glance.common.config [None req-2ce41917-4ee0-4af2-881d-c7be104a8a66 None None] instance_uuid_format = [instance: %(uuid)s] {{(pid=99495) log_opt_values /opt/stack/data/venv/lib/python3.12/site-packages/oslo_config/cfg.py:3242}}
Jul 07 19:20:45.734369 np0000004757 devstack@g-api.service[99495]: DEBUG glance.common.config [None req-2ce41917-4ee0-4af2-881d-c7be104a8a66 None None] limit_param_default = 25 {{(pid=99495) log_opt_values /opt/stack/data/venv/lib/python3.12/site-packages/oslo_config/cfg.py:3242}}
Jul 07 19:20:45.734459 np0000004757 devstack@g-api.service[99495]: DEBUG glance.common.config [None req-2ce41917-4ee0-4af2-881d-c7be104a8a66 None None] log_color = False {{(pid=99495) log_opt_values /opt/stack/data/venv/lib/python3.12/site-packages/oslo_config/cfg.py:3242}}
Jul 07 19:20:45.734547 np0000004757 devstack@g-api.service[99495]: DEBUG glance.common.config [None req-2ce41917-4ee0-4af2-881d-c7be104a8a66 None None] log_config_append = None {{(pid=99495) log_opt_values /opt/stack/data/venv/lib/python3.12/site-packages/oslo_config/cfg.py:3242}}
Jul 07 19:20:45.734656 np0000004757 devstack@g-api.service[99495]: DEBUG glance.common.config [None req-2ce41917-4ee0-4af2-881d-c7be104a8a66 None None] log_date_format = %Y-%m-%d %H:%M:%S {{(pid=99495) log_opt_values /opt/stack/data/venv/lib/python3.12/site-packages/oslo_config/cfg.py:3242}}
Jul 07 19:20:45.734740 np0000004757 devstack@g-api.service[99495]: DEBUG glance.common.config [None req-2ce41917-4ee0-4af2-881d-c7be104a8a66 None None] log_dir = None {{(pid=99495) log_opt_values /opt/stack/data/venv/lib/python3.12/site-packages/oslo_config/cfg.py:3242}}
Jul 07 19:20:45.734825 np0000004757 devstack@g-api.service[99495]: DEBUG glance.common.config [None req-2ce41917-4ee0-4af2-881d-c7be104a8a66 None None] log_file = None {{(pid=99495) log_opt_values /opt/stack/data/venv/lib/python3.12/site-packages/oslo_config/cfg.py:3242}}
Jul 07 19:20:45.734909 np0000004757 devstack@g-api.service[99495]: DEBUG glance.common.config [None req-2ce41917-4ee0-4af2-881d-c7be104a8a66 None None] log_rotate_interval = 1 {{(pid=99495) log_opt_values /opt/stack/data/venv/lib/python3.12/site-packages/oslo_config/cfg.py:3242}}
Jul 07 19:20:45.734999 np0000004757 devstack@g-api.service[99495]: DEBUG glance.common.config [None req-2ce41917-4ee0-4af2-881d-c7be104a8a66 None None] log_rotate_interval_type = days {{(pid=99495) log_opt_values /opt/stack/data/venv/lib/python3.12/site-packages/oslo_config/cfg.py:3242}}
Jul 07 19:20:45.735096 np0000004757 devstack@g-api.service[99495]: DEBUG glance.common.config [None req-2ce41917-4ee0-4af2-881d-c7be104a8a66 None None] log_rotation_type = none {{(pid=99495) log_opt_values /opt/stack/data/venv/lib/python3.12/site-packages/oslo_config/cfg.py:3242}}
Jul 07 19:20:45.735195 np0000004757 devstack@g-api.service[99495]: DEBUG glance.common.config [None req-2ce41917-4ee0-4af2-881d-c7be104a8a66 None None] logging_context_format_string = %(color)s%(levelname)s %(name)s [%(global_request_id)s %(request_id)s %(project_name)s %(user_name)s%(color)s] %(instance)s%(color)s%(message)s {{(pid=99495) log_opt_values /opt/stack/data/venv/lib/python3.12/site-packages/oslo_config/cfg.py:3242}}
Jul 07 19:20:45.735282 np0000004757 devstack@g-api.service[99495]: DEBUG glance.common.config [None req-2ce41917-4ee0-4af2-881d-c7be104a8a66 None None] logging_debug_format_suffix = {{(pid=%(process)d) %(funcName)s %(pathname)s:%(lineno)d}} {{(pid=99495) log_opt_values /opt/stack/data/venv/lib/python3.12/site-packages/oslo_config/cfg.py:3242}}
Jul 07 19:20:45.735380 np0000004757 devstack@g-api.service[99495]: DEBUG glance.common.config [None req-2ce41917-4ee0-4af2-881d-c7be104a8a66 None None] logging_default_format_string = %(color)s%(levelname)s %(name)s [-%(color)s] %(instance)s%(color)s%(message)s {{(pid=99495) log_opt_values /opt/stack/data/venv/lib/python3.12/site-packages/oslo_config/cfg.py:3242}}
Jul 07 19:20:45.735471 np0000004757 devstack@g-api.service[99495]: DEBUG glance.common.config [None req-2ce41917-4ee0-4af2-881d-c7be104a8a66 None None] logging_exception_prefix = ERROR %(name)s %(instance)s {{(pid=99495) log_opt_values /opt/stack/data/venv/lib/python3.12/site-packages/oslo_config/cfg.py:3242}}
Jul 07 19:20:45.735535 np0000004757 devstack@g-api.service[99495]: DEBUG glance.common.config [None req-2ce41917-4ee0-4af2-881d-c7be104a8a66 None None] logging_user_identity_format = %(user)s %(project)s %(domain)s %(system_scope)s %(user_domain)s %(project_domain)s {{(pid=99495) log_opt_values /opt/stack/data/venv/lib/python3.12/site-packages/oslo_config/cfg.py:3242}}
Jul 07 19:20:45.735650 np0000004757 devstack@g-api.service[99495]: DEBUG glance.common.config [None req-2ce41917-4ee0-4af2-881d-c7be104a8a66 None None] max_logfile_count = 30 {{(pid=99495) log_opt_values /opt/stack/data/venv/lib/python3.12/site-packages/oslo_config/cfg.py:3242}}
Jul 07 19:20:45.735743 np0000004757 devstack@g-api.service[99495]: DEBUG glance.common.config [None req-2ce41917-4ee0-4af2-881d-c7be104a8a66 None None] max_logfile_size_mb = 200 {{(pid=99495) log_opt_values /opt/stack/data/venv/lib/python3.12/site-packages/oslo_config/cfg.py:3242}}
Jul 07 19:20:45.735825 np0000004757 devstack@g-api.service[99495]: DEBUG glance.common.config [None req-2ce41917-4ee0-4af2-881d-c7be104a8a66 None None] max_request_id_length = 64 {{(pid=99495) log_opt_values /opt/stack/data/venv/lib/python3.12/site-packages/oslo_config/cfg.py:3242}}
Jul 07 19:20:45.735911 np0000004757 devstack@g-api.service[99495]: DEBUG glance.common.config [None req-2ce41917-4ee0-4af2-881d-c7be104a8a66 None None] metadata_encryption_key = **** {{(pid=99495) log_opt_values /opt/stack/data/venv/lib/python3.12/site-packages/oslo_config/cfg.py:3242}}
Jul 07 19:20:45.736002 np0000004757 devstack@g-api.service[99495]: DEBUG glance.common.config [None req-2ce41917-4ee0-4af2-881d-c7be104a8a66 None None] node_staging_uri = file:///tmp/staging/ {{(pid=99495) log_opt_values /opt/stack/data/venv/lib/python3.12/site-packages/oslo_config/cfg.py:3242}}
Jul 07 19:20:45.736103 np0000004757 devstack@g-api.service[99495]: DEBUG glance.common.config [None req-2ce41917-4ee0-4af2-881d-c7be104a8a66 None None] property_protection_file = None {{(pid=99495) log_opt_values /opt/stack/data/venv/lib/python3.12/site-packages/oslo_config/cfg.py:3242}}
Jul 07 19:20:45.736235 np0000004757 devstack@g-api.service[99495]: DEBUG glance.common.config [None req-2ce41917-4ee0-4af2-881d-c7be104a8a66 None None] property_protection_rule_format = roles {{(pid=99495) log_opt_values /opt/stack/data/venv/lib/python3.12/site-packages/oslo_config/cfg.py:3242}}
Jul 07 19:20:45.736352 np0000004757 devstack@g-api.service[99495]: DEBUG glance.common.config [None req-2ce41917-4ee0-4af2-881d-c7be104a8a66 None None] public_endpoint = https://10.4.3.39/image {{(pid=99495) log_opt_values /opt/stack/data/venv/lib/python3.12/site-packages/oslo_config/cfg.py:3242}}
Jul 07 19:20:45.736436 np0000004757 devstack@g-api.service[99495]: DEBUG glance.common.config [None req-2ce41917-4ee0-4af2-881d-c7be104a8a66 None None] publish_errors = False {{(pid=99495) log_opt_values /opt/stack/data/venv/lib/python3.12/site-packages/oslo_config/cfg.py:3242}}
Jul 07 19:20:45.736522 np0000004757 devstack@g-api.service[99495]: DEBUG glance.common.config [None req-2ce41917-4ee0-4af2-881d-c7be104a8a66 None None] pydev_worker_debug_host = None {{(pid=99495) log_opt_values /opt/stack/data/venv/lib/python3.12/site-packages/oslo_config/cfg.py:3242}}
Jul 07 19:20:45.736628 np0000004757 devstack@g-api.service[99495]: DEBUG glance.common.config [None req-2ce41917-4ee0-4af2-881d-c7be104a8a66 None None] pydev_worker_debug_port = 5678 {{(pid=99495) log_opt_values /opt/stack/data/venv/lib/python3.12/site-packages/oslo_config/cfg.py:3242}}
Jul 07 19:20:45.736716 np0000004757 devstack@g-api.service[99495]: DEBUG glance.common.config [None req-2ce41917-4ee0-4af2-881d-c7be104a8a66 None None] rate_limit_burst = 0 {{(pid=99495) log_opt_values /opt/stack/data/venv/lib/python3.12/site-packages/oslo_config/cfg.py:3242}}
Jul 07 19:20:45.736806 np0000004757 devstack@g-api.service[99495]: DEBUG glance.common.config [None req-2ce41917-4ee0-4af2-881d-c7be104a8a66 None None] rate_limit_except_level = CRITICAL {{(pid=99495) log_opt_values /opt/stack/data/venv/lib/python3.12/site-packages/oslo_config/cfg.py:3242}}
Jul 07 19:20:45.736888 np0000004757 devstack@g-api.service[99495]: DEBUG glance.common.config [None req-2ce41917-4ee0-4af2-881d-c7be104a8a66 None None] rate_limit_interval = 0 {{(pid=99495) log_opt_values /opt/stack/data/venv/lib/python3.12/site-packages/oslo_config/cfg.py:3242}}
Jul 07 19:20:45.736975 np0000004757 devstack@g-api.service[99495]: DEBUG glance.common.config [None req-2ce41917-4ee0-4af2-881d-c7be104a8a66 None None] scrub_pool_size = 1 {{(pid=99495) log_opt_values /opt/stack/data/venv/lib/python3.12/site-packages/oslo_config/cfg.py:3242}}
Jul 07 19:20:45.737095 np0000004757 devstack@g-api.service[99495]: DEBUG glance.common.config [None req-2ce41917-4ee0-4af2-881d-c7be104a8a66 None None] scrub_time = 0 {{(pid=99495) log_opt_values /opt/stack/data/venv/lib/python3.12/site-packages/oslo_config/cfg.py:3242}}
Jul 07 19:20:45.737184 np0000004757 devstack@g-api.service[99495]: DEBUG glance.common.config [None req-2ce41917-4ee0-4af2-881d-c7be104a8a66 None None] shell_completion = None {{(pid=99495) log_opt_values /opt/stack/data/venv/lib/python3.12/site-packages/oslo_config/cfg.py:3242}}
Jul 07 19:20:45.737290 np0000004757 devstack@g-api.service[99495]: DEBUG glance.common.config [None req-2ce41917-4ee0-4af2-881d-c7be104a8a66 None None] show_image_direct_url = False {{(pid=99495) log_opt_values /opt/stack/data/venv/lib/python3.12/site-packages/oslo_config/cfg.py:3242}}
Jul 07 19:20:45.737485 np0000004757 devstack@g-api.service[99495]: WARNING oslo_config.cfg [None req-2ce41917-4ee0-4af2-881d-c7be104a8a66 None None] Deprecated: Option "show_multiple_locations" from group "DEFAULT" is deprecated for removal (Use of this option, deprecated since Newton, is a security risk and will be removed once we figure out a way to satisfy those use cases that currently require it. An earlier announcement that the same functionality can be achieved with greater granularity by using policies is incorrect. You cannot work around this option via policy configuration at the present time, though that is the direction we believe the fix will take. Please keep an eye on the Glance release notes to stay up to date on progress in addressing this issue.). Its value may be silently ignored in the future.
Jul 07 19:20:45.737597 np0000004757 devstack@g-api.service[99495]: DEBUG glance.common.config [None req-2ce41917-4ee0-4af2-881d-c7be104a8a66 None None] show_multiple_locations = False {{(pid=99495) log_opt_values /opt/stack/data/venv/lib/python3.12/site-packages/oslo_config/cfg.py:3242}}
Jul 07 19:20:45.737708 np0000004757 devstack@g-api.service[99495]: DEBUG glance.common.config [None req-2ce41917-4ee0-4af2-881d-c7be104a8a66 None None] syslog_log_facility = LOG_USER {{(pid=99495) log_opt_values /opt/stack/data/venv/lib/python3.12/site-packages/oslo_config/cfg.py:3242}}
Jul 07 19:20:45.737802 np0000004757 devstack@g-api.service[99495]: DEBUG glance.common.config [None req-2ce41917-4ee0-4af2-881d-c7be104a8a66 None None] transport_url = **** {{(pid=99495) log_opt_values /opt/stack/data/venv/lib/python3.12/site-packages/oslo_config/cfg.py:3242}}
Jul 07 19:20:45.737886 np0000004757 devstack@g-api.service[99495]: DEBUG glance.common.config [None req-2ce41917-4ee0-4af2-881d-c7be104a8a66 None None] use_journal = False {{(pid=99495) log_opt_values /opt/stack/data/venv/lib/python3.12/site-packages/oslo_config/cfg.py:3242}}
Jul 07 19:20:45.737968 np0000004757 devstack@g-api.service[99495]: DEBUG glance.common.config [None req-2ce41917-4ee0-4af2-881d-c7be104a8a66 None None] use_json = False {{(pid=99495) log_opt_values /opt/stack/data/venv/lib/python3.12/site-packages/oslo_config/cfg.py:3242}}
Jul 07 19:20:45.738057 np0000004757 devstack@g-api.service[99495]: DEBUG glance.common.config [None req-2ce41917-4ee0-4af2-881d-c7be104a8a66 None None] use_keystone_limits = True {{(pid=99495) log_opt_values /opt/stack/data/venv/lib/python3.12/site-packages/oslo_config/cfg.py:3242}}
Jul 07 19:20:45.738140 np0000004757 devstack@g-api.service[99495]: DEBUG glance.common.config [None req-2ce41917-4ee0-4af2-881d-c7be104a8a66 None None] use_stderr = False {{(pid=99495) log_opt_values /opt/stack/data/venv/lib/python3.12/site-packages/oslo_config/cfg.py:3242}}
Jul 07 19:20:45.738228 np0000004757 devstack@g-api.service[99495]: DEBUG glance.common.config [None req-2ce41917-4ee0-4af2-881d-c7be104a8a66 None None] use_syslog = False {{(pid=99495) log_opt_values /opt/stack/data/venv/lib/python3.12/site-packages/oslo_config/cfg.py:3242}}
Jul 07 19:20:45.738337 np0000004757 devstack@g-api.service[99495]: DEBUG glance.common.config [None req-2ce41917-4ee0-4af2-881d-c7be104a8a66 None None] user_storage_quota = 0 {{(pid=99495) log_opt_values /opt/stack/data/venv/lib/python3.12/site-packages/oslo_config/cfg.py:3242}}
Jul 07 19:20:45.738424 np0000004757 devstack@g-api.service[99495]: DEBUG glance.common.config [None req-2ce41917-4ee0-4af2-881d-c7be104a8a66 None None] worker_self_reference_url = http://127.0.0.1:60999 {{(pid=99495) log_opt_values /opt/stack/data/venv/lib/python3.12/site-packages/oslo_config/cfg.py:3242}}
Jul 07 19:20:45.738523 np0000004757 devstack@g-api.service[99495]: DEBUG glance.common.config [None req-2ce41917-4ee0-4af2-881d-c7be104a8a66 None None] oslo_concurrency.disable_process_locking = False {{(pid=99495) log_opt_values /opt/stack/data/venv/lib/python3.12/site-packages/oslo_config/cfg.py:3253}}
Jul 07 19:20:45.738643 np0000004757 devstack@g-api.service[99495]: DEBUG glance.common.config [None req-2ce41917-4ee0-4af2-881d-c7be104a8a66 None None] oslo_concurrency.lock_path = /opt/stack/data/glance/locks {{(pid=99495) log_opt_values /opt/stack/data/venv/lib/python3.12/site-packages/oslo_config/cfg.py:3253}}
Jul 07 19:20:45.738738 np0000004757 devstack@g-api.service[99495]: DEBUG glance.common.config [None req-2ce41917-4ee0-4af2-881d-c7be104a8a66 None None] oslo_middleware.enable_proxy_headers_parsing = False {{(pid=99495) log_opt_values /opt/stack/data/venv/lib/python3.12/site-packages/oslo_config/cfg.py:3253}}
Jul 07 19:20:45.738832 np0000004757 devstack@g-api.service[99495]: DEBUG glance.common.config [None req-2ce41917-4ee0-4af2-881d-c7be104a8a66 None None] oslo_middleware.http_basic_auth_user_file = /etc/htpasswd {{(pid=99495) log_opt_values /opt/stack/data/venv/lib/python3.12/site-packages/oslo_config/cfg.py:3253}}
Jul 07 19:20:45.738919 np0000004757 devstack@g-api.service[99495]: DEBUG glance.common.config [None req-2ce41917-4ee0-4af2-881d-c7be104a8a66 None None] paste_deploy.config_file = None {{(pid=99495) log_opt_values /opt/stack/data/venv/lib/python3.12/site-packages/oslo_config/cfg.py:3253}}
Jul 07 19:20:45.739010 np0000004757 devstack@g-api.service[99495]: DEBUG glance.common.config [None req-2ce41917-4ee0-4af2-881d-c7be104a8a66 None None] paste_deploy.flavor = keystone+cachemanagement {{(pid=99495) log_opt_values /opt/stack/data/venv/lib/python3.12/site-packages/oslo_config/cfg.py:3253}}
Jul 07 19:20:45.739127 np0000004757 devstack@g-api.service[99495]: DEBUG glance.common.config [None req-2ce41917-4ee0-4af2-881d-c7be104a8a66 None None] image_format.container_formats = ['ami', 'ari', 'aki', 'bare', 'ovf', 'ova', 'docker', 'compressed'] {{(pid=99495) log_opt_values /opt/stack/data/venv/lib/python3.12/site-packages/oslo_config/cfg.py:3253}}
Jul 07 19:20:45.739248 np0000004757 devstack@g-api.service[99495]: DEBUG glance.common.config [None req-2ce41917-4ee0-4af2-881d-c7be104a8a66 None None] image_format.disk_formats = ['ami', 'ari', 'aki', 'vhd', 'vhdx', 'vmdk', 'raw', 'qcow2', 'vdi', 'iso', 'ploop'] {{(pid=99495) log_opt_values /opt/stack/data/venv/lib/python3.12/site-packages/oslo_config/cfg.py:3253}}
Jul 07 19:20:45.739347 np0000004757 devstack@g-api.service[99495]: DEBUG glance.common.config [None req-2ce41917-4ee0-4af2-881d-c7be104a8a66 None None] image_format.gpt_safety_checks_nonfatal = [] {{(pid=99495) log_opt_values /opt/stack/data/venv/lib/python3.12/site-packages/oslo_config/cfg.py:3253}}
Jul 07 19:20:45.739439 np0000004757 devstack@g-api.service[99495]: DEBUG glance.common.config [None req-2ce41917-4ee0-4af2-881d-c7be104a8a66 None None] image_format.require_image_format_match = True {{(pid=99495) log_opt_values /opt/stack/data/venv/lib/python3.12/site-packages/oslo_config/cfg.py:3253}}
Jul 07 19:20:45.739534 np0000004757 devstack@g-api.service[99495]: DEBUG glance.common.config [None req-2ce41917-4ee0-4af2-881d-c7be104a8a66 None None] image_format.vmdk_allowed_types = ['streamOptimized', 'monolithicSparse'] {{(pid=99495) log_opt_values /opt/stack/data/venv/lib/python3.12/site-packages/oslo_config/cfg.py:3253}}
Jul 07 19:20:45.739662 np0000004757 devstack@g-api.service[99495]: DEBUG glance.common.config [None req-2ce41917-4ee0-4af2-881d-c7be104a8a66 None None] task.task_executor = taskflow {{(pid=99495) log_opt_values /opt/stack/data/venv/lib/python3.12/site-packages/oslo_config/cfg.py:3253}}
Jul 07 19:20:45.739755 np0000004757 devstack@g-api.service[99495]: DEBUG glance.common.config [None req-2ce41917-4ee0-4af2-881d-c7be104a8a66 None None] task.task_time_to_live = 48 {{(pid=99495) log_opt_values /opt/stack/data/venv/lib/python3.12/site-packages/oslo_config/cfg.py:3253}}
Jul 07 19:20:45.739840 np0000004757 devstack@g-api.service[99495]: DEBUG glance.common.config [None req-2ce41917-4ee0-4af2-881d-c7be104a8a66 None None] task.work_dir = None {{(pid=99495) log_opt_values /opt/stack/data/venv/lib/python3.12/site-packages/oslo_config/cfg.py:3253}}
Jul 07 19:20:45.739932 np0000004757 devstack@g-api.service[99495]: DEBUG glance.common.config [None req-2ce41917-4ee0-4af2-881d-c7be104a8a66 None None] wsgi.python_interpreter = /opt/stack/data/venv/bin/python3 {{(pid=99495) log_opt_values /opt/stack/data/venv/lib/python3.12/site-packages/oslo_config/cfg.py:3253}}
Jul 07 19:20:45.740017 np0000004757 devstack@g-api.service[99495]: DEBUG glance.common.config [None req-2ce41917-4ee0-4af2-881d-c7be104a8a66 None None] wsgi.task_pool_threads = 16 {{(pid=99495) log_opt_values /opt/stack/data/venv/lib/python3.12/site-packages/oslo_config/cfg.py:3253}}
Jul 07 19:20:45.740104 np0000004757 devstack@g-api.service[99495]: DEBUG glance.common.config [None req-2ce41917-4ee0-4af2-881d-c7be104a8a66 None None] import_filtering_opts.allowed_hosts = [] {{(pid=99495) log_opt_values /opt/stack/data/venv/lib/python3.12/site-packages/oslo_config/cfg.py:3253}}
Jul 07 19:20:45.740194 np0000004757 devstack@g-api.service[99495]: DEBUG glance.common.config [None req-2ce41917-4ee0-4af2-881d-c7be104a8a66 None None] import_filtering_opts.allowed_ports = [80, 443] {{(pid=99495) log_opt_values /opt/stack/data/venv/lib/python3.12/site-packages/oslo_config/cfg.py:3253}}
Jul 07 19:20:45.740303 np0000004757 devstack@g-api.service[99495]: DEBUG glance.common.config [None req-2ce41917-4ee0-4af2-881d-c7be104a8a66 None None] import_filtering_opts.allowed_schemes = ['http', 'https'] {{(pid=99495) log_opt_values /opt/stack/data/venv/lib/python3.12/site-packages/oslo_config/cfg.py:3253}}
Jul 07 19:20:45.740417 np0000004757 devstack@g-api.service[99495]: DEBUG glance.common.config [None req-2ce41917-4ee0-4af2-881d-c7be104a8a66 None None] import_filtering_opts.disallowed_hosts = [] {{(pid=99495) log_opt_values /opt/stack/data/venv/lib/python3.12/site-packages/oslo_config/cfg.py:3253}}
Jul 07 19:20:45.740525 np0000004757 devstack@g-api.service[99495]: DEBUG glance.common.config [None req-2ce41917-4ee0-4af2-881d-c7be104a8a66 None None] import_filtering_opts.disallowed_ports = [] {{(pid=99495) log_opt_values /opt/stack/data/venv/lib/python3.12/site-packages/oslo_config/cfg.py:3253}}
Jul 07 19:20:45.740647 np0000004757 devstack@g-api.service[99495]: DEBUG glance.common.config [None req-2ce41917-4ee0-4af2-881d-c7be104a8a66 None None] import_filtering_opts.disallowed_schemes = [] {{(pid=99495) log_opt_values /opt/stack/data/venv/lib/python3.12/site-packages/oslo_config/cfg.py:3253}}
