Jun 23 16:49:07.003924 np0000003476 systemd[1]: Starting devstack@n-api-meta.service - Devstack devstack@n-api-meta.service...
Jun 23 16:49:07.009259 np0000003476 devstack@n-api-meta.service[95635]: [uWSGI] getting INI configuration from /etc/nova/nova-metadata-uwsgi.ini
Jun 23 16:49:07.011318 np0000003476 devstack@n-api-meta.service[95635]: *** Starting uWSGI 2.0.24-debian (64bit) on [Tue Jun 23 16:49:07 2026] ***
Jun 23 16:49:07.011318 np0000003476 devstack@n-api-meta.service[95635]: compiled with version: 13.2.0 on 17 April 2024 16:23:48
Jun 23 16:49:07.011318 np0000003476 devstack@n-api-meta.service[95635]: os: Linux-6.8.0-100-generic #100-Ubuntu SMP PREEMPT_DYNAMIC Tue Jan 13 16:40:06 UTC 2026
Jun 23 16:49:07.011318 np0000003476 devstack@n-api-meta.service[95635]: nodename: np0000003476
Jun 23 16:49:07.011318 np0000003476 devstack@n-api-meta.service[95635]: machine: x86_64
Jun 23 16:49:07.011318 np0000003476 devstack@n-api-meta.service[95635]: clock source: unix
Jun 23 16:49:07.011318 np0000003476 devstack@n-api-meta.service[95635]: pcre jit disabled
Jun 23 16:49:07.011318 np0000003476 devstack@n-api-meta.service[95635]: detected number of CPU cores: 16
Jun 23 16:49:07.011318 np0000003476 devstack@n-api-meta.service[95635]: current working directory: /
Jun 23 16:49:07.011318 np0000003476 devstack@n-api-meta.service[95635]: detected binary path: /usr/bin/uwsgi-core
Jun 23 16:49:07.011318 np0000003476 devstack@n-api-meta.service[95635]: your processes number limit is 257052
Jun 23 16:49:07.011318 np0000003476 devstack@n-api-meta.service[95635]: your memory page size is 4096 bytes
Jun 23 16:49:07.011318 np0000003476 devstack@n-api-meta.service[95635]: detected max file descriptor number: 2048
Jun 23 16:49:07.011318 np0000003476 devstack@n-api-meta.service[95635]: lock engine: pthread robust mutexes
Jun 23 16:49:07.011682 np0000003476 devstack@n-api-meta.service[95635]: thunder lock: enabled
Jun 23 16:49:07.011753 np0000003476 devstack@n-api-meta.service[95635]: uWSGI http bound on 0.0.0.0:8775 fd 5
Jun 23 16:49:07.011788 np0000003476 devstack@n-api-meta.service[95635]: uwsgi socket 0 bound to TCP address 127.0.0.1:33407 (port auto-assigned) fd 4
Jun 23 16:49:07.011825 np0000003476 devstack@n-api-meta.service[95635]: Python version: 3.12.3 (main, Mar 23 2026, 19:04:32) [GCC 13.3.0]
Jun 23 16:49:07.011825 np0000003476 devstack@n-api-meta.service[95635]: PEP 405 virtualenv detected: /opt/stack/data/venv
Jun 23 16:49:07.011825 np0000003476 devstack@n-api-meta.service[95635]: Set PythonHome to /opt/stack/data/venv
Jun 23 16:49:07.042904 np0000003476 devstack@n-api-meta.service[95635]: Python main interpreter initialized at 0x74fce34a3668
Jun 23 16:49:07.042904 np0000003476 devstack@n-api-meta.service[95635]: python threads support enabled
Jun 23 16:49:07.042904 np0000003476 devstack@n-api-meta.service[95635]: your server socket listen backlog is limited to 100 connections
Jun 23 16:49:07.042904 np0000003476 devstack@n-api-meta.service[95635]: your mercy for graceful operations on workers is 80 seconds
Jun 23 16:49:07.043541 np0000003476 devstack@n-api-meta.service[95635]: mapped 671795 bytes (656 KB) for 4 cores
Jun 23 16:49:07.043683 np0000003476 devstack@n-api-meta.service[95635]: *** Operational MODE: preforking ***
Jun 23 16:49:07.043872 np0000003476 devstack@n-api-meta.service[95635]: *** uWSGI is running in multiple interpreter mode ***
Jun 23 16:49:07.043872 np0000003476 devstack@n-api-meta.service[95635]: spawned uWSGI master process (pid: 95635)
Jun 23 16:49:07.044021 np0000003476 systemd[1]: Started devstack@n-api-meta.service - Devstack devstack@n-api-meta.service.
Jun 23 16:49:07.044404 np0000003476 devstack@n-api-meta.service[95635]: spawned uWSGI worker 1 (pid: 95636, cores: 1)
Jun 23 16:49:07.045104 np0000003476 devstack@n-api-meta.service[95635]: spawned uWSGI worker 2 (pid: 95637, cores: 1)
Jun 23 16:49:07.045500 np0000003476 devstack@n-api-meta.service[95635]: spawned uWSGI worker 3 (pid: 95638, cores: 1)
Jun 23 16:49:07.046023 np0000003476 devstack@n-api-meta.service[95635]: spawned uWSGI worker 4 (pid: 95639, cores: 1)
Jun 23 16:49:07.046660 np0000003476 devstack@n-api-meta.service[95635]: spawned uWSGI http 1 (pid: 95640)
Jun 23 16:49:07.046660 np0000003476 devstack@n-api-meta.service[95635]: running "unix_signal:15 gracefully_kill_them_all" (master-start)...
Jun 23 16:49:08.681608 np0000003476 devstack@n-api-meta.service[95638]: INFO dbcounter [None req-c60119b6-17c4-4bd6-9509-19dc2660353f None None] Registered counter for database nova_api
Jun 23 16:49:08.709810 np0000003476 devstack@n-api-meta.service[95637]: INFO dbcounter [None req-eb60d853-44f4-4aa4-9502-fbdc50851813 None None] Registered counter for database nova_api
Jun 23 16:49:08.711071 np0000003476 devstack@n-api-meta.service[95636]: INFO dbcounter [None req-c3c7b25a-0615-4550-8ae6-2f3c40520c6f None None] Registered counter for database nova_api
Jun 23 16:49:08.726830 np0000003476 devstack@n-api-meta.service[95638]: DEBUG oslo_db.sqlalchemy.engines [None req-c60119b6-17c4-4bd6-9509-19dc2660353f None None] MySQL server mode set to STRICT_TRANS_TABLES,STRICT_ALL_TABLES,NO_ZERO_IN_DATE,NO_ZERO_DATE,ERROR_FOR_DIVISION_BY_ZERO,TRADITIONAL,NO_ENGINE_SUBSTITUTION {{(pid=95638) _check_effective_sql_mode /opt/stack/data/venv/lib/python3.12/site-packages/oslo_db/sqlalchemy/engines.py:325}}
Jun 23 16:49:08.735802 np0000003476 devstack@n-api-meta.service[95639]: INFO dbcounter [None req-c7c00fda-360c-41ea-90c9-9044cab671f7 None None] Registered counter for database nova_api
Jun 23 16:49:08.757882 np0000003476 devstack@n-api-meta.service[95637]: DEBUG oslo_db.sqlalchemy.engines [None req-eb60d853-44f4-4aa4-9502-fbdc50851813 None None] MySQL server mode set to STRICT_TRANS_TABLES,STRICT_ALL_TABLES,NO_ZERO_IN_DATE,NO_ZERO_DATE,ERROR_FOR_DIVISION_BY_ZERO,TRADITIONAL,NO_ENGINE_SUBSTITUTION {{(pid=95637) _check_effective_sql_mode /opt/stack/data/venv/lib/python3.12/site-packages/oslo_db/sqlalchemy/engines.py:325}}
Jun 23 16:49:08.758001 np0000003476 devstack@n-api-meta.service[95638]: DEBUG dbcounter [-] [95638] Writer thread running {{(pid=95638) stat_writer /opt/stack/data/venv/lib/python3.12/site-packages/dbcounter.py:102}}
Jun 23 16:49:08.760263 np0000003476 devstack@n-api-meta.service[95638]: DEBUG nova.context [None req-c60119b6-17c4-4bd6-9509-19dc2660353f None None] Found 2 cells: 00000000-0000-0000-0000-000000000000(cell0),fb7b4290-3f44-4913-af87-78b4ff5ea9cc(cell1) {{(pid=95638) load_cells /opt/stack/nova/nova/context.py:509}}
Jun 23 16:49:08.760468 np0000003476 devstack@n-api-meta.service[95638]: INFO nova.utils [None req-c60119b6-17c4-4bd6-9509-19dc2660353f None None] The cell worker thread pool MainProcess.cell_worker is initialized
Jun 23 16:49:08.762066 np0000003476 devstack@n-api-meta.service[95638]: DEBUG oslo_concurrency.lockutils [None req-c60119b6-17c4-4bd6-9509-19dc2660353f None None] Acquiring lock "00000000-0000-0000-0000-000000000000" by "nova.context.set_target_cell..get_or_set_cached_cell_and_set_connections" {{(pid=95638) inner /opt/stack/data/venv/lib/python3.12/site-packages/oslo_concurrency/lockutils.py:511}}
Jun 23 16:49:08.762261 np0000003476 devstack@n-api-meta.service[95638]: DEBUG oslo_concurrency.lockutils [None req-c60119b6-17c4-4bd6-9509-19dc2660353f None None] Lock "00000000-0000-0000-0000-000000000000" acquired by "nova.context.set_target_cell..get_or_set_cached_cell_and_set_connections" :: waited 0.000s {{(pid=95638) inner /opt/stack/data/venv/lib/python3.12/site-packages/oslo_concurrency/lockutils.py:524}}
Jun 23 16:49:08.762622 np0000003476 devstack@n-api-meta.service[95638]: DEBUG oslo_concurrency.lockutils [None req-c60119b6-17c4-4bd6-9509-19dc2660353f None None] Lock "00000000-0000-0000-0000-000000000000" "released" by "nova.context.set_target_cell..get_or_set_cached_cell_and_set_connections" :: held 0.000s {{(pid=95638) inner /opt/stack/data/venv/lib/python3.12/site-packages/oslo_concurrency/lockutils.py:543}}
Jun 23 16:49:08.763733 np0000003476 devstack@n-api-meta.service[95638]: DEBUG oslo_concurrency.lockutils [None req-c60119b6-17c4-4bd6-9509-19dc2660353f None None] Acquiring lock "fb7b4290-3f44-4913-af87-78b4ff5ea9cc" by "nova.context.set_target_cell..get_or_set_cached_cell_and_set_connections" {{(pid=95638) inner /opt/stack/data/venv/lib/python3.12/site-packages/oslo_concurrency/lockutils.py:511}}
Jun 23 16:49:08.764022 np0000003476 devstack@n-api-meta.service[95636]: DEBUG oslo_db.sqlalchemy.engines [None req-c3c7b25a-0615-4550-8ae6-2f3c40520c6f None None] MySQL server mode set to STRICT_TRANS_TABLES,STRICT_ALL_TABLES,NO_ZERO_IN_DATE,NO_ZERO_DATE,ERROR_FOR_DIVISION_BY_ZERO,TRADITIONAL,NO_ENGINE_SUBSTITUTION {{(pid=95636) _check_effective_sql_mode /opt/stack/data/venv/lib/python3.12/site-packages/oslo_db/sqlalchemy/engines.py:325}}
Jun 23 16:49:08.765245 np0000003476 devstack@n-api-meta.service[95638]: INFO dbcounter [None req-c60119b6-17c4-4bd6-9509-19dc2660353f None None] Registered counter for database nova_cell0
Jun 23 16:49:08.766385 np0000003476 devstack@n-api-meta.service[95638]: DEBUG oslo_concurrency.lockutils [None req-c60119b6-17c4-4bd6-9509-19dc2660353f None None] Lock "fb7b4290-3f44-4913-af87-78b4ff5ea9cc" acquired by "nova.context.set_target_cell..get_or_set_cached_cell_and_set_connections" :: waited 0.002s {{(pid=95638) inner /opt/stack/data/venv/lib/python3.12/site-packages/oslo_concurrency/lockutils.py:524}}
Jun 23 16:49:08.767864 np0000003476 devstack@n-api-meta.service[95638]: DEBUG oslo_concurrency.lockutils [None req-c60119b6-17c4-4bd6-9509-19dc2660353f None None] Lock "fb7b4290-3f44-4913-af87-78b4ff5ea9cc" "released" by "nova.context.set_target_cell..get_or_set_cached_cell_and_set_connections" :: held 0.002s {{(pid=95638) inner /opt/stack/data/venv/lib/python3.12/site-packages/oslo_concurrency/lockutils.py:543}}
Jun 23 16:49:08.769634 np0000003476 devstack@n-api-meta.service[95638]: INFO dbcounter [None req-c60119b6-17c4-4bd6-9509-19dc2660353f None None] Registered counter for database nova_cell1
Jun 23 16:49:08.780849 np0000003476 devstack@n-api-meta.service[95639]: DEBUG oslo_db.sqlalchemy.engines [None req-c7c00fda-360c-41ea-90c9-9044cab671f7 None None] MySQL server mode set to STRICT_TRANS_TABLES,STRICT_ALL_TABLES,NO_ZERO_IN_DATE,NO_ZERO_DATE,ERROR_FOR_DIVISION_BY_ZERO,TRADITIONAL,NO_ENGINE_SUBSTITUTION {{(pid=95639) _check_effective_sql_mode /opt/stack/data/venv/lib/python3.12/site-packages/oslo_db/sqlalchemy/engines.py:325}}
Jun 23 16:49:08.786085 np0000003476 devstack@n-api-meta.service[95637]: DEBUG dbcounter [-] [95637] Writer thread running {{(pid=95637) stat_writer /opt/stack/data/venv/lib/python3.12/site-packages/dbcounter.py:102}}
Jun 23 16:49:08.788312 np0000003476 devstack@n-api-meta.service[95637]: DEBUG nova.context [None req-eb60d853-44f4-4aa4-9502-fbdc50851813 None None] Found 2 cells: 00000000-0000-0000-0000-000000000000(cell0),fb7b4290-3f44-4913-af87-78b4ff5ea9cc(cell1) {{(pid=95637) load_cells /opt/stack/nova/nova/context.py:509}}
Jun 23 16:49:08.788548 np0000003476 devstack@n-api-meta.service[95637]: INFO nova.utils [None req-eb60d853-44f4-4aa4-9502-fbdc50851813 None None] The cell worker thread pool MainProcess.cell_worker is initialized
Jun 23 16:49:08.790180 np0000003476 devstack@n-api-meta.service[95637]: DEBUG oslo_concurrency.lockutils [None req-eb60d853-44f4-4aa4-9502-fbdc50851813 None None] Acquiring lock "00000000-0000-0000-0000-000000000000" by "nova.context.set_target_cell..get_or_set_cached_cell_and_set_connections" {{(pid=95637) inner /opt/stack/data/venv/lib/python3.12/site-packages/oslo_concurrency/lockutils.py:511}}
Jun 23 16:49:08.790340 np0000003476 devstack@n-api-meta.service[95637]: DEBUG oslo_concurrency.lockutils [None req-eb60d853-44f4-4aa4-9502-fbdc50851813 None None] Lock "00000000-0000-0000-0000-000000000000" acquired by "nova.context.set_target_cell..get_or_set_cached_cell_and_set_connections" :: waited 0.000s {{(pid=95637) inner /opt/stack/data/venv/lib/python3.12/site-packages/oslo_concurrency/lockutils.py:524}}
Jun 23 16:49:08.791076 np0000003476 devstack@n-api-meta.service[95637]: DEBUG oslo_concurrency.lockutils [None req-eb60d853-44f4-4aa4-9502-fbdc50851813 None None] Lock "00000000-0000-0000-0000-000000000000" "released" by "nova.context.set_target_cell..get_or_set_cached_cell_and_set_connections" :: held 0.000s {{(pid=95637) inner /opt/stack/data/venv/lib/python3.12/site-packages/oslo_concurrency/lockutils.py:543}}
Jun 23 16:49:08.791303 np0000003476 devstack@n-api-meta.service[95637]: DEBUG oslo_concurrency.lockutils [None req-eb60d853-44f4-4aa4-9502-fbdc50851813 None None] Acquiring lock "fb7b4290-3f44-4913-af87-78b4ff5ea9cc" by "nova.context.set_target_cell..get_or_set_cached_cell_and_set_connections" {{(pid=95637) inner /opt/stack/data/venv/lib/python3.12/site-packages/oslo_concurrency/lockutils.py:511}}
Jun 23 16:49:08.791565 np0000003476 devstack@n-api-meta.service[95637]: DEBUG oslo_concurrency.lockutils [None req-eb60d853-44f4-4aa4-9502-fbdc50851813 None None] Lock "fb7b4290-3f44-4913-af87-78b4ff5ea9cc" acquired by "nova.context.set_target_cell..get_or_set_cached_cell_and_set_connections" :: waited 0.000s {{(pid=95637) inner /opt/stack/data/venv/lib/python3.12/site-packages/oslo_concurrency/lockutils.py:524}}
Jun 23 16:49:08.792267 np0000003476 devstack@n-api-meta.service[95637]: DEBUG oslo_concurrency.lockutils [None req-eb60d853-44f4-4aa4-9502-fbdc50851813 None None] Lock "fb7b4290-3f44-4913-af87-78b4ff5ea9cc" "released" by "nova.context.set_target_cell..get_or_set_cached_cell_and_set_connections" :: held 0.001s {{(pid=95637) inner /opt/stack/data/venv/lib/python3.12/site-packages/oslo_concurrency/lockutils.py:543}}
Jun 23 16:49:08.794456 np0000003476 devstack@n-api-meta.service[95637]: INFO dbcounter [None req-eb60d853-44f4-4aa4-9502-fbdc50851813 None None] Registered counter for database nova_cell0
Jun 23 16:49:08.796901 np0000003476 devstack@n-api-meta.service[95637]: INFO dbcounter [None req-eb60d853-44f4-4aa4-9502-fbdc50851813 None None] Registered counter for database nova_cell1
Jun 23 16:49:08.799918 np0000003476 devstack@n-api-meta.service[95636]: DEBUG dbcounter [-] [95636] Writer thread running {{(pid=95636) stat_writer /opt/stack/data/venv/lib/python3.12/site-packages/dbcounter.py:102}}
Jun 23 16:49:08.801101 np0000003476 devstack@n-api-meta.service[95636]: DEBUG nova.context [None req-c3c7b25a-0615-4550-8ae6-2f3c40520c6f None None] Found 2 cells: 00000000-0000-0000-0000-000000000000(cell0),fb7b4290-3f44-4913-af87-78b4ff5ea9cc(cell1) {{(pid=95636) load_cells /opt/stack/nova/nova/context.py:509}}
Jun 23 16:49:08.801918 np0000003476 devstack@n-api-meta.service[95636]: INFO nova.utils [None req-c3c7b25a-0615-4550-8ae6-2f3c40520c6f None None] The cell worker thread pool MainProcess.cell_worker is initialized
Jun 23 16:49:08.803490 np0000003476 devstack@n-api-meta.service[95636]: DEBUG oslo_concurrency.lockutils [None req-c3c7b25a-0615-4550-8ae6-2f3c40520c6f None None] Acquiring lock "00000000-0000-0000-0000-000000000000" by "nova.context.set_target_cell..get_or_set_cached_cell_and_set_connections" {{(pid=95636) inner /opt/stack/data/venv/lib/python3.12/site-packages/oslo_concurrency/lockutils.py:511}}
Jun 23 16:49:08.803738 np0000003476 devstack@n-api-meta.service[95636]: DEBUG oslo_concurrency.lockutils [None req-c3c7b25a-0615-4550-8ae6-2f3c40520c6f None None] Lock "00000000-0000-0000-0000-000000000000" acquired by "nova.context.set_target_cell..get_or_set_cached_cell_and_set_connections" :: waited 0.000s {{(pid=95636) inner /opt/stack/data/venv/lib/python3.12/site-packages/oslo_concurrency/lockutils.py:524}}
Jun 23 16:49:08.804254 np0000003476 devstack@n-api-meta.service[95636]: DEBUG oslo_concurrency.lockutils [None req-c3c7b25a-0615-4550-8ae6-2f3c40520c6f None None] Lock "00000000-0000-0000-0000-000000000000" "released" by "nova.context.set_target_cell..get_or_set_cached_cell_and_set_connections" :: held 0.001s {{(pid=95636) inner /opt/stack/data/venv/lib/python3.12/site-packages/oslo_concurrency/lockutils.py:543}}
Jun 23 16:49:08.805443 np0000003476 devstack@n-api-meta.service[95636]: DEBUG oslo_concurrency.lockutils [None req-c3c7b25a-0615-4550-8ae6-2f3c40520c6f None None] Acquiring lock "fb7b4290-3f44-4913-af87-78b4ff5ea9cc" by "nova.context.set_target_cell..get_or_set_cached_cell_and_set_connections" {{(pid=95636) inner /opt/stack/data/venv/lib/python3.12/site-packages/oslo_concurrency/lockutils.py:511}}
Jun 23 16:49:08.806414 np0000003476 devstack@n-api-meta.service[95636]: INFO dbcounter [None req-c3c7b25a-0615-4550-8ae6-2f3c40520c6f None None] Registered counter for database nova_cell0
Jun 23 16:49:08.808402 np0000003476 devstack@n-api-meta.service[95636]: DEBUG oslo_concurrency.lockutils [None req-c3c7b25a-0615-4550-8ae6-2f3c40520c6f None None] Lock "fb7b4290-3f44-4913-af87-78b4ff5ea9cc" acquired by "nova.context.set_target_cell..get_or_set_cached_cell_and_set_connections" :: waited 0.001s {{(pid=95636) inner /opt/stack/data/venv/lib/python3.12/site-packages/oslo_concurrency/lockutils.py:524}}
Jun 23 16:49:08.809117 np0000003476 devstack@n-api-meta.service[95636]: DEBUG oslo_concurrency.lockutils [None req-c3c7b25a-0615-4550-8ae6-2f3c40520c6f None None] Lock "fb7b4290-3f44-4913-af87-78b4ff5ea9cc" "released" by "nova.context.set_target_cell..get_or_set_cached_cell_and_set_connections" :: held 0.003s {{(pid=95636) inner /opt/stack/data/venv/lib/python3.12/site-packages/oslo_concurrency/lockutils.py:543}}
Jun 23 16:49:08.812574 np0000003476 devstack@n-api-meta.service[95639]: DEBUG dbcounter [-] [95639] Writer thread running {{(pid=95639) stat_writer /opt/stack/data/venv/lib/python3.12/site-packages/dbcounter.py:102}}
Jun 23 16:49:08.812654 np0000003476 devstack@n-api-meta.service[95636]: INFO dbcounter [None req-c3c7b25a-0615-4550-8ae6-2f3c40520c6f None None] Registered counter for database nova_cell1
Jun 23 16:49:08.812884 np0000003476 devstack@n-api-meta.service[95639]: DEBUG nova.context [None req-c7c00fda-360c-41ea-90c9-9044cab671f7 None None] Found 2 cells: 00000000-0000-0000-0000-000000000000(cell0),fb7b4290-3f44-4913-af87-78b4ff5ea9cc(cell1) {{(pid=95639) load_cells /opt/stack/nova/nova/context.py:509}}
Jun 23 16:49:08.813184 np0000003476 devstack@n-api-meta.service[95639]: INFO nova.utils [None req-c7c00fda-360c-41ea-90c9-9044cab671f7 None None] The cell worker thread pool MainProcess.cell_worker is initialized
Jun 23 16:49:08.815383 np0000003476 devstack@n-api-meta.service[95639]: DEBUG oslo_concurrency.lockutils [None req-c7c00fda-360c-41ea-90c9-9044cab671f7 None None] Acquiring lock "00000000-0000-0000-0000-000000000000" by "nova.context.set_target_cell..get_or_set_cached_cell_and_set_connections" {{(pid=95639) inner /opt/stack/data/venv/lib/python3.12/site-packages/oslo_concurrency/lockutils.py:511}}
Jun 23 16:49:08.815622 np0000003476 devstack@n-api-meta.service[95639]: DEBUG oslo_concurrency.lockutils [None req-c7c00fda-360c-41ea-90c9-9044cab671f7 None None] Lock "00000000-0000-0000-0000-000000000000" acquired by "nova.context.set_target_cell..get_or_set_cached_cell_and_set_connections" :: waited 0.000s {{(pid=95639) inner /opt/stack/data/venv/lib/python3.12/site-packages/oslo_concurrency/lockutils.py:524}}
Jun 23 16:49:08.816099 np0000003476 devstack@n-api-meta.service[95639]: DEBUG oslo_concurrency.lockutils [None req-c7c00fda-360c-41ea-90c9-9044cab671f7 None None] Lock "00000000-0000-0000-0000-000000000000" "released" by "nova.context.set_target_cell..get_or_set_cached_cell_and_set_connections" :: held 0.001s {{(pid=95639) inner /opt/stack/data/venv/lib/python3.12/site-packages/oslo_concurrency/lockutils.py:543}}
Jun 23 16:49:08.816887 np0000003476 devstack@n-api-meta.service[95639]: DEBUG oslo_concurrency.lockutils [None req-c7c00fda-360c-41ea-90c9-9044cab671f7 None None] Acquiring lock "fb7b4290-3f44-4913-af87-78b4ff5ea9cc" by "nova.context.set_target_cell..get_or_set_cached_cell_and_set_connections" {{(pid=95639) inner /opt/stack/data/venv/lib/python3.12/site-packages/oslo_concurrency/lockutils.py:511}}
Jun 23 16:49:08.817087 np0000003476 devstack@n-api-meta.service[95639]: DEBUG oslo_concurrency.lockutils [None req-c7c00fda-360c-41ea-90c9-9044cab671f7 None None] Lock "fb7b4290-3f44-4913-af87-78b4ff5ea9cc" acquired by "nova.context.set_target_cell..get_or_set_cached_cell_and_set_connections" :: waited 0.000s {{(pid=95639) inner /opt/stack/data/venv/lib/python3.12/site-packages/oslo_concurrency/lockutils.py:524}}
Jun 23 16:49:08.818196 np0000003476 devstack@n-api-meta.service[95639]: DEBUG oslo_concurrency.lockutils [None req-c7c00fda-360c-41ea-90c9-9044cab671f7 None None] Lock "fb7b4290-3f44-4913-af87-78b4ff5ea9cc" "released" by "nova.context.set_target_cell..get_or_set_cached_cell_and_set_connections" :: held 0.001s {{(pid=95639) inner /opt/stack/data/venv/lib/python3.12/site-packages/oslo_concurrency/lockutils.py:543}}
Jun 23 16:49:08.820408 np0000003476 devstack@n-api-meta.service[95639]: INFO dbcounter [None req-c7c00fda-360c-41ea-90c9-9044cab671f7 None None] Registered counter for database nova_cell0
Jun 23 16:49:08.825186 np0000003476 devstack@n-api-meta.service[95638]: DEBUG oslo_db.sqlalchemy.engines [None req-c60119b6-17c4-4bd6-9509-19dc2660353f None None] MySQL server mode set to STRICT_TRANS_TABLES,STRICT_ALL_TABLES,NO_ZERO_IN_DATE,NO_ZERO_DATE,ERROR_FOR_DIVISION_BY_ZERO,TRADITIONAL,NO_ENGINE_SUBSTITUTION {{(pid=95638) _check_effective_sql_mode /opt/stack/data/venv/lib/python3.12/site-packages/oslo_db/sqlalchemy/engines.py:325}}
Jun 23 16:49:08.825370 np0000003476 devstack@n-api-meta.service[95639]: INFO dbcounter [None req-c7c00fda-360c-41ea-90c9-9044cab671f7 None None] Registered counter for database nova_cell1
Jun 23 16:49:08.838656 np0000003476 devstack@n-api-meta.service[95638]: DEBUG oslo_db.sqlalchemy.engines [None req-c60119b6-17c4-4bd6-9509-19dc2660353f None None] MySQL server mode set to STRICT_TRANS_TABLES,STRICT_ALL_TABLES,NO_ZERO_IN_DATE,NO_ZERO_DATE,ERROR_FOR_DIVISION_BY_ZERO,TRADITIONAL,NO_ENGINE_SUBSTITUTION {{(pid=95638) _check_effective_sql_mode /opt/stack/data/venv/lib/python3.12/site-packages/oslo_db/sqlalchemy/engines.py:325}}
Jun 23 16:49:08.844982 np0000003476 devstack@n-api-meta.service[95637]: DEBUG oslo_db.sqlalchemy.engines [None req-eb60d853-44f4-4aa4-9502-fbdc50851813 None None] MySQL server mode set to STRICT_TRANS_TABLES,STRICT_ALL_TABLES,NO_ZERO_IN_DATE,NO_ZERO_DATE,ERROR_FOR_DIVISION_BY_ZERO,TRADITIONAL,NO_ENGINE_SUBSTITUTION {{(pid=95637) _check_effective_sql_mode /opt/stack/data/venv/lib/python3.12/site-packages/oslo_db/sqlalchemy/engines.py:325}}
Jun 23 16:49:08.859293 np0000003476 devstack@n-api-meta.service[95636]: DEBUG oslo_db.sqlalchemy.engines [None req-c3c7b25a-0615-4550-8ae6-2f3c40520c6f None None] MySQL server mode set to STRICT_TRANS_TABLES,STRICT_ALL_TABLES,NO_ZERO_IN_DATE,NO_ZERO_DATE,ERROR_FOR_DIVISION_BY_ZERO,TRADITIONAL,NO_ENGINE_SUBSTITUTION {{(pid=95636) _check_effective_sql_mode /opt/stack/data/venv/lib/python3.12/site-packages/oslo_db/sqlalchemy/engines.py:325}}
Jun 23 16:49:08.860868 np0000003476 devstack@n-api-meta.service[95637]: DEBUG oslo_db.sqlalchemy.engines [None req-eb60d853-44f4-4aa4-9502-fbdc50851813 None None] MySQL server mode set to STRICT_TRANS_TABLES,STRICT_ALL_TABLES,NO_ZERO_IN_DATE,NO_ZERO_DATE,ERROR_FOR_DIVISION_BY_ZERO,TRADITIONAL,NO_ENGINE_SUBSTITUTION {{(pid=95637) _check_effective_sql_mode /opt/stack/data/venv/lib/python3.12/site-packages/oslo_db/sqlalchemy/engines.py:325}}
Jun 23 16:49:08.881552 np0000003476 devstack@n-api-meta.service[95639]: DEBUG oslo_db.sqlalchemy.engines [None req-c7c00fda-360c-41ea-90c9-9044cab671f7 None None] MySQL server mode set to STRICT_TRANS_TABLES,STRICT_ALL_TABLES,NO_ZERO_IN_DATE,NO_ZERO_DATE,ERROR_FOR_DIVISION_BY_ZERO,TRADITIONAL,NO_ENGINE_SUBSTITUTION {{(pid=95639) _check_effective_sql_mode /opt/stack/data/venv/lib/python3.12/site-packages/oslo_db/sqlalchemy/engines.py:325}}
Jun 23 16:49:08.896410 np0000003476 devstack@n-api-meta.service[95639]: DEBUG oslo_db.sqlalchemy.engines [None req-c7c00fda-360c-41ea-90c9-9044cab671f7 None None] MySQL server mode set to STRICT_TRANS_TABLES,STRICT_ALL_TABLES,NO_ZERO_IN_DATE,NO_ZERO_DATE,ERROR_FOR_DIVISION_BY_ZERO,TRADITIONAL,NO_ENGINE_SUBSTITUTION {{(pid=95639) _check_effective_sql_mode /opt/stack/data/venv/lib/python3.12/site-packages/oslo_db/sqlalchemy/engines.py:325}}
Jun 23 16:49:08.923004 np0000003476 devstack@n-api-meta.service[95638]: DEBUG dbcounter [-] [95638] Writer thread running {{(pid=95638) stat_writer /opt/stack/data/venv/lib/python3.12/site-packages/dbcounter.py:102}}
Jun 23 16:49:08.928619 np0000003476 devstack@n-api-meta.service[95638]: DEBUG dbcounter [-] [95638] Writer thread running {{(pid=95638) stat_writer /opt/stack/data/venv/lib/python3.12/site-packages/dbcounter.py:102}}
Jun 23 16:49:08.931573 np0000003476 devstack@n-api-meta.service[95638]: INFO dbcounter [None req-c60119b6-17c4-4bd6-9509-19dc2660353f None None] Registered counter for database nova_cell0
Jun 23 16:49:08.940081 np0000003476 devstack@n-api-meta.service[95637]: DEBUG dbcounter [-] [95637] Writer thread running {{(pid=95637) stat_writer /opt/stack/data/venv/lib/python3.12/site-packages/dbcounter.py:102}}
Jun 23 16:49:08.942270 np0000003476 devstack@n-api-meta.service[95637]: DEBUG dbcounter [-] [95637] Writer thread running {{(pid=95637) stat_writer /opt/stack/data/venv/lib/python3.12/site-packages/dbcounter.py:102}}
Jun 23 16:49:08.947617 np0000003476 devstack@n-api-meta.service[95637]: INFO dbcounter [None req-eb60d853-44f4-4aa4-9502-fbdc50851813 None None] Registered counter for database nova_cell0
Jun 23 16:49:08.955743 np0000003476 devstack@n-api-meta.service[95636]: DEBUG dbcounter [-] [95636] Writer thread running {{(pid=95636) stat_writer /opt/stack/data/venv/lib/python3.12/site-packages/dbcounter.py:102}}
Jun 23 16:49:08.961509 np0000003476 devstack@n-api-meta.service[95636]: DEBUG oslo_db.sqlalchemy.engines [None req-c3c7b25a-0615-4550-8ae6-2f3c40520c6f None None] MySQL server mode set to STRICT_TRANS_TABLES,STRICT_ALL_TABLES,NO_ZERO_IN_DATE,NO_ZERO_DATE,ERROR_FOR_DIVISION_BY_ZERO,TRADITIONAL,NO_ENGINE_SUBSTITUTION {{(pid=95636) _check_effective_sql_mode /opt/stack/data/venv/lib/python3.12/site-packages/oslo_db/sqlalchemy/engines.py:325}}
Jun 23 16:49:08.963475 np0000003476 devstack@n-api-meta.service[95638]: DEBUG oslo_db.sqlalchemy.engines [None req-c60119b6-17c4-4bd6-9509-19dc2660353f None None] MySQL server mode set to STRICT_TRANS_TABLES,STRICT_ALL_TABLES,NO_ZERO_IN_DATE,NO_ZERO_DATE,ERROR_FOR_DIVISION_BY_ZERO,TRADITIONAL,NO_ENGINE_SUBSTITUTION {{(pid=95638) _check_effective_sql_mode /opt/stack/data/venv/lib/python3.12/site-packages/oslo_db/sqlalchemy/engines.py:325}}
Jun 23 16:49:08.968700 np0000003476 devstack@n-api-meta.service[95636]: DEBUG dbcounter [-] [95636] Writer thread running {{(pid=95636) stat_writer /opt/stack/data/venv/lib/python3.12/site-packages/dbcounter.py:102}}
Jun 23 16:49:08.969567 np0000003476 devstack@n-api-meta.service[95639]: DEBUG dbcounter [-] [95639] Writer thread running {{(pid=95639) stat_writer /opt/stack/data/venv/lib/python3.12/site-packages/dbcounter.py:102}}
Jun 23 16:49:08.970665 np0000003476 devstack@n-api-meta.service[95638]: DEBUG dbcounter [-] [95638] Writer thread running {{(pid=95638) stat_writer /opt/stack/data/venv/lib/python3.12/site-packages/dbcounter.py:102}}
Jun 23 16:49:08.972003 np0000003476 devstack@n-api-meta.service[95636]: INFO dbcounter [None req-c3c7b25a-0615-4550-8ae6-2f3c40520c6f None None] Registered counter for database nova_cell0
Jun 23 16:49:08.974401 np0000003476 devstack@n-api-meta.service[95639]: DEBUG dbcounter [-] [95639] Writer thread running {{(pid=95639) stat_writer /opt/stack/data/venv/lib/python3.12/site-packages/dbcounter.py:102}}
Jun 23 16:49:08.977746 np0000003476 devstack@n-api-meta.service[95639]: INFO dbcounter [None req-c7c00fda-360c-41ea-90c9-9044cab671f7 None None] Registered counter for database nova_cell0
Jun 23 16:49:08.998735 np0000003476 devstack@n-api-meta.service[95637]: DEBUG oslo_db.sqlalchemy.engines [None req-eb60d853-44f4-4aa4-9502-fbdc50851813 None None] MySQL server mode set to STRICT_TRANS_TABLES,STRICT_ALL_TABLES,NO_ZERO_IN_DATE,NO_ZERO_DATE,ERROR_FOR_DIVISION_BY_ZERO,TRADITIONAL,NO_ENGINE_SUBSTITUTION {{(pid=95637) _check_effective_sql_mode /opt/stack/data/venv/lib/python3.12/site-packages/oslo_db/sqlalchemy/engines.py:325}}
Jun 23 16:49:09.005912 np0000003476 devstack@n-api-meta.service[95637]: DEBUG dbcounter [-] [95637] Writer thread running {{(pid=95637) stat_writer /opt/stack/data/venv/lib/python3.12/site-packages/dbcounter.py:102}}
Jun 23 16:49:09.010166 np0000003476 devstack@n-api-meta.service[95638]: WARNING nova.api.metadata.handler [None req-c60119b6-17c4-4bd6-9509-19dc2660353f None None] metadata_proxy_shared_secret is not configured, the metadata information returned by the proxy cannot be trusted
Jun 23 16:49:09.010542 np0000003476 devstack@n-api-meta.service[95636]: DEBUG oslo_db.sqlalchemy.engines [None req-c3c7b25a-0615-4550-8ae6-2f3c40520c6f None None] MySQL server mode set to STRICT_TRANS_TABLES,STRICT_ALL_TABLES,NO_ZERO_IN_DATE,NO_ZERO_DATE,ERROR_FOR_DIVISION_BY_ZERO,TRADITIONAL,NO_ENGINE_SUBSTITUTION {{(pid=95636) _check_effective_sql_mode /opt/stack/data/venv/lib/python3.12/site-packages/oslo_db/sqlalchemy/engines.py:325}}
Jun 23 16:49:09.012241 np0000003476 devstack@n-api-meta.service[95638]: DEBUG nova.api.openstack.wsgi_app [None req-c60119b6-17c4-4bd6-9509-19dc2660353f None None] ******************************************************************************** {{(pid=95638) log_opt_values /opt/stack/data/venv/lib/python3.12/site-packages/oslo_config/cfg.py:3226}}
Jun 23 16:49:09.012360 np0000003476 devstack@n-api-meta.service[95638]: DEBUG nova.api.openstack.wsgi_app [None req-c60119b6-17c4-4bd6-9509-19dc2660353f None None] Configuration options gathered from: {{(pid=95638) log_opt_values /opt/stack/data/venv/lib/python3.12/site-packages/oslo_config/cfg.py:3227}}
Jun 23 16:49:09.012489 np0000003476 devstack@n-api-meta.service[95638]: DEBUG nova.api.openstack.wsgi_app [None req-c60119b6-17c4-4bd6-9509-19dc2660353f None None] command line args: [] {{(pid=95638) log_opt_values /opt/stack/data/venv/lib/python3.12/site-packages/oslo_config/cfg.py:3228}}
Jun 23 16:49:09.012669 np0000003476 devstack@n-api-meta.service[95638]: DEBUG nova.api.openstack.wsgi_app [None req-c60119b6-17c4-4bd6-9509-19dc2660353f None None] config files: ['/etc/nova/api-paste.ini', '/etc/nova/nova.conf'] {{(pid=95638) log_opt_values /opt/stack/data/venv/lib/python3.12/site-packages/oslo_config/cfg.py:3229}}
Jun 23 16:49:09.012775 np0000003476 devstack@n-api-meta.service[95638]: DEBUG nova.api.openstack.wsgi_app [None req-c60119b6-17c4-4bd6-9509-19dc2660353f None None] ================================================================================ {{(pid=95638) log_opt_values /opt/stack/data/venv/lib/python3.12/site-packages/oslo_config/cfg.py:3234}}
Jun 23 16:49:09.013000 np0000003476 devstack@n-api-meta.service[95638]: DEBUG nova.api.openstack.wsgi_app [None req-c60119b6-17c4-4bd6-9509-19dc2660353f None None] allow_resize_to_same_host = True {{(pid=95638) log_opt_values /opt/stack/data/venv/lib/python3.12/site-packages/oslo_config/cfg.py:3242}}
Jun 23 16:49:09.013150 np0000003476 devstack@n-api-meta.service[95638]: DEBUG nova.api.openstack.wsgi_app [None req-c60119b6-17c4-4bd6-9509-19dc2660353f None None] arq_binding_timeout = 300 {{(pid=95638) log_opt_values /opt/stack/data/venv/lib/python3.12/site-packages/oslo_config/cfg.py:3242}}
Jun 23 16:49:09.013264 np0000003476 devstack@n-api-meta.service[95638]: DEBUG nova.api.openstack.wsgi_app [None req-c60119b6-17c4-4bd6-9509-19dc2660353f None None] block_device_allocate_retries = 60 {{(pid=95638) log_opt_values /opt/stack/data/venv/lib/python3.12/site-packages/oslo_config/cfg.py:3242}}
Jun 23 16:49:09.013383 np0000003476 devstack@n-api-meta.service[95638]: DEBUG nova.api.openstack.wsgi_app [None req-c60119b6-17c4-4bd6-9509-19dc2660353f None None] block_device_allocate_retries_interval = 3 {{(pid=95638) log_opt_values /opt/stack/data/venv/lib/python3.12/site-packages/oslo_config/cfg.py:3242}}
Jun 23 16:49:09.013442 np0000003476 devstack@n-api-meta.service[95639]: DEBUG oslo_db.sqlalchemy.engines [None req-c7c00fda-360c-41ea-90c9-9044cab671f7 None None] MySQL server mode set to STRICT_TRANS_TABLES,STRICT_ALL_TABLES,NO_ZERO_IN_DATE,NO_ZERO_DATE,ERROR_FOR_DIVISION_BY_ZERO,TRADITIONAL,NO_ENGINE_SUBSTITUTION {{(pid=95639) _check_effective_sql_mode /opt/stack/data/venv/lib/python3.12/site-packages/oslo_db/sqlalchemy/engines.py:325}}
Jun 23 16:49:09.013495 np0000003476 devstack@n-api-meta.service[95638]: DEBUG nova.api.openstack.wsgi_app [None req-c60119b6-17c4-4bd6-9509-19dc2660353f None None] cell_worker_thread_pool_size = 5 {{(pid=95638) log_opt_values /opt/stack/data/venv/lib/python3.12/site-packages/oslo_config/cfg.py:3242}}
Jun 23 16:49:09.013681 np0000003476 devstack@n-api-meta.service[95638]: DEBUG nova.api.openstack.wsgi_app [None req-c60119b6-17c4-4bd6-9509-19dc2660353f None None] cert = self.pem {{(pid=95638) log_opt_values /opt/stack/data/venv/lib/python3.12/site-packages/oslo_config/cfg.py:3242}}
Jun 23 16:49:09.013798 np0000003476 devstack@n-api-meta.service[95638]: DEBUG nova.api.openstack.wsgi_app [None req-c60119b6-17c4-4bd6-9509-19dc2660353f None None] compute_driver = libvirt.LibvirtDriver {{(pid=95638) log_opt_values /opt/stack/data/venv/lib/python3.12/site-packages/oslo_config/cfg.py:3242}}
Jun 23 16:49:09.013921 np0000003476 devstack@n-api-meta.service[95638]: DEBUG nova.api.openstack.wsgi_app [None req-c60119b6-17c4-4bd6-9509-19dc2660353f None None] compute_monitors = [] {{(pid=95638) log_opt_values /opt/stack/data/venv/lib/python3.12/site-packages/oslo_config/cfg.py:3242}}
Jun 23 16:49:09.014052 np0000003476 devstack@n-api-meta.service[95638]: DEBUG nova.api.openstack.wsgi_app [None req-c60119b6-17c4-4bd6-9509-19dc2660353f None None] config_dir = [] {{(pid=95638) log_opt_values /opt/stack/data/venv/lib/python3.12/site-packages/oslo_config/cfg.py:3242}}
Jun 23 16:49:09.014232 np0000003476 devstack@n-api-meta.service[95638]: DEBUG nova.api.openstack.wsgi_app [None req-c60119b6-17c4-4bd6-9509-19dc2660353f None None] config_drive_format = iso9660 {{(pid=95638) log_opt_values /opt/stack/data/venv/lib/python3.12/site-packages/oslo_config/cfg.py:3242}}
Jun 23 16:49:09.014368 np0000003476 devstack@n-api-meta.service[95638]: DEBUG nova.api.openstack.wsgi_app [None req-c60119b6-17c4-4bd6-9509-19dc2660353f None None] config_file = ['/etc/nova/api-paste.ini', '/etc/nova/nova.conf'] {{(pid=95638) log_opt_values /opt/stack/data/venv/lib/python3.12/site-packages/oslo_config/cfg.py:3242}}
Jun 23 16:49:09.014546 np0000003476 devstack@n-api-meta.service[95638]: DEBUG nova.api.openstack.wsgi_app [None req-c60119b6-17c4-4bd6-9509-19dc2660353f None None] config_source = [] {{(pid=95638) log_opt_values /opt/stack/data/venv/lib/python3.12/site-packages/oslo_config/cfg.py:3242}}
Jun 23 16:49:09.014718 np0000003476 devstack@n-api-meta.service[95638]: DEBUG nova.api.openstack.wsgi_app [None req-c60119b6-17c4-4bd6-9509-19dc2660353f None None] console_host = np0000003476 {{(pid=95638) log_opt_values /opt/stack/data/venv/lib/python3.12/site-packages/oslo_config/cfg.py:3242}}
Jun 23 16:49:09.014845 np0000003476 devstack@n-api-meta.service[95638]: DEBUG nova.api.openstack.wsgi_app [None req-c60119b6-17c4-4bd6-9509-19dc2660353f None None] control_exchange = nova {{(pid=95638) log_opt_values /opt/stack/data/venv/lib/python3.12/site-packages/oslo_config/cfg.py:3242}}
Jun 23 16:49:09.014961 np0000003476 devstack@n-api-meta.service[95638]: DEBUG nova.api.openstack.wsgi_app [None req-c60119b6-17c4-4bd6-9509-19dc2660353f None None] cpu_allocation_ratio = None {{(pid=95638) log_opt_values /opt/stack/data/venv/lib/python3.12/site-packages/oslo_config/cfg.py:3242}}
Jun 23 16:49:09.015075 np0000003476 devstack@n-api-meta.service[95638]: DEBUG nova.api.openstack.wsgi_app [None req-c60119b6-17c4-4bd6-9509-19dc2660353f None None] daemon = False {{(pid=95638) log_opt_values /opt/stack/data/venv/lib/python3.12/site-packages/oslo_config/cfg.py:3242}}
Jun 23 16:49:09.015204 np0000003476 devstack@n-api-meta.service[95638]: DEBUG nova.api.openstack.wsgi_app [None req-c60119b6-17c4-4bd6-9509-19dc2660353f None None] debug = True {{(pid=95638) log_opt_values /opt/stack/data/venv/lib/python3.12/site-packages/oslo_config/cfg.py:3242}}
Jun 23 16:49:09.015322 np0000003476 devstack@n-api-meta.service[95638]: DEBUG nova.api.openstack.wsgi_app [None req-c60119b6-17c4-4bd6-9509-19dc2660353f None None] default_access_ip_network_name = None {{(pid=95638) log_opt_values /opt/stack/data/venv/lib/python3.12/site-packages/oslo_config/cfg.py:3242}}
Jun 23 16:49:09.015441 np0000003476 devstack@n-api-meta.service[95638]: DEBUG nova.api.openstack.wsgi_app [None req-c60119b6-17c4-4bd6-9509-19dc2660353f None None] default_availability_zone = nova {{(pid=95638) log_opt_values /opt/stack/data/venv/lib/python3.12/site-packages/oslo_config/cfg.py:3242}}
Jun 23 16:49:09.015579 np0000003476 devstack@n-api-meta.service[95638]: DEBUG nova.api.openstack.wsgi_app [None req-c60119b6-17c4-4bd6-9509-19dc2660353f None None] default_ephemeral_format = ext4 {{(pid=95638) log_opt_values /opt/stack/data/venv/lib/python3.12/site-packages/oslo_config/cfg.py:3242}}
Jun 23 16:49:09.015699 np0000003476 devstack@n-api-meta.service[95638]: DEBUG nova.api.openstack.wsgi_app [None req-c60119b6-17c4-4bd6-9509-19dc2660353f None None] default_green_pool_size = 1000 {{(pid=95638) log_opt_values /opt/stack/data/venv/lib/python3.12/site-packages/oslo_config/cfg.py:3242}}
Jun 23 16:49:09.015879 np0000003476 devstack@n-api-meta.service[95638]: DEBUG nova.api.openstack.wsgi_app [None req-c60119b6-17c4-4bd6-9509-19dc2660353f None None] default_log_levels = ['amqp=WARN', 'boto=WARN', 'sqlalchemy=WARN', 'suds=INFO', 'oslo.messaging=INFO', 'oslo_messaging=INFO', 'iso8601=WARN', 'requests.packages.urllib3.connectionpool=WARN', 'urllib3.connectionpool=WARN', 'websocket=WARN', 'requests.packages.urllib3.util.retry=WARN', 'urllib3.util.retry=WARN', 'keystonemiddleware=WARN', 'routes.middleware=WARN', 'stevedore=WARN', 'taskflow=WARN', 'keystoneauth=WARN', 'oslo.cache=INFO', 'oslo_policy=INFO', 'dogpile.core.dogpile=INFO', 'glanceclient=WARN', 'oslo.privsep.daemon=INFO'] {{(pid=95638) log_opt_values /opt/stack/data/venv/lib/python3.12/site-packages/oslo_config/cfg.py:3242}}
Jun 23 16:49:09.015984 np0000003476 devstack@n-api-meta.service[95638]: DEBUG nova.api.openstack.wsgi_app [None req-c60119b6-17c4-4bd6-9509-19dc2660353f None None] default_schedule_zone = None {{(pid=95638) log_opt_values /opt/stack/data/venv/lib/python3.12/site-packages/oslo_config/cfg.py:3242}}
Jun 23 16:49:09.016104 np0000003476 devstack@n-api-meta.service[95638]: DEBUG nova.api.openstack.wsgi_app [None req-c60119b6-17c4-4bd6-9509-19dc2660353f None None] default_thread_pool_size = 10 {{(pid=95638) log_opt_values /opt/stack/data/venv/lib/python3.12/site-packages/oslo_config/cfg.py:3242}}
Jun 23 16:49:09.016256 np0000003476 devstack@n-api-meta.service[95638]: DEBUG nova.api.openstack.wsgi_app [None req-c60119b6-17c4-4bd6-9509-19dc2660353f None None] disk_allocation_ratio = None {{(pid=95638) log_opt_values /opt/stack/data/venv/lib/python3.12/site-packages/oslo_config/cfg.py:3242}}
Jun 23 16:49:09.016376 np0000003476 devstack@n-api-meta.service[95638]: DEBUG nova.api.openstack.wsgi_app [None req-c60119b6-17c4-4bd6-9509-19dc2660353f None None] enable_new_services = True {{(pid=95638) log_opt_values /opt/stack/data/venv/lib/python3.12/site-packages/oslo_config/cfg.py:3242}}
Jun 23 16:49:09.016489 np0000003476 devstack@n-api-meta.service[95638]: DEBUG nova.api.openstack.wsgi_app [None req-c60119b6-17c4-4bd6-9509-19dc2660353f None None] flat_injected = False {{(pid=95638) log_opt_values /opt/stack/data/venv/lib/python3.12/site-packages/oslo_config/cfg.py:3242}}
Jun 23 16:49:09.016654 np0000003476 devstack@n-api-meta.service[95638]: DEBUG nova.api.openstack.wsgi_app [None req-c60119b6-17c4-4bd6-9509-19dc2660353f None None] force_config_drive = True {{(pid=95638) log_opt_values /opt/stack/data/venv/lib/python3.12/site-packages/oslo_config/cfg.py:3242}}
Jun 23 16:49:09.016746 np0000003476 devstack@n-api-meta.service[95636]: DEBUG dbcounter [-] [95636] Writer thread running {{(pid=95636) stat_writer /opt/stack/data/venv/lib/python3.12/site-packages/dbcounter.py:102}}
Jun 23 16:49:09.016811 np0000003476 devstack@n-api-meta.service[95638]: DEBUG nova.api.openstack.wsgi_app [None req-c60119b6-17c4-4bd6-9509-19dc2660353f None None] force_raw_images = True {{(pid=95638) log_opt_values /opt/stack/data/venv/lib/python3.12/site-packages/oslo_config/cfg.py:3242}}
Jun 23 16:49:09.016889 np0000003476 devstack@n-api-meta.service[95638]: DEBUG nova.api.openstack.wsgi_app [None req-c60119b6-17c4-4bd6-9509-19dc2660353f None None] graceful_shutdown_timeout = 5 {{(pid=95638) log_opt_values /opt/stack/data/venv/lib/python3.12/site-packages/oslo_config/cfg.py:3242}}
Jun 23 16:49:09.017003 np0000003476 devstack@n-api-meta.service[95638]: DEBUG nova.api.openstack.wsgi_app [None req-c60119b6-17c4-4bd6-9509-19dc2660353f None None] heal_instance_info_cache_interval = -1 {{(pid=95638) log_opt_values /opt/stack/data/venv/lib/python3.12/site-packages/oslo_config/cfg.py:3242}}
Jun 23 16:49:09.017204 np0000003476 devstack@n-api-meta.service[95638]: DEBUG nova.api.openstack.wsgi_app [None req-c60119b6-17c4-4bd6-9509-19dc2660353f None None] host = np0000003476 {{(pid=95638) log_opt_values /opt/stack/data/venv/lib/python3.12/site-packages/oslo_config/cfg.py:3242}}
Jun 23 16:49:09.017315 np0000003476 devstack@n-api-meta.service[95638]: DEBUG nova.api.openstack.wsgi_app [None req-c60119b6-17c4-4bd6-9509-19dc2660353f None None] initial_cpu_allocation_ratio = 4.0 {{(pid=95638) log_opt_values /opt/stack/data/venv/lib/python3.12/site-packages/oslo_config/cfg.py:3242}}
Jun 23 16:49:09.017433 np0000003476 devstack@n-api-meta.service[95638]: DEBUG nova.api.openstack.wsgi_app [None req-c60119b6-17c4-4bd6-9509-19dc2660353f None None] initial_disk_allocation_ratio = 1.0 {{(pid=95638) log_opt_values /opt/stack/data/venv/lib/python3.12/site-packages/oslo_config/cfg.py:3242}}
Jun 23 16:49:09.017567 np0000003476 devstack@n-api-meta.service[95638]: DEBUG nova.api.openstack.wsgi_app [None req-c60119b6-17c4-4bd6-9509-19dc2660353f None None] initial_ram_allocation_ratio = 1.0 {{(pid=95638) log_opt_values /opt/stack/data/venv/lib/python3.12/site-packages/oslo_config/cfg.py:3242}}
Jun 23 16:49:09.017729 np0000003476 devstack@n-api-meta.service[95638]: DEBUG nova.api.openstack.wsgi_app [None req-c60119b6-17c4-4bd6-9509-19dc2660353f None None] injected_network_template = /opt/stack/nova/nova/virt/interfaces.template {{(pid=95638) log_opt_values /opt/stack/data/venv/lib/python3.12/site-packages/oslo_config/cfg.py:3242}}
Jun 23 16:49:09.017885 np0000003476 devstack@n-api-meta.service[95638]: DEBUG nova.api.openstack.wsgi_app [None req-c60119b6-17c4-4bd6-9509-19dc2660353f None None] instance_build_timeout = 0 {{(pid=95638) log_opt_values /opt/stack/data/venv/lib/python3.12/site-packages/oslo_config/cfg.py:3242}}
Jun 23 16:49:09.018008 np0000003476 devstack@n-api-meta.service[95638]: DEBUG nova.api.openstack.wsgi_app [None req-c60119b6-17c4-4bd6-9509-19dc2660353f None None] instance_delete_interval = 300 {{(pid=95638) log_opt_values /opt/stack/data/venv/lib/python3.12/site-packages/oslo_config/cfg.py:3242}}
Jun 23 16:49:09.018121 np0000003476 devstack@n-api-meta.service[95638]: DEBUG nova.api.openstack.wsgi_app [None req-c60119b6-17c4-4bd6-9509-19dc2660353f None None] instance_format = [instance: %(uuid)s] {{(pid=95638) log_opt_values /opt/stack/data/venv/lib/python3.12/site-packages/oslo_config/cfg.py:3242}}
Jun 23 16:49:09.019407 np0000003476 devstack@n-api-meta.service[95638]: DEBUG nova.api.openstack.wsgi_app [None req-c60119b6-17c4-4bd6-9509-19dc2660353f None None] instance_name_template = instance-%08x {{(pid=95638) log_opt_values /opt/stack/data/venv/lib/python3.12/site-packages/oslo_config/cfg.py:3242}}
Jun 23 16:49:09.019407 np0000003476 devstack@n-api-meta.service[95638]: DEBUG nova.api.openstack.wsgi_app [None req-c60119b6-17c4-4bd6-9509-19dc2660353f None None] instance_usage_audit = False {{(pid=95638) log_opt_values /opt/stack/data/venv/lib/python3.12/site-packages/oslo_config/cfg.py:3242}}
Jun 23 16:49:09.019407 np0000003476 devstack@n-api-meta.service[95638]: DEBUG nova.api.openstack.wsgi_app [None req-c60119b6-17c4-4bd6-9509-19dc2660353f None None] instance_usage_audit_period = month {{(pid=95638) log_opt_values /opt/stack/data/venv/lib/python3.12/site-packages/oslo_config/cfg.py:3242}}
Jun 23 16:49:09.019407 np0000003476 devstack@n-api-meta.service[95638]: DEBUG nova.api.openstack.wsgi_app [None req-c60119b6-17c4-4bd6-9509-19dc2660353f None None] instance_uuid_format = [instance: %(uuid)s] {{(pid=95638) log_opt_values /opt/stack/data/venv/lib/python3.12/site-packages/oslo_config/cfg.py:3242}}
Jun 23 16:49:09.019626 np0000003476 devstack@n-api-meta.service[95639]: DEBUG dbcounter [-] [95639] Writer thread running {{(pid=95639) stat_writer /opt/stack/data/venv/lib/python3.12/site-packages/dbcounter.py:102}}
Jun 23 16:49:09.019677 np0000003476 devstack@n-api-meta.service[95638]: DEBUG nova.api.openstack.wsgi_app [None req-c60119b6-17c4-4bd6-9509-19dc2660353f None None] instances_path = /opt/stack/data/nova/instances {{(pid=95638) log_opt_values /opt/stack/data/venv/lib/python3.12/site-packages/oslo_config/cfg.py:3242}}
Jun 23 16:49:09.019677 np0000003476 devstack@n-api-meta.service[95638]: DEBUG nova.api.openstack.wsgi_app [None req-c60119b6-17c4-4bd6-9509-19dc2660353f None None] internal_service_availability_zone = internal {{(pid=95638) log_opt_values /opt/stack/data/venv/lib/python3.12/site-packages/oslo_config/cfg.py:3242}}
Jun 23 16:49:09.019677 np0000003476 devstack@n-api-meta.service[95638]: DEBUG nova.api.openstack.wsgi_app [None req-c60119b6-17c4-4bd6-9509-19dc2660353f None None] key = None {{(pid=95638) log_opt_values /opt/stack/data/venv/lib/python3.12/site-packages/oslo_config/cfg.py:3242}}
Jun 23 16:49:09.019677 np0000003476 devstack@n-api-meta.service[95638]: DEBUG nova.api.openstack.wsgi_app [None req-c60119b6-17c4-4bd6-9509-19dc2660353f None None] live_migration_retry_count = 30 {{(pid=95638) log_opt_values /opt/stack/data/venv/lib/python3.12/site-packages/oslo_config/cfg.py:3242}}
Jun 23 16:49:09.019677 np0000003476 devstack@n-api-meta.service[95638]: DEBUG nova.api.openstack.wsgi_app [None req-c60119b6-17c4-4bd6-9509-19dc2660353f None None] log_color = False {{(pid=95638) log_opt_values /opt/stack/data/venv/lib/python3.12/site-packages/oslo_config/cfg.py:3242}}
Jun 23 16:49:09.019677 np0000003476 devstack@n-api-meta.service[95638]: DEBUG nova.api.openstack.wsgi_app [None req-c60119b6-17c4-4bd6-9509-19dc2660353f None None] log_config_append = None {{(pid=95638) log_opt_values /opt/stack/data/venv/lib/python3.12/site-packages/oslo_config/cfg.py:3242}}
Jun 23 16:49:09.019677 np0000003476 devstack@n-api-meta.service[95638]: DEBUG nova.api.openstack.wsgi_app [None req-c60119b6-17c4-4bd6-9509-19dc2660353f None None] log_date_format = %Y-%m-%d %H:%M:%S {{(pid=95638) log_opt_values /opt/stack/data/venv/lib/python3.12/site-packages/oslo_config/cfg.py:3242}}
Jun 23 16:49:09.019898 np0000003476 devstack@n-api-meta.service[95638]: DEBUG nova.api.openstack.wsgi_app [None req-c60119b6-17c4-4bd6-9509-19dc2660353f None None] log_dir = None {{(pid=95638) log_opt_values /opt/stack/data/venv/lib/python3.12/site-packages/oslo_config/cfg.py:3242}}
Jun 23 16:49:09.019898 np0000003476 devstack@n-api-meta.service[95638]: DEBUG nova.api.openstack.wsgi_app [None req-c60119b6-17c4-4bd6-9509-19dc2660353f None None] log_file = None {{(pid=95638) log_opt_values /opt/stack/data/venv/lib/python3.12/site-packages/oslo_config/cfg.py:3242}}
Jun 23 16:49:09.019973 np0000003476 devstack@n-api-meta.service[95638]: DEBUG nova.api.openstack.wsgi_app [None req-c60119b6-17c4-4bd6-9509-19dc2660353f None None] log_options = True {{(pid=95638) log_opt_values /opt/stack/data/venv/lib/python3.12/site-packages/oslo_config/cfg.py:3242}}
Jun 23 16:49:09.020108 np0000003476 devstack@n-api-meta.service[95638]: DEBUG nova.api.openstack.wsgi_app [None req-c60119b6-17c4-4bd6-9509-19dc2660353f None None] log_rotate_interval = 1 {{(pid=95638) log_opt_values /opt/stack/data/venv/lib/python3.12/site-packages/oslo_config/cfg.py:3242}}
Jun 23 16:49:09.020172 np0000003476 devstack@n-api-meta.service[95638]: DEBUG nova.api.openstack.wsgi_app [None req-c60119b6-17c4-4bd6-9509-19dc2660353f None None] log_rotate_interval_type = days {{(pid=95638) log_opt_values /opt/stack/data/venv/lib/python3.12/site-packages/oslo_config/cfg.py:3242}}
Jun 23 16:49:09.020313 np0000003476 devstack@n-api-meta.service[95638]: DEBUG nova.api.openstack.wsgi_app [None req-c60119b6-17c4-4bd6-9509-19dc2660353f None None] log_rotation_type = none {{(pid=95638) log_opt_values /opt/stack/data/venv/lib/python3.12/site-packages/oslo_config/cfg.py:3242}}
Jun 23 16:49:09.020402 np0000003476 devstack@n-api-meta.service[95638]: DEBUG nova.api.openstack.wsgi_app [None req-c60119b6-17c4-4bd6-9509-19dc2660353f None None] logging_context_format_string = %(color)s%(levelname)s %(name)s [%(global_request_id)s %(request_id)s %(project_name)s %(user_name)s%(color)s] %(instance)s%(color)s%(message)s {{(pid=95638) log_opt_values /opt/stack/data/venv/lib/python3.12/site-packages/oslo_config/cfg.py:3242}}
Jun 23 16:49:09.020502 np0000003476 devstack@n-api-meta.service[95638]: DEBUG nova.api.openstack.wsgi_app [None req-c60119b6-17c4-4bd6-9509-19dc2660353f None None] logging_debug_format_suffix = {{(pid=%(process)d) %(funcName)s %(pathname)s:%(lineno)d}} {{(pid=95638) log_opt_values /opt/stack/data/venv/lib/python3.12/site-packages/oslo_config/cfg.py:3242}}
