Jun 23 16:49:08.521816 np0000003476 nova-scheduler[96288]: DEBUG cotyledon.oslo_config_glue [-] profiler.es_doc_type = notification {{(pid=96288) log_opt_values /opt/stack/data/venv/lib/python3.12/site-packages/oslo_config/cfg.py:3253}}
Jun 23 16:49:08.522059 np0000003476 nova-scheduler[96288]: DEBUG cotyledon.oslo_config_glue [-] profiler.es_scroll_size = 10000 {{(pid=96288) log_opt_values /opt/stack/data/venv/lib/python3.12/site-packages/oslo_config/cfg.py:3253}}
Jun 23 16:49:08.522059 np0000003476 nova-scheduler[96288]: DEBUG cotyledon.oslo_config_glue [-] profiler.es_scroll_time = 2m {{(pid=96288) log_opt_values /opt/stack/data/venv/lib/python3.12/site-packages/oslo_config/cfg.py:3253}}
Jun 23 16:49:08.522059 np0000003476 nova-scheduler[96288]: DEBUG cotyledon.oslo_config_glue [-] profiler.filter_error_trace = False {{(pid=96288) log_opt_values /opt/stack/data/venv/lib/python3.12/site-packages/oslo_config/cfg.py:3253}}
Jun 23 16:49:08.522059 np0000003476 nova-scheduler[96288]: DEBUG cotyledon.oslo_config_glue [-] profiler.hmac_keys = **** {{(pid=96288) log_opt_values /opt/stack/data/venv/lib/python3.12/site-packages/oslo_config/cfg.py:3253}}
Jun 23 16:49:08.522059 np0000003476 nova-scheduler[96288]: DEBUG cotyledon.oslo_config_glue [-] profiler.sentinel_service_name = mymaster {{(pid=96288) log_opt_values /opt/stack/data/venv/lib/python3.12/site-packages/oslo_config/cfg.py:3253}}
Jun 23 16:49:08.522059 np0000003476 nova-scheduler[96288]: DEBUG cotyledon.oslo_config_glue [-] profiler.socket_timeout = 0.1 {{(pid=96288) log_opt_values /opt/stack/data/venv/lib/python3.12/site-packages/oslo_config/cfg.py:3253}}
Jun 23 16:49:08.522059 np0000003476 nova-scheduler[96288]: DEBUG cotyledon.oslo_config_glue [-] profiler.trace_requests = False {{(pid=96288) log_opt_values /opt/stack/data/venv/lib/python3.12/site-packages/oslo_config/cfg.py:3253}}
Jun 23 16:49:08.522059 np0000003476 nova-scheduler[96288]: DEBUG cotyledon.oslo_config_glue [-] profiler.trace_sqlalchemy = False {{(pid=96288) log_opt_values /opt/stack/data/venv/lib/python3.12/site-packages/oslo_config/cfg.py:3253}}
Jun 23 16:49:08.522059 np0000003476 nova-scheduler[96288]: DEBUG cotyledon.oslo_config_glue [-] profiler_jaeger.process_tags = {} {{(pid=96288) log_opt_values /opt/stack/data/venv/lib/python3.12/site-packages/oslo_config/cfg.py:3253}}
Jun 23 16:49:08.522260 np0000003476 nova-scheduler[96288]: DEBUG cotyledon.oslo_config_glue [-] profiler_jaeger.service_name_prefix = None {{(pid=96288) log_opt_values /opt/stack/data/venv/lib/python3.12/site-packages/oslo_config/cfg.py:3253}}
Jun 23 16:49:08.522260 np0000003476 nova-scheduler[96288]: DEBUG cotyledon.oslo_config_glue [-] profiler_otlp.service_name_prefix = None {{(pid=96288) log_opt_values /opt/stack/data/venv/lib/python3.12/site-packages/oslo_config/cfg.py:3253}}
Jun 23 16:49:08.522260 np0000003476 nova-scheduler[96288]: DEBUG cotyledon.oslo_config_glue [-] oslo_messaging_rabbit.amqp_auto_delete = False {{(pid=96288) log_opt_values /opt/stack/data/venv/lib/python3.12/site-packages/oslo_config/cfg.py:3253}}
Jun 23 16:49:08.522260 np0000003476 nova-scheduler[96288]: DEBUG cotyledon.oslo_config_glue [-] oslo_messaging_rabbit.amqp_durable_queues = False {{(pid=96288) log_opt_values /opt/stack/data/venv/lib/python3.12/site-packages/oslo_config/cfg.py:3253}}
Jun 23 16:49:08.522260 np0000003476 nova-scheduler[96288]: DEBUG cotyledon.oslo_config_glue [-] oslo_messaging_rabbit.conn_pool_min_size = 2 {{(pid=96288) log_opt_values /opt/stack/data/venv/lib/python3.12/site-packages/oslo_config/cfg.py:3253}}
Jun 23 16:49:08.522260 np0000003476 nova-scheduler[96288]: DEBUG cotyledon.oslo_config_glue [-] oslo_messaging_rabbit.conn_pool_ttl = 1200 {{(pid=96288) log_opt_values /opt/stack/data/venv/lib/python3.12/site-packages/oslo_config/cfg.py:3253}}
Jun 23 16:49:08.522260 np0000003476 nova-scheduler[96288]: DEBUG cotyledon.oslo_config_glue [-] oslo_messaging_rabbit.direct_mandatory_flag = True {{(pid=96288) log_opt_values /opt/stack/data/venv/lib/python3.12/site-packages/oslo_config/cfg.py:3253}}
Jun 23 16:49:08.522260 np0000003476 nova-scheduler[96288]: DEBUG cotyledon.oslo_config_glue [-] oslo_messaging_rabbit.enable_cancel_on_failover = False {{(pid=96288) log_opt_values /opt/stack/data/venv/lib/python3.12/site-packages/oslo_config/cfg.py:3253}}
Jun 23 16:49:08.522260 np0000003476 nova-scheduler[96288]: DEBUG cotyledon.oslo_config_glue [-] oslo_messaging_rabbit.heartbeat_rate = 3 {{(pid=96288) log_opt_values /opt/stack/data/venv/lib/python3.12/site-packages/oslo_config/cfg.py:3253}}
Jun 23 16:49:08.522430 np0000003476 nova-scheduler[96288]: DEBUG cotyledon.oslo_config_glue [-] oslo_messaging_rabbit.heartbeat_timeout_threshold = 60 {{(pid=96288) log_opt_values /opt/stack/data/venv/lib/python3.12/site-packages/oslo_config/cfg.py:3253}}
Jun 23 16:49:08.522430 np0000003476 nova-scheduler[96288]: DEBUG cotyledon.oslo_config_glue [-] oslo_messaging_rabbit.hostname = np0000003476 {{(pid=96288) log_opt_values /opt/stack/data/venv/lib/python3.12/site-packages/oslo_config/cfg.py:3253}}
Jun 23 16:49:08.522430 np0000003476 nova-scheduler[96288]: DEBUG cotyledon.oslo_config_glue [-] oslo_messaging_rabbit.kombu_compression = None {{(pid=96288) log_opt_values /opt/stack/data/venv/lib/python3.12/site-packages/oslo_config/cfg.py:3253}}
Jun 23 16:49:08.522430 np0000003476 nova-scheduler[96288]: DEBUG cotyledon.oslo_config_glue [-] oslo_messaging_rabbit.kombu_failover_strategy = round-robin {{(pid=96288) log_opt_values /opt/stack/data/venv/lib/python3.12/site-packages/oslo_config/cfg.py:3253}}
Jun 23 16:49:08.522430 np0000003476 nova-scheduler[96288]: DEBUG cotyledon.oslo_config_glue [-] oslo_messaging_rabbit.kombu_missing_consumer_retry_timeout = 60 {{(pid=96288) log_opt_values /opt/stack/data/venv/lib/python3.12/site-packages/oslo_config/cfg.py:3253}}
Jun 23 16:49:08.522430 np0000003476 nova-scheduler[96288]: DEBUG cotyledon.oslo_config_glue [-] oslo_messaging_rabbit.kombu_reconnect_delay = 1.0 {{(pid=96288) log_opt_values /opt/stack/data/venv/lib/python3.12/site-packages/oslo_config/cfg.py:3253}}
Jun 23 16:49:08.522430 np0000003476 nova-scheduler[96288]: DEBUG cotyledon.oslo_config_glue [-] oslo_messaging_rabbit.kombu_reconnect_splay = 0.0 {{(pid=96288) log_opt_values /opt/stack/data/venv/lib/python3.12/site-packages/oslo_config/cfg.py:3253}}
Jun 23 16:49:08.522430 np0000003476 nova-scheduler[96288]: DEBUG cotyledon.oslo_config_glue [-] oslo_messaging_rabbit.processname = nova-scheduler {{(pid=96288) log_opt_values /opt/stack/data/venv/lib/python3.12/site-packages/oslo_config/cfg.py:3253}}
Jun 23 16:49:08.522430 np0000003476 nova-scheduler[96288]: DEBUG cotyledon.oslo_config_glue [-] oslo_messaging_rabbit.rabbit_ha_queues = False {{(pid=96288) log_opt_values /opt/stack/data/venv/lib/python3.12/site-packages/oslo_config/cfg.py:3253}}
Jun 23 16:49:08.522618 np0000003476 nova-scheduler[96288]: DEBUG cotyledon.oslo_config_glue [-] oslo_messaging_rabbit.rabbit_interval_max = 30 {{(pid=96288) log_opt_values /opt/stack/data/venv/lib/python3.12/site-packages/oslo_config/cfg.py:3253}}
Jun 23 16:49:08.522618 np0000003476 nova-scheduler[96288]: DEBUG cotyledon.oslo_config_glue [-] oslo_messaging_rabbit.rabbit_login_method = AMQPLAIN {{(pid=96288) log_opt_values /opt/stack/data/venv/lib/python3.12/site-packages/oslo_config/cfg.py:3253}}
Jun 23 16:49:08.522618 np0000003476 nova-scheduler[96288]: DEBUG cotyledon.oslo_config_glue [-] oslo_messaging_rabbit.rabbit_qos_prefetch_count = 0 {{(pid=96288) log_opt_values /opt/stack/data/venv/lib/python3.12/site-packages/oslo_config/cfg.py:3253}}
Jun 23 16:49:08.522618 np0000003476 nova-scheduler[96288]: DEBUG cotyledon.oslo_config_glue [-] oslo_messaging_rabbit.rabbit_quorum_delivery_limit = 0 {{(pid=96288) log_opt_values /opt/stack/data/venv/lib/python3.12/site-packages/oslo_config/cfg.py:3253}}
Jun 23 16:49:08.522618 np0000003476 nova-scheduler[96288]: DEBUG cotyledon.oslo_config_glue [-] oslo_messaging_rabbit.rabbit_quorum_max_memory_bytes = 0 {{(pid=96288) log_opt_values /opt/stack/data/venv/lib/python3.12/site-packages/oslo_config/cfg.py:3253}}
Jun 23 16:49:08.522618 np0000003476 nova-scheduler[96288]: DEBUG cotyledon.oslo_config_glue [-] oslo_messaging_rabbit.rabbit_quorum_max_memory_length = 0 {{(pid=96288) log_opt_values /opt/stack/data/venv/lib/python3.12/site-packages/oslo_config/cfg.py:3253}}
Jun 23 16:49:08.522618 np0000003476 nova-scheduler[96288]: DEBUG cotyledon.oslo_config_glue [-] oslo_messaging_rabbit.rabbit_quorum_queue = False {{(pid=96288) log_opt_values /opt/stack/data/venv/lib/python3.12/site-packages/oslo_config/cfg.py:3253}}
Jun 23 16:49:08.522618 np0000003476 nova-scheduler[96288]: DEBUG cotyledon.oslo_config_glue [-] oslo_messaging_rabbit.rabbit_retry_backoff = 2 {{(pid=96288) log_opt_values /opt/stack/data/venv/lib/python3.12/site-packages/oslo_config/cfg.py:3253}}
Jun 23 16:49:08.522618 np0000003476 nova-scheduler[96288]: DEBUG cotyledon.oslo_config_glue [-] oslo_messaging_rabbit.rabbit_retry_interval = 1 {{(pid=96288) log_opt_values /opt/stack/data/venv/lib/python3.12/site-packages/oslo_config/cfg.py:3253}}
Jun 23 16:49:08.522779 np0000003476 nova-scheduler[96288]: DEBUG cotyledon.oslo_config_glue [-] oslo_messaging_rabbit.rabbit_stream_fanout = False {{(pid=96288) log_opt_values /opt/stack/data/venv/lib/python3.12/site-packages/oslo_config/cfg.py:3253}}
Jun 23 16:49:08.522779 np0000003476 nova-scheduler[96288]: DEBUG cotyledon.oslo_config_glue [-] oslo_messaging_rabbit.rabbit_transient_queues_ttl = 1800 {{(pid=96288) log_opt_values /opt/stack/data/venv/lib/python3.12/site-packages/oslo_config/cfg.py:3253}}
Jun 23 16:49:08.522779 np0000003476 nova-scheduler[96288]: DEBUG cotyledon.oslo_config_glue [-] oslo_messaging_rabbit.rabbit_transient_quorum_queue = False {{(pid=96288) log_opt_values /opt/stack/data/venv/lib/python3.12/site-packages/oslo_config/cfg.py:3253}}
Jun 23 16:49:08.522779 np0000003476 nova-scheduler[96288]: DEBUG cotyledon.oslo_config_glue [-] oslo_messaging_rabbit.rpc_conn_pool_size = 30 {{(pid=96288) log_opt_values /opt/stack/data/venv/lib/python3.12/site-packages/oslo_config/cfg.py:3253}}
Jun 23 16:49:08.522779 np0000003476 nova-scheduler[96288]: DEBUG cotyledon.oslo_config_glue [-] oslo_messaging_rabbit.ssl = False {{(pid=96288) log_opt_values /opt/stack/data/venv/lib/python3.12/site-packages/oslo_config/cfg.py:3253}}
Jun 23 16:49:08.522779 np0000003476 nova-scheduler[96288]: DEBUG cotyledon.oslo_config_glue [-] oslo_messaging_rabbit.ssl_ca_file = {{(pid=96288) log_opt_values /opt/stack/data/venv/lib/python3.12/site-packages/oslo_config/cfg.py:3253}}
Jun 23 16:49:08.522779 np0000003476 nova-scheduler[96288]: DEBUG cotyledon.oslo_config_glue [-] oslo_messaging_rabbit.ssl_cert_file = {{(pid=96288) log_opt_values /opt/stack/data/venv/lib/python3.12/site-packages/oslo_config/cfg.py:3253}}
Jun 23 16:49:08.522779 np0000003476 nova-scheduler[96288]: DEBUG cotyledon.oslo_config_glue [-] oslo_messaging_rabbit.ssl_enforce_fips_mode = False {{(pid=96288) log_opt_values /opt/stack/data/venv/lib/python3.12/site-packages/oslo_config/cfg.py:3253}}
Jun 23 16:49:08.522779 np0000003476 nova-scheduler[96288]: DEBUG cotyledon.oslo_config_glue [-] oslo_messaging_rabbit.ssl_enforce_hostname_verification = True {{(pid=96288) log_opt_values /opt/stack/data/venv/lib/python3.12/site-packages/oslo_config/cfg.py:3253}}
Jun 23 16:49:08.522961 np0000003476 nova-scheduler[96288]: DEBUG cotyledon.oslo_config_glue [-] oslo_messaging_rabbit.ssl_key_file = {{(pid=96288) log_opt_values /opt/stack/data/venv/lib/python3.12/site-packages/oslo_config/cfg.py:3253}}
Jun 23 16:49:08.522961 np0000003476 nova-scheduler[96288]: DEBUG cotyledon.oslo_config_glue [-] oslo_messaging_rabbit.ssl_version = {{(pid=96288) log_opt_values /opt/stack/data/venv/lib/python3.12/site-packages/oslo_config/cfg.py:3253}}
Jun 23 16:49:08.522961 np0000003476 nova-scheduler[96288]: DEBUG cotyledon.oslo_config_glue [-] oslo_messaging_rabbit.use_queue_manager = False {{(pid=96288) log_opt_values /opt/stack/data/venv/lib/python3.12/site-packages/oslo_config/cfg.py:3253}}
Jun 23 16:49:08.522961 np0000003476 nova-scheduler[96288]: DEBUG cotyledon.oslo_config_glue [-] oslo_messaging_notifications.driver = ['messagingv2'] {{(pid=96288) log_opt_values /opt/stack/data/venv/lib/python3.12/site-packages/oslo_config/cfg.py:3253}}
Jun 23 16:49:08.522961 np0000003476 nova-scheduler[96288]: DEBUG cotyledon.oslo_config_glue [-] oslo_messaging_notifications.retry = -1 {{(pid=96288) log_opt_values /opt/stack/data/venv/lib/python3.12/site-packages/oslo_config/cfg.py:3253}}
Jun 23 16:49:08.522961 np0000003476 nova-scheduler[96288]: DEBUG cotyledon.oslo_config_glue [-] oslo_messaging_notifications.topics = ['notifications'] {{(pid=96288) log_opt_values /opt/stack/data/venv/lib/python3.12/site-packages/oslo_config/cfg.py:3253}}
Jun 23 16:49:08.522961 np0000003476 nova-scheduler[96288]: DEBUG cotyledon.oslo_config_glue [-] oslo_messaging_notifications.transport_url = **** {{(pid=96288) log_opt_values /opt/stack/data/venv/lib/python3.12/site-packages/oslo_config/cfg.py:3253}}
Jun 23 16:49:08.522961 np0000003476 nova-scheduler[96288]: DEBUG cotyledon.oslo_config_glue [-] oslo_limit.auth_section = None {{(pid=96288) log_opt_values /opt/stack/data/venv/lib/python3.12/site-packages/oslo_config/cfg.py:3253}}
Jun 23 16:49:08.522961 np0000003476 nova-scheduler[96288]: DEBUG cotyledon.oslo_config_glue [-] oslo_limit.auth_type = None {{(pid=96288) log_opt_values /opt/stack/data/venv/lib/python3.12/site-packages/oslo_config/cfg.py:3253}}
Jun 23 16:49:08.523168 np0000003476 nova-scheduler[96288]: DEBUG cotyledon.oslo_config_glue [-] oslo_limit.cafile = None {{(pid=96288) log_opt_values /opt/stack/data/venv/lib/python3.12/site-packages/oslo_config/cfg.py:3253}}
Jun 23 16:49:08.523168 np0000003476 nova-scheduler[96288]: DEBUG cotyledon.oslo_config_glue [-] oslo_limit.certfile = None {{(pid=96288) log_opt_values /opt/stack/data/venv/lib/python3.12/site-packages/oslo_config/cfg.py:3253}}
Jun 23 16:49:08.523168 np0000003476 nova-scheduler[96288]: DEBUG cotyledon.oslo_config_glue [-] oslo_limit.collect_timing = False {{(pid=96288) log_opt_values /opt/stack/data/venv/lib/python3.12/site-packages/oslo_config/cfg.py:3253}}
Jun 23 16:49:08.523168 np0000003476 nova-scheduler[96288]: DEBUG cotyledon.oslo_config_glue [-] oslo_limit.connect_retries = None {{(pid=96288) log_opt_values /opt/stack/data/venv/lib/python3.12/site-packages/oslo_config/cfg.py:3253}}
Jun 23 16:49:08.523168 np0000003476 nova-scheduler[96288]: DEBUG cotyledon.oslo_config_glue [-] oslo_limit.connect_retry_delay = None {{(pid=96288) log_opt_values /opt/stack/data/venv/lib/python3.12/site-packages/oslo_config/cfg.py:3253}}
Jun 23 16:49:08.523168 np0000003476 nova-scheduler[96288]: DEBUG cotyledon.oslo_config_glue [-] oslo_limit.endpoint_id = None {{(pid=96288) log_opt_values /opt/stack/data/venv/lib/python3.12/site-packages/oslo_config/cfg.py:3253}}
Jun 23 16:49:08.523168 np0000003476 nova-scheduler[96288]: DEBUG cotyledon.oslo_config_glue [-] oslo_limit.endpoint_interface = public {{(pid=96288) log_opt_values /opt/stack/data/venv/lib/python3.12/site-packages/oslo_config/cfg.py:3253}}
Jun 23 16:49:08.523168 np0000003476 nova-scheduler[96288]: DEBUG cotyledon.oslo_config_glue [-] oslo_limit.endpoint_override = None {{(pid=96288) log_opt_values /opt/stack/data/venv/lib/python3.12/site-packages/oslo_config/cfg.py:3253}}
Jun 23 16:49:08.523168 np0000003476 nova-scheduler[96288]: DEBUG cotyledon.oslo_config_glue [-] oslo_limit.endpoint_region_name = None {{(pid=96288) log_opt_values /opt/stack/data/venv/lib/python3.12/site-packages/oslo_config/cfg.py:3253}}
Jun 23 16:49:08.523357 np0000003476 nova-scheduler[96288]: DEBUG cotyledon.oslo_config_glue [-] oslo_limit.endpoint_service_name = None {{(pid=96288) log_opt_values /opt/stack/data/venv/lib/python3.12/site-packages/oslo_config/cfg.py:3253}}
Jun 23 16:49:08.523357 np0000003476 nova-scheduler[96288]: DEBUG cotyledon.oslo_config_glue [-] oslo_limit.endpoint_service_type = None {{(pid=96288) log_opt_values /opt/stack/data/venv/lib/python3.12/site-packages/oslo_config/cfg.py:3253}}
Jun 23 16:49:08.523357 np0000003476 nova-scheduler[96288]: DEBUG cotyledon.oslo_config_glue [-] oslo_limit.insecure = False {{(pid=96288) log_opt_values /opt/stack/data/venv/lib/python3.12/site-packages/oslo_config/cfg.py:3253}}
Jun 23 16:49:08.523357 np0000003476 nova-scheduler[96288]: DEBUG cotyledon.oslo_config_glue [-] oslo_limit.keyfile = None {{(pid=96288) log_opt_values /opt/stack/data/venv/lib/python3.12/site-packages/oslo_config/cfg.py:3253}}
Jun 23 16:49:08.523357 np0000003476 nova-scheduler[96288]: DEBUG cotyledon.oslo_config_glue [-] oslo_limit.max_version = None {{(pid=96288) log_opt_values /opt/stack/data/venv/lib/python3.12/site-packages/oslo_config/cfg.py:3253}}
Jun 23 16:49:08.523357 np0000003476 nova-scheduler[96288]: DEBUG cotyledon.oslo_config_glue [-] oslo_limit.min_version = None {{(pid=96288) log_opt_values /opt/stack/data/venv/lib/python3.12/site-packages/oslo_config/cfg.py:3253}}
Jun 23 16:49:08.523357 np0000003476 nova-scheduler[96288]: DEBUG cotyledon.oslo_config_glue [-] oslo_limit.region_name = None {{(pid=96288) log_opt_values /opt/stack/data/venv/lib/python3.12/site-packages/oslo_config/cfg.py:3253}}
Jun 23 16:49:08.523357 np0000003476 nova-scheduler[96288]: DEBUG cotyledon.oslo_config_glue [-] oslo_limit.retriable_status_codes = None {{(pid=96288) log_opt_values /opt/stack/data/venv/lib/python3.12/site-packages/oslo_config/cfg.py:3253}}
Jun 23 16:49:08.523357 np0000003476 nova-scheduler[96288]: DEBUG cotyledon.oslo_config_glue [-] oslo_limit.service_name = None {{(pid=96288) log_opt_values /opt/stack/data/venv/lib/python3.12/site-packages/oslo_config/cfg.py:3253}}
Jun 23 16:49:08.523547 np0000003476 nova-scheduler[96288]: DEBUG cotyledon.oslo_config_glue [-] oslo_limit.service_type = None {{(pid=96288) log_opt_values /opt/stack/data/venv/lib/python3.12/site-packages/oslo_config/cfg.py:3253}}
Jun 23 16:49:08.523547 np0000003476 nova-scheduler[96288]: DEBUG cotyledon.oslo_config_glue [-] oslo_limit.split_loggers = False {{(pid=96288) log_opt_values /opt/stack/data/venv/lib/python3.12/site-packages/oslo_config/cfg.py:3253}}
Jun 23 16:49:08.523547 np0000003476 nova-scheduler[96288]: DEBUG cotyledon.oslo_config_glue [-] oslo_limit.status_code_retries = None {{(pid=96288) log_opt_values /opt/stack/data/venv/lib/python3.12/site-packages/oslo_config/cfg.py:3253}}
Jun 23 16:49:08.523547 np0000003476 nova-scheduler[96288]: DEBUG cotyledon.oslo_config_glue [-] oslo_limit.status_code_retry_delay = None {{(pid=96288) log_opt_values /opt/stack/data/venv/lib/python3.12/site-packages/oslo_config/cfg.py:3253}}
Jun 23 16:49:08.523547 np0000003476 nova-scheduler[96288]: DEBUG cotyledon.oslo_config_glue [-] oslo_limit.timeout = None {{(pid=96288) log_opt_values /opt/stack/data/venv/lib/python3.12/site-packages/oslo_config/cfg.py:3253}}
Jun 23 16:49:08.523547 np0000003476 nova-scheduler[96288]: DEBUG cotyledon.oslo_config_glue [-] oslo_limit.valid_interfaces = None {{(pid=96288) log_opt_values /opt/stack/data/venv/lib/python3.12/site-packages/oslo_config/cfg.py:3253}}
Jun 23 16:49:08.523547 np0000003476 nova-scheduler[96288]: DEBUG cotyledon.oslo_config_glue [-] oslo_limit.version = None {{(pid=96288) log_opt_values /opt/stack/data/venv/lib/python3.12/site-packages/oslo_config/cfg.py:3253}}
Jun 23 16:49:08.523547 np0000003476 nova-scheduler[96288]: DEBUG cotyledon.oslo_config_glue [-] oslo_reports.file_event_handler = None {{(pid=96288) log_opt_values /opt/stack/data/venv/lib/python3.12/site-packages/oslo_config/cfg.py:3253}}
Jun 23 16:49:08.523547 np0000003476 nova-scheduler[96288]: DEBUG cotyledon.oslo_config_glue [-] oslo_reports.file_event_handler_interval = 1 {{(pid=96288) log_opt_values /opt/stack/data/venv/lib/python3.12/site-packages/oslo_config/cfg.py:3253}}
Jun 23 16:49:08.523742 np0000003476 nova-scheduler[96288]: DEBUG cotyledon.oslo_config_glue [-] oslo_reports.log_dir = None {{(pid=96288) log_opt_values /opt/stack/data/venv/lib/python3.12/site-packages/oslo_config/cfg.py:3253}}
Jun 23 16:49:08.523742 np0000003476 nova-scheduler[96288]: DEBUG cotyledon.oslo_config_glue [-] ******************************************************************************** {{(pid=96288) log_opt_values /opt/stack/data/venv/lib/python3.12/site-packages/oslo_config/cfg.py:3260}}
Jun 23 16:49:08.523742 np0000003476 nova-scheduler[96288]: DEBUG cotyledon._service_worker [-] Run service ServiceWrapper(3) [96288] {{(pid=96288) wait_forever /opt/stack/data/venv/lib/python3.12/site-packages/cotyledon/_service_worker.py:218}}
Jun 23 16:49:08.523742 np0000003476 nova-scheduler[96288]: INFO nova.service [-] Starting scheduler node (version 33.1.0)
Jun 23 16:49:08.523742 np0000003476 nova-scheduler[96288]: INFO dbcounter [None req-dddf45db-933d-4f52-9fed-5ecb1f2c4fba None None] Registered counter for database nova_cell0
Jun 23 16:49:08.523838 np0000003476 nova-scheduler[96252]: DEBUG oslo_db.sqlalchemy.engines [None req-15cf9059-3b78-4a58-a67a-d3f6ea58dfa6 None None] MySQL server mode set to STRICT_TRANS_TABLES,STRICT_ALL_TABLES,NO_ZERO_IN_DATE,NO_ZERO_DATE,ERROR_FOR_DIVISION_BY_ZERO,TRADITIONAL,NO_ENGINE_SUBSTITUTION {{(pid=96252) _check_effective_sql_mode /opt/stack/data/venv/lib/python3.12/site-packages/oslo_db/sqlalchemy/engines.py:325}}
Jun 23 16:49:08.523838 np0000003476 nova-scheduler[96252]: DEBUG dbcounter [-] [96252] Writer thread running {{(pid=96252) stat_writer /opt/stack/data/venv/lib/python3.12/site-packages/dbcounter.py:102}}
Jun 23 16:49:08.523893 np0000003476 nova-scheduler[96215]: DEBUG oslo_db.sqlalchemy.engines [None req-a3ced1e0-8e27-43d3-a07d-37da583f5917 None None] MySQL server mode set to STRICT_TRANS_TABLES,STRICT_ALL_TABLES,NO_ZERO_IN_DATE,NO_ZERO_DATE,ERROR_FOR_DIVISION_BY_ZERO,TRADITIONAL,NO_ENGINE_SUBSTITUTION {{(pid=96215) _check_effective_sql_mode /opt/stack/data/venv/lib/python3.12/site-packages/oslo_db/sqlalchemy/engines.py:325}}
Jun 23 16:49:08.523893 np0000003476 nova-scheduler[96215]: DEBUG dbcounter [-] [96215] Writer thread running {{(pid=96215) stat_writer /opt/stack/data/venv/lib/python3.12/site-packages/dbcounter.py:102}}
Jun 23 16:49:08.523947 np0000003476 nova-scheduler[96252]: DEBUG nova.service [None req-15cf9059-3b78-4a58-a67a-d3f6ea58dfa6 None None] Creating RPC server for service: nova-scheduler on topic: scheduler {{(pid=96252) start /opt/stack/nova/nova/service.py:196}}
Jun 23 16:49:08.524126 np0000003476 nova-scheduler[96267]: DEBUG oslo_db.sqlalchemy.engines [None req-2712530f-c106-450d-92d6-cfe65efb4f99 None None] MySQL server mode set to STRICT_TRANS_TABLES,STRICT_ALL_TABLES,NO_ZERO_IN_DATE,NO_ZERO_DATE,ERROR_FOR_DIVISION_BY_ZERO,TRADITIONAL,NO_ENGINE_SUBSTITUTION {{(pid=96267) _check_effective_sql_mode /opt/stack/data/venv/lib/python3.12/site-packages/oslo_db/sqlalchemy/engines.py:325}}
Jun 23 16:49:08.534992 np0000003476 nova-scheduler[96288]: DEBUG oslo_db.sqlalchemy.engines [None req-dddf45db-933d-4f52-9fed-5ecb1f2c4fba None None] MySQL server mode set to STRICT_TRANS_TABLES,STRICT_ALL_TABLES,NO_ZERO_IN_DATE,NO_ZERO_DATE,ERROR_FOR_DIVISION_BY_ZERO,TRADITIONAL,NO_ENGINE_SUBSTITUTION {{(pid=96288) _check_effective_sql_mode /opt/stack/data/venv/lib/python3.12/site-packages/oslo_db/sqlalchemy/engines.py:325}}
Jun 23 16:49:08.535095 np0000003476 nova-scheduler[96267]: DEBUG dbcounter [-] [96267] Writer thread running {{(pid=96267) stat_writer /opt/stack/data/venv/lib/python3.12/site-packages/dbcounter.py:102}}
Jun 23 16:49:08.536714 np0000003476 nova-scheduler[96215]: DEBUG nova.service [None req-a3ced1e0-8e27-43d3-a07d-37da583f5917 None None] Creating RPC server for service: nova-scheduler on topic: scheduler {{(pid=96215) start /opt/stack/nova/nova/service.py:196}}
Jun 23 16:49:08.538245 np0000003476 nova-scheduler[96267]: DEBUG nova.service [None req-2712530f-c106-450d-92d6-cfe65efb4f99 None None] Creating RPC server for service: nova-scheduler on topic: scheduler {{(pid=96267) start /opt/stack/nova/nova/service.py:196}}
Jun 23 16:49:08.545625 np0000003476 nova-scheduler[96288]: DEBUG dbcounter [-] [96288] Writer thread running {{(pid=96288) stat_writer /opt/stack/data/venv/lib/python3.12/site-packages/dbcounter.py:102}}
Jun 23 16:49:08.548864 np0000003476 nova-scheduler[96288]: DEBUG nova.service [None req-dddf45db-933d-4f52-9fed-5ecb1f2c4fba None None] Creating RPC server for service: nova-scheduler on topic: scheduler {{(pid=96288) start /opt/stack/nova/nova/service.py:196}}
Jun 23 16:49:08.562233 np0000003476 nova-scheduler[96252]: DEBUG nova.service [None req-15cf9059-3b78-4a58-a67a-d3f6ea58dfa6 None None] Join ServiceGroup membership for this service scheduler {{(pid=96252) start /opt/stack/nova/nova/service.py:222}}
Jun 23 16:49:08.562582 np0000003476 nova-scheduler[96252]: DEBUG nova.servicegroup.drivers.db [None req-15cf9059-3b78-4a58-a67a-d3f6ea58dfa6 None None] DB_Driver: join new ServiceGroup member np0000003476 to the scheduler group, service = {{(pid=96252) join /opt/stack/nova/nova/servicegroup/drivers/db.py:44}}
Jun 23 16:49:08.565830 np0000003476 nova-scheduler[96267]: DEBUG nova.service [None req-2712530f-c106-450d-92d6-cfe65efb4f99 None None] Join ServiceGroup membership for this service scheduler {{(pid=96267) start /opt/stack/nova/nova/service.py:222}}
Jun 23 16:49:08.566034 np0000003476 nova-scheduler[96267]: DEBUG nova.servicegroup.drivers.db [None req-2712530f-c106-450d-92d6-cfe65efb4f99 None None] DB_Driver: join new ServiceGroup member np0000003476 to the scheduler group, service = {{(pid=96267) join /opt/stack/nova/nova/servicegroup/drivers/db.py:44}}
Jun 23 16:49:08.566244 np0000003476 nova-scheduler[96215]: DEBUG nova.service [None req-a3ced1e0-8e27-43d3-a07d-37da583f5917 None None] Join ServiceGroup membership for this service scheduler {{(pid=96215) start /opt/stack/nova/nova/service.py:222}}
Jun 23 16:49:08.566459 np0000003476 nova-scheduler[96215]: DEBUG nova.servicegroup.drivers.db [None req-a3ced1e0-8e27-43d3-a07d-37da583f5917 None None] DB_Driver: join new ServiceGroup member np0000003476 to the scheduler group, service = {{(pid=96215) join /opt/stack/nova/nova/servicegroup/drivers/db.py:44}}
Jun 23 16:49:08.568076 np0000003476 nova-scheduler[96288]: DEBUG nova.service [None req-dddf45db-933d-4f52-9fed-5ecb1f2c4fba None None] Join ServiceGroup membership for this service scheduler {{(pid=96288) start /opt/stack/nova/nova/service.py:222}}
Jun 23 16:49:08.568334 np0000003476 nova-scheduler[96288]: DEBUG nova.servicegroup.drivers.db [None req-dddf45db-933d-4f52-9fed-5ecb1f2c4fba None None] DB_Driver: join new ServiceGroup member np0000003476 to the scheduler group, service = {{(pid=96288) join /opt/stack/nova/nova/servicegroup/drivers/db.py:44}}
Jun 23 16:49:13.583266 np0000003476 nova-scheduler[96252]: DEBUG oslo.service.backend._threading.loopingcall [-] Fixed interval looping call 'nova.servicegroup.drivers.db.DbDriver._report_state' sleeping for 119.98 seconds {{(pid=96252) _run_loop /opt/stack/data/venv/lib/python3.12/site-packages/oslo_service/backend/_threading/loopingcall.py:125}}
Jun 23 16:49:13.586086 np0000003476 nova-scheduler[96288]: DEBUG oslo.service.backend._threading.loopingcall [-] Fixed interval looping call 'nova.servicegroup.drivers.db.DbDriver._report_state' sleeping for 119.98 seconds {{(pid=96288) _run_loop /opt/stack/data/venv/lib/python3.12/site-packages/oslo_service/backend/_threading/loopingcall.py:125}}
Jun 23 16:49:13.586840 np0000003476 nova-scheduler[96267]: DEBUG oslo.service.backend._threading.loopingcall [-] Fixed interval looping call 'nova.servicegroup.drivers.db.DbDriver._report_state' sleeping for 119.98 seconds {{(pid=96267) _run_loop /opt/stack/data/venv/lib/python3.12/site-packages/oslo_service/backend/_threading/loopingcall.py:125}}
Jun 23 16:49:13.587177 np0000003476 nova-scheduler[96215]: DEBUG oslo.service.backend._threading.loopingcall [-] Fixed interval looping call 'nova.servicegroup.drivers.db.DbDriver._report_state' sleeping for 119.98 seconds {{(pid=96215) _run_loop /opt/stack/data/venv/lib/python3.12/site-packages/oslo_service/backend/_threading/loopingcall.py:125}}
Jun 23 16:49:17.081631 np0000003476 nova-scheduler[95007]: DEBUG dbcounter [-] [95007] Writing DB stats nova_api:SELECT=3 {{(pid=95007) stat_writer /opt/stack/data/venv/lib/python3.12/site-packages/dbcounter.py:115}}
Jun 23 16:49:17.213270 np0000003476 nova-scheduler[95007]: DEBUG dbcounter [-] [95007] Writing DB stats nova_cell1:SELECT=1 {{(pid=95007) stat_writer /opt/stack/data/venv/lib/python3.12/site-packages/dbcounter.py:115}}
Jun 23 16:49:17.222889 np0000003476 nova-scheduler[95007]: DEBUG dbcounter [-] [95007] Writing DB stats nova_cell0:SELECT=1 {{(pid=95007) stat_writer /opt/stack/data/venv/lib/python3.12/site-packages/dbcounter.py:115}}
Jun 23 16:49:23.574341 np0000003476 nova-scheduler[96252]: DEBUG dbcounter [-] [96252] Writing DB stats nova_cell0:SELECT=4,nova_cell0:INSERT=1,nova_cell0:UPDATE=1 {{(pid=96252) stat_writer /opt/stack/data/venv/lib/python3.12/site-packages/dbcounter.py:115}}
Jun 23 16:49:23.575552 np0000003476 nova-scheduler[96215]: DEBUG dbcounter [-] [96215] Writing DB stats nova_cell0:SELECT=4,nova_cell0:INSERT=1,nova_cell0:UPDATE=1 {{(pid=96215) stat_writer /opt/stack/data/venv/lib/python3.12/site-packages/dbcounter.py:115}}
Jun 23 16:49:23.581119 np0000003476 nova-scheduler[96288]: DEBUG dbcounter [-] [96288] Writing DB stats nova_cell0:SELECT=3,nova_cell0:UPDATE=1 {{(pid=96288) stat_writer /opt/stack/data/venv/lib/python3.12/site-packages/dbcounter.py:115}}
Jun 23 16:49:23.581992 np0000003476 nova-scheduler[96267]: DEBUG dbcounter [-] [96267] Writing DB stats nova_cell0:SELECT=3,nova_cell0:UPDATE=1 {{(pid=96267) stat_writer /opt/stack/data/venv/lib/python3.12/site-packages/dbcounter.py:115}}
Jun 23 16:49:38.568515 np0000003476 nova-scheduler[96267]: DEBUG oslo.service.backend._threading.loopingcall [None req-1392a820-13cf-4530-acd7-30f5dc7aff38 None None] Dynamic interval looping call 'nova.service.Service.periodic_tasks' sleeping for 60.00 seconds {{(pid=96267) _run_loop /opt/stack/data/venv/lib/python3.12/site-packages/oslo_service/backend/_threading/loopingcall.py:125}}
Jun 23 16:49:39.564977 np0000003476 nova-scheduler[96252]: DEBUG oslo.service.backend._threading.loopingcall [None req-0c80b831-4317-40fe-b7c3-ebf460d235af None None] Dynamic interval looping call 'nova.service.Service.periodic_tasks' sleeping for 60.00 seconds {{(pid=96252) _run_loop /opt/stack/data/venv/lib/python3.12/site-packages/oslo_service/backend/_threading/loopingcall.py:125}}
Jun 23 16:49:40.570209 np0000003476 nova-scheduler[96288]: DEBUG oslo.service.backend._threading.loopingcall [None req-4cd1b11a-f423-4fa6-be61-275ad6a42877 None None] Dynamic interval looping call 'nova.service.Service.periodic_tasks' sleeping for 60.00 seconds {{(pid=96288) _run_loop /opt/stack/data/venv/lib/python3.12/site-packages/oslo_service/backend/_threading/loopingcall.py:125}}
Jun 23 16:49:59.568594 np0000003476 nova-scheduler[96215]: DEBUG oslo.service.backend._threading.loopingcall [None req-96c5525e-f112-48e9-bae7-d7b6633edd5d None None] Dynamic interval looping call 'nova.service.Service.periodic_tasks' sleeping for 60.00 seconds {{(pid=96215) _run_loop /opt/stack/data/venv/lib/python3.12/site-packages/oslo_service/backend/_threading/loopingcall.py:125}}
Jun 23 16:50:38.569280 np0000003476 nova-scheduler[96267]: DEBUG oslo.service.backend._threading.loopingcall [None req-1392a820-13cf-4530-acd7-30f5dc7aff38 None None] Dynamic interval looping call 'nova.service.Service.periodic_tasks' sleeping for 60.00 seconds {{(pid=96267) _run_loop /opt/stack/data/venv/lib/python3.12/site-packages/oslo_service/backend/_threading/loopingcall.py:125}}
Jun 23 16:50:39.565545 np0000003476 nova-scheduler[96252]: DEBUG oslo.service.backend._threading.loopingcall [None req-0c80b831-4317-40fe-b7c3-ebf460d235af None None] Dynamic interval looping call 'nova.service.Service.periodic_tasks' sleeping for 60.00 seconds {{(pid=96252) _run_loop /opt/stack/data/venv/lib/python3.12/site-packages/oslo_service/backend/_threading/loopingcall.py:125}}
Jun 23 16:50:40.570771 np0000003476 nova-scheduler[96288]: DEBUG oslo.service.backend._threading.loopingcall [None req-4cd1b11a-f423-4fa6-be61-275ad6a42877 None None] Dynamic interval looping call 'nova.service.Service.periodic_tasks' sleeping for 60.00 seconds {{(pid=96288) _run_loop /opt/stack/data/venv/lib/python3.12/site-packages/oslo_service/backend/_threading/loopingcall.py:125}}
Jun 23 16:50:59.569031 np0000003476 nova-scheduler[96215]: DEBUG oslo.service.backend._threading.loopingcall [None req-96c5525e-f112-48e9-bae7-d7b6633edd5d None None] Dynamic interval looping call 'nova.service.Service.periodic_tasks' sleeping for 60.00 seconds {{(pid=96215) _run_loop /opt/stack/data/venv/lib/python3.12/site-packages/oslo_service/backend/_threading/loopingcall.py:125}}
Jun 23 16:51:13.569901 np0000003476 nova-scheduler[96252]: DEBUG oslo.service.backend._threading.loopingcall [-] Fixed interval looping call 'nova.servicegroup.drivers.db.DbDriver._report_state' sleeping for 119.99 seconds {{(pid=96252) _run_loop /opt/stack/data/venv/lib/python3.12/site-packages/oslo_service/backend/_threading/loopingcall.py:125}}
Jun 23 16:51:13.570553 np0000003476 nova-scheduler[96288]: DEBUG oslo.service.backend._threading.loopingcall [-] Fixed interval looping call 'nova.servicegroup.drivers.db.DbDriver._report_state' sleeping for 120.00 seconds {{(pid=96288) _run_loop /opt/stack/data/venv/lib/python3.12/site-packages/oslo_service/backend/_threading/loopingcall.py:125}}
Jun 23 16:51:13.571494 np0000003476 nova-scheduler[96267]: DEBUG oslo.service.backend._threading.loopingcall [-] Fixed interval looping call 'nova.servicegroup.drivers.db.DbDriver._report_state' sleeping for 120.00 seconds {{(pid=96267) _run_loop /opt/stack/data/venv/lib/python3.12/site-packages/oslo_service/backend/_threading/loopingcall.py:125}}
Jun 23 16:51:13.571899 np0000003476 nova-scheduler[96215]: DEBUG oslo.service.backend._threading.loopingcall [-] Fixed interval looping call 'nova.servicegroup.drivers.db.DbDriver._report_state' sleeping for 120.00 seconds {{(pid=96215) _run_loop /opt/stack/data/venv/lib/python3.12/site-packages/oslo_service/backend/_threading/loopingcall.py:125}}
Jun 23 16:51:23.568829 np0000003476 nova-scheduler[96252]: DEBUG dbcounter [-] [96252] Writing DB stats nova_cell0:SELECT=1,nova_cell0:UPDATE=1 {{(pid=96252) stat_writer /opt/stack/data/venv/lib/python3.12/site-packages/dbcounter.py:115}}
Jun 23 16:51:23.570159 np0000003476 nova-scheduler[96288]: DEBUG dbcounter [-] [96288] Writing DB stats nova_cell0:SELECT=1,nova_cell0:UPDATE=1 {{(pid=96288) stat_writer /opt/stack/data/venv/lib/python3.12/site-packages/dbcounter.py:115}}
Jun 23 16:51:23.570547 np0000003476 nova-scheduler[96267]: DEBUG dbcounter [-] [96267] Writing DB stats nova_cell0:SELECT=1,nova_cell0:UPDATE=1 {{(pid=96267) stat_writer /opt/stack/data/venv/lib/python3.12/site-packages/dbcounter.py:115}}
Jun 23 16:51:23.571187 np0000003476 nova-scheduler[96215]: DEBUG dbcounter [-] [96215] Writing DB stats nova_cell0:SELECT=1 {{(pid=96215) stat_writer /opt/stack/data/venv/lib/python3.12/site-packages/dbcounter.py:115}}
Jun 23 16:51:29.979885 np0000003476 nova-scheduler[96252]: DEBUG nova.scheduler.manager [None req-872abc91-a08c-4ba3-82cc-610b2b73628d tempest-DeleteServersTestJSON-149672888 tempest-DeleteServersTestJSON-149672888-project-member] Starting to schedule for instances: ['be9853a0-48ff-47f2-938d-31cd8ebeb6e5'] {{(pid=96252) select_destinations /opt/stack/nova/nova/scheduler/manager.py:210}}
Jun 23 16:51:29.980356 np0000003476 nova-scheduler[96252]: DEBUG nova.scheduler.request_filter [None req-872abc91-a08c-4ba3-82cc-610b2b73628d tempest-DeleteServersTestJSON-149672888 tempest-DeleteServersTestJSON-149672888-project-member] compute_status_filter request filter added forbidden trait COMPUTE_STATUS_DISABLED {{(pid=96252) compute_status_filter /opt/stack/nova/nova/scheduler/request_filter.py:253}}
Jun 23 16:51:29.980478 np0000003476 nova-scheduler[96252]: DEBUG nova.scheduler.request_filter [None req-872abc91-a08c-4ba3-82cc-610b2b73628d tempest-DeleteServersTestJSON-149672888 tempest-DeleteServersTestJSON-149672888-project-member] Request filter 'compute_status_filter' took 0.0 seconds {{(pid=96252) wrapper /opt/stack/nova/nova/scheduler/request_filter.py:46}}
Jun 23 16:51:29.980697 np0000003476 nova-scheduler[96252]: DEBUG nova.scheduler.request_filter [None req-872abc91-a08c-4ba3-82cc-610b2b73628d tempest-DeleteServersTestJSON-149672888 tempest-DeleteServersTestJSON-149672888-project-member] Request filter 'accelerators_filter' took 0.0 seconds {{(pid=96252) wrapper /opt/stack/nova/nova/scheduler/request_filter.py:46}}
Jun 23 16:51:29.980950 np0000003476 nova-scheduler[96252]: DEBUG nova.scheduler.request_filter [None req-872abc91-a08c-4ba3-82cc-610b2b73628d tempest-DeleteServersTestJSON-149672888 tempest-DeleteServersTestJSON-149672888-project-member] Request filter 'packed_virtqueue_filter' took 0.0 seconds {{(pid=96252) wrapper /opt/stack/nova/nova/scheduler/request_filter.py:46}}
Jun 23 16:51:29.981409 np0000003476 nova-scheduler[96252]: DEBUG nova.scheduler.request_filter [None req-872abc91-a08c-4ba3-82cc-610b2b73628d tempest-DeleteServersTestJSON-149672888 tempest-DeleteServersTestJSON-149672888-project-member] Request filter 'remote_managed_ports_filter' took 0.0 seconds {{(pid=96252) wrapper /opt/stack/nova/nova/scheduler/request_filter.py:46}}
Jun 23 16:51:29.981589 np0000003476 nova-scheduler[96252]: DEBUG nova.scheduler.request_filter [None req-872abc91-a08c-4ba3-82cc-610b2b73628d tempest-DeleteServersTestJSON-149672888 tempest-DeleteServersTestJSON-149672888-project-member] ephemeral_encryption_filter skipped {{(pid=96252) ephemeral_encryption_filter /opt/stack/nova/nova/scheduler/request_filter.py:426}}
Jun 23 16:51:29.981710 np0000003476 nova-scheduler[96252]: DEBUG nova.scheduler.request_filter [None req-872abc91-a08c-4ba3-82cc-610b2b73628d tempest-DeleteServersTestJSON-149672888 tempest-DeleteServersTestJSON-149672888-project-member] virtio_sound_filter skipped {{(pid=96252) virtio_sound_filter /opt/stack/nova/nova/scheduler/request_filter.py:460}}
Jun 23 16:51:29.981869 np0000003476 nova-scheduler[96252]: DEBUG nova.scheduler.request_filter [None req-872abc91-a08c-4ba3-82cc-610b2b73628d tempest-DeleteServersTestJSON-149672888 tempest-DeleteServersTestJSON-149672888-project-member] tpm_secret_security_filter skipped {{(pid=96252) tpm_secret_security_filter /opt/stack/nova/nova/scheduler/request_filter.py:477}}
Jun 23 16:51:30.515578 np0000003476 nova-scheduler[96252]: INFO nova.utils [None req-872abc91-a08c-4ba3-82cc-610b2b73628d tempest-DeleteServersTestJSON-149672888 tempest-DeleteServersTestJSON-149672888-project-member] The cell worker thread pool ForkProcess-2.cell_worker is initialized
Jun 23 16:51:30.515738 np0000003476 nova-scheduler[96252]: DEBUG oslo_concurrency.lockutils [None req-872abc91-a08c-4ba3-82cc-610b2b73628d tempest-DeleteServersTestJSON-149672888 tempest-DeleteServersTestJSON-149672888-project-member] Acquiring lock "fb7b4290-3f44-4913-af87-78b4ff5ea9cc" by "nova.context.set_target_cell..get_or_set_cached_cell_and_set_connections" {{(pid=96252) inner /opt/stack/data/venv/lib/python3.12/site-packages/oslo_concurrency/lockutils.py:511}}
Jun 23 16:51:30.516686 np0000003476 nova-scheduler[96252]: DEBUG oslo_concurrency.lockutils [None req-872abc91-a08c-4ba3-82cc-610b2b73628d tempest-DeleteServersTestJSON-149672888 tempest-DeleteServersTestJSON-149672888-project-member] Lock "fb7b4290-3f44-4913-af87-78b4ff5ea9cc" acquired by "nova.context.set_target_cell..get_or_set_cached_cell_and_set_connections" :: waited 0.000s {{(pid=96252) inner /opt/stack/data/venv/lib/python3.12/site-packages/oslo_concurrency/lockutils.py:524}}
Jun 23 16:51:30.517753 np0000003476 nova-scheduler[96252]: DEBUG oslo_concurrency.lockutils [None req-872abc91-a08c-4ba3-82cc-610b2b73628d tempest-DeleteServersTestJSON-149672888 tempest-DeleteServersTestJSON-149672888-project-member] Lock "fb7b4290-3f44-4913-af87-78b4ff5ea9cc" "released" by "nova.context.set_target_cell..get_or_set_cached_cell_and_set_connections" :: held 0.001s {{(pid=96252) inner /opt/stack/data/venv/lib/python3.12/site-packages/oslo_concurrency/lockutils.py:543}}
Jun 23 16:51:30.519119 np0000003476 nova-scheduler[96252]: INFO dbcounter [None req-872abc91-a08c-4ba3-82cc-610b2b73628d tempest-DeleteServersTestJSON-149672888 tempest-DeleteServersTestJSON-149672888-project-member] Registered counter for database nova_cell1
Jun 23 16:51:30.558812 np0000003476 nova-scheduler[96252]: DEBUG oslo_db.sqlalchemy.engines [None req-872abc91-a08c-4ba3-82cc-610b2b73628d tempest-DeleteServersTestJSON-149672888 tempest-DeleteServersTestJSON-149672888-project-member] MySQL server mode set to STRICT_TRANS_TABLES,STRICT_ALL_TABLES,NO_ZERO_IN_DATE,NO_ZERO_DATE,ERROR_FOR_DIVISION_BY_ZERO,TRADITIONAL,NO_ENGINE_SUBSTITUTION {{(pid=96252) _check_effective_sql_mode /opt/stack/data/venv/lib/python3.12/site-packages/oslo_db/sqlalchemy/engines.py:325}}
Jun 23 16:51:30.563293 np0000003476 nova-scheduler[96252]: DEBUG dbcounter [-] [96252] Writer thread running {{(pid=96252) stat_writer /opt/stack/data/venv/lib/python3.12/site-packages/dbcounter.py:102}}
Jun 23 16:51:30.574012 np0000003476 nova-scheduler[96252]: DEBUG oslo_db.sqlalchemy.engines [None req-872abc91-a08c-4ba3-82cc-610b2b73628d tempest-DeleteServersTestJSON-149672888 tempest-DeleteServersTestJSON-149672888-project-member] Parent process 95007 forked (96252) with an open database connection, which is being discarded and recreated. {{(pid=96252) checkout /opt/stack/data/venv/lib/python3.12/site-packages/oslo_db/sqlalchemy/engines.py:402}}
Jun 23 16:51:30.624902 np0000003476 nova-scheduler[96252]: DEBUG dbcounter [-] [96252] Writer thread running {{(pid=96252) stat_writer /opt/stack/data/venv/lib/python3.12/site-packages/dbcounter.py:102}}
Jun 23 16:51:30.628616 np0000003476 nova-scheduler[96252]: DEBUG oslo_concurrency.lockutils [None req-872abc91-a08c-4ba3-82cc-610b2b73628d tempest-DeleteServersTestJSON-149672888 tempest-DeleteServersTestJSON-149672888-project-member] Acquiring lock "fb7b4290-3f44-4913-af87-78b4ff5ea9cc" by "nova.context.set_target_cell..get_or_set_cached_cell_and_set_connections" {{(pid=96252) inner /opt/stack/data/venv/lib/python3.12/site-packages/oslo_concurrency/lockutils.py:511}}
Jun 23 16:51:30.628616 np0000003476 nova-scheduler[96252]: DEBUG oslo_concurrency.lockutils [None req-872abc91-a08c-4ba3-82cc-610b2b73628d tempest-DeleteServersTestJSON-149672888 tempest-DeleteServersTestJSON-149672888-project-member] Lock "fb7b4290-3f44-4913-af87-78b4ff5ea9cc" acquired by "nova.context.set_target_cell..get_or_set_cached_cell_and_set_connections" :: waited 0.000s {{(pid=96252) inner /opt/stack/data/venv/lib/python3.12/site-packages/oslo_concurrency/lockutils.py:524}}
Jun 23 16:51:30.629104 np0000003476 nova-scheduler[96252]: DEBUG oslo_concurrency.lockutils [None req-872abc91-a08c-4ba3-82cc-610b2b73628d tempest-DeleteServersTestJSON-149672888 tempest-DeleteServersTestJSON-149672888-project-member] Lock "fb7b4290-3f44-4913-af87-78b4ff5ea9cc" "released" by "nova.context.set_target_cell..get_or_set_cached_cell_and_set_connections" :: held 0.000s {{(pid=96252) inner /opt/stack/data/venv/lib/python3.12/site-packages/oslo_concurrency/lockutils.py:543}}
Jun 23 16:51:30.632797 np0000003476 nova-scheduler[96252]: DEBUG oslo_concurrency.lockutils [None req-872abc91-a08c-4ba3-82cc-610b2b73628d tempest-DeleteServersTestJSON-149672888 tempest-DeleteServersTestJSON-149672888-project-member] Acquiring lock "('np0000003476', 'np0000003476')" by "nova.scheduler.host_manager.HostState.update.._locked_update" {{(pid=96252) inner /opt/stack/data/venv/lib/python3.12/site-packages/oslo_concurrency/lockutils.py:511}}
Jun 23 16:51:30.632930 np0000003476 nova-scheduler[96252]: DEBUG oslo_concurrency.lockutils [None req-872abc91-a08c-4ba3-82cc-610b2b73628d tempest-DeleteServersTestJSON-149672888 tempest-DeleteServersTestJSON-149672888-project-member] Lock "('np0000003476', 'np0000003476')" acquired by "nova.scheduler.host_manager.HostState.update.._locked_update" :: waited 0.000s {{(pid=96252) inner /opt/stack/data/venv/lib/python3.12/site-packages/oslo_concurrency/lockutils.py:524}}
Jun 23 16:51:30.634024 np0000003476 nova-scheduler[96252]: DEBUG nova.scheduler.host_manager [None req-872abc91-a08c-4ba3-82cc-610b2b73628d tempest-DeleteServersTestJSON-149672888 tempest-DeleteServersTestJSON-149672888-project-member] Update host state from compute node: ComputeNode(cpu_allocation_ratio=4.0,cpu_info='{"arch": "x86_64", "model": "EPYC-Milan", "vendor": "AMD", "topology": {"cells": 1, "sockets": 16, "cores": 1, "threads": 1}, "maxphysaddr": {"mode": "emulate", "bits": 40}, "features": ["erms", "svme-addr-chk", "vgif", "gds-no", "lfence-always-serializing", "tsc-deadline", "fsrm", "x2apic", "fsgsbase", "vme", "hypervisor", "clzero", "skip-l1dfl-vmentry", "aes", "lm", "nrip-save", "pse", "pat", "sse2", "pclmuldq", "flushbyasid", "mds-no", "bmi2", "sse4a", "mce", "rdrand", "xsaveerptr", "ssse3", "sse", "de", "null-sel-clr-base", "misalignsse", "amd-psfd", "f16c", "ssbd", "amd-stibp", "wbnoinvd", "tsc-scale", "virt-ssbd", "ibpb", "bmi1", "stibp-always-on", "xsavec", "abm", "pni", "fpu", "v-vmsave-vmload", "npt", "pcid", "pschange-mc-no", "pdpe1gb", "xgetbv1", "pge", "msr", "pae", "topoext", "sse4.2", "popcnt", "cmov", "clflush", "movbe", "ibrs", "fxsr", "invpcid", "arch-capabilities", "spec-ctrl", "xsaveopt", "sha-ni", "cx16", "smap", "adx", "mtrr", "fxsr_opt", "svm", "vaes", "tsc_adjust", "stibp", "smep", "pse36", "tsc", "syscall", "3dnowprefetch", "no-nested-data-bp", "mca", "lahf_lm", "amd-ssbd", "xsave", "clwb", "pku", "osvw", "mmxext", "arat", "avx2", "lbrv", "nx", "rdctl-no", "pause-filter", "rdpid", "avx", "vpclmulqdq", "perfctr_core", "pfthreshold", "fma", "xsaves", "cmp_legacy", "vmcb-clean", "apic", "clflushopt", "cx8", "cr8legacy", "sep", "rdseed", "rdtscp", "mmx", "umip", "sse4.1"]}',created_at=2026-06-23T16:49:33Z,current_workload=0,deleted=False,deleted_at=None,disk_allocation_ratio=1.0,disk_available_least=74,free_disk_gb=95,free_ram_mb=63789,host='np0000003476',host_ip=10.4.3.226,hypervisor_hostname='np0000003476',hypervisor_type='QEMU',hypervisor_version=8002002,id=1,local_gb=95,local_gb_used=0,mapped=1,memory_mb=64301,memory_mb_used=512,metrics='[]',numa_topology='{"nova_object.name": "NUMATopology", "nova_object.namespace": "nova", "nova_object.version": "1.2", "nova_object.data": {"cells": [{"nova_object.name": "NUMACell", "nova_object.namespace": "nova", "nova_object.version": "1.5", "nova_object.data": {"id": 0, "cpuset": [0, 1, 2, 3, 4, 5, 6, 7, 8, 9, 10, 11, 12, 13, 14, 15], "pcpuset": [0, 1, 2, 3, 4, 5, 6, 7, 8, 9, 10, 11, 12, 13, 14, 15], "memory": 64301, "cpu_usage": 0, "memory_usage": 0, "pinned_cpus": [], "siblings": [[6], [12], [2], [15], [5], [11], [8], [14], [4], [1], [7], [10], [0], [13], [3], [9]], "mempages": [{"nova_object.name": "NUMAPagesTopology", "nova_object.namespace": "nova", "nova_object.version": "1.1", "nova_object.data": {"size_kb": 4, "total": 16461069, "used": 0, "reserved": 0}, "nova_object.changes": ["size_kb", "used", "total", "reserved"]}, {"nova_object.name": "NUMAPagesTopology", "nova_object.namespace": "nova", "nova_object.version": "1.1", "nova_object.data": {"size_kb": 2048, "total": 0, "used": 0, "reserved": 0}, "nova_object.changes": ["size_kb", "used", "total", "reserved"]}, {"nova_object.name": "NUMAPagesTopology", "nova_object.namespace": "nova", "nova_object.version": "1.1", "nova_object.data": {"size_kb": 1048576, "total": 0, "used": 0, "reserved": 0}, "nova_object.changes": ["size_kb", "used", "total", "reserved"]}], "network_metadata": {"nova_object.name": "NetworkMetadata", "nova_object.namespace": "nova", "nova_object.version": "1.0", "nova_object.data": {"physnets": [], "tunneled": false}, "nova_object.changes": ["tunneled", "physnets"]}, "socket": null}, "nova_object.changes": ["cpu_usage", "memory", "id", "socket", "memory_usage", "network_metadata", "pcpuset", "pinned_cpus", "siblings", "mempages", "cpuset"]}]}, "nova_object.changes": ["cells"]}',pci_device_pools=PciDevicePoolList,ram_allocation_ratio=1.0,running_vms=0,service_id=3,stats={failed_builds='0',uptime=' 16:51:19 up 24 min, 2 users, load average: 1.75, 1.69, 0.96
Jun 23 16:51:30.634024 np0000003476 nova-scheduler[96252]: '},supported_hv_specs=[HVSpec,HVSpec,HVSpec,HVSpec,HVSpec,HVSpec,HVSpec,HVSpec,HVSpec,HVSpec,HVSpec,HVSpec,HVSpec,HVSpec,HVSpec,HVSpec,HVSpec,HVSpec,HVSpec,HVSpec,HVSpec,HVSpec,HVSpec,HVSpec,HVSpec],updated_at=2026-06-23T16:51:21Z,uuid=99996270-f2b9-43fe-b667-ba5e871f6c99,vcpus=16,vcpus_used=0) {{(pid=96252) _locked_update /opt/stack/nova/nova/scheduler/host_manager.py:168}}
Jun 23 16:51:30.634890 np0000003476 nova-scheduler[96252]: DEBUG nova.scheduler.host_manager [None req-872abc91-a08c-4ba3-82cc-610b2b73628d tempest-DeleteServersTestJSON-149672888 tempest-DeleteServersTestJSON-149672888-project-member] Update host state with aggregates: [] {{(pid=96252) _locked_update /opt/stack/nova/nova/scheduler/host_manager.py:171}}
