Jun 23 16:49:13.611316 np0000003476 nova-conductor[98670]: DEBUG cotyledon.oslo_config_glue [-] profiler.es_scroll_time = 2m {{(pid=98670) log_opt_values /opt/stack/data/venv/lib/python3.12/site-packages/oslo_config/cfg.py:3253}}
Jun 23 16:49:13.611316 np0000003476 nova-conductor[98670]: DEBUG cotyledon.oslo_config_glue [-] profiler.filter_error_trace = False {{(pid=98670) log_opt_values /opt/stack/data/venv/lib/python3.12/site-packages/oslo_config/cfg.py:3253}}
Jun 23 16:49:13.611782 np0000003476 nova-conductor[98670]: DEBUG cotyledon.oslo_config_glue [-] profiler.hmac_keys = **** {{(pid=98670) log_opt_values /opt/stack/data/venv/lib/python3.12/site-packages/oslo_config/cfg.py:3253}}
Jun 23 16:49:13.611782 np0000003476 nova-conductor[98670]: DEBUG cotyledon.oslo_config_glue [-] profiler.sentinel_service_name = mymaster {{(pid=98670) log_opt_values /opt/stack/data/venv/lib/python3.12/site-packages/oslo_config/cfg.py:3253}}
Jun 23 16:49:13.611865 np0000003476 nova-conductor[98665]: INFO dbcounter [None req-07ecdc16-fe0b-44fb-aa6a-46925ddf7e0c None None] Registered counter for database nova_cell0
Jun 23 16:49:13.611913 np0000003476 nova-conductor[98670]: DEBUG cotyledon.oslo_config_glue [-] profiler.socket_timeout = 0.1 {{(pid=98670) log_opt_values /opt/stack/data/venv/lib/python3.12/site-packages/oslo_config/cfg.py:3253}}
Jun 23 16:49:13.611913 np0000003476 nova-conductor[98670]: DEBUG cotyledon.oslo_config_glue [-] profiler.trace_requests = False {{(pid=98670) log_opt_values /opt/stack/data/venv/lib/python3.12/site-packages/oslo_config/cfg.py:3253}}
Jun 23 16:49:13.611913 np0000003476 nova-conductor[98670]: DEBUG cotyledon.oslo_config_glue [-] profiler.trace_sqlalchemy = False {{(pid=98670) log_opt_values /opt/stack/data/venv/lib/python3.12/site-packages/oslo_config/cfg.py:3253}}
Jun 23 16:49:13.611913 np0000003476 nova-conductor[98670]: DEBUG cotyledon.oslo_config_glue [-] profiler_jaeger.process_tags = {} {{(pid=98670) log_opt_values /opt/stack/data/venv/lib/python3.12/site-packages/oslo_config/cfg.py:3253}}
Jun 23 16:49:13.611913 np0000003476 nova-conductor[98670]: DEBUG cotyledon.oslo_config_glue [-] profiler_jaeger.service_name_prefix = None {{(pid=98670) log_opt_values /opt/stack/data/venv/lib/python3.12/site-packages/oslo_config/cfg.py:3253}}
Jun 23 16:49:13.611913 np0000003476 nova-conductor[98670]: DEBUG cotyledon.oslo_config_glue [-] profiler_otlp.service_name_prefix = None {{(pid=98670) log_opt_values /opt/stack/data/venv/lib/python3.12/site-packages/oslo_config/cfg.py:3253}}
Jun 23 16:49:13.611913 np0000003476 nova-conductor[98670]: DEBUG cotyledon.oslo_config_glue [-] oslo_messaging_rabbit.amqp_auto_delete = False {{(pid=98670) log_opt_values /opt/stack/data/venv/lib/python3.12/site-packages/oslo_config/cfg.py:3253}}
Jun 23 16:49:13.611913 np0000003476 nova-conductor[98670]: DEBUG cotyledon.oslo_config_glue [-] oslo_messaging_rabbit.amqp_durable_queues = False {{(pid=98670) log_opt_values /opt/stack/data/venv/lib/python3.12/site-packages/oslo_config/cfg.py:3253}}
Jun 23 16:49:13.611913 np0000003476 nova-conductor[98670]: DEBUG cotyledon.oslo_config_glue [-] oslo_messaging_rabbit.conn_pool_min_size = 2 {{(pid=98670) log_opt_values /opt/stack/data/venv/lib/python3.12/site-packages/oslo_config/cfg.py:3253}}
Jun 23 16:49:13.612247 np0000003476 nova-conductor[98670]: DEBUG cotyledon.oslo_config_glue [-] oslo_messaging_rabbit.conn_pool_ttl = 1200 {{(pid=98670) log_opt_values /opt/stack/data/venv/lib/python3.12/site-packages/oslo_config/cfg.py:3253}}
Jun 23 16:49:13.612247 np0000003476 nova-conductor[98670]: DEBUG cotyledon.oslo_config_glue [-] oslo_messaging_rabbit.direct_mandatory_flag = True {{(pid=98670) log_opt_values /opt/stack/data/venv/lib/python3.12/site-packages/oslo_config/cfg.py:3253}}
Jun 23 16:49:13.612247 np0000003476 nova-conductor[98670]: DEBUG cotyledon.oslo_config_glue [-] oslo_messaging_rabbit.enable_cancel_on_failover = False {{(pid=98670) log_opt_values /opt/stack/data/venv/lib/python3.12/site-packages/oslo_config/cfg.py:3253}}
Jun 23 16:49:13.612247 np0000003476 nova-conductor[98670]: DEBUG cotyledon.oslo_config_glue [-] oslo_messaging_rabbit.heartbeat_rate = 3 {{(pid=98670) log_opt_values /opt/stack/data/venv/lib/python3.12/site-packages/oslo_config/cfg.py:3253}}
Jun 23 16:49:13.612247 np0000003476 nova-conductor[98670]: DEBUG cotyledon.oslo_config_glue [-] oslo_messaging_rabbit.heartbeat_timeout_threshold = 60 {{(pid=98670) log_opt_values /opt/stack/data/venv/lib/python3.12/site-packages/oslo_config/cfg.py:3253}}
Jun 23 16:49:13.612247 np0000003476 nova-conductor[98670]: DEBUG cotyledon.oslo_config_glue [-] oslo_messaging_rabbit.hostname = np0000003476 {{(pid=98670) log_opt_values /opt/stack/data/venv/lib/python3.12/site-packages/oslo_config/cfg.py:3253}}
Jun 23 16:49:13.612247 np0000003476 nova-conductor[98670]: DEBUG cotyledon.oslo_config_glue [-] oslo_messaging_rabbit.kombu_compression = None {{(pid=98670) log_opt_values /opt/stack/data/venv/lib/python3.12/site-packages/oslo_config/cfg.py:3253}}
Jun 23 16:49:13.612247 np0000003476 nova-conductor[98670]: DEBUG cotyledon.oslo_config_glue [-] oslo_messaging_rabbit.kombu_failover_strategy = round-robin {{(pid=98670) log_opt_values /opt/stack/data/venv/lib/python3.12/site-packages/oslo_config/cfg.py:3253}}
Jun 23 16:49:13.612247 np0000003476 nova-conductor[98670]: DEBUG cotyledon.oslo_config_glue [-] oslo_messaging_rabbit.kombu_missing_consumer_retry_timeout = 60 {{(pid=98670) log_opt_values /opt/stack/data/venv/lib/python3.12/site-packages/oslo_config/cfg.py:3253}}
Jun 23 16:49:13.612585 np0000003476 nova-conductor[98670]: DEBUG cotyledon.oslo_config_glue [-] oslo_messaging_rabbit.kombu_reconnect_delay = 1.0 {{(pid=98670) log_opt_values /opt/stack/data/venv/lib/python3.12/site-packages/oslo_config/cfg.py:3253}}
Jun 23 16:49:13.612585 np0000003476 nova-conductor[98670]: DEBUG cotyledon.oslo_config_glue [-] oslo_messaging_rabbit.kombu_reconnect_splay = 0.0 {{(pid=98670) log_opt_values /opt/stack/data/venv/lib/python3.12/site-packages/oslo_config/cfg.py:3253}}
Jun 23 16:49:13.612585 np0000003476 nova-conductor[98670]: DEBUG cotyledon.oslo_config_glue [-] oslo_messaging_rabbit.processname = nova-conductor {{(pid=98670) log_opt_values /opt/stack/data/venv/lib/python3.12/site-packages/oslo_config/cfg.py:3253}}
Jun 23 16:49:13.612585 np0000003476 nova-conductor[98670]: DEBUG cotyledon.oslo_config_glue [-] oslo_messaging_rabbit.rabbit_ha_queues = False {{(pid=98670) log_opt_values /opt/stack/data/venv/lib/python3.12/site-packages/oslo_config/cfg.py:3253}}
Jun 23 16:49:13.612585 np0000003476 nova-conductor[98670]: DEBUG cotyledon.oslo_config_glue [-] oslo_messaging_rabbit.rabbit_interval_max = 30 {{(pid=98670) log_opt_values /opt/stack/data/venv/lib/python3.12/site-packages/oslo_config/cfg.py:3253}}
Jun 23 16:49:13.612585 np0000003476 nova-conductor[98670]: DEBUG cotyledon.oslo_config_glue [-] oslo_messaging_rabbit.rabbit_login_method = AMQPLAIN {{(pid=98670) log_opt_values /opt/stack/data/venv/lib/python3.12/site-packages/oslo_config/cfg.py:3253}}
Jun 23 16:49:13.612585 np0000003476 nova-conductor[98670]: DEBUG cotyledon.oslo_config_glue [-] oslo_messaging_rabbit.rabbit_qos_prefetch_count = 0 {{(pid=98670) log_opt_values /opt/stack/data/venv/lib/python3.12/site-packages/oslo_config/cfg.py:3253}}
Jun 23 16:49:13.612585 np0000003476 nova-conductor[98670]: DEBUG cotyledon.oslo_config_glue [-] oslo_messaging_rabbit.rabbit_quorum_delivery_limit = 0 {{(pid=98670) log_opt_values /opt/stack/data/venv/lib/python3.12/site-packages/oslo_config/cfg.py:3253}}
Jun 23 16:49:13.612585 np0000003476 nova-conductor[98670]: DEBUG cotyledon.oslo_config_glue [-] oslo_messaging_rabbit.rabbit_quorum_max_memory_bytes = 0 {{(pid=98670) log_opt_values /opt/stack/data/venv/lib/python3.12/site-packages/oslo_config/cfg.py:3253}}
Jun 23 16:49:13.612898 np0000003476 nova-conductor[98670]: DEBUG cotyledon.oslo_config_glue [-] oslo_messaging_rabbit.rabbit_quorum_max_memory_length = 0 {{(pid=98670) log_opt_values /opt/stack/data/venv/lib/python3.12/site-packages/oslo_config/cfg.py:3253}}
Jun 23 16:49:13.612898 np0000003476 nova-conductor[98670]: DEBUG cotyledon.oslo_config_glue [-] oslo_messaging_rabbit.rabbit_quorum_queue = False {{(pid=98670) log_opt_values /opt/stack/data/venv/lib/python3.12/site-packages/oslo_config/cfg.py:3253}}
Jun 23 16:49:13.612898 np0000003476 nova-conductor[98670]: DEBUG cotyledon.oslo_config_glue [-] oslo_messaging_rabbit.rabbit_retry_backoff = 2 {{(pid=98670) log_opt_values /opt/stack/data/venv/lib/python3.12/site-packages/oslo_config/cfg.py:3253}}
Jun 23 16:49:13.612898 np0000003476 nova-conductor[98670]: DEBUG cotyledon.oslo_config_glue [-] oslo_messaging_rabbit.rabbit_retry_interval = 1 {{(pid=98670) log_opt_values /opt/stack/data/venv/lib/python3.12/site-packages/oslo_config/cfg.py:3253}}
Jun 23 16:49:13.612898 np0000003476 nova-conductor[98670]: DEBUG cotyledon.oslo_config_glue [-] oslo_messaging_rabbit.rabbit_stream_fanout = False {{(pid=98670) log_opt_values /opt/stack/data/venv/lib/python3.12/site-packages/oslo_config/cfg.py:3253}}
Jun 23 16:49:13.612898 np0000003476 nova-conductor[98670]: DEBUG cotyledon.oslo_config_glue [-] oslo_messaging_rabbit.rabbit_transient_queues_ttl = 1800 {{(pid=98670) log_opt_values /opt/stack/data/venv/lib/python3.12/site-packages/oslo_config/cfg.py:3253}}
Jun 23 16:49:13.612898 np0000003476 nova-conductor[98670]: DEBUG cotyledon.oslo_config_glue [-] oslo_messaging_rabbit.rabbit_transient_quorum_queue = False {{(pid=98670) log_opt_values /opt/stack/data/venv/lib/python3.12/site-packages/oslo_config/cfg.py:3253}}
Jun 23 16:49:13.612898 np0000003476 nova-conductor[98670]: DEBUG cotyledon.oslo_config_glue [-] oslo_messaging_rabbit.rpc_conn_pool_size = 30 {{(pid=98670) log_opt_values /opt/stack/data/venv/lib/python3.12/site-packages/oslo_config/cfg.py:3253}}
Jun 23 16:49:13.612898 np0000003476 nova-conductor[98670]: DEBUG cotyledon.oslo_config_glue [-] oslo_messaging_rabbit.ssl = False {{(pid=98670) log_opt_values /opt/stack/data/venv/lib/python3.12/site-packages/oslo_config/cfg.py:3253}}
Jun 23 16:49:13.613167 np0000003476 nova-conductor[98670]: DEBUG cotyledon.oslo_config_glue [-] oslo_messaging_rabbit.ssl_ca_file = {{(pid=98670) log_opt_values /opt/stack/data/venv/lib/python3.12/site-packages/oslo_config/cfg.py:3253}}
Jun 23 16:49:13.613167 np0000003476 nova-conductor[98670]: DEBUG cotyledon.oslo_config_glue [-] oslo_messaging_rabbit.ssl_cert_file = {{(pid=98670) log_opt_values /opt/stack/data/venv/lib/python3.12/site-packages/oslo_config/cfg.py:3253}}
Jun 23 16:49:13.613167 np0000003476 nova-conductor[98670]: DEBUG cotyledon.oslo_config_glue [-] oslo_messaging_rabbit.ssl_enforce_fips_mode = False {{(pid=98670) log_opt_values /opt/stack/data/venv/lib/python3.12/site-packages/oslo_config/cfg.py:3253}}
Jun 23 16:49:13.613167 np0000003476 nova-conductor[98670]: DEBUG cotyledon.oslo_config_glue [-] oslo_messaging_rabbit.ssl_enforce_hostname_verification = True {{(pid=98670) log_opt_values /opt/stack/data/venv/lib/python3.12/site-packages/oslo_config/cfg.py:3253}}
Jun 23 16:49:13.613167 np0000003476 nova-conductor[98670]: DEBUG cotyledon.oslo_config_glue [-] oslo_messaging_rabbit.ssl_key_file = {{(pid=98670) log_opt_values /opt/stack/data/venv/lib/python3.12/site-packages/oslo_config/cfg.py:3253}}
Jun 23 16:49:13.613167 np0000003476 nova-conductor[98670]: DEBUG cotyledon.oslo_config_glue [-] oslo_messaging_rabbit.ssl_version = {{(pid=98670) log_opt_values /opt/stack/data/venv/lib/python3.12/site-packages/oslo_config/cfg.py:3253}}
Jun 23 16:49:13.613167 np0000003476 nova-conductor[98670]: DEBUG cotyledon.oslo_config_glue [-] oslo_messaging_rabbit.use_queue_manager = False {{(pid=98670) log_opt_values /opt/stack/data/venv/lib/python3.12/site-packages/oslo_config/cfg.py:3253}}
Jun 23 16:49:13.613167 np0000003476 nova-conductor[98670]: DEBUG cotyledon.oslo_config_glue [-] oslo_messaging_notifications.driver = ['messagingv2'] {{(pid=98670) log_opt_values /opt/stack/data/venv/lib/python3.12/site-packages/oslo_config/cfg.py:3253}}
Jun 23 16:49:13.613167 np0000003476 nova-conductor[98670]: DEBUG cotyledon.oslo_config_glue [-] oslo_messaging_notifications.retry = -1 {{(pid=98670) log_opt_values /opt/stack/data/venv/lib/python3.12/site-packages/oslo_config/cfg.py:3253}}
Jun 23 16:49:13.613454 np0000003476 nova-conductor[98670]: DEBUG cotyledon.oslo_config_glue [-] oslo_messaging_notifications.topics = ['notifications'] {{(pid=98670) log_opt_values /opt/stack/data/venv/lib/python3.12/site-packages/oslo_config/cfg.py:3253}}
Jun 23 16:49:13.613454 np0000003476 nova-conductor[98670]: DEBUG cotyledon.oslo_config_glue [-] oslo_messaging_notifications.transport_url = **** {{(pid=98670) log_opt_values /opt/stack/data/venv/lib/python3.12/site-packages/oslo_config/cfg.py:3253}}
Jun 23 16:49:13.613454 np0000003476 nova-conductor[98670]: DEBUG cotyledon.oslo_config_glue [-] oslo_limit.auth_section = None {{(pid=98670) log_opt_values /opt/stack/data/venv/lib/python3.12/site-packages/oslo_config/cfg.py:3253}}
Jun 23 16:49:13.613454 np0000003476 nova-conductor[98670]: DEBUG cotyledon.oslo_config_glue [-] oslo_limit.auth_type = None {{(pid=98670) log_opt_values /opt/stack/data/venv/lib/python3.12/site-packages/oslo_config/cfg.py:3253}}
Jun 23 16:49:13.613454 np0000003476 nova-conductor[98670]: DEBUG cotyledon.oslo_config_glue [-] oslo_limit.cafile = None {{(pid=98670) log_opt_values /opt/stack/data/venv/lib/python3.12/site-packages/oslo_config/cfg.py:3253}}
Jun 23 16:49:13.613454 np0000003476 nova-conductor[98670]: DEBUG cotyledon.oslo_config_glue [-] oslo_limit.certfile = None {{(pid=98670) log_opt_values /opt/stack/data/venv/lib/python3.12/site-packages/oslo_config/cfg.py:3253}}
Jun 23 16:49:13.613454 np0000003476 nova-conductor[98670]: DEBUG cotyledon.oslo_config_glue [-] oslo_limit.collect_timing = False {{(pid=98670) log_opt_values /opt/stack/data/venv/lib/python3.12/site-packages/oslo_config/cfg.py:3253}}
Jun 23 16:49:13.613454 np0000003476 nova-conductor[98670]: DEBUG cotyledon.oslo_config_glue [-] oslo_limit.connect_retries = None {{(pid=98670) log_opt_values /opt/stack/data/venv/lib/python3.12/site-packages/oslo_config/cfg.py:3253}}
Jun 23 16:49:13.613454 np0000003476 nova-conductor[98670]: DEBUG cotyledon.oslo_config_glue [-] oslo_limit.connect_retry_delay = None {{(pid=98670) log_opt_values /opt/stack/data/venv/lib/python3.12/site-packages/oslo_config/cfg.py:3253}}
Jun 23 16:49:13.613704 np0000003476 nova-conductor[98670]: DEBUG cotyledon.oslo_config_glue [-] oslo_limit.endpoint_id = None {{(pid=98670) log_opt_values /opt/stack/data/venv/lib/python3.12/site-packages/oslo_config/cfg.py:3253}}
Jun 23 16:49:13.613704 np0000003476 nova-conductor[98670]: DEBUG cotyledon.oslo_config_glue [-] oslo_limit.endpoint_interface = public {{(pid=98670) log_opt_values /opt/stack/data/venv/lib/python3.12/site-packages/oslo_config/cfg.py:3253}}
Jun 23 16:49:13.613704 np0000003476 nova-conductor[98670]: DEBUG cotyledon.oslo_config_glue [-] oslo_limit.endpoint_override = None {{(pid=98670) log_opt_values /opt/stack/data/venv/lib/python3.12/site-packages/oslo_config/cfg.py:3253}}
Jun 23 16:49:13.613704 np0000003476 nova-conductor[98670]: DEBUG cotyledon.oslo_config_glue [-] oslo_limit.endpoint_region_name = None {{(pid=98670) log_opt_values /opt/stack/data/venv/lib/python3.12/site-packages/oslo_config/cfg.py:3253}}
Jun 23 16:49:13.613704 np0000003476 nova-conductor[98670]: DEBUG cotyledon.oslo_config_glue [-] oslo_limit.endpoint_service_name = None {{(pid=98670) log_opt_values /opt/stack/data/venv/lib/python3.12/site-packages/oslo_config/cfg.py:3253}}
Jun 23 16:49:13.613704 np0000003476 nova-conductor[98670]: DEBUG cotyledon.oslo_config_glue [-] oslo_limit.endpoint_service_type = None {{(pid=98670) log_opt_values /opt/stack/data/venv/lib/python3.12/site-packages/oslo_config/cfg.py:3253}}
Jun 23 16:49:13.613704 np0000003476 nova-conductor[98670]: DEBUG cotyledon.oslo_config_glue [-] oslo_limit.insecure = False {{(pid=98670) log_opt_values /opt/stack/data/venv/lib/python3.12/site-packages/oslo_config/cfg.py:3253}}
Jun 23 16:49:13.613704 np0000003476 nova-conductor[98670]: DEBUG cotyledon.oslo_config_glue [-] oslo_limit.keyfile = None {{(pid=98670) log_opt_values /opt/stack/data/venv/lib/python3.12/site-packages/oslo_config/cfg.py:3253}}
Jun 23 16:49:13.613704 np0000003476 nova-conductor[98670]: DEBUG cotyledon.oslo_config_glue [-] oslo_limit.max_version = None {{(pid=98670) log_opt_values /opt/stack/data/venv/lib/python3.12/site-packages/oslo_config/cfg.py:3253}}
Jun 23 16:49:13.613953 np0000003476 nova-conductor[98670]: DEBUG cotyledon.oslo_config_glue [-] oslo_limit.min_version = None {{(pid=98670) log_opt_values /opt/stack/data/venv/lib/python3.12/site-packages/oslo_config/cfg.py:3253}}
Jun 23 16:49:13.613953 np0000003476 nova-conductor[98670]: DEBUG cotyledon.oslo_config_glue [-] oslo_limit.region_name = None {{(pid=98670) log_opt_values /opt/stack/data/venv/lib/python3.12/site-packages/oslo_config/cfg.py:3253}}
Jun 23 16:49:13.613953 np0000003476 nova-conductor[98670]: DEBUG cotyledon.oslo_config_glue [-] oslo_limit.retriable_status_codes = None {{(pid=98670) log_opt_values /opt/stack/data/venv/lib/python3.12/site-packages/oslo_config/cfg.py:3253}}
Jun 23 16:49:13.613953 np0000003476 nova-conductor[98670]: DEBUG cotyledon.oslo_config_glue [-] oslo_limit.service_name = None {{(pid=98670) log_opt_values /opt/stack/data/venv/lib/python3.12/site-packages/oslo_config/cfg.py:3253}}
Jun 23 16:49:13.613953 np0000003476 nova-conductor[98670]: DEBUG cotyledon.oslo_config_glue [-] oslo_limit.service_type = None {{(pid=98670) log_opt_values /opt/stack/data/venv/lib/python3.12/site-packages/oslo_config/cfg.py:3253}}
Jun 23 16:49:13.613953 np0000003476 nova-conductor[98670]: DEBUG cotyledon.oslo_config_glue [-] oslo_limit.split_loggers = False {{(pid=98670) log_opt_values /opt/stack/data/venv/lib/python3.12/site-packages/oslo_config/cfg.py:3253}}
Jun 23 16:49:13.613953 np0000003476 nova-conductor[98670]: DEBUG cotyledon.oslo_config_glue [-] oslo_limit.status_code_retries = None {{(pid=98670) log_opt_values /opt/stack/data/venv/lib/python3.12/site-packages/oslo_config/cfg.py:3253}}
Jun 23 16:49:13.613953 np0000003476 nova-conductor[98670]: DEBUG cotyledon.oslo_config_glue [-] oslo_limit.status_code_retry_delay = None {{(pid=98670) log_opt_values /opt/stack/data/venv/lib/python3.12/site-packages/oslo_config/cfg.py:3253}}
Jun 23 16:49:13.613953 np0000003476 nova-conductor[98670]: DEBUG cotyledon.oslo_config_glue [-] oslo_limit.timeout = None {{(pid=98670) log_opt_values /opt/stack/data/venv/lib/python3.12/site-packages/oslo_config/cfg.py:3253}}
Jun 23 16:49:13.614162 np0000003476 nova-conductor[98670]: DEBUG cotyledon.oslo_config_glue [-] oslo_limit.valid_interfaces = None {{(pid=98670) log_opt_values /opt/stack/data/venv/lib/python3.12/site-packages/oslo_config/cfg.py:3253}}
Jun 23 16:49:13.614162 np0000003476 nova-conductor[98670]: DEBUG cotyledon.oslo_config_glue [-] oslo_limit.version = None {{(pid=98670) log_opt_values /opt/stack/data/venv/lib/python3.12/site-packages/oslo_config/cfg.py:3253}}
Jun 23 16:49:13.614162 np0000003476 nova-conductor[98670]: DEBUG cotyledon.oslo_config_glue [-] oslo_reports.file_event_handler = None {{(pid=98670) log_opt_values /opt/stack/data/venv/lib/python3.12/site-packages/oslo_config/cfg.py:3253}}
Jun 23 16:49:13.614162 np0000003476 nova-conductor[98670]: DEBUG cotyledon.oslo_config_glue [-] oslo_reports.file_event_handler_interval = 1 {{(pid=98670) log_opt_values /opt/stack/data/venv/lib/python3.12/site-packages/oslo_config/cfg.py:3253}}
Jun 23 16:49:13.614162 np0000003476 nova-conductor[98670]: DEBUG cotyledon.oslo_config_glue [-] oslo_reports.log_dir = None {{(pid=98670) log_opt_values /opt/stack/data/venv/lib/python3.12/site-packages/oslo_config/cfg.py:3253}}
Jun 23 16:49:13.614162 np0000003476 nova-conductor[98670]: DEBUG cotyledon.oslo_config_glue [-] ******************************************************************************** {{(pid=98670) log_opt_values /opt/stack/data/venv/lib/python3.12/site-packages/oslo_config/cfg.py:3260}}
Jun 23 16:49:13.614162 np0000003476 nova-conductor[98670]: DEBUG cotyledon._service_worker [-] Run service ServiceWrapper(3) [98670] {{(pid=98670) wait_forever /opt/stack/data/venv/lib/python3.12/site-packages/cotyledon/_service_worker.py:218}}
Jun 23 16:49:13.614162 np0000003476 nova-conductor[98670]: INFO nova.service [-] Starting conductor node (version 33.1.0)
Jun 23 16:49:13.614339 np0000003476 nova-conductor[98654]: DEBUG dbcounter [-] [98654] Writer thread running {{(pid=98654) stat_writer /opt/stack/data/venv/lib/python3.12/site-packages/dbcounter.py:102}}
Jun 23 16:49:13.614376 np0000003476 nova-conductor[98670]: INFO dbcounter [None req-3e7d8f9f-7ec0-4cca-ba5b-d53ef5afbeed None None] Registered counter for database nova_cell0
Jun 23 16:49:13.614405 np0000003476 nova-conductor[98660]: DEBUG oslo_db.sqlalchemy.engines [None req-6c52483d-675f-4265-a4b1-f292e9c15969 None None] MySQL server mode set to STRICT_TRANS_TABLES,STRICT_ALL_TABLES,NO_ZERO_IN_DATE,NO_ZERO_DATE,ERROR_FOR_DIVISION_BY_ZERO,TRADITIONAL,NO_ENGINE_SUBSTITUTION {{(pid=98660) _check_effective_sql_mode /opt/stack/data/venv/lib/python3.12/site-packages/oslo_db/sqlalchemy/engines.py:325}}
Jun 23 16:49:13.614405 np0000003476 nova-conductor[98660]: DEBUG dbcounter [-] [98660] Writer thread running {{(pid=98660) stat_writer /opt/stack/data/venv/lib/python3.12/site-packages/dbcounter.py:102}}
Jun 23 16:49:13.614458 np0000003476 nova-conductor[98654]: DEBUG nova.service [None req-9c2a5321-4da9-45b0-821d-4d0fa1bdd13a None None] Creating RPC server for service: nova-conductor on topic: conductor {{(pid=98654) start /opt/stack/nova/nova/service.py:196}}
Jun 23 16:49:13.614483 np0000003476 nova-conductor[98660]: DEBUG nova.service [None req-6c52483d-675f-4265-a4b1-f292e9c15969 None None] Creating RPC server for service: nova-conductor on topic: conductor {{(pid=98660) start /opt/stack/nova/nova/service.py:196}}
Jun 23 16:49:13.616758 np0000003476 nova-conductor[98670]: DEBUG oslo_db.sqlalchemy.engines [None req-3e7d8f9f-7ec0-4cca-ba5b-d53ef5afbeed None None] MySQL server mode set to STRICT_TRANS_TABLES,STRICT_ALL_TABLES,NO_ZERO_IN_DATE,NO_ZERO_DATE,ERROR_FOR_DIVISION_BY_ZERO,TRADITIONAL,NO_ENGINE_SUBSTITUTION {{(pid=98670) _check_effective_sql_mode /opt/stack/data/venv/lib/python3.12/site-packages/oslo_db/sqlalchemy/engines.py:325}}
Jun 23 16:49:13.622467 np0000003476 nova-conductor[98665]: DEBUG oslo_db.sqlalchemy.engines [None req-07ecdc16-fe0b-44fb-aa6a-46925ddf7e0c None None] MySQL server mode set to STRICT_TRANS_TABLES,STRICT_ALL_TABLES,NO_ZERO_IN_DATE,NO_ZERO_DATE,ERROR_FOR_DIVISION_BY_ZERO,TRADITIONAL,NO_ENGINE_SUBSTITUTION {{(pid=98665) _check_effective_sql_mode /opt/stack/data/venv/lib/python3.12/site-packages/oslo_db/sqlalchemy/engines.py:325}}
Jun 23 16:49:13.627402 np0000003476 nova-conductor[98670]: DEBUG dbcounter [-] [98670] Writer thread running {{(pid=98670) stat_writer /opt/stack/data/venv/lib/python3.12/site-packages/dbcounter.py:102}}
Jun 23 16:49:13.630879 np0000003476 nova-conductor[98660]: DEBUG nova.service [None req-6c52483d-675f-4265-a4b1-f292e9c15969 None None] Join ServiceGroup membership for this service conductor {{(pid=98660) start /opt/stack/nova/nova/service.py:222}}
Jun 23 16:49:13.631135 np0000003476 nova-conductor[98654]: DEBUG nova.service [None req-9c2a5321-4da9-45b0-821d-4d0fa1bdd13a None None] Join ServiceGroup membership for this service conductor {{(pid=98654) start /opt/stack/nova/nova/service.py:222}}
Jun 23 16:49:13.631364 np0000003476 nova-conductor[98654]: DEBUG nova.servicegroup.drivers.db [None req-9c2a5321-4da9-45b0-821d-4d0fa1bdd13a None None] DB_Driver: join new ServiceGroup member np0000003476 to the conductor group, service = {{(pid=98654) join /opt/stack/nova/nova/servicegroup/drivers/db.py:44}}
Jun 23 16:49:13.631427 np0000003476 nova-conductor[98670]: DEBUG nova.service [None req-3e7d8f9f-7ec0-4cca-ba5b-d53ef5afbeed None None] Creating RPC server for service: nova-conductor on topic: conductor {{(pid=98670) start /opt/stack/nova/nova/service.py:196}}
Jun 23 16:49:13.631459 np0000003476 nova-conductor[98660]: DEBUG nova.servicegroup.drivers.db [None req-6c52483d-675f-4265-a4b1-f292e9c15969 None None] DB_Driver: join new ServiceGroup member np0000003476 to the conductor group, service = {{(pid=98660) join /opt/stack/nova/nova/servicegroup/drivers/db.py:44}}
Jun 23 16:49:13.631488 np0000003476 nova-conductor[98665]: DEBUG dbcounter [-] [98665] Writer thread running {{(pid=98665) stat_writer /opt/stack/data/venv/lib/python3.12/site-packages/dbcounter.py:102}}
Jun 23 16:49:13.634158 np0000003476 nova-conductor[98665]: DEBUG nova.service [None req-07ecdc16-fe0b-44fb-aa6a-46925ddf7e0c None None] Creating RPC server for service: nova-conductor on topic: conductor {{(pid=98665) start /opt/stack/nova/nova/service.py:196}}
Jun 23 16:49:13.650466 np0000003476 nova-conductor[98665]: DEBUG nova.service [None req-07ecdc16-fe0b-44fb-aa6a-46925ddf7e0c None None] Join ServiceGroup membership for this service conductor {{(pid=98665) start /opt/stack/nova/nova/service.py:222}}
Jun 23 16:49:13.650667 np0000003476 nova-conductor[98665]: DEBUG nova.servicegroup.drivers.db [None req-07ecdc16-fe0b-44fb-aa6a-46925ddf7e0c None None] DB_Driver: join new ServiceGroup member np0000003476 to the conductor group, service = {{(pid=98665) join /opt/stack/nova/nova/servicegroup/drivers/db.py:44}}
Jun 23 16:49:13.650728 np0000003476 nova-conductor[98670]: DEBUG nova.service [None req-3e7d8f9f-7ec0-4cca-ba5b-d53ef5afbeed None None] Join ServiceGroup membership for this service conductor {{(pid=98670) start /opt/stack/nova/nova/service.py:222}}
Jun 23 16:49:13.650930 np0000003476 nova-conductor[98670]: DEBUG nova.servicegroup.drivers.db [None req-3e7d8f9f-7ec0-4cca-ba5b-d53ef5afbeed None None] DB_Driver: join new ServiceGroup member np0000003476 to the conductor group, service = {{(pid=98670) join /opt/stack/nova/nova/servicegroup/drivers/db.py:44}}
Jun 23 16:49:18.651999 np0000003476 nova-conductor[98654]: DEBUG oslo.service.backend._threading.loopingcall [-] Fixed interval looping call 'nova.servicegroup.drivers.db.DbDriver._report_state' sleeping for 119.98 seconds {{(pid=98654) _run_loop /opt/stack/data/venv/lib/python3.12/site-packages/oslo_service/backend/_threading/loopingcall.py:125}}
Jun 23 16:49:18.653337 np0000003476 nova-conductor[98660]: DEBUG oslo.service.backend._threading.loopingcall [-] Fixed interval looping call 'nova.servicegroup.drivers.db.DbDriver._report_state' sleeping for 119.98 seconds {{(pid=98660) _run_loop /opt/stack/data/venv/lib/python3.12/site-packages/oslo_service/backend/_threading/loopingcall.py:125}}
Jun 23 16:49:18.661493 np0000003476 nova-conductor[98670]: DEBUG oslo.service.backend._threading.loopingcall [-] Fixed interval looping call 'nova.servicegroup.drivers.db.DbDriver._report_state' sleeping for 119.99 seconds {{(pid=98670) _run_loop /opt/stack/data/venv/lib/python3.12/site-packages/oslo_service/backend/_threading/loopingcall.py:125}}
Jun 23 16:49:18.663308 np0000003476 nova-conductor[98665]: DEBUG oslo.service.backend._threading.loopingcall [-] Fixed interval looping call 'nova.servicegroup.drivers.db.DbDriver._report_state' sleeping for 119.99 seconds {{(pid=98665) _run_loop /opt/stack/data/venv/lib/python3.12/site-packages/oslo_service/backend/_threading/loopingcall.py:125}}
Jun 23 16:49:19.635942 np0000003476 nova-conductor[98654]: DEBUG oslo.service.backend._threading.loopingcall [None req-45820a69-e129-494c-a757-e45d5f2fba6b None None] Dynamic interval looping call 'nova.service.Service.periodic_tasks' sleeping for 60.00 seconds {{(pid=98654) _run_loop /opt/stack/data/venv/lib/python3.12/site-packages/oslo_service/backend/_threading/loopingcall.py:125}}
Jun 23 16:49:22.203694 np0000003476 nova-conductor[97155]: DEBUG dbcounter [-] [97155] Writing DB stats nova_api:SELECT=1 {{(pid=97155) stat_writer /opt/stack/data/venv/lib/python3.12/site-packages/dbcounter.py:115}}
Jun 23 16:49:22.327592 np0000003476 nova-conductor[97155]: DEBUG dbcounter [-] [97155] Writing DB stats nova_cell0:SELECT=1 {{(pid=97155) stat_writer /opt/stack/data/venv/lib/python3.12/site-packages/dbcounter.py:115}}
Jun 23 16:49:22.331560 np0000003476 nova-conductor[97155]: DEBUG dbcounter [-] [97155] Writing DB stats nova_cell1:SELECT=1 {{(pid=97155) stat_writer /opt/stack/data/venv/lib/python3.12/site-packages/dbcounter.py:115}}
Jun 23 16:49:27.652922 np0000003476 nova-conductor[98670]: DEBUG oslo.service.backend._threading.loopingcall [None req-d928dd66-acef-4e51-ae6f-7021884c51d2 None None] Dynamic interval looping call 'nova.service.Service.periodic_tasks' sleeping for 60.00 seconds {{(pid=98670) _run_loop /opt/stack/data/venv/lib/python3.12/site-packages/oslo_service/backend/_threading/loopingcall.py:125}}
Jun 23 16:49:28.642857 np0000003476 nova-conductor[98654]: DEBUG dbcounter [-] [98654] Writing DB stats nova_cell0:SELECT=4,nova_cell0:INSERT=1,nova_cell0:UPDATE=1 {{(pid=98654) stat_writer /opt/stack/data/venv/lib/python3.12/site-packages/dbcounter.py:115}}
Jun 23 16:49:28.643272 np0000003476 nova-conductor[98660]: DEBUG dbcounter [-] [98660] Writing DB stats nova_cell0:SELECT=3,nova_cell0:UPDATE=1 {{(pid=98660) stat_writer /opt/stack/data/venv/lib/python3.12/site-packages/dbcounter.py:115}}
Jun 23 16:49:28.659294 np0000003476 nova-conductor[98665]: DEBUG dbcounter [-] [98665] Writing DB stats nova_cell0:SELECT=3 {{(pid=98665) stat_writer /opt/stack/data/venv/lib/python3.12/site-packages/dbcounter.py:115}}
Jun 23 16:49:28.659678 np0000003476 nova-conductor[98670]: DEBUG dbcounter [-] [98670] Writing DB stats nova_cell0:SELECT=3 {{(pid=98670) stat_writer /opt/stack/data/venv/lib/python3.12/site-packages/dbcounter.py:115}}
Jun 23 16:50:08.652601 np0000003476 nova-conductor[98665]: DEBUG oslo.service.backend._threading.loopingcall [None req-59d4abb4-9125-4100-bdce-6167b1142d7e None None] Dynamic interval looping call 'nova.service.Service.periodic_tasks' sleeping for 60.00 seconds {{(pid=98665) _run_loop /opt/stack/data/venv/lib/python3.12/site-packages/oslo_service/backend/_threading/loopingcall.py:125}}
Jun 23 16:50:09.633637 np0000003476 nova-conductor[98660]: DEBUG oslo.service.backend._threading.loopingcall [None req-85a3c3b2-d610-48c5-a1e1-95e8721314f6 None None] Dynamic interval looping call 'nova.service.Service.periodic_tasks' sleeping for 60.00 seconds {{(pid=98660) _run_loop /opt/stack/data/venv/lib/python3.12/site-packages/oslo_service/backend/_threading/loopingcall.py:125}}
Jun 23 16:50:19.636422 np0000003476 nova-conductor[98654]: DEBUG oslo.service.backend._threading.loopingcall [None req-45820a69-e129-494c-a757-e45d5f2fba6b None None] Dynamic interval looping call 'nova.service.Service.periodic_tasks' sleeping for 60.00 seconds {{(pid=98654) _run_loop /opt/stack/data/venv/lib/python3.12/site-packages/oslo_service/backend/_threading/loopingcall.py:125}}
Jun 23 16:50:27.653505 np0000003476 nova-conductor[98670]: DEBUG oslo.service.backend._threading.loopingcall [None req-d928dd66-acef-4e51-ae6f-7021884c51d2 None None] Dynamic interval looping call 'nova.service.Service.periodic_tasks' sleeping for 60.00 seconds {{(pid=98670) _run_loop /opt/stack/data/venv/lib/python3.12/site-packages/oslo_service/backend/_threading/loopingcall.py:125}}
Jun 23 16:51:08.653285 np0000003476 nova-conductor[98665]: DEBUG oslo.service.backend._threading.loopingcall [None req-59d4abb4-9125-4100-bdce-6167b1142d7e None None] Dynamic interval looping call 'nova.service.Service.periodic_tasks' sleeping for 60.00 seconds {{(pid=98665) _run_loop /opt/stack/data/venv/lib/python3.12/site-packages/oslo_service/backend/_threading/loopingcall.py:125}}
Jun 23 16:51:09.634187 np0000003476 nova-conductor[98660]: DEBUG oslo.service.backend._threading.loopingcall [None req-85a3c3b2-d610-48c5-a1e1-95e8721314f6 None None] Dynamic interval looping call 'nova.service.Service.periodic_tasks' sleeping for 60.00 seconds {{(pid=98660) _run_loop /opt/stack/data/venv/lib/python3.12/site-packages/oslo_service/backend/_threading/loopingcall.py:125}}
Jun 23 16:51:18.638803 np0000003476 nova-conductor[98654]: DEBUG oslo.service.backend._threading.loopingcall [-] Fixed interval looping call 'nova.servicegroup.drivers.db.DbDriver._report_state' sleeping for 119.99 seconds {{(pid=98654) _run_loop /opt/stack/data/venv/lib/python3.12/site-packages/oslo_service/backend/_threading/loopingcall.py:125}}
Jun 23 16:51:18.639279 np0000003476 nova-conductor[98660]: DEBUG oslo.service.backend._threading.loopingcall [-] Fixed interval looping call 'nova.servicegroup.drivers.db.DbDriver._report_state' sleeping for 119.99 seconds {{(pid=98660) _run_loop /opt/stack/data/venv/lib/python3.12/site-packages/oslo_service/backend/_threading/loopingcall.py:125}}
Jun 23 16:51:18.654761 np0000003476 nova-conductor[98670]: DEBUG oslo.service.backend._threading.loopingcall [-] Fixed interval looping call 'nova.servicegroup.drivers.db.DbDriver._report_state' sleeping for 120.00 seconds {{(pid=98670) _run_loop /opt/stack/data/venv/lib/python3.12/site-packages/oslo_service/backend/_threading/loopingcall.py:125}}
Jun 23 16:51:18.656586 np0000003476 nova-conductor[98665]: DEBUG oslo.service.backend._threading.loopingcall [-] Fixed interval looping call 'nova.servicegroup.drivers.db.DbDriver._report_state' sleeping for 120.00 seconds {{(pid=98665) _run_loop /opt/stack/data/venv/lib/python3.12/site-packages/oslo_service/backend/_threading/loopingcall.py:125}}
Jun 23 16:51:19.637184 np0000003476 nova-conductor[98654]: DEBUG oslo.service.backend._threading.loopingcall [None req-45820a69-e129-494c-a757-e45d5f2fba6b None None] Dynamic interval looping call 'nova.service.Service.periodic_tasks' sleeping for 60.00 seconds {{(pid=98654) _run_loop /opt/stack/data/venv/lib/python3.12/site-packages/oslo_service/backend/_threading/loopingcall.py:125}}
Jun 23 16:51:27.654557 np0000003476 nova-conductor[98670]: DEBUG oslo.service.backend._threading.loopingcall [None req-d928dd66-acef-4e51-ae6f-7021884c51d2 None None] Dynamic interval looping call 'nova.service.Service.periodic_tasks' sleeping for 60.00 seconds {{(pid=98670) _run_loop /opt/stack/data/venv/lib/python3.12/site-packages/oslo_service/backend/_threading/loopingcall.py:125}}
Jun 23 16:51:28.635049 np0000003476 nova-conductor[98654]: DEBUG dbcounter [-] [98654] Writing DB stats nova_cell0:SELECT=1,nova_cell0:UPDATE=1 {{(pid=98654) stat_writer /opt/stack/data/venv/lib/python3.12/site-packages/dbcounter.py:115}}
Jun 23 16:51:28.637269 np0000003476 nova-conductor[98660]: DEBUG dbcounter [-] [98660] Writing DB stats nova_cell0:SELECT=1,nova_cell0:UPDATE=1 {{(pid=98660) stat_writer /opt/stack/data/venv/lib/python3.12/site-packages/dbcounter.py:115}}
Jun 23 16:51:28.653776 np0000003476 nova-conductor[98670]: DEBUG dbcounter [-] [98670] Writing DB stats nova_cell0:SELECT=1 {{(pid=98670) stat_writer /opt/stack/data/venv/lib/python3.12/site-packages/dbcounter.py:115}}
Jun 23 16:51:28.655360 np0000003476 nova-conductor[98665]: DEBUG dbcounter [-] [98665] Writing DB stats nova_cell0:SELECT=1 {{(pid=98665) stat_writer /opt/stack/data/venv/lib/python3.12/site-packages/dbcounter.py:115}}
Jun 23 16:51:29.915864 np0000003476 nova-conductor[98660]: DEBUG oslo_db.sqlalchemy.engines [None req-872abc91-a08c-4ba3-82cc-610b2b73628d tempest-DeleteServersTestJSON-149672888 tempest-DeleteServersTestJSON-149672888-project-member] Parent process 97155 forked (98660) with an open database connection, which is being discarded and recreated. {{(pid=98660) checkout /opt/stack/data/venv/lib/python3.12/site-packages/oslo_db/sqlalchemy/engines.py:402}}
Jun 23 16:51:29.954911 np0000003476 nova-conductor[98660]: DEBUG dbcounter [-] [98660] Writer thread running {{(pid=98660) stat_writer /opt/stack/data/venv/lib/python3.12/site-packages/dbcounter.py:102}}
Jun 23 16:51:30.977126 np0000003476 nova-conductor[98660]: DEBUG nova.conductor.manager [None req-872abc91-a08c-4ba3-82cc-610b2b73628d tempest-DeleteServersTestJSON-149672888 tempest-DeleteServersTestJSON-149672888-project-member] Took 1.02 seconds to select destinations for 1 instance(s). {{(pid=98660) _schedule_instances /opt/stack/nova/nova/conductor/manager.py:968}}
Jun 23 16:51:30.983336 np0000003476 nova-conductor[98654]: DEBUG dbcounter [-] [98654] Writer thread running {{(pid=98654) stat_writer /opt/stack/data/venv/lib/python3.12/site-packages/dbcounter.py:102}}
Jun 23 16:51:31.014679 np0000003476 nova-conductor[98660]: DEBUG oslo_concurrency.lockutils [None req-872abc91-a08c-4ba3-82cc-610b2b73628d tempest-DeleteServersTestJSON-149672888 tempest-DeleteServersTestJSON-149672888-project-member] Acquiring lock "fb7b4290-3f44-4913-af87-78b4ff5ea9cc" by "nova.context.set_target_cell..get_or_set_cached_cell_and_set_connections" {{(pid=98660) inner /opt/stack/data/venv/lib/python3.12/site-packages/oslo_concurrency/lockutils.py:511}}
Jun 23 16:51:31.014915 np0000003476 nova-conductor[98660]: DEBUG oslo_concurrency.lockutils [None req-872abc91-a08c-4ba3-82cc-610b2b73628d tempest-DeleteServersTestJSON-149672888 tempest-DeleteServersTestJSON-149672888-project-member] Lock "fb7b4290-3f44-4913-af87-78b4ff5ea9cc" acquired by "nova.context.set_target_cell..get_or_set_cached_cell_and_set_connections" :: waited 0.000s {{(pid=98660) inner /opt/stack/data/venv/lib/python3.12/site-packages/oslo_concurrency/lockutils.py:524}}
Jun 23 16:51:31.016715 np0000003476 nova-conductor[98660]: DEBUG oslo_concurrency.lockutils [None req-872abc91-a08c-4ba3-82cc-610b2b73628d tempest-DeleteServersTestJSON-149672888 tempest-DeleteServersTestJSON-149672888-project-member] Lock "fb7b4290-3f44-4913-af87-78b4ff5ea9cc" "released" by "nova.context.set_target_cell..get_or_set_cached_cell_and_set_connections" :: held 0.002s {{(pid=98660) inner /opt/stack/data/venv/lib/python3.12/site-packages/oslo_concurrency/lockutils.py:543}}
Jun 23 16:51:31.020515 np0000003476 nova-conductor[98660]: INFO dbcounter [None req-872abc91-a08c-4ba3-82cc-610b2b73628d tempest-DeleteServersTestJSON-149672888 tempest-DeleteServersTestJSON-149672888-project-member] Registered counter for database nova_cell1
Jun 23 16:51:31.062641 np0000003476 nova-conductor[98660]: DEBUG oslo_db.sqlalchemy.engines [None req-872abc91-a08c-4ba3-82cc-610b2b73628d tempest-DeleteServersTestJSON-149672888 tempest-DeleteServersTestJSON-149672888-project-member] MySQL server mode set to STRICT_TRANS_TABLES,STRICT_ALL_TABLES,NO_ZERO_IN_DATE,NO_ZERO_DATE,ERROR_FOR_DIVISION_BY_ZERO,TRADITIONAL,NO_ENGINE_SUBSTITUTION {{(pid=98660) _check_effective_sql_mode /opt/stack/data/venv/lib/python3.12/site-packages/oslo_db/sqlalchemy/engines.py:325}}
Jun 23 16:51:31.069807 np0000003476 nova-conductor[98660]: DEBUG dbcounter [-] [98660] Writer thread running {{(pid=98660) stat_writer /opt/stack/data/venv/lib/python3.12/site-packages/dbcounter.py:102}}
Jun 23 16:51:31.140873 np0000003476 nova-conductor[98660]: INFO nova.utils [None req-872abc91-a08c-4ba3-82cc-610b2b73628d tempest-DeleteServersTestJSON-149672888 tempest-DeleteServersTestJSON-149672888-project-member] The cell worker thread pool ForkProcess-2.cell_worker is initialized
Jun 23 16:51:31.141246 np0000003476 nova-conductor[98660]: DEBUG oslo_concurrency.lockutils [None req-872abc91-a08c-4ba3-82cc-610b2b73628d tempest-DeleteServersTestJSON-149672888 tempest-DeleteServersTestJSON-149672888-project-member] Acquiring lock "00000000-0000-0000-0000-000000000000" by "nova.context.set_target_cell..get_or_set_cached_cell_and_set_connections" {{(pid=98660) inner /opt/stack/data/venv/lib/python3.12/site-packages/oslo_concurrency/lockutils.py:511}}
Jun 23 16:51:31.141434 np0000003476 nova-conductor[98660]: DEBUG oslo_concurrency.lockutils [None req-872abc91-a08c-4ba3-82cc-610b2b73628d tempest-DeleteServersTestJSON-149672888 tempest-DeleteServersTestJSON-149672888-project-member] Lock "00000000-0000-0000-0000-000000000000" acquired by "nova.context.set_target_cell..get_or_set_cached_cell_and_set_connections" :: waited 0.000s {{(pid=98660) inner /opt/stack/data/venv/lib/python3.12/site-packages/oslo_concurrency/lockutils.py:524}}
Jun 23 16:51:31.142019 np0000003476 nova-conductor[98660]: DEBUG oslo_concurrency.lockutils [None req-872abc91-a08c-4ba3-82cc-610b2b73628d tempest-DeleteServersTestJSON-149672888 tempest-DeleteServersTestJSON-149672888-project-member] Lock "00000000-0000-0000-0000-000000000000" "released" by "nova.context.set_target_cell..get_or_set_cached_cell_and_set_connections" :: held 0.000s {{(pid=98660) inner /opt/stack/data/venv/lib/python3.12/site-packages/oslo_concurrency/lockutils.py:543}}
Jun 23 16:51:31.142948 np0000003476 nova-conductor[98660]: DEBUG oslo_concurrency.lockutils [None req-872abc91-a08c-4ba3-82cc-610b2b73628d tempest-DeleteServersTestJSON-149672888 tempest-DeleteServersTestJSON-149672888-project-member] Acquiring lock "fb7b4290-3f44-4913-af87-78b4ff5ea9cc" by "nova.context.set_target_cell..get_or_set_cached_cell_and_set_connections" {{(pid=98660) inner /opt/stack/data/venv/lib/python3.12/site-packages/oslo_concurrency/lockutils.py:511}}
Jun 23 16:51:31.144682 np0000003476 nova-conductor[98660]: INFO dbcounter [None req-872abc91-a08c-4ba3-82cc-610b2b73628d tempest-DeleteServersTestJSON-149672888 tempest-DeleteServersTestJSON-149672888-project-member] Registered counter for database nova_cell0
Jun 23 16:51:31.146205 np0000003476 nova-conductor[98660]: DEBUG oslo_concurrency.lockutils [None req-872abc91-a08c-4ba3-82cc-610b2b73628d tempest-DeleteServersTestJSON-149672888 tempest-DeleteServersTestJSON-149672888-project-member] Lock "fb7b4290-3f44-4913-af87-78b4ff5ea9cc" acquired by "nova.context.set_target_cell..get_or_set_cached_cell_and_set_connections" :: waited 0.002s {{(pid=98660) inner /opt/stack/data/venv/lib/python3.12/site-packages/oslo_concurrency/lockutils.py:524}}
Jun 23 16:51:31.146362 np0000003476 nova-conductor[98660]: DEBUG oslo_concurrency.lockutils [None req-872abc91-a08c-4ba3-82cc-610b2b73628d tempest-DeleteServersTestJSON-149672888 tempest-DeleteServersTestJSON-149672888-project-member] Lock "fb7b4290-3f44-4913-af87-78b4ff5ea9cc" "released" by "nova.context.set_target_cell..get_or_set_cached_cell_and_set_connections" :: held 0.002s {{(pid=98660) inner /opt/stack/data/venv/lib/python3.12/site-packages/oslo_concurrency/lockutils.py:543}}
Jun 23 16:51:31.211891 np0000003476 nova-conductor[98660]: DEBUG oslo_db.sqlalchemy.engines [None req-872abc91-a08c-4ba3-82cc-610b2b73628d tempest-DeleteServersTestJSON-149672888 tempest-DeleteServersTestJSON-149672888-project-member] MySQL server mode set to STRICT_TRANS_TABLES,STRICT_ALL_TABLES,NO_ZERO_IN_DATE,NO_ZERO_DATE,ERROR_FOR_DIVISION_BY_ZERO,TRADITIONAL,NO_ENGINE_SUBSTITUTION {{(pid=98660) _check_effective_sql_mode /opt/stack/data/venv/lib/python3.12/site-packages/oslo_db/sqlalchemy/engines.py:325}}
Jun 23 16:51:31.217426 np0000003476 nova-conductor[98660]: DEBUG dbcounter [-] [98660] Writer thread running {{(pid=98660) stat_writer /opt/stack/data/venv/lib/python3.12/site-packages/dbcounter.py:102}}
Jun 23 16:51:31.229303 np0000003476 nova-conductor[98660]: DEBUG nova.quota [None req-872abc91-a08c-4ba3-82cc-610b2b73628d tempest-DeleteServersTestJSON-149672888 tempest-DeleteServersTestJSON-149672888-project-member] Getting quotas for project c7c9c0eff2814b4abd44feeca4cd3482. Resources: {'cores', 'ram', 'instances'} {{(pid=98660) _get_quotas /opt/stack/nova/nova/quota.py:392}}
Jun 23 16:51:31.232415 np0000003476 nova-conductor[98660]: DEBUG nova.quota [None req-872abc91-a08c-4ba3-82cc-610b2b73628d tempest-DeleteServersTestJSON-149672888 tempest-DeleteServersTestJSON-149672888-project-member] Getting quotas for user ad6b8d30c0cd42108fc199957be3452c and project c7c9c0eff2814b4abd44feeca4cd3482. Resources: {'cores', 'ram', 'instances'} {{(pid=98660) _get_quotas /opt/stack/nova/nova/quota.py:382}}
Jun 23 16:51:31.239409 np0000003476 nova-conductor[98660]: DEBUG nova.conductor.manager [None req-872abc91-a08c-4ba3-82cc-610b2b73628d tempest-DeleteServersTestJSON-149672888 tempest-DeleteServersTestJSON-149672888-project-member] [instance: be9853a0-48ff-47f2-938d-31cd8ebeb6e5] Selected host: np0000003476; Selected node: np0000003476; Alternates: [] {{(pid=98660) schedule_and_build_instances /opt/stack/nova/nova/conductor/manager.py:1784}}
Jun 23 16:51:31.240051 np0000003476 nova-conductor[98660]: DEBUG oslo_concurrency.lockutils [None req-872abc91-a08c-4ba3-82cc-610b2b73628d tempest-DeleteServersTestJSON-149672888 tempest-DeleteServersTestJSON-149672888-project-member] Acquiring lock "fb7b4290-3f44-4913-af87-78b4ff5ea9cc" by "nova.context.set_target_cell..get_or_set_cached_cell_and_set_connections" {{(pid=98660) inner /opt/stack/data/venv/lib/python3.12/site-packages/oslo_concurrency/lockutils.py:511}}
Jun 23 16:51:31.240196 np0000003476 nova-conductor[98660]: DEBUG oslo_concurrency.lockutils [None req-872abc91-a08c-4ba3-82cc-610b2b73628d tempest-DeleteServersTestJSON-149672888 tempest-DeleteServersTestJSON-149672888-project-member] Lock "fb7b4290-3f44-4913-af87-78b4ff5ea9cc" acquired by "nova.context.set_target_cell..get_or_set_cached_cell_and_set_connections" :: waited 0.000s {{(pid=98660) inner /opt/stack/data/venv/lib/python3.12/site-packages/oslo_concurrency/lockutils.py:524}}
Jun 23 16:51:31.240363 np0000003476 nova-conductor[98660]: DEBUG oslo_concurrency.lockutils [None req-872abc91-a08c-4ba3-82cc-610b2b73628d tempest-DeleteServersTestJSON-149672888 tempest-DeleteServersTestJSON-149672888-project-member] Lock "fb7b4290-3f44-4913-af87-78b4ff5ea9cc" "released" by "nova.context.set_target_cell..get_or_set_cached_cell_and_set_connections" :: held 0.000s {{(pid=98660) inner /opt/stack/data/venv/lib/python3.12/site-packages/oslo_concurrency/lockutils.py:543}}
Jun 23 16:51:31.250140 np0000003476 nova-conductor[98660]: DEBUG nova.conductor.manager [None req-872abc91-a08c-4ba3-82cc-610b2b73628d tempest-DeleteServersTestJSON-149672888 tempest-DeleteServersTestJSON-149672888-project-member] [instance: be9853a0-48ff-47f2-938d-31cd8ebeb6e5] block_device_mapping [BlockDeviceMapping(attachment_id=,boot_index=0,connection_info=None,created_at=,delete_on_termination=True,deleted=,deleted_at=,destination_type='local',device_name=None,device_type='disk',disk_bus=None,encrypted=False,encryption_format=None,encryption_options=None,encryption_secret_uuid=None,guest_format=None,id=,image_id='b4b42ba5-15a4-4281-af35-789bc9d0a30b',instance=,instance_uuid=,no_device=False,snapshot_id=None,source_type='image',tag=None,updated_at=,uuid=,volume_id=None,volume_size=None,volume_type=None)] {{(pid=98660) _create_block_device_mapping /opt/stack/nova/nova/conductor/manager.py:1529}}
Jun 23 16:51:31.251881 np0000003476 nova-conductor[98660]: DEBUG oslo_concurrency.lockutils [None req-872abc91-a08c-4ba3-82cc-610b2b73628d tempest-DeleteServersTestJSON-149672888 tempest-DeleteServersTestJSON-149672888-project-member] Acquiring lock "fb7b4290-3f44-4913-af87-78b4ff5ea9cc" by "nova.context.set_target_cell..get_or_set_cached_cell_and_set_connections" {{(pid=98660) inner /opt/stack/data/venv/lib/python3.12/site-packages/oslo_concurrency/lockutils.py:511}}
Jun 23 16:51:31.251881 np0000003476 nova-conductor[98660]: DEBUG oslo_concurrency.lockutils [None req-872abc91-a08c-4ba3-82cc-610b2b73628d tempest-DeleteServersTestJSON-149672888 tempest-DeleteServersTestJSON-149672888-project-member] Lock "fb7b4290-3f44-4913-af87-78b4ff5ea9cc" acquired by "nova.context.set_target_cell..get_or_set_cached_cell_and_set_connections" :: waited 0.000s {{(pid=98660) inner /opt/stack/data/venv/lib/python3.12/site-packages/oslo_concurrency/lockutils.py:524}}
Jun 23 16:51:31.251881 np0000003476 nova-conductor[98660]: DEBUG oslo_concurrency.lockutils [None req-872abc91-a08c-4ba3-82cc-610b2b73628d tempest-DeleteServersTestJSON-149672888 tempest-DeleteServersTestJSON-149672888-project-member] Lock "fb7b4290-3f44-4913-af87-78b4ff5ea9cc" "released" by "nova.context.set_target_cell..get_or_set_cached_cell_and_set_connections" :: held 0.000s {{(pid=98660) inner /opt/stack/data/venv/lib/python3.12/site-packages/oslo_concurrency/lockutils.py:543}}
Jun 23 16:51:31.312498 np0000003476 nova-conductor[98660]: DEBUG oslo_concurrency.lockutils [None req-872abc91-a08c-4ba3-82cc-610b2b73628d tempest-DeleteServersTestJSON-149672888 tempest-DeleteServersTestJSON-149672888-project-member] Acquiring lock "fb7b4290-3f44-4913-af87-78b4ff5ea9cc" by "nova.context.set_target_cell..get_or_set_cached_cell_and_set_connections" {{(pid=98660) inner /opt/stack/data/venv/lib/python3.12/site-packages/oslo_concurrency/lockutils.py:511}}
Jun 23 16:51:31.312498 np0000003476 nova-conductor[98660]: DEBUG oslo_concurrency.lockutils [None req-872abc91-a08c-4ba3-82cc-610b2b73628d tempest-DeleteServersTestJSON-149672888 tempest-DeleteServersTestJSON-149672888-project-member] Lock "fb7b4290-3f44-4913-af87-78b4ff5ea9cc" acquired by "nova.context.set_target_cell..get_or_set_cached_cell_and_set_connections" :: waited 0.000s {{(pid=98660) inner /opt/stack/data/venv/lib/python3.12/site-packages/oslo_concurrency/lockutils.py:524}}
Jun 23 16:51:31.312498 np0000003476 nova-conductor[98660]: DEBUG oslo_concurrency.lockutils [None req-872abc91-a08c-4ba3-82cc-610b2b73628d tempest-DeleteServersTestJSON-149672888 tempest-DeleteServersTestJSON-149672888-project-member] Lock "fb7b4290-3f44-4913-af87-78b4ff5ea9cc" "released" by "nova.context.set_target_cell..get_or_set_cached_cell_and_set_connections" :: held 0.000s {{(pid=98660) inner /opt/stack/data/venv/lib/python3.12/site-packages/oslo_concurrency/lockutils.py:543}}
Jun 23 16:51:31.312498 np0000003476 nova-conductor[98660]: DEBUG oslo_concurrency.lockutils [None req-872abc91-a08c-4ba3-82cc-610b2b73628d tempest-DeleteServersTestJSON-149672888 tempest-DeleteServersTestJSON-149672888-project-member] Acquiring lock "compute-rpcapi-router" {{(pid=98660) lock /opt/stack/data/venv/lib/python3.12/site-packages/oslo_concurrency/lockutils.py:395}}
