Jul 10 17:04:11.680849 np0000005033 devstack@g-api.service[99753]: DEBUG glance_store.backend [-] Registering store swift with schemes ('swift+https', 'swift', 'swift+http', 'swift+config') {{(pid=99753) create_stores /opt/stack/data/venv/lib/python3.12/site-packages/glance_store/backend.py:261}}
Jul 10 17:04:11.680909 np0000005033 devstack@g-api.service[99753]: DEBUG glance_store.driver [-] Late loading location class glance_store._drivers.swift.store.StoreLocation {{(pid=99753) get_store_location_class /opt/stack/data/venv/lib/python3.12/site-packages/glance_store/driver.py:134}}
Jul 10 17:04:11.681012 np0000005033 devstack@g-api.service[99753]: DEBUG glance_store.location [-] Registering scheme swift+https with {'store': , 'location_class': , 'store_entry': 'swift'} {{(pid=99753) register_scheme_map /opt/stack/data/venv/lib/python3.12/site-packages/glance_store/location.py:146}}
Jul 10 17:04:11.681085 np0000005033 devstack@g-api.service[99753]: DEBUG glance_store.location [-] Registering scheme swift with {'store': , 'location_class': , 'store_entry': 'swift'} {{(pid=99753) register_scheme_map /opt/stack/data/venv/lib/python3.12/site-packages/glance_store/location.py:146}}
Jul 10 17:04:11.681159 np0000005033 devstack@g-api.service[99753]: DEBUG glance_store.location [-] Registering scheme swift+http with {'store': , 'location_class': , 'store_entry': 'swift'} {{(pid=99753) register_scheme_map /opt/stack/data/venv/lib/python3.12/site-packages/glance_store/location.py:146}}
Jul 10 17:04:11.681240 np0000005033 devstack@g-api.service[99753]: DEBUG glance_store.location [-] Registering scheme swift+config with {'store': , 'location_class': , 'store_entry': 'swift'} {{(pid=99753) register_scheme_map /opt/stack/data/venv/lib/python3.12/site-packages/glance_store/location.py:146}}
Jul 10 17:04:11.681322 np0000005033 devstack@g-api.service[99753]: DEBUG glance_store.backend [-] Attempting to import store file {{(pid=99753) _load_store /opt/stack/data/venv/lib/python3.12/site-packages/glance_store/backend.py:215}}
Jul 10 17:04:11.681970 np0000005033 devstack@g-api.service[99753]: DEBUG glance_store.capabilities [-] Store glance_store._drivers.filesystem.Store doesn't support updating dynamic storage capabilities. Please overwrite 'update_capabilities' method of the store to implement updating logics if needed. {{(pid=99753) update_capabilities /opt/stack/data/venv/lib/python3.12/site-packages/glance_store/capabilities.py:91}}
Jul 10 17:04:11.682031 np0000005033 devstack@g-api.service[99753]: DEBUG glance_store.backend [-] Registering store file with schemes ('file', 'filesystem') {{(pid=99753) create_stores /opt/stack/data/venv/lib/python3.12/site-packages/glance_store/backend.py:261}}
Jul 10 17:04:11.682120 np0000005033 devstack@g-api.service[99753]: DEBUG glance_store.driver [-] Late loading location class glance_store._drivers.filesystem.StoreLocation {{(pid=99753) get_store_location_class /opt/stack/data/venv/lib/python3.12/site-packages/glance_store/driver.py:134}}
Jul 10 17:04:11.682208 np0000005033 devstack@g-api.service[99753]: DEBUG glance_store.location [-] Registering scheme file with {'store': , 'location_class': , 'store_entry': 'file'} {{(pid=99753) register_scheme_map /opt/stack/data/venv/lib/python3.12/site-packages/glance_store/location.py:146}}
Jul 10 17:04:11.682277 np0000005033 devstack@g-api.service[99753]: DEBUG glance_store.location [-] Registering scheme filesystem with {'store': , 'location_class': , 'store_entry': 'file'} {{(pid=99753) register_scheme_map /opt/stack/data/venv/lib/python3.12/site-packages/glance_store/location.py:146}}
Jul 10 17:04:11.682451 np0000005033 devstack@g-api.service[99753]: DEBUG glance_store.backend [-] Attempting to import store swift {{(pid=99753) _load_store /opt/stack/data/venv/lib/python3.12/site-packages/glance_store/backend.py:215}}
Jul 10 17:04:11.684067 np0000005033 devstack@g-api.service[99753]: DEBUG glance_store.capabilities [-] Store glance_store._drivers.swift.store.SingleTenantStore doesn't support updating dynamic storage capabilities. Please overwrite 'update_capabilities' method of the store to implement updating logics if needed. {{(pid=99753) update_capabilities /opt/stack/data/venv/lib/python3.12/site-packages/glance_store/capabilities.py:91}}
Jul 10 17:04:11.684145 np0000005033 devstack@g-api.service[99753]: DEBUG glance_store.driver [-] Late loading location class glance_store._drivers.swift.store.StoreLocation {{(pid=99753) get_store_location_class /opt/stack/data/venv/lib/python3.12/site-packages/glance_store/driver.py:134}}
Jul 10 17:04:11.684242 np0000005033 devstack@g-api.service[99753]: DEBUG glance_store.location [-] Registering scheme swift+https with {'store': , 'location_class': , 'store_entry': 'swift'} {{(pid=99753) register_scheme_map /opt/stack/data/venv/lib/python3.12/site-packages/glance_store/location.py:146}}
Jul 10 17:04:11.684332 np0000005033 devstack@g-api.service[99753]: DEBUG glance_store.location [-] Registering scheme swift+https with {'store': , 'location_class': , 'store_entry': 'swift'} {{(pid=99753) register_scheme_map /opt/stack/data/venv/lib/python3.12/site-packages/glance_store/location.py:146}}
Jul 10 17:04:11.684419 np0000005033 devstack@g-api.service[99753]: DEBUG glance_store.location [-] Registering scheme swift with {'store': , 'location_class': , 'store_entry': 'swift'} {{(pid=99753) register_scheme_map /opt/stack/data/venv/lib/python3.12/site-packages/glance_store/location.py:146}}
Jul 10 17:04:11.684494 np0000005033 devstack@g-api.service[99753]: DEBUG glance_store.location [-] Registering scheme swift+https with {'store': , 'location_class': , 'store_entry': 'swift'} {{(pid=99753) register_scheme_map /opt/stack/data/venv/lib/python3.12/site-packages/glance_store/location.py:146}}
Jul 10 17:04:11.684573 np0000005033 devstack@g-api.service[99753]: DEBUG glance_store.location [-] Registering scheme swift with {'store': , 'location_class': , 'store_entry': 'swift'} {{(pid=99753) register_scheme_map /opt/stack/data/venv/lib/python3.12/site-packages/glance_store/location.py:146}}
Jul 10 17:04:11.684637 np0000005033 devstack@g-api.service[99753]: DEBUG glance_store.location [-] Registering scheme swift+http with {'store': , 'location_class': , 'store_entry': 'swift'} {{(pid=99753) register_scheme_map /opt/stack/data/venv/lib/python3.12/site-packages/glance_store/location.py:146}}
Jul 10 17:04:11.684708 np0000005033 devstack@g-api.service[99753]: DEBUG glance_store.location [-] Registering scheme swift+https with {'store': , 'location_class': , 'store_entry': 'swift'} {{(pid=99753) register_scheme_map /opt/stack/data/venv/lib/python3.12/site-packages/glance_store/location.py:146}}
Jul 10 17:04:11.684780 np0000005033 devstack@g-api.service[99753]: DEBUG glance_store.location [-] Registering scheme swift with {'store': , 'location_class': , 'store_entry': 'swift'} {{(pid=99753) register_scheme_map /opt/stack/data/venv/lib/python3.12/site-packages/glance_store/location.py:146}}
Jul 10 17:04:11.684854 np0000005033 devstack@g-api.service[99753]: DEBUG glance_store.location [-] Registering scheme swift+http with {'store': , 'location_class': , 'store_entry': 'swift'} {{(pid=99753) register_scheme_map /opt/stack/data/venv/lib/python3.12/site-packages/glance_store/location.py:146}}
Jul 10 17:04:11.684926 np0000005033 devstack@g-api.service[99753]: DEBUG glance_store.location [-] Registering scheme swift+config with {'store': , 'location_class': , 'store_entry': 'swift'} {{(pid=99753) register_scheme_map /opt/stack/data/venv/lib/python3.12/site-packages/glance_store/location.py:146}}
Jul 10 17:04:11.685290 np0000005033 devstack@g-api.service[99753]: DEBUG glance.sqlite_migration [-] SQLite caching database not located, skipping migration {{(pid=99753) get_db_path /opt/stack/glance/glance/sqlite_migration.py:68}}
Jul 10 17:04:11.685580 np0000005033 devstack@g-api.service[99753]: WARNING glance.common.wsgi_app [-] Import methods are enabled but staging directory /tmp/staging/ does not exist; Imports will fail!
Jul 10 17:04:11.696659 np0000005033 devstack@g-api.service[99754]: DEBUG glance.common.config [None req-e20518ae-7aeb-45b2-bd96-e6039aa9d40a None None] Loading glance-api-keystone+cachemanagement from /etc/glance/glance-api-paste.ini {{(pid=99754) load_paste_app /opt/stack/glance/glance/common/config.py:765}}
Jul 10 17:04:11.702667 np0000005033 devstack@g-api.service[99752]: DEBUG glance.common.config [None req-85e4acd1-acdd-4a60-a40b-bf113a951bc3 None None] Loading glance-api-keystone+cachemanagement from /etc/glance/glance-api-paste.ini {{(pid=99752) load_paste_app /opt/stack/glance/glance/common/config.py:765}}
Jul 10 17:04:11.852894 np0000005033 devstack@g-api.service[99753]: DEBUG glance.common.config [None req-a685e729-b7bb-44d4-97ee-b992fd4cc21f None None] Loading glance-api-keystone+cachemanagement from /etc/glance/glance-api-paste.ini {{(pid=99753) load_paste_app /opt/stack/glance/glance/common/config.py:765}}
Jul 10 17:04:12.412963 np0000005033 devstack@g-api.service[99752]: INFO glance.image_cache [None req-85e4acd1-acdd-4a60-a40b-bf113a951bc3 None None] Image cache loaded driver 'centralized_db'.
Jul 10 17:04:12.417317 np0000005033 devstack@g-api.service[99754]: INFO glance.image_cache [None req-e20518ae-7aeb-45b2-bd96-e6039aa9d40a None None] Image cache loaded driver 'centralized_db'.
Jul 10 17:04:12.435909 np0000005033 devstack@g-api.service[99753]: INFO glance.image_cache [None req-a685e729-b7bb-44d4-97ee-b992fd4cc21f None None] Image cache loaded driver 'centralized_db'.
Jul 10 17:04:12.462846 np0000005033 devstack@g-api.service[99752]: INFO dbcounter [None req-85e4acd1-acdd-4a60-a40b-bf113a951bc3 None None] Registered counter for database glance
Jul 10 17:04:12.472171 np0000005033 devstack@g-api.service[99754]: INFO dbcounter [None req-e20518ae-7aeb-45b2-bd96-e6039aa9d40a None None] Registered counter for database glance
Jul 10 17:04:12.486397 np0000005033 devstack@g-api.service[99753]: INFO dbcounter [None req-a685e729-b7bb-44d4-97ee-b992fd4cc21f None None] Registered counter for database glance
Jul 10 17:04:12.509106 np0000005033 devstack@g-api.service[99752]: DEBUG oslo_db.sqlalchemy.engines [None req-85e4acd1-acdd-4a60-a40b-bf113a951bc3 None None] MySQL server mode set to STRICT_TRANS_TABLES,STRICT_ALL_TABLES,NO_ZERO_IN_DATE,NO_ZERO_DATE,ERROR_FOR_DIVISION_BY_ZERO,TRADITIONAL,NO_ENGINE_SUBSTITUTION {{(pid=99752) _check_effective_sql_mode /opt/stack/data/venv/lib/python3.12/site-packages/oslo_db/sqlalchemy/engines.py:325}}
Jul 10 17:04:12.519921 np0000005033 devstack@g-api.service[99754]: DEBUG oslo_db.sqlalchemy.engines [None req-e20518ae-7aeb-45b2-bd96-e6039aa9d40a None None] MySQL server mode set to STRICT_TRANS_TABLES,STRICT_ALL_TABLES,NO_ZERO_IN_DATE,NO_ZERO_DATE,ERROR_FOR_DIVISION_BY_ZERO,TRADITIONAL,NO_ENGINE_SUBSTITUTION {{(pid=99754) _check_effective_sql_mode /opt/stack/data/venv/lib/python3.12/site-packages/oslo_db/sqlalchemy/engines.py:325}}
Jul 10 17:04:12.530892 np0000005033 devstack@g-api.service[99753]: DEBUG oslo_db.sqlalchemy.engines [None req-a685e729-b7bb-44d4-97ee-b992fd4cc21f None None] MySQL server mode set to STRICT_TRANS_TABLES,STRICT_ALL_TABLES,NO_ZERO_IN_DATE,NO_ZERO_DATE,ERROR_FOR_DIVISION_BY_ZERO,TRADITIONAL,NO_ENGINE_SUBSTITUTION {{(pid=99753) _check_effective_sql_mode /opt/stack/data/venv/lib/python3.12/site-packages/oslo_db/sqlalchemy/engines.py:325}}
Jul 10 17:04:12.536403 np0000005033 devstack@g-api.service[99752]: DEBUG dbcounter [-] [99752] Writer thread running {{(pid=99752) stat_writer /opt/stack/data/venv/lib/python3.12/site-packages/dbcounter.py:102}}
Jul 10 17:04:12.550970 np0000005033 devstack@g-api.service[99754]: DEBUG dbcounter [-] [99754] Writer thread running {{(pid=99754) stat_writer /opt/stack/data/venv/lib/python3.12/site-packages/dbcounter.py:102}}
Jul 10 17:04:12.551425 np0000005033 devstack@g-api.service[99752]: INFO glance.image_cache [None req-85e4acd1-acdd-4a60-a40b-bf113a951bc3 None None] Image cache loaded driver 'centralized_db'.
Jul 10 17:04:12.554198 np0000005033 devstack@g-api.service[99754]: DEBUG glance.image_cache.drivers.centralized_db [None req-e20518ae-7aeb-45b2-bd96-e6039aa9d40a None None] Node reference is already recorded, ignoring it {{(pid=99754) configure /opt/stack/glance/glance/image_cache/drivers/centralized_db.py:71}}
Jul 10 17:04:12.556905 np0000005033 devstack@g-api.service[99753]: DEBUG dbcounter [-] [99753] Writer thread running {{(pid=99753) stat_writer /opt/stack/data/venv/lib/python3.12/site-packages/dbcounter.py:102}}
Jul 10 17:04:12.559645 np0000005033 devstack@g-api.service[99753]: DEBUG glance.image_cache.drivers.centralized_db [None req-a685e729-b7bb-44d4-97ee-b992fd4cc21f None None] Node reference is already recorded, ignoring it {{(pid=99753) configure /opt/stack/glance/glance/image_cache/drivers/centralized_db.py:71}}
Jul 10 17:04:12.567983 np0000005033 devstack@g-api.service[99753]: INFO glance.image_cache [None req-a685e729-b7bb-44d4-97ee-b992fd4cc21f None None] Image cache loaded driver 'centralized_db'.
Jul 10 17:04:12.662456 np0000005033 devstack@g-api.service[99752]: DEBUG glance.image_cache.drivers.centralized_db [None req-85e4acd1-acdd-4a60-a40b-bf113a951bc3 None None] Node reference is already recorded, ignoring it {{(pid=99752) configure /opt/stack/glance/glance/image_cache/drivers/centralized_db.py:71}}
Jul 10 17:04:12.666137 np0000005033 devstack@g-api.service[99754]: INFO glance.image_cache [None req-e20518ae-7aeb-45b2-bd96-e6039aa9d40a None None] Image cache loaded driver 'centralized_db'.
Jul 10 17:04:12.667292 np0000005033 devstack@g-api.service[99752]: DEBUG glance.api.v2.cached_images [None req-85e4acd1-acdd-4a60-a40b-bf113a951bc3 None None] Started cache worker thread {{(pid=99752) __init__ /opt/stack/glance/glance/api/v2/cached_images.py:71}}
Jul 10 17:04:12.668158 np0000005033 devstack@g-api.service[99752]: INFO glance.image_cache [None req-85e4acd1-acdd-4a60-a40b-bf113a951bc3 None None] Image cache loaded driver 'centralized_db'.
Jul 10 17:04:12.674991 np0000005033 devstack@g-api.service[99754]: DEBUG glance.image_cache.drivers.centralized_db [None req-e20518ae-7aeb-45b2-bd96-e6039aa9d40a None None] Node reference is already recorded, ignoring it {{(pid=99754) configure /opt/stack/glance/glance/image_cache/drivers/centralized_db.py:71}}
Jul 10 17:04:12.676092 np0000005033 devstack@g-api.service[99753]: DEBUG glance.image_cache.drivers.centralized_db [None req-a685e729-b7bb-44d4-97ee-b992fd4cc21f None None] Node reference is already recorded, ignoring it {{(pid=99753) configure /opt/stack/glance/glance/image_cache/drivers/centralized_db.py:71}}
Jul 10 17:04:12.677353 np0000005033 devstack@g-api.service[99752]: DEBUG glance.image_cache.drivers.centralized_db [None req-85e4acd1-acdd-4a60-a40b-bf113a951bc3 None None] Node reference is already recorded, ignoring it {{(pid=99752) configure /opt/stack/glance/glance/image_cache/drivers/centralized_db.py:71}}
Jul 10 17:04:12.680495 np0000005033 devstack@g-api.service[99754]: DEBUG glance.api.v2.cached_images [None req-e20518ae-7aeb-45b2-bd96-e6039aa9d40a None None] Started cache worker thread {{(pid=99754) __init__ /opt/stack/glance/glance/api/v2/cached_images.py:71}}
Jul 10 17:04:12.681190 np0000005033 devstack@g-api.service[99754]: INFO glance.image_cache [None req-e20518ae-7aeb-45b2-bd96-e6039aa9d40a None None] Image cache loaded driver 'centralized_db'.
Jul 10 17:04:12.681946 np0000005033 devstack@g-api.service[99753]: DEBUG glance.api.v2.cached_images [None req-a685e729-b7bb-44d4-97ee-b992fd4cc21f None None] Started cache worker thread {{(pid=99753) __init__ /opt/stack/glance/glance/api/v2/cached_images.py:71}}
Jul 10 17:04:12.682322 np0000005033 devstack@g-api.service[99752]: INFO glance.api.middleware.cache_manage [None req-85e4acd1-acdd-4a60-a40b-bf113a951bc3 None None] Initialized image cache management middleware
Jul 10 17:04:12.682561 np0000005033 devstack@g-api.service[99752]: INFO glance.image_cache [None req-85e4acd1-acdd-4a60-a40b-bf113a951bc3 None None] Image cache loaded driver 'centralized_db'.
Jul 10 17:04:12.682740 np0000005033 devstack@g-api.service[99753]: INFO glance.image_cache [None req-a685e729-b7bb-44d4-97ee-b992fd4cc21f None None] Image cache loaded driver 'centralized_db'.
Jul 10 17:04:12.688958 np0000005033 devstack@g-api.service[99754]: DEBUG glance.image_cache.drivers.centralized_db [None req-e20518ae-7aeb-45b2-bd96-e6039aa9d40a None None] Node reference is already recorded, ignoring it {{(pid=99754) configure /opt/stack/glance/glance/image_cache/drivers/centralized_db.py:71}}
Jul 10 17:04:12.689594 np0000005033 devstack@g-api.service[99753]: DEBUG glance.image_cache.drivers.centralized_db [None req-a685e729-b7bb-44d4-97ee-b992fd4cc21f None None] Node reference is already recorded, ignoring it {{(pid=99753) configure /opt/stack/glance/glance/image_cache/drivers/centralized_db.py:71}}
Jul 10 17:04:12.690569 np0000005033 devstack@g-api.service[99752]: DEBUG glance.image_cache.drivers.centralized_db [None req-85e4acd1-acdd-4a60-a40b-bf113a951bc3 None None] Node reference is already recorded, ignoring it {{(pid=99752) configure /opt/stack/glance/glance/image_cache/drivers/centralized_db.py:71}}
Jul 10 17:04:12.695735 np0000005033 devstack@g-api.service[99752]: INFO glance.api.middleware.cache [None req-85e4acd1-acdd-4a60-a40b-bf113a951bc3 None None] Initialized image cache middleware
Jul 10 17:04:12.695826 np0000005033 devstack@g-api.service[99754]: INFO glance.api.middleware.cache_manage [None req-e20518ae-7aeb-45b2-bd96-e6039aa9d40a None None] Initialized image cache management middleware
Jul 10 17:04:12.696020 np0000005033 devstack@g-api.service[99754]: INFO glance.image_cache [None req-e20518ae-7aeb-45b2-bd96-e6039aa9d40a None None] Image cache loaded driver 'centralized_db'.
Jul 10 17:04:12.696391 np0000005033 devstack@g-api.service[99753]: INFO glance.api.middleware.cache_manage [None req-a685e729-b7bb-44d4-97ee-b992fd4cc21f None None] Initialized image cache management middleware
Jul 10 17:04:12.696591 np0000005033 devstack@g-api.service[99753]: INFO glance.image_cache [None req-a685e729-b7bb-44d4-97ee-b992fd4cc21f None None] Image cache loaded driver 'centralized_db'.
Jul 10 17:04:12.705628 np0000005033 devstack@g-api.service[99754]: DEBUG glance.image_cache.drivers.centralized_db [None req-e20518ae-7aeb-45b2-bd96-e6039aa9d40a None None] Node reference is already recorded, ignoring it {{(pid=99754) configure /opt/stack/glance/glance/image_cache/drivers/centralized_db.py:71}}
Jul 10 17:04:12.705744 np0000005033 devstack@g-api.service[99753]: DEBUG glance.image_cache.drivers.centralized_db [None req-a685e729-b7bb-44d4-97ee-b992fd4cc21f None None] Node reference is already recorded, ignoring it {{(pid=99753) configure /opt/stack/glance/glance/image_cache/drivers/centralized_db.py:71}}
Jul 10 17:04:12.710016 np0000005033 devstack@g-api.service[99752]: DEBUG glance.common.config [None req-85e4acd1-acdd-4a60-a40b-bf113a951bc3 None None] ******************************************************************************** {{(pid=99752) log_opt_values /opt/stack/data/venv/lib/python3.12/site-packages/oslo_config/cfg.py:3226}}
Jul 10 17:04:12.710104 np0000005033 devstack@g-api.service[99752]: DEBUG glance.common.config [None req-85e4acd1-acdd-4a60-a40b-bf113a951bc3 None None] Configuration options gathered from: {{(pid=99752) log_opt_values /opt/stack/data/venv/lib/python3.12/site-packages/oslo_config/cfg.py:3227}}
Jul 10 17:04:12.710463 np0000005033 devstack@g-api.service[99752]: DEBUG glance.common.config [None req-85e4acd1-acdd-4a60-a40b-bf113a951bc3 None None] command line args: [] {{(pid=99752) log_opt_values /opt/stack/data/venv/lib/python3.12/site-packages/oslo_config/cfg.py:3228}}
Jul 10 17:04:12.710679 np0000005033 devstack@g-api.service[99752]: DEBUG glance.common.config [None req-85e4acd1-acdd-4a60-a40b-bf113a951bc3 None None] config files: ['/etc/glance/glance-image-import.conf', '/etc/glance/glance-api.conf'] {{(pid=99752) log_opt_values /opt/stack/data/venv/lib/python3.12/site-packages/oslo_config/cfg.py:3229}}
Jul 10 17:04:12.710679 np0000005033 devstack@g-api.service[99752]: DEBUG glance.common.config [None req-85e4acd1-acdd-4a60-a40b-bf113a951bc3 None None] ================================================================================ {{(pid=99752) log_opt_values /opt/stack/data/venv/lib/python3.12/site-packages/oslo_config/cfg.py:3234}}
Jul 10 17:04:12.710795 np0000005033 devstack@g-api.service[99752]: DEBUG glance.common.config [None req-85e4acd1-acdd-4a60-a40b-bf113a951bc3 None None] allow_anonymous_access = False {{(pid=99752) log_opt_values /opt/stack/data/venv/lib/python3.12/site-packages/oslo_config/cfg.py:3242}}
Jul 10 17:04:12.710905 np0000005033 devstack@g-api.service[99752]: DEBUG glance.common.config [None req-85e4acd1-acdd-4a60-a40b-bf113a951bc3 None None] api_limit_max = 1000 {{(pid=99752) log_opt_values /opt/stack/data/venv/lib/python3.12/site-packages/oslo_config/cfg.py:3242}}
Jul 10 17:04:12.710999 np0000005033 devstack@g-api.service[99752]: DEBUG glance.common.config [None req-85e4acd1-acdd-4a60-a40b-bf113a951bc3 None None] config_dir = [] {{(pid=99752) log_opt_values /opt/stack/data/venv/lib/python3.12/site-packages/oslo_config/cfg.py:3242}}
Jul 10 17:04:12.711073 np0000005033 devstack@g-api.service[99752]: DEBUG glance.common.config [None req-85e4acd1-acdd-4a60-a40b-bf113a951bc3 None None] config_file = ['/etc/glance/glance-image-import.conf', '/etc/glance/glance-api.conf'] {{(pid=99752) log_opt_values /opt/stack/data/venv/lib/python3.12/site-packages/oslo_config/cfg.py:3242}}
Jul 10 17:04:12.711129 np0000005033 devstack@g-api.service[99753]: INFO glance.api.middleware.cache [None req-a685e729-b7bb-44d4-97ee-b992fd4cc21f None None] Initialized image cache middleware
Jul 10 17:04:12.711167 np0000005033 devstack@g-api.service[99752]: DEBUG glance.common.config [None req-85e4acd1-acdd-4a60-a40b-bf113a951bc3 None None] config_source = [] {{(pid=99752) log_opt_values /opt/stack/data/venv/lib/python3.12/site-packages/oslo_config/cfg.py:3242}}
Jul 10 17:04:12.711290 np0000005033 devstack@g-api.service[99752]: DEBUG glance.common.config [None req-85e4acd1-acdd-4a60-a40b-bf113a951bc3 None None] control_exchange = glance {{(pid=99752) log_opt_values /opt/stack/data/venv/lib/python3.12/site-packages/oslo_config/cfg.py:3242}}
Jul 10 17:04:12.711388 np0000005033 devstack@g-api.service[99752]: DEBUG glance.common.config [None req-85e4acd1-acdd-4a60-a40b-bf113a951bc3 None None] debug = True {{(pid=99752) log_opt_values /opt/stack/data/venv/lib/python3.12/site-packages/oslo_config/cfg.py:3242}}
Jul 10 17:04:12.711601 np0000005033 devstack@g-api.service[99752]: DEBUG glance.common.config [None req-85e4acd1-acdd-4a60-a40b-bf113a951bc3 None None] default_log_levels = ['amqp=WARN', 'boto=WARN', 'sqlalchemy=WARN', 'suds=INFO', 'oslo.messaging=INFO', 'oslo_messaging=INFO', 'iso8601=WARN', 'requests.packages.urllib3.connectionpool=WARN', 'urllib3.connectionpool=WARN', 'websocket=WARN', 'requests.packages.urllib3.util.retry=WARN', 'urllib3.util.retry=WARN', 'keystonemiddleware=WARN', 'routes.middleware=WARN', 'stevedore=WARN', 'taskflow=WARN', 'keystoneauth=WARN', 'oslo.cache=INFO', 'oslo_policy=INFO', 'dogpile.core.dogpile=INFO'] {{(pid=99752) log_opt_values /opt/stack/data/venv/lib/python3.12/site-packages/oslo_config/cfg.py:3242}}
Jul 10 17:04:12.711709 np0000005033 devstack@g-api.service[99752]: DEBUG glance.common.config [None req-85e4acd1-acdd-4a60-a40b-bf113a951bc3 None None] default_publisher_id = image.localhost {{(pid=99752) log_opt_values /opt/stack/data/venv/lib/python3.12/site-packages/oslo_config/cfg.py:3242}}
Jul 10 17:04:12.711788 np0000005033 devstack@g-api.service[99752]: DEBUG glance.common.config [None req-85e4acd1-acdd-4a60-a40b-bf113a951bc3 None None] delayed_delete = False {{(pid=99752) log_opt_values /opt/stack/data/venv/lib/python3.12/site-packages/oslo_config/cfg.py:3242}}
Jul 10 17:04:12.711886 np0000005033 devstack@g-api.service[99752]: DEBUG glance.common.config [None req-85e4acd1-acdd-4a60-a40b-bf113a951bc3 None None] digest_algorithm = sha256 {{(pid=99752) log_opt_values /opt/stack/data/venv/lib/python3.12/site-packages/oslo_config/cfg.py:3242}}
Jul 10 17:04:12.711980 np0000005033 devstack@g-api.service[99752]: DEBUG glance.common.config [None req-85e4acd1-acdd-4a60-a40b-bf113a951bc3 None None] disabled_notifications = [] {{(pid=99752) log_opt_values /opt/stack/data/venv/lib/python3.12/site-packages/oslo_config/cfg.py:3242}}
Jul 10 17:04:12.712071 np0000005033 devstack@g-api.service[99752]: DEBUG glance.common.config [None req-85e4acd1-acdd-4a60-a40b-bf113a951bc3 None None] do_secure_hash = True {{(pid=99752) log_opt_values /opt/stack/data/venv/lib/python3.12/site-packages/oslo_config/cfg.py:3242}}
Jul 10 17:04:12.712161 np0000005033 devstack@g-api.service[99752]: DEBUG glance.common.config [None req-85e4acd1-acdd-4a60-a40b-bf113a951bc3 None None] enabled_backends = None {{(pid=99752) log_opt_values /opt/stack/data/venv/lib/python3.12/site-packages/oslo_config/cfg.py:3242}}
Jul 10 17:04:12.712291 np0000005033 devstack@g-api.service[99752]: DEBUG glance.common.config [None req-85e4acd1-acdd-4a60-a40b-bf113a951bc3 None None] enabled_import_methods = ['glance-direct', 'web-download', 'copy-image'] {{(pid=99752) log_opt_values /opt/stack/data/venv/lib/python3.12/site-packages/oslo_config/cfg.py:3242}}
Jul 10 17:04:12.712421 np0000005033 devstack@g-api.service[99752]: DEBUG glance.common.config [None req-85e4acd1-acdd-4a60-a40b-bf113a951bc3 None None] fatal_deprecations = False {{(pid=99752) log_opt_values /opt/stack/data/venv/lib/python3.12/site-packages/oslo_config/cfg.py:3242}}
Jul 10 17:04:12.712543 np0000005033 devstack@g-api.service[99752]: DEBUG glance.common.config [None req-85e4acd1-acdd-4a60-a40b-bf113a951bc3 None None] hashing_algorithm = sha512 {{(pid=99752) log_opt_values /opt/stack/data/venv/lib/python3.12/site-packages/oslo_config/cfg.py:3242}}
Jul 10 17:04:12.712638 np0000005033 devstack@g-api.service[99752]: DEBUG glance.common.config [None req-85e4acd1-acdd-4a60-a40b-bf113a951bc3 None None] http_retries = 3 {{(pid=99752) log_opt_values /opt/stack/data/venv/lib/python3.12/site-packages/oslo_config/cfg.py:3242}}
Jul 10 17:04:12.712678 np0000005033 devstack@g-api.service[99754]: INFO glance.api.middleware.cache [None req-e20518ae-7aeb-45b2-bd96-e6039aa9d40a None None] Initialized image cache middleware
Jul 10 17:04:12.712740 np0000005033 devstack@g-api.service[99752]: DEBUG glance.common.config [None req-85e4acd1-acdd-4a60-a40b-bf113a951bc3 None None] image_cache_dir = /opt/stack/data/glance/cache/ {{(pid=99752) log_opt_values /opt/stack/data/venv/lib/python3.12/site-packages/oslo_config/cfg.py:3242}}
Jul 10 17:04:12.712848 np0000005033 devstack@g-api.service[99752]: DEBUG glance.common.config [None req-85e4acd1-acdd-4a60-a40b-bf113a951bc3 None None] image_cache_driver = centralized_db {{(pid=99752) log_opt_values /opt/stack/data/venv/lib/python3.12/site-packages/oslo_config/cfg.py:3242}}
Jul 10 17:04:12.712973 np0000005033 devstack@g-api.service[99752]: DEBUG glance.common.config [None req-85e4acd1-acdd-4a60-a40b-bf113a951bc3 None None] image_cache_max_size = 10737418240 {{(pid=99752) log_opt_values /opt/stack/data/venv/lib/python3.12/site-packages/oslo_config/cfg.py:3242}}
Jul 10 17:04:12.713136 np0000005033 devstack@g-api.service[99752]: DEBUG glance.common.config [None req-85e4acd1-acdd-4a60-a40b-bf113a951bc3 None None] image_cache_sqlite_db = cache.db {{(pid=99752) log_opt_values /opt/stack/data/venv/lib/python3.12/site-packages/oslo_config/cfg.py:3242}}
Jul 10 17:04:12.713265 np0000005033 devstack@g-api.service[99752]: DEBUG glance.common.config [None req-85e4acd1-acdd-4a60-a40b-bf113a951bc3 None None] image_cache_stall_time = 86400 {{(pid=99752) log_opt_values /opt/stack/data/venv/lib/python3.12/site-packages/oslo_config/cfg.py:3242}}
Jul 10 17:04:12.713395 np0000005033 devstack@g-api.service[99752]: DEBUG glance.common.config [None req-85e4acd1-acdd-4a60-a40b-bf113a951bc3 None None] image_location_quota = 10 {{(pid=99752) log_opt_values /opt/stack/data/venv/lib/python3.12/site-packages/oslo_config/cfg.py:3242}}
Jul 10 17:04:12.713521 np0000005033 devstack@g-api.service[99752]: DEBUG glance.common.config [None req-85e4acd1-acdd-4a60-a40b-bf113a951bc3 None None] image_member_quota = 128 {{(pid=99752) log_opt_values /opt/stack/data/venv/lib/python3.12/site-packages/oslo_config/cfg.py:3242}}
Jul 10 17:04:12.713639 np0000005033 devstack@g-api.service[99752]: DEBUG glance.common.config [None req-85e4acd1-acdd-4a60-a40b-bf113a951bc3 None None] image_property_quota = 128 {{(pid=99752) log_opt_values /opt/stack/data/venv/lib/python3.12/site-packages/oslo_config/cfg.py:3242}}
Jul 10 17:04:12.713731 np0000005033 devstack@g-api.service[99752]: DEBUG glance.common.config [None req-85e4acd1-acdd-4a60-a40b-bf113a951bc3 None None] image_size_cap = 1099511627776 {{(pid=99752) log_opt_values /opt/stack/data/venv/lib/python3.12/site-packages/oslo_config/cfg.py:3242}}
Jul 10 17:04:12.713823 np0000005033 devstack@g-api.service[99752]: DEBUG glance.common.config [None req-85e4acd1-acdd-4a60-a40b-bf113a951bc3 None None] image_tag_quota = 128 {{(pid=99752) log_opt_values /opt/stack/data/venv/lib/python3.12/site-packages/oslo_config/cfg.py:3242}}
Jul 10 17:04:12.713923 np0000005033 devstack@g-api.service[99752]: DEBUG glance.common.config [None req-85e4acd1-acdd-4a60-a40b-bf113a951bc3 None None] instance_format = [instance: %(uuid)s] {{(pid=99752) log_opt_values /opt/stack/data/venv/lib/python3.12/site-packages/oslo_config/cfg.py:3242}}
Jul 10 17:04:12.714053 np0000005033 devstack@g-api.service[99752]: DEBUG glance.common.config [None req-85e4acd1-acdd-4a60-a40b-bf113a951bc3 None None] instance_uuid_format = [instance: %(uuid)s] {{(pid=99752) log_opt_values /opt/stack/data/venv/lib/python3.12/site-packages/oslo_config/cfg.py:3242}}
Jul 10 17:04:12.714169 np0000005033 devstack@g-api.service[99752]: DEBUG glance.common.config [None req-85e4acd1-acdd-4a60-a40b-bf113a951bc3 None None] limit_param_default = 25 {{(pid=99752) log_opt_values /opt/stack/data/venv/lib/python3.12/site-packages/oslo_config/cfg.py:3242}}
Jul 10 17:04:12.714314 np0000005033 devstack@g-api.service[99752]: DEBUG glance.common.config [None req-85e4acd1-acdd-4a60-a40b-bf113a951bc3 None None] log_color = False {{(pid=99752) log_opt_values /opt/stack/data/venv/lib/python3.12/site-packages/oslo_config/cfg.py:3242}}
Jul 10 17:04:12.714465 np0000005033 devstack@g-api.service[99752]: DEBUG glance.common.config [None req-85e4acd1-acdd-4a60-a40b-bf113a951bc3 None None] log_config_append = None {{(pid=99752) log_opt_values /opt/stack/data/venv/lib/python3.12/site-packages/oslo_config/cfg.py:3242}}
Jul 10 17:04:12.714609 np0000005033 devstack@g-api.service[99752]: DEBUG glance.common.config [None req-85e4acd1-acdd-4a60-a40b-bf113a951bc3 None None] log_date_format = %Y-%m-%d %H:%M:%S {{(pid=99752) log_opt_values /opt/stack/data/venv/lib/python3.12/site-packages/oslo_config/cfg.py:3242}}
Jul 10 17:04:12.714753 np0000005033 devstack@g-api.service[99752]: DEBUG glance.common.config [None req-85e4acd1-acdd-4a60-a40b-bf113a951bc3 None None] log_dir = None {{(pid=99752) log_opt_values /opt/stack/data/venv/lib/python3.12/site-packages/oslo_config/cfg.py:3242}}
Jul 10 17:04:12.714881 np0000005033 devstack@g-api.service[99752]: DEBUG glance.common.config [None req-85e4acd1-acdd-4a60-a40b-bf113a951bc3 None None] log_file = None {{(pid=99752) log_opt_values /opt/stack/data/venv/lib/python3.12/site-packages/oslo_config/cfg.py:3242}}
Jul 10 17:04:12.715007 np0000005033 devstack@g-api.service[99752]: DEBUG glance.common.config [None req-85e4acd1-acdd-4a60-a40b-bf113a951bc3 None None] log_rotate_interval = 1 {{(pid=99752) log_opt_values /opt/stack/data/venv/lib/python3.12/site-packages/oslo_config/cfg.py:3242}}
Jul 10 17:04:12.715147 np0000005033 devstack@g-api.service[99752]: DEBUG glance.common.config [None req-85e4acd1-acdd-4a60-a40b-bf113a951bc3 None None] log_rotate_interval_type = days {{(pid=99752) log_opt_values /opt/stack/data/venv/lib/python3.12/site-packages/oslo_config/cfg.py:3242}}
Jul 10 17:04:12.715284 np0000005033 devstack@g-api.service[99752]: DEBUG glance.common.config [None req-85e4acd1-acdd-4a60-a40b-bf113a951bc3 None None] log_rotation_type = none {{(pid=99752) log_opt_values /opt/stack/data/venv/lib/python3.12/site-packages/oslo_config/cfg.py:3242}}
Jul 10 17:04:12.715424 np0000005033 devstack@g-api.service[99752]: DEBUG glance.common.config [None req-85e4acd1-acdd-4a60-a40b-bf113a951bc3 None None] logging_context_format_string = %(color)s%(levelname)s %(name)s [%(global_request_id)s %(request_id)s %(project_name)s %(user_name)s%(color)s] %(instance)s%(color)s%(message)s {{(pid=99752) log_opt_values /opt/stack/data/venv/lib/python3.12/site-packages/oslo_config/cfg.py:3242}}
Jul 10 17:04:12.715534 np0000005033 devstack@g-api.service[99752]: DEBUG glance.common.config [None req-85e4acd1-acdd-4a60-a40b-bf113a951bc3 None None] logging_debug_format_suffix = {{(pid=%(process)d) %(funcName)s %(pathname)s:%(lineno)d}} {{(pid=99752) log_opt_values /opt/stack/data/venv/lib/python3.12/site-packages/oslo_config/cfg.py:3242}}
Jul 10 17:04:12.715676 np0000005033 devstack@g-api.service[99752]: DEBUG glance.common.config [None req-85e4acd1-acdd-4a60-a40b-bf113a951bc3 None None] logging_default_format_string = %(color)s%(levelname)s %(name)s [-%(color)s] %(instance)s%(color)s%(message)s {{(pid=99752) log_opt_values /opt/stack/data/venv/lib/python3.12/site-packages/oslo_config/cfg.py:3242}}
Jul 10 17:04:12.715799 np0000005033 devstack@g-api.service[99752]: DEBUG glance.common.config [None req-85e4acd1-acdd-4a60-a40b-bf113a951bc3 None None] logging_exception_prefix = ERROR %(name)s %(instance)s {{(pid=99752) log_opt_values /opt/stack/data/venv/lib/python3.12/site-packages/oslo_config/cfg.py:3242}}
Jul 10 17:04:12.715938 np0000005033 devstack@g-api.service[99752]: DEBUG glance.common.config [None req-85e4acd1-acdd-4a60-a40b-bf113a951bc3 None None] logging_user_identity_format = %(user)s %(project)s %(domain)s %(system_scope)s %(user_domain)s %(project_domain)s {{(pid=99752) log_opt_values /opt/stack/data/venv/lib/python3.12/site-packages/oslo_config/cfg.py:3242}}
Jul 10 17:04:12.716035 np0000005033 devstack@g-api.service[99752]: DEBUG glance.common.config [None req-85e4acd1-acdd-4a60-a40b-bf113a951bc3 None None] max_logfile_count = 30 {{(pid=99752) log_opt_values /opt/stack/data/venv/lib/python3.12/site-packages/oslo_config/cfg.py:3242}}
Jul 10 17:04:12.716159 np0000005033 devstack@g-api.service[99752]: DEBUG glance.common.config [None req-85e4acd1-acdd-4a60-a40b-bf113a951bc3 None None] max_logfile_size_mb = 200 {{(pid=99752) log_opt_values /opt/stack/data/venv/lib/python3.12/site-packages/oslo_config/cfg.py:3242}}
Jul 10 17:04:12.716286 np0000005033 devstack@g-api.service[99752]: DEBUG glance.common.config [None req-85e4acd1-acdd-4a60-a40b-bf113a951bc3 None None] max_request_id_length = 64 {{(pid=99752) log_opt_values /opt/stack/data/venv/lib/python3.12/site-packages/oslo_config/cfg.py:3242}}
Jul 10 17:04:12.716419 np0000005033 devstack@g-api.service[99752]: DEBUG glance.common.config [None req-85e4acd1-acdd-4a60-a40b-bf113a951bc3 None None] metadata_encryption_key = **** {{(pid=99752) log_opt_values /opt/stack/data/venv/lib/python3.12/site-packages/oslo_config/cfg.py:3242}}
Jul 10 17:04:12.716517 np0000005033 devstack@g-api.service[99752]: DEBUG glance.common.config [None req-85e4acd1-acdd-4a60-a40b-bf113a951bc3 None None] node_staging_uri = file:///tmp/staging/ {{(pid=99752) log_opt_values /opt/stack/data/venv/lib/python3.12/site-packages/oslo_config/cfg.py:3242}}
Jul 10 17:04:12.716606 np0000005033 devstack@g-api.service[99752]: DEBUG glance.common.config [None req-85e4acd1-acdd-4a60-a40b-bf113a951bc3 None None] property_protection_file = None {{(pid=99752) log_opt_values /opt/stack/data/venv/lib/python3.12/site-packages/oslo_config/cfg.py:3242}}
Jul 10 17:04:12.716703 np0000005033 devstack@g-api.service[99752]: DEBUG glance.common.config [None req-85e4acd1-acdd-4a60-a40b-bf113a951bc3 None None] property_protection_rule_format = roles {{(pid=99752) log_opt_values /opt/stack/data/venv/lib/python3.12/site-packages/oslo_config/cfg.py:3242}}
Jul 10 17:04:12.716799 np0000005033 devstack@g-api.service[99752]: DEBUG glance.common.config [None req-85e4acd1-acdd-4a60-a40b-bf113a951bc3 None None] public_endpoint = https://10.4.3.65/image {{(pid=99752) log_opt_values /opt/stack/data/venv/lib/python3.12/site-packages/oslo_config/cfg.py:3242}}
Jul 10 17:04:12.716899 np0000005033 devstack@g-api.service[99752]: DEBUG glance.common.config [None req-85e4acd1-acdd-4a60-a40b-bf113a951bc3 None None] publish_errors = False {{(pid=99752) log_opt_values /opt/stack/data/venv/lib/python3.12/site-packages/oslo_config/cfg.py:3242}}
Jul 10 17:04:12.717039 np0000005033 devstack@g-api.service[99752]: DEBUG glance.common.config [None req-85e4acd1-acdd-4a60-a40b-bf113a951bc3 None None] pydev_worker_debug_host = None {{(pid=99752) log_opt_values /opt/stack/data/venv/lib/python3.12/site-packages/oslo_config/cfg.py:3242}}
Jul 10 17:04:12.717168 np0000005033 devstack@g-api.service[99752]: DEBUG glance.common.config [None req-85e4acd1-acdd-4a60-a40b-bf113a951bc3 None None] pydev_worker_debug_port = 5678 {{(pid=99752) log_opt_values /opt/stack/data/venv/lib/python3.12/site-packages/oslo_config/cfg.py:3242}}
Jul 10 17:04:12.717290 np0000005033 devstack@g-api.service[99752]: DEBUG glance.common.config [None req-85e4acd1-acdd-4a60-a40b-bf113a951bc3 None None] rate_limit_burst = 0 {{(pid=99752) log_opt_values /opt/stack/data/venv/lib/python3.12/site-packages/oslo_config/cfg.py:3242}}
Jul 10 17:04:12.717426 np0000005033 devstack@g-api.service[99752]: DEBUG glance.common.config [None req-85e4acd1-acdd-4a60-a40b-bf113a951bc3 None None] rate_limit_except_level = CRITICAL {{(pid=99752) log_opt_values /opt/stack/data/venv/lib/python3.12/site-packages/oslo_config/cfg.py:3242}}
Jul 10 17:04:12.717521 np0000005033 devstack@g-api.service[99752]: DEBUG glance.common.config [None req-85e4acd1-acdd-4a60-a40b-bf113a951bc3 None None] rate_limit_interval = 0 {{(pid=99752) log_opt_values /opt/stack/data/venv/lib/python3.12/site-packages/oslo_config/cfg.py:3242}}
Jul 10 17:04:12.717609 np0000005033 devstack@g-api.service[99752]: DEBUG glance.common.config [None req-85e4acd1-acdd-4a60-a40b-bf113a951bc3 None None] scrub_pool_size = 1 {{(pid=99752) log_opt_values /opt/stack/data/venv/lib/python3.12/site-packages/oslo_config/cfg.py:3242}}
Jul 10 17:04:12.717697 np0000005033 devstack@g-api.service[99752]: DEBUG glance.common.config [None req-85e4acd1-acdd-4a60-a40b-bf113a951bc3 None None] scrub_time = 0 {{(pid=99752) log_opt_values /opt/stack/data/venv/lib/python3.12/site-packages/oslo_config/cfg.py:3242}}
Jul 10 17:04:12.717786 np0000005033 devstack@g-api.service[99752]: DEBUG glance.common.config [None req-85e4acd1-acdd-4a60-a40b-bf113a951bc3 None None] shell_completion = None {{(pid=99752) log_opt_values /opt/stack/data/venv/lib/python3.12/site-packages/oslo_config/cfg.py:3242}}
Jul 10 17:04:12.717886 np0000005033 devstack@g-api.service[99752]: DEBUG glance.common.config [None req-85e4acd1-acdd-4a60-a40b-bf113a951bc3 None None] show_image_direct_url = False {{(pid=99752) log_opt_values /opt/stack/data/venv/lib/python3.12/site-packages/oslo_config/cfg.py:3242}}
Jul 10 17:04:12.718108 np0000005033 devstack@g-api.service[99752]: WARNING oslo_config.cfg [None req-85e4acd1-acdd-4a60-a40b-bf113a951bc3 None None] Deprecated: Option "show_multiple_locations" from group "DEFAULT" is deprecated for removal (Use of this option, deprecated since Newton, is a security risk and will be removed once we figure out a way to satisfy those use cases that currently require it. An earlier announcement that the same functionality can be achieved with greater granularity by using policies is incorrect. You cannot work around this option via policy configuration at the present time, though that is the direction we believe the fix will take. Please keep an eye on the Glance release notes to stay up to date on progress in addressing this issue.). Its value may be silently ignored in the future.
Jul 10 17:04:12.718211 np0000005033 devstack@g-api.service[99752]: DEBUG glance.common.config [None req-85e4acd1-acdd-4a60-a40b-bf113a951bc3 None None] show_multiple_locations = False {{(pid=99752) log_opt_values /opt/stack/data/venv/lib/python3.12/site-packages/oslo_config/cfg.py:3242}}
Jul 10 17:04:12.718432 np0000005033 devstack@g-api.service[99752]: DEBUG glance.common.config [None req-85e4acd1-acdd-4a60-a40b-bf113a951bc3 None None] syslog_log_facility = LOG_USER {{(pid=99752) log_opt_values /opt/stack/data/venv/lib/python3.12/site-packages/oslo_config/cfg.py:3242}}
Jul 10 17:04:12.718486 np0000005033 devstack@g-api.service[99752]: DEBUG glance.common.config [None req-85e4acd1-acdd-4a60-a40b-bf113a951bc3 None None] transport_url = **** {{(pid=99752) log_opt_values /opt/stack/data/venv/lib/python3.12/site-packages/oslo_config/cfg.py:3242}}
Jul 10 17:04:12.718571 np0000005033 devstack@g-api.service[99752]: DEBUG glance.common.config [None req-85e4acd1-acdd-4a60-a40b-bf113a951bc3 None None] use_journal = False {{(pid=99752) log_opt_values /opt/stack/data/venv/lib/python3.12/site-packages/oslo_config/cfg.py:3242}}
Jul 10 17:04:12.718687 np0000005033 devstack@g-api.service[99752]: DEBUG glance.common.config [None req-85e4acd1-acdd-4a60-a40b-bf113a951bc3 None None] use_json = False {{(pid=99752) log_opt_values /opt/stack/data/venv/lib/python3.12/site-packages/oslo_config/cfg.py:3242}}
Jul 10 17:04:12.718753 np0000005033 devstack@g-api.service[99752]: DEBUG glance.common.config [None req-85e4acd1-acdd-4a60-a40b-bf113a951bc3 None None] use_keystone_limits = True {{(pid=99752) log_opt_values /opt/stack/data/venv/lib/python3.12/site-packages/oslo_config/cfg.py:3242}}
Jul 10 17:04:12.718875 np0000005033 devstack@g-api.service[99752]: DEBUG glance.common.config [None req-85e4acd1-acdd-4a60-a40b-bf113a951bc3 None None] use_stderr = False {{(pid=99752) log_opt_values /opt/stack/data/venv/lib/python3.12/site-packages/oslo_config/cfg.py:3242}}
Jul 10 17:04:12.718980 np0000005033 devstack@g-api.service[99752]: DEBUG glance.common.config [None req-85e4acd1-acdd-4a60-a40b-bf113a951bc3 None None] use_syslog = False {{(pid=99752) log_opt_values /opt/stack/data/venv/lib/python3.12/site-packages/oslo_config/cfg.py:3242}}
Jul 10 17:04:12.719128 np0000005033 devstack@g-api.service[99752]: DEBUG glance.common.config [None req-85e4acd1-acdd-4a60-a40b-bf113a951bc3 None None] user_storage_quota = 0 {{(pid=99752) log_opt_values /opt/stack/data/venv/lib/python3.12/site-packages/oslo_config/cfg.py:3242}}
Jul 10 17:04:12.719261 np0000005033 devstack@g-api.service[99752]: DEBUG glance.common.config [None req-85e4acd1-acdd-4a60-a40b-bf113a951bc3 None None] worker_self_reference_url = http://127.0.0.1:60999 {{(pid=99752) log_opt_values /opt/stack/data/venv/lib/python3.12/site-packages/oslo_config/cfg.py:3242}}
Jul 10 17:04:12.719404 np0000005033 devstack@g-api.service[99752]: DEBUG glance.common.config [None req-85e4acd1-acdd-4a60-a40b-bf113a951bc3 None None] oslo_concurrency.disable_process_locking = False {{(pid=99752) log_opt_values /opt/stack/data/venv/lib/python3.12/site-packages/oslo_config/cfg.py:3253}}
Jul 10 17:04:12.719546 np0000005033 devstack@g-api.service[99752]: DEBUG glance.common.config [None req-85e4acd1-acdd-4a60-a40b-bf113a951bc3 None None] oslo_concurrency.lock_path = /opt/stack/data/glance/locks {{(pid=99752) log_opt_values /opt/stack/data/venv/lib/python3.12/site-packages/oslo_config/cfg.py:3253}}
Jul 10 17:04:12.719709 np0000005033 devstack@g-api.service[99752]: DEBUG glance.common.config [None req-85e4acd1-acdd-4a60-a40b-bf113a951bc3 None None] oslo_middleware.enable_proxy_headers_parsing = False {{(pid=99752) log_opt_values /opt/stack/data/venv/lib/python3.12/site-packages/oslo_config/cfg.py:3253}}
Jul 10 17:04:12.719840 np0000005033 devstack@g-api.service[99752]: DEBUG glance.common.config [None req-85e4acd1-acdd-4a60-a40b-bf113a951bc3 None None] oslo_middleware.http_basic_auth_user_file = /etc/htpasswd {{(pid=99752) log_opt_values /opt/stack/data/venv/lib/python3.12/site-packages/oslo_config/cfg.py:3253}}
Jul 10 17:04:12.719988 np0000005033 devstack@g-api.service[99752]: DEBUG glance.common.config [None req-85e4acd1-acdd-4a60-a40b-bf113a951bc3 None None] paste_deploy.config_file = None {{(pid=99752) log_opt_values /opt/stack/data/venv/lib/python3.12/site-packages/oslo_config/cfg.py:3253}}
Jul 10 17:04:12.720124 np0000005033 devstack@g-api.service[99752]: DEBUG glance.common.config [None req-85e4acd1-acdd-4a60-a40b-bf113a951bc3 None None] paste_deploy.flavor = keystone+cachemanagement {{(pid=99752) log_opt_values /opt/stack/data/venv/lib/python3.12/site-packages/oslo_config/cfg.py:3253}}
Jul 10 17:04:12.720267 np0000005033 devstack@g-api.service[99752]: DEBUG glance.common.config [None req-85e4acd1-acdd-4a60-a40b-bf113a951bc3 None None] image_format.container_formats = ['ami', 'ari', 'aki', 'bare', 'ovf', 'ova', 'docker', 'compressed'] {{(pid=99752) log_opt_values /opt/stack/data/venv/lib/python3.12/site-packages/oslo_config/cfg.py:3253}}
Jul 10 17:04:12.720429 np0000005033 devstack@g-api.service[99752]: DEBUG glance.common.config [None req-85e4acd1-acdd-4a60-a40b-bf113a951bc3 None None] image_format.disk_formats = ['ami', 'ari', 'aki', 'vhd', 'vhdx', 'vmdk', 'raw', 'qcow2', 'vdi', 'iso', 'ploop'] {{(pid=99752) log_opt_values /opt/stack/data/venv/lib/python3.12/site-packages/oslo_config/cfg.py:3253}}
Jul 10 17:04:12.720529 np0000005033 devstack@g-api.service[99752]: DEBUG glance.common.config [None req-85e4acd1-acdd-4a60-a40b-bf113a951bc3 None None] image_format.gpt_safety_checks_nonfatal = [] {{(pid=99752) log_opt_values /opt/stack/data/venv/lib/python3.12/site-packages/oslo_config/cfg.py:3253}}
Jul 10 17:04:12.720652 np0000005033 devstack@g-api.service[99752]: DEBUG glance.common.config [None req-85e4acd1-acdd-4a60-a40b-bf113a951bc3 None None] image_format.require_image_format_match = True {{(pid=99752) log_opt_values /opt/stack/data/venv/lib/python3.12/site-packages/oslo_config/cfg.py:3253}}
Jul 10 17:04:12.720791 np0000005033 devstack@g-api.service[99752]: DEBUG glance.common.config [None req-85e4acd1-acdd-4a60-a40b-bf113a951bc3 None None] image_format.vmdk_allowed_types = ['streamOptimized', 'monolithicSparse'] {{(pid=99752) log_opt_values /opt/stack/data/venv/lib/python3.12/site-packages/oslo_config/cfg.py:3253}}
Jul 10 17:04:12.720897 np0000005033 devstack@g-api.service[99752]: DEBUG glance.common.config [None req-85e4acd1-acdd-4a60-a40b-bf113a951bc3 None None] task.task_executor = taskflow {{(pid=99752) log_opt_values /opt/stack/data/venv/lib/python3.12/site-packages/oslo_config/cfg.py:3253}}
Jul 10 17:04:12.721004 np0000005033 devstack@g-api.service[99752]: DEBUG glance.common.config [None req-85e4acd1-acdd-4a60-a40b-bf113a951bc3 None None] task.task_time_to_live = 48 {{(pid=99752) log_opt_values /opt/stack/data/venv/lib/python3.12/site-packages/oslo_config/cfg.py:3253}}
Jul 10 17:04:12.721126 np0000005033 devstack@g-api.service[99752]: DEBUG glance.common.config [None req-85e4acd1-acdd-4a60-a40b-bf113a951bc3 None None] task.work_dir = None {{(pid=99752) log_opt_values /opt/stack/data/venv/lib/python3.12/site-packages/oslo_config/cfg.py:3253}}
Jul 10 17:04:12.721266 np0000005033 devstack@g-api.service[99752]: DEBUG glance.common.config [None req-85e4acd1-acdd-4a60-a40b-bf113a951bc3 None None] wsgi.python_interpreter = /opt/stack/data/venv/bin/python3 {{(pid=99752) log_opt_values /opt/stack/data/venv/lib/python3.12/site-packages/oslo_config/cfg.py:3253}}
Jul 10 17:04:12.721419 np0000005033 devstack@g-api.service[99752]: DEBUG glance.common.config [None req-85e4acd1-acdd-4a60-a40b-bf113a951bc3 None None] wsgi.task_pool_threads = 16 {{(pid=99752) log_opt_values /opt/stack/data/venv/lib/python3.12/site-packages/oslo_config/cfg.py:3253}}
Jul 10 17:04:12.721529 np0000005033 devstack@g-api.service[99752]: DEBUG glance.common.config [None req-85e4acd1-acdd-4a60-a40b-bf113a951bc3 None None] import_filtering_opts.allowed_hosts = [] {{(pid=99752) log_opt_values /opt/stack/data/venv/lib/python3.12/site-packages/oslo_config/cfg.py:3253}}
Jul 10 17:04:12.721694 np0000005033 devstack@g-api.service[99752]: DEBUG glance.common.config [None req-85e4acd1-acdd-4a60-a40b-bf113a951bc3 None None] import_filtering_opts.allowed_ports = [80, 443] {{(pid=99752) log_opt_values /opt/stack/data/venv/lib/python3.12/site-packages/oslo_config/cfg.py:3253}}
Jul 10 17:04:12.721746 np0000005033 devstack@g-api.service[99752]: DEBUG glance.common.config [None req-85e4acd1-acdd-4a60-a40b-bf113a951bc3 None None] import_filtering_opts.allowed_schemes = ['http', 'https'] {{(pid=99752) log_opt_values /opt/stack/data/venv/lib/python3.12/site-packages/oslo_config/cfg.py:3253}}
Jul 10 17:04:12.721863 np0000005033 devstack@g-api.service[99752]: DEBUG glance.common.config [None req-85e4acd1-acdd-4a60-a40b-bf113a951bc3 None None] import_filtering_opts.disallowed_hosts = [] {{(pid=99752) log_opt_values /opt/stack/data/venv/lib/python3.12/site-packages/oslo_config/cfg.py:3253}}
Jul 10 17:04:12.721979 np0000005033 devstack@g-api.service[99752]: DEBUG glance.common.config [None req-85e4acd1-acdd-4a60-a40b-bf113a951bc3 None None] import_filtering_opts.disallowed_ports = [] {{(pid=99752) log_opt_values /opt/stack/data/venv/lib/python3.12/site-packages/oslo_config/cfg.py:3253}}
Jul 10 17:04:12.722109 np0000005033 devstack@g-api.service[99752]: DEBUG glance.common.config [None req-85e4acd1-acdd-4a60-a40b-bf113a951bc3 None None] import_filtering_opts.disallowed_schemes = [] {{(pid=99752) log_opt_values /opt/stack/data/venv/lib/python3.12/site-packages/oslo_config/cfg.py:3253}}
