Jul 10 17:03:53.131241 np0000005033 nova-conductor[95837]: DEBUG cotyledon.oslo_config_glue [-] oslo_messaging_rabbit.ssl_cert_file = {{(pid=95837) log_opt_values /opt/stack/data/venv/lib/python3.12/site-packages/oslo_config/cfg.py:3253}}
Jul 10 17:03:53.131241 np0000005033 nova-conductor[95837]: DEBUG cotyledon.oslo_config_glue [-] oslo_messaging_rabbit.ssl_enforce_fips_mode = False {{(pid=95837) log_opt_values /opt/stack/data/venv/lib/python3.12/site-packages/oslo_config/cfg.py:3253}}
Jul 10 17:03:53.131241 np0000005033 nova-conductor[95837]: DEBUG cotyledon.oslo_config_glue [-] oslo_messaging_rabbit.ssl_enforce_hostname_verification = True {{(pid=95837) log_opt_values /opt/stack/data/venv/lib/python3.12/site-packages/oslo_config/cfg.py:3253}}
Jul 10 17:03:53.131241 np0000005033 nova-conductor[95837]: DEBUG cotyledon.oslo_config_glue [-] oslo_messaging_rabbit.ssl_key_file = {{(pid=95837) log_opt_values /opt/stack/data/venv/lib/python3.12/site-packages/oslo_config/cfg.py:3253}}
Jul 10 17:03:53.131495 np0000005033 nova-conductor[95837]: DEBUG cotyledon.oslo_config_glue [-] oslo_messaging_rabbit.ssl_version = {{(pid=95837) log_opt_values /opt/stack/data/venv/lib/python3.12/site-packages/oslo_config/cfg.py:3253}}
Jul 10 17:03:53.131495 np0000005033 nova-conductor[95837]: DEBUG cotyledon.oslo_config_glue [-] oslo_messaging_rabbit.use_queue_manager = False {{(pid=95837) log_opt_values /opt/stack/data/venv/lib/python3.12/site-packages/oslo_config/cfg.py:3253}}
Jul 10 17:03:53.131495 np0000005033 nova-conductor[95837]: DEBUG cotyledon.oslo_config_glue [-] oslo_messaging_notifications.driver = ['messagingv2'] {{(pid=95837) log_opt_values /opt/stack/data/venv/lib/python3.12/site-packages/oslo_config/cfg.py:3253}}
Jul 10 17:03:53.131495 np0000005033 nova-conductor[95837]: DEBUG cotyledon.oslo_config_glue [-] oslo_messaging_notifications.retry = -1 {{(pid=95837) log_opt_values /opt/stack/data/venv/lib/python3.12/site-packages/oslo_config/cfg.py:3253}}
Jul 10 17:03:53.131495 np0000005033 nova-conductor[95837]: DEBUG cotyledon.oslo_config_glue [-] oslo_messaging_notifications.topics = ['notifications'] {{(pid=95837) log_opt_values /opt/stack/data/venv/lib/python3.12/site-packages/oslo_config/cfg.py:3253}}
Jul 10 17:03:53.131495 np0000005033 nova-conductor[95837]: DEBUG cotyledon.oslo_config_glue [-] oslo_messaging_notifications.transport_url = **** {{(pid=95837) log_opt_values /opt/stack/data/venv/lib/python3.12/site-packages/oslo_config/cfg.py:3253}}
Jul 10 17:03:53.131495 np0000005033 nova-conductor[95837]: DEBUG cotyledon.oslo_config_glue [-] oslo_limit.auth_section = None {{(pid=95837) log_opt_values /opt/stack/data/venv/lib/python3.12/site-packages/oslo_config/cfg.py:3253}}
Jul 10 17:03:53.131495 np0000005033 nova-conductor[95837]: DEBUG cotyledon.oslo_config_glue [-] oslo_limit.auth_type = None {{(pid=95837) log_opt_values /opt/stack/data/venv/lib/python3.12/site-packages/oslo_config/cfg.py:3253}}
Jul 10 17:03:53.131495 np0000005033 nova-conductor[95837]: DEBUG cotyledon.oslo_config_glue [-] oslo_limit.cafile = None {{(pid=95837) log_opt_values /opt/stack/data/venv/lib/python3.12/site-packages/oslo_config/cfg.py:3253}}
Jul 10 17:03:53.131709 np0000005033 nova-conductor[95837]: DEBUG cotyledon.oslo_config_glue [-] oslo_limit.certfile = None {{(pid=95837) log_opt_values /opt/stack/data/venv/lib/python3.12/site-packages/oslo_config/cfg.py:3253}}
Jul 10 17:03:53.131709 np0000005033 nova-conductor[95837]: DEBUG cotyledon.oslo_config_glue [-] oslo_limit.collect_timing = False {{(pid=95837) log_opt_values /opt/stack/data/venv/lib/python3.12/site-packages/oslo_config/cfg.py:3253}}
Jul 10 17:03:53.131709 np0000005033 nova-conductor[95837]: DEBUG cotyledon.oslo_config_glue [-] oslo_limit.connect_retries = None {{(pid=95837) log_opt_values /opt/stack/data/venv/lib/python3.12/site-packages/oslo_config/cfg.py:3253}}
Jul 10 17:03:53.131709 np0000005033 nova-conductor[95837]: DEBUG cotyledon.oslo_config_glue [-] oslo_limit.connect_retry_delay = None {{(pid=95837) log_opt_values /opt/stack/data/venv/lib/python3.12/site-packages/oslo_config/cfg.py:3253}}
Jul 10 17:03:53.131709 np0000005033 nova-conductor[95837]: DEBUG cotyledon.oslo_config_glue [-] oslo_limit.endpoint_id = None {{(pid=95837) log_opt_values /opt/stack/data/venv/lib/python3.12/site-packages/oslo_config/cfg.py:3253}}
Jul 10 17:03:53.131709 np0000005033 nova-conductor[95837]: DEBUG cotyledon.oslo_config_glue [-] oslo_limit.endpoint_interface = public {{(pid=95837) log_opt_values /opt/stack/data/venv/lib/python3.12/site-packages/oslo_config/cfg.py:3253}}
Jul 10 17:03:53.131709 np0000005033 nova-conductor[95837]: DEBUG cotyledon.oslo_config_glue [-] oslo_limit.endpoint_override = None {{(pid=95837) log_opt_values /opt/stack/data/venv/lib/python3.12/site-packages/oslo_config/cfg.py:3253}}
Jul 10 17:03:53.131709 np0000005033 nova-conductor[95837]: DEBUG cotyledon.oslo_config_glue [-] oslo_limit.endpoint_region_name = None {{(pid=95837) log_opt_values /opt/stack/data/venv/lib/python3.12/site-packages/oslo_config/cfg.py:3253}}
Jul 10 17:03:53.131709 np0000005033 nova-conductor[95837]: DEBUG cotyledon.oslo_config_glue [-] oslo_limit.endpoint_service_name = None {{(pid=95837) log_opt_values /opt/stack/data/venv/lib/python3.12/site-packages/oslo_config/cfg.py:3253}}
Jul 10 17:03:53.131923 np0000005033 nova-conductor[95837]: DEBUG cotyledon.oslo_config_glue [-] oslo_limit.endpoint_service_type = None {{(pid=95837) log_opt_values /opt/stack/data/venv/lib/python3.12/site-packages/oslo_config/cfg.py:3253}}
Jul 10 17:03:53.131923 np0000005033 nova-conductor[95837]: DEBUG cotyledon.oslo_config_glue [-] oslo_limit.insecure = False {{(pid=95837) log_opt_values /opt/stack/data/venv/lib/python3.12/site-packages/oslo_config/cfg.py:3253}}
Jul 10 17:03:53.131923 np0000005033 nova-conductor[95837]: DEBUG cotyledon.oslo_config_glue [-] oslo_limit.keyfile = None {{(pid=95837) log_opt_values /opt/stack/data/venv/lib/python3.12/site-packages/oslo_config/cfg.py:3253}}
Jul 10 17:03:53.131923 np0000005033 nova-conductor[95837]: DEBUG cotyledon.oslo_config_glue [-] oslo_limit.max_version = None {{(pid=95837) log_opt_values /opt/stack/data/venv/lib/python3.12/site-packages/oslo_config/cfg.py:3253}}
Jul 10 17:03:53.131923 np0000005033 nova-conductor[95837]: DEBUG cotyledon.oslo_config_glue [-] oslo_limit.min_version = None {{(pid=95837) log_opt_values /opt/stack/data/venv/lib/python3.12/site-packages/oslo_config/cfg.py:3253}}
Jul 10 17:03:53.131923 np0000005033 nova-conductor[95837]: DEBUG cotyledon.oslo_config_glue [-] oslo_limit.region_name = None {{(pid=95837) log_opt_values /opt/stack/data/venv/lib/python3.12/site-packages/oslo_config/cfg.py:3253}}
Jul 10 17:03:53.131923 np0000005033 nova-conductor[95837]: DEBUG cotyledon.oslo_config_glue [-] oslo_limit.retriable_status_codes = None {{(pid=95837) log_opt_values /opt/stack/data/venv/lib/python3.12/site-packages/oslo_config/cfg.py:3253}}
Jul 10 17:03:53.131923 np0000005033 nova-conductor[95837]: DEBUG cotyledon.oslo_config_glue [-] oslo_limit.service_name = None {{(pid=95837) log_opt_values /opt/stack/data/venv/lib/python3.12/site-packages/oslo_config/cfg.py:3253}}
Jul 10 17:03:53.131923 np0000005033 nova-conductor[95837]: DEBUG cotyledon.oslo_config_glue [-] oslo_limit.service_type = None {{(pid=95837) log_opt_values /opt/stack/data/venv/lib/python3.12/site-packages/oslo_config/cfg.py:3253}}
Jul 10 17:03:53.132146 np0000005033 nova-conductor[95837]: DEBUG cotyledon.oslo_config_glue [-] oslo_limit.split_loggers = False {{(pid=95837) log_opt_values /opt/stack/data/venv/lib/python3.12/site-packages/oslo_config/cfg.py:3253}}
Jul 10 17:03:53.132146 np0000005033 nova-conductor[95837]: DEBUG cotyledon.oslo_config_glue [-] oslo_limit.status_code_retries = None {{(pid=95837) log_opt_values /opt/stack/data/venv/lib/python3.12/site-packages/oslo_config/cfg.py:3253}}
Jul 10 17:03:53.132146 np0000005033 nova-conductor[95837]: DEBUG cotyledon.oslo_config_glue [-] oslo_limit.status_code_retry_delay = None {{(pid=95837) log_opt_values /opt/stack/data/venv/lib/python3.12/site-packages/oslo_config/cfg.py:3253}}
Jul 10 17:03:53.132146 np0000005033 nova-conductor[95837]: DEBUG cotyledon.oslo_config_glue [-] oslo_limit.timeout = None {{(pid=95837) log_opt_values /opt/stack/data/venv/lib/python3.12/site-packages/oslo_config/cfg.py:3253}}
Jul 10 17:03:53.132146 np0000005033 nova-conductor[95837]: DEBUG cotyledon.oslo_config_glue [-] oslo_limit.valid_interfaces = None {{(pid=95837) log_opt_values /opt/stack/data/venv/lib/python3.12/site-packages/oslo_config/cfg.py:3253}}
Jul 10 17:03:53.132146 np0000005033 nova-conductor[95837]: DEBUG cotyledon.oslo_config_glue [-] oslo_limit.version = None {{(pid=95837) log_opt_values /opt/stack/data/venv/lib/python3.12/site-packages/oslo_config/cfg.py:3253}}
Jul 10 17:03:53.132146 np0000005033 nova-conductor[95837]: DEBUG cotyledon.oslo_config_glue [-] oslo_reports.file_event_handler = None {{(pid=95837) log_opt_values /opt/stack/data/venv/lib/python3.12/site-packages/oslo_config/cfg.py:3253}}
Jul 10 17:03:53.132146 np0000005033 nova-conductor[95837]: DEBUG cotyledon.oslo_config_glue [-] oslo_reports.file_event_handler_interval = 1 {{(pid=95837) log_opt_values /opt/stack/data/venv/lib/python3.12/site-packages/oslo_config/cfg.py:3253}}
Jul 10 17:03:53.132146 np0000005033 nova-conductor[95837]: DEBUG cotyledon.oslo_config_glue [-] oslo_reports.log_dir = None {{(pid=95837) log_opt_values /opt/stack/data/venv/lib/python3.12/site-packages/oslo_config/cfg.py:3253}}
Jul 10 17:03:53.132400 np0000005033 nova-conductor[95837]: DEBUG cotyledon.oslo_config_glue [-] ******************************************************************************** {{(pid=95837) log_opt_values /opt/stack/data/venv/lib/python3.12/site-packages/oslo_config/cfg.py:3260}}
Jul 10 17:03:53.132400 np0000005033 nova-conductor[95837]: DEBUG cotyledon._service_worker [-] Run service ServiceWrapper(2) [95837] {{(pid=95837) wait_forever /opt/stack/data/venv/lib/python3.12/site-packages/cotyledon/_service_worker.py:218}}
Jul 10 17:03:53.132400 np0000005033 nova-conductor[95837]: INFO nova.service [-] Starting conductor node (version 33.1.0)
Jul 10 17:03:53.132400 np0000005033 nova-conductor[95837]: INFO dbcounter [None req-5d37bb4d-4e72-4487-99c2-c9ef1d1c2add None None] Registered counter for database nova_cell0
Jul 10 17:03:53.132503 np0000005033 nova-conductor[95827]: DEBUG oslo_db.sqlalchemy.engines [None req-522b7f12-098c-47aa-a1af-b97bb47543a2 None None] MySQL server mode set to STRICT_TRANS_TABLES,STRICT_ALL_TABLES,NO_ZERO_IN_DATE,NO_ZERO_DATE,ERROR_FOR_DIVISION_BY_ZERO,TRADITIONAL,NO_ENGINE_SUBSTITUTION {{(pid=95827) _check_effective_sql_mode /opt/stack/data/venv/lib/python3.12/site-packages/oslo_db/sqlalchemy/engines.py:325}}
Jul 10 17:03:53.132503 np0000005033 nova-conductor[95827]: DEBUG dbcounter [-] [95827] Writer thread running {{(pid=95827) stat_writer /opt/stack/data/venv/lib/python3.12/site-packages/dbcounter.py:102}}
Jul 10 17:03:53.134085 np0000005033 nova-conductor[95837]: DEBUG oslo_db.sqlalchemy.engines [None req-5d37bb4d-4e72-4487-99c2-c9ef1d1c2add None None] MySQL server mode set to STRICT_TRANS_TABLES,STRICT_ALL_TABLES,NO_ZERO_IN_DATE,NO_ZERO_DATE,ERROR_FOR_DIVISION_BY_ZERO,TRADITIONAL,NO_ENGINE_SUBSTITUTION {{(pid=95837) _check_effective_sql_mode /opt/stack/data/venv/lib/python3.12/site-packages/oslo_db/sqlalchemy/engines.py:325}}
Jul 10 17:03:53.137769 np0000005033 nova-conductor[95814]: DEBUG oslo_db.sqlalchemy.engines [None req-57fbc159-c492-4200-99a6-3b75d0089fc4 None None] MySQL server mode set to STRICT_TRANS_TABLES,STRICT_ALL_TABLES,NO_ZERO_IN_DATE,NO_ZERO_DATE,ERROR_FOR_DIVISION_BY_ZERO,TRADITIONAL,NO_ENGINE_SUBSTITUTION {{(pid=95814) _check_effective_sql_mode /opt/stack/data/venv/lib/python3.12/site-packages/oslo_db/sqlalchemy/engines.py:325}}
Jul 10 17:03:53.144800 np0000005033 nova-conductor[95837]: DEBUG dbcounter [-] [95837] Writer thread running {{(pid=95837) stat_writer /opt/stack/data/venv/lib/python3.12/site-packages/dbcounter.py:102}}
Jul 10 17:03:53.147167 np0000005033 nova-conductor[95827]: DEBUG nova.service [None req-522b7f12-098c-47aa-a1af-b97bb47543a2 None None] Creating RPC server for service: nova-conductor on topic: conductor {{(pid=95827) start /opt/stack/nova/nova/service.py:196}}
Jul 10 17:03:53.149861 np0000005033 nova-conductor[95814]: DEBUG dbcounter [-] [95814] Writer thread running {{(pid=95814) stat_writer /opt/stack/data/venv/lib/python3.12/site-packages/dbcounter.py:102}}
Jul 10 17:03:53.153830 np0000005033 nova-conductor[95814]: DEBUG nova.service [None req-57fbc159-c492-4200-99a6-3b75d0089fc4 None None] Creating RPC server for service: nova-conductor on topic: conductor {{(pid=95814) start /opt/stack/nova/nova/service.py:196}}
Jul 10 17:03:53.167777 np0000005033 nova-conductor[95837]: DEBUG nova.service [None req-5d37bb4d-4e72-4487-99c2-c9ef1d1c2add None None] Creating RPC server for service: nova-conductor on topic: conductor {{(pid=95837) start /opt/stack/nova/nova/service.py:196}}
Jul 10 17:03:53.176673 np0000005033 nova-conductor[95827]: DEBUG nova.service [None req-522b7f12-098c-47aa-a1af-b97bb47543a2 None None] Join ServiceGroup membership for this service conductor {{(pid=95827) start /opt/stack/nova/nova/service.py:222}}
Jul 10 17:03:53.176962 np0000005033 nova-conductor[95827]: DEBUG nova.servicegroup.drivers.db [None req-522b7f12-098c-47aa-a1af-b97bb47543a2 None None] DB_Driver: join new ServiceGroup member np0000005033 to the conductor group, service = {{(pid=95827) join /opt/stack/nova/nova/servicegroup/drivers/db.py:44}}
Jul 10 17:03:53.179440 np0000005033 nova-conductor[95814]: DEBUG nova.service [None req-57fbc159-c492-4200-99a6-3b75d0089fc4 None None] Join ServiceGroup membership for this service conductor {{(pid=95814) start /opt/stack/nova/nova/service.py:222}}
Jul 10 17:03:53.179588 np0000005033 nova-conductor[95814]: DEBUG nova.servicegroup.drivers.db [None req-57fbc159-c492-4200-99a6-3b75d0089fc4 None None] DB_Driver: join new ServiceGroup member np0000005033 to the conductor group, service = {{(pid=95814) join /opt/stack/nova/nova/servicegroup/drivers/db.py:44}}
Jul 10 17:03:53.182328 np0000005033 nova-conductor[95814]: DEBUG oslo.service.backend._threading.loopingcall [None req-6109cb15-e531-4b83-9ef8-f7f8c96364e8 None None] Dynamic interval looping call 'nova.service.Service.periodic_tasks' sleeping for 60.00 seconds {{(pid=95814) _run_loop /opt/stack/data/venv/lib/python3.12/site-packages/oslo_service/backend/_threading/loopingcall.py:125}}
Jul 10 17:03:53.192886 np0000005033 nova-conductor[95837]: DEBUG nova.service [None req-5d37bb4d-4e72-4487-99c2-c9ef1d1c2add None None] Join ServiceGroup membership for this service conductor {{(pid=95837) start /opt/stack/nova/nova/service.py:222}}
Jul 10 17:03:53.193382 np0000005033 nova-conductor[95837]: DEBUG nova.servicegroup.drivers.db [None req-5d37bb4d-4e72-4487-99c2-c9ef1d1c2add None None] DB_Driver: join new ServiceGroup member np0000005033 to the conductor group, service = {{(pid=95837) join /opt/stack/nova/nova/servicegroup/drivers/db.py:44}}
Jul 10 17:03:58.197067 np0000005033 nova-conductor[95827]: DEBUG oslo.service.backend._threading.loopingcall [-] Fixed interval looping call 'nova.servicegroup.drivers.db.DbDriver._report_state' sleeping for 119.98 seconds {{(pid=95827) _run_loop /opt/stack/data/venv/lib/python3.12/site-packages/oslo_service/backend/_threading/loopingcall.py:125}}
Jul 10 17:03:58.198153 np0000005033 nova-conductor[95814]: DEBUG oslo.service.backend._threading.loopingcall [-] Fixed interval looping call 'nova.servicegroup.drivers.db.DbDriver._report_state' sleeping for 119.98 seconds {{(pid=95814) _run_loop /opt/stack/data/venv/lib/python3.12/site-packages/oslo_service/backend/_threading/loopingcall.py:125}}
Jul 10 17:03:58.199475 np0000005033 nova-conductor[95837]: DEBUG oslo.service.backend._threading.loopingcall [-] Fixed interval looping call 'nova.servicegroup.drivers.db.DbDriver._report_state' sleeping for 120.00 seconds {{(pid=95837) _run_loop /opt/stack/data/venv/lib/python3.12/site-packages/oslo_service/backend/_threading/loopingcall.py:125}}
Jul 10 17:04:01.687515 np0000005033 nova-conductor[94336]: DEBUG dbcounter [-] [94336] Writing DB stats nova_api:SELECT=1 {{(pid=94336) stat_writer /opt/stack/data/venv/lib/python3.12/site-packages/dbcounter.py:115}}
Jul 10 17:04:01.832763 np0000005033 nova-conductor[94336]: DEBUG dbcounter [-] [94336] Writing DB stats nova_cell1:SELECT=1 {{(pid=94336) stat_writer /opt/stack/data/venv/lib/python3.12/site-packages/dbcounter.py:115}}
Jul 10 17:04:01.838563 np0000005033 nova-conductor[94336]: DEBUG dbcounter [-] [94336] Writing DB stats nova_cell0:SELECT=1 {{(pid=94336) stat_writer /opt/stack/data/venv/lib/python3.12/site-packages/dbcounter.py:115}}
Jul 10 17:04:05.181068 np0000005033 nova-conductor[95827]: DEBUG oslo.service.backend._threading.loopingcall [None req-0b04f8f3-4397-4fed-b998-a55c552c4db9 None None] Dynamic interval looping call 'nova.service.Service.periodic_tasks' sleeping for 60.00 seconds {{(pid=95827) _run_loop /opt/stack/data/venv/lib/python3.12/site-packages/oslo_service/backend/_threading/loopingcall.py:125}}
Jul 10 17:04:08.187352 np0000005033 nova-conductor[95827]: DEBUG dbcounter [-] [95827] Writing DB stats nova_cell0:SELECT=4,nova_cell0:INSERT=1,nova_cell0:UPDATE=1 {{(pid=95827) stat_writer /opt/stack/data/venv/lib/python3.12/site-packages/dbcounter.py:115}}
Jul 10 17:04:08.193012 np0000005033 nova-conductor[95814]: DEBUG dbcounter [-] [95814] Writing DB stats nova_cell0:SELECT=3,nova_cell0:UPDATE=1 {{(pid=95814) stat_writer /opt/stack/data/venv/lib/python3.12/site-packages/dbcounter.py:115}}
Jul 10 17:04:08.197602 np0000005033 nova-conductor[95837]: DEBUG dbcounter [-] [95837] Writing DB stats nova_cell0:SELECT=4,nova_cell0:INSERT=1 {{(pid=95837) stat_writer /opt/stack/data/venv/lib/python3.12/site-packages/dbcounter.py:115}}
Jul 10 17:04:25.196096 np0000005033 nova-conductor[95837]: DEBUG oslo.service.backend._threading.loopingcall [None req-56717448-011a-4acd-b523-9d1b84a7556f None None] Dynamic interval looping call 'nova.service.Service.periodic_tasks' sleeping for 60.00 seconds {{(pid=95837) _run_loop /opt/stack/data/venv/lib/python3.12/site-packages/oslo_service/backend/_threading/loopingcall.py:125}}
Jul 10 17:04:53.183167 np0000005033 nova-conductor[95814]: DEBUG oslo.service.backend._threading.loopingcall [None req-6109cb15-e531-4b83-9ef8-f7f8c96364e8 None None] Dynamic interval looping call 'nova.service.Service.periodic_tasks' sleeping for 60.00 seconds {{(pid=95814) _run_loop /opt/stack/data/venv/lib/python3.12/site-packages/oslo_service/backend/_threading/loopingcall.py:125}}
Jul 10 17:05:05.181604 np0000005033 nova-conductor[95827]: DEBUG oslo.service.backend._threading.loopingcall [None req-0b04f8f3-4397-4fed-b998-a55c552c4db9 None None] Dynamic interval looping call 'nova.service.Service.periodic_tasks' sleeping for 60.00 seconds {{(pid=95827) _run_loop /opt/stack/data/venv/lib/python3.12/site-packages/oslo_service/backend/_threading/loopingcall.py:125}}
Jul 10 17:05:25.196754 np0000005033 nova-conductor[95837]: DEBUG oslo.service.backend._threading.loopingcall [None req-56717448-011a-4acd-b523-9d1b84a7556f None None] Dynamic interval looping call 'nova.service.Service.periodic_tasks' sleeping for 60.00 seconds {{(pid=95837) _run_loop /opt/stack/data/venv/lib/python3.12/site-packages/oslo_service/backend/_threading/loopingcall.py:125}}
Jul 10 17:05:53.183758 np0000005033 nova-conductor[95814]: DEBUG oslo.service.backend._threading.loopingcall [None req-6109cb15-e531-4b83-9ef8-f7f8c96364e8 None None] Dynamic interval looping call 'nova.service.Service.periodic_tasks' sleeping for 60.00 seconds {{(pid=95814) _run_loop /opt/stack/data/venv/lib/python3.12/site-packages/oslo_service/backend/_threading/loopingcall.py:125}}
Jul 10 17:05:58.186395 np0000005033 nova-conductor[95827]: DEBUG oslo.service.backend._threading.loopingcall [-] Fixed interval looping call 'nova.servicegroup.drivers.db.DbDriver._report_state' sleeping for 119.99 seconds {{(pid=95827) _run_loop /opt/stack/data/venv/lib/python3.12/site-packages/oslo_service/backend/_threading/loopingcall.py:125}}
Jul 10 17:05:58.186880 np0000005033 nova-conductor[95814]: DEBUG oslo.service.backend._threading.loopingcall [-] Fixed interval looping call 'nova.servicegroup.drivers.db.DbDriver._report_state' sleeping for 119.99 seconds {{(pid=95814) _run_loop /opt/stack/data/venv/lib/python3.12/site-packages/oslo_service/backend/_threading/loopingcall.py:125}}
Jul 10 17:05:58.203784 np0000005033 nova-conductor[95837]: DEBUG oslo.service.backend._threading.loopingcall [-] Fixed interval looping call 'nova.servicegroup.drivers.db.DbDriver._report_state' sleeping for 120.00 seconds {{(pid=95837) _run_loop /opt/stack/data/venv/lib/python3.12/site-packages/oslo_service/backend/_threading/loopingcall.py:125}}
Jul 10 17:06:05.182062 np0000005033 nova-conductor[95827]: DEBUG oslo.service.backend._threading.loopingcall [None req-0b04f8f3-4397-4fed-b998-a55c552c4db9 None None] Dynamic interval looping call 'nova.service.Service.periodic_tasks' sleeping for 60.00 seconds {{(pid=95827) _run_loop /opt/stack/data/venv/lib/python3.12/site-packages/oslo_service/backend/_threading/loopingcall.py:125}}
Jul 10 17:06:08.181077 np0000005033 nova-conductor[95827]: DEBUG dbcounter [-] [95827] Writing DB stats nova_cell0:SELECT=1,nova_cell0:UPDATE=1 {{(pid=95827) stat_writer /opt/stack/data/venv/lib/python3.12/site-packages/dbcounter.py:115}}
Jul 10 17:06:08.181964 np0000005033 nova-conductor[95814]: DEBUG dbcounter [-] [95814] Writing DB stats nova_cell0:SELECT=1,nova_cell0:UPDATE=1 {{(pid=95814) stat_writer /opt/stack/data/venv/lib/python3.12/site-packages/dbcounter.py:115}}
Jul 10 17:06:08.201580 np0000005033 nova-conductor[95837]: DEBUG dbcounter [-] [95837] Writing DB stats nova_cell0:SELECT=1 {{(pid=95837) stat_writer /opt/stack/data/venv/lib/python3.12/site-packages/dbcounter.py:115}}
Jul 10 17:06:25.197426 np0000005033 nova-conductor[95837]: DEBUG oslo.service.backend._threading.loopingcall [None req-56717448-011a-4acd-b523-9d1b84a7556f None None] Dynamic interval looping call 'nova.service.Service.periodic_tasks' sleeping for 60.00 seconds {{(pid=95837) _run_loop /opt/stack/data/venv/lib/python3.12/site-packages/oslo_service/backend/_threading/loopingcall.py:125}}
Jul 10 17:06:41.586595 np0000005033 nova-conductor[95827]: DEBUG oslo_db.sqlalchemy.engines [None req-83a33531-83af-4b6a-bfba-0b46ec8c16d3 tempest-ServerStableDeviceRescueTest-946258547 tempest-ServerStableDeviceRescueTest-946258547-project-member] Parent process 94336 forked (95827) with an open database connection, which is being discarded and recreated. {{(pid=95827) checkout /opt/stack/data/venv/lib/python3.12/site-packages/oslo_db/sqlalchemy/engines.py:402}}
Jul 10 17:06:41.640694 np0000005033 nova-conductor[95827]: DEBUG dbcounter [-] [95827] Writer thread running {{(pid=95827) stat_writer /opt/stack/data/venv/lib/python3.12/site-packages/dbcounter.py:102}}
Jul 10 17:06:41.862981 np0000005033 nova-conductor[95814]: DEBUG dbcounter [-] [95814] Writer thread running {{(pid=95814) stat_writer /opt/stack/data/venv/lib/python3.12/site-packages/dbcounter.py:102}}
Jul 10 17:06:42.019686 np0000005033 nova-conductor[95837]: DEBUG dbcounter [-] [95837] Writer thread running {{(pid=95837) stat_writer /opt/stack/data/venv/lib/python3.12/site-packages/dbcounter.py:102}}
Jul 10 17:06:43.401853 np0000005033 nova-conductor[95814]: DEBUG nova.conductor.manager [None req-957429d8-e3c8-4a71-b5b1-546ab8049449 tempest-ServerActionsTestOtherA-1784266713 tempest-ServerActionsTestOtherA-1784266713-project-member] Took 1.53 seconds to select destinations for 1 instance(s). {{(pid=95814) _schedule_instances /opt/stack/nova/nova/conductor/manager.py:968}}
Jul 10 17:06:43.451892 np0000005033 nova-conductor[95814]: DEBUG oslo_concurrency.lockutils [None req-957429d8-e3c8-4a71-b5b1-546ab8049449 tempest-ServerActionsTestOtherA-1784266713 tempest-ServerActionsTestOtherA-1784266713-project-member] Acquiring lock "2fdd4de5-c421-4a45-880e-af7cfddb7064" by "nova.context.set_target_cell..get_or_set_cached_cell_and_set_connections" {{(pid=95814) inner /opt/stack/data/venv/lib/python3.12/site-packages/oslo_concurrency/lockutils.py:511}}
Jul 10 17:06:43.452131 np0000005033 nova-conductor[95814]: DEBUG oslo_concurrency.lockutils [None req-957429d8-e3c8-4a71-b5b1-546ab8049449 tempest-ServerActionsTestOtherA-1784266713 tempest-ServerActionsTestOtherA-1784266713-project-member] Lock "2fdd4de5-c421-4a45-880e-af7cfddb7064" acquired by "nova.context.set_target_cell..get_or_set_cached_cell_and_set_connections" :: waited 0.000s {{(pid=95814) inner /opt/stack/data/venv/lib/python3.12/site-packages/oslo_concurrency/lockutils.py:524}}
Jul 10 17:06:43.454060 np0000005033 nova-conductor[95814]: DEBUG oslo_concurrency.lockutils [None req-957429d8-e3c8-4a71-b5b1-546ab8049449 tempest-ServerActionsTestOtherA-1784266713 tempest-ServerActionsTestOtherA-1784266713-project-member] Lock "2fdd4de5-c421-4a45-880e-af7cfddb7064" "released" by "nova.context.set_target_cell..get_or_set_cached_cell_and_set_connections" :: held 0.002s {{(pid=95814) inner /opt/stack/data/venv/lib/python3.12/site-packages/oslo_concurrency/lockutils.py:543}}
Jul 10 17:06:43.456674 np0000005033 nova-conductor[95814]: INFO dbcounter [None req-957429d8-e3c8-4a71-b5b1-546ab8049449 tempest-ServerActionsTestOtherA-1784266713 tempest-ServerActionsTestOtherA-1784266713-project-member] Registered counter for database nova_cell1
Jul 10 17:06:43.500586 np0000005033 nova-conductor[95814]: DEBUG oslo_db.sqlalchemy.engines [None req-957429d8-e3c8-4a71-b5b1-546ab8049449 tempest-ServerActionsTestOtherA-1784266713 tempest-ServerActionsTestOtherA-1784266713-project-member] MySQL server mode set to STRICT_TRANS_TABLES,STRICT_ALL_TABLES,NO_ZERO_IN_DATE,NO_ZERO_DATE,ERROR_FOR_DIVISION_BY_ZERO,TRADITIONAL,NO_ENGINE_SUBSTITUTION {{(pid=95814) _check_effective_sql_mode /opt/stack/data/venv/lib/python3.12/site-packages/oslo_db/sqlalchemy/engines.py:325}}
Jul 10 17:06:43.507531 np0000005033 nova-conductor[95814]: DEBUG dbcounter [-] [95814] Writer thread running {{(pid=95814) stat_writer /opt/stack/data/venv/lib/python3.12/site-packages/dbcounter.py:102}}
Jul 10 17:06:43.560099 np0000005033 nova-conductor[95837]: DEBUG nova.conductor.manager [None req-15a2bb0b-7be7-4ff5-bb20-12dea24282d1 tempest-AttachVolumeShelveTestJSON-1428331538 tempest-AttachVolumeShelveTestJSON-1428331538-project-member] Took 1.54 seconds to select destinations for 1 instance(s). {{(pid=95837) _schedule_instances /opt/stack/nova/nova/conductor/manager.py:968}}
Jul 10 17:06:43.591286 np0000005033 nova-conductor[95837]: DEBUG oslo_concurrency.lockutils [None req-15a2bb0b-7be7-4ff5-bb20-12dea24282d1 tempest-AttachVolumeShelveTestJSON-1428331538 tempest-AttachVolumeShelveTestJSON-1428331538-project-member] Acquiring lock "2fdd4de5-c421-4a45-880e-af7cfddb7064" by "nova.context.set_target_cell..get_or_set_cached_cell_and_set_connections" {{(pid=95837) inner /opt/stack/data/venv/lib/python3.12/site-packages/oslo_concurrency/lockutils.py:511}}
Jul 10 17:06:43.591637 np0000005033 nova-conductor[95837]: DEBUG oslo_concurrency.lockutils [None req-15a2bb0b-7be7-4ff5-bb20-12dea24282d1 tempest-AttachVolumeShelveTestJSON-1428331538 tempest-AttachVolumeShelveTestJSON-1428331538-project-member] Lock "2fdd4de5-c421-4a45-880e-af7cfddb7064" acquired by "nova.context.set_target_cell..get_or_set_cached_cell_and_set_connections" :: waited 0.001s {{(pid=95837) inner /opt/stack/data/venv/lib/python3.12/site-packages/oslo_concurrency/lockutils.py:524}}
Jul 10 17:06:43.593663 np0000005033 nova-conductor[95814]: INFO nova.utils [None req-957429d8-e3c8-4a71-b5b1-546ab8049449 tempest-ServerActionsTestOtherA-1784266713 tempest-ServerActionsTestOtherA-1784266713-project-member] The cell worker thread pool ForkProcess-1.cell_worker is initialized
Jul 10 17:06:43.594009 np0000005033 nova-conductor[95814]: DEBUG oslo_concurrency.lockutils [None req-957429d8-e3c8-4a71-b5b1-546ab8049449 tempest-ServerActionsTestOtherA-1784266713 tempest-ServerActionsTestOtherA-1784266713-project-member] Acquiring lock "00000000-0000-0000-0000-000000000000" by "nova.context.set_target_cell..get_or_set_cached_cell_and_set_connections" {{(pid=95814) inner /opt/stack/data/venv/lib/python3.12/site-packages/oslo_concurrency/lockutils.py:511}}
Jul 10 17:06:43.594079 np0000005033 nova-conductor[95837]: DEBUG oslo_concurrency.lockutils [None req-15a2bb0b-7be7-4ff5-bb20-12dea24282d1 tempest-AttachVolumeShelveTestJSON-1428331538 tempest-AttachVolumeShelveTestJSON-1428331538-project-member] Lock "2fdd4de5-c421-4a45-880e-af7cfddb7064" "released" by "nova.context.set_target_cell..get_or_set_cached_cell_and_set_connections" :: held 0.002s {{(pid=95837) inner /opt/stack/data/venv/lib/python3.12/site-packages/oslo_concurrency/lockutils.py:543}}
Jul 10 17:06:43.594207 np0000005033 nova-conductor[95814]: DEBUG oslo_concurrency.lockutils [None req-957429d8-e3c8-4a71-b5b1-546ab8049449 tempest-ServerActionsTestOtherA-1784266713 tempest-ServerActionsTestOtherA-1784266713-project-member] Lock "00000000-0000-0000-0000-000000000000" acquired by "nova.context.set_target_cell..get_or_set_cached_cell_and_set_connections" :: waited 0.000s {{(pid=95814) inner /opt/stack/data/venv/lib/python3.12/site-packages/oslo_concurrency/lockutils.py:524}}
Jul 10 17:06:43.594786 np0000005033 nova-conductor[95814]: DEBUG oslo_concurrency.lockutils [None req-957429d8-e3c8-4a71-b5b1-546ab8049449 tempest-ServerActionsTestOtherA-1784266713 tempest-ServerActionsTestOtherA-1784266713-project-member] Lock "00000000-0000-0000-0000-000000000000" "released" by "nova.context.set_target_cell..get_or_set_cached_cell_and_set_connections" :: held 0.001s {{(pid=95814) inner /opt/stack/data/venv/lib/python3.12/site-packages/oslo_concurrency/lockutils.py:543}}
Jul 10 17:06:43.596267 np0000005033 nova-conductor[95814]: DEBUG oslo_concurrency.lockutils [None req-957429d8-e3c8-4a71-b5b1-546ab8049449 tempest-ServerActionsTestOtherA-1784266713 tempest-ServerActionsTestOtherA-1784266713-project-member] Acquiring lock "2fdd4de5-c421-4a45-880e-af7cfddb7064" by "nova.context.set_target_cell..get_or_set_cached_cell_and_set_connections" {{(pid=95814) inner /opt/stack/data/venv/lib/python3.12/site-packages/oslo_concurrency/lockutils.py:511}}
Jul 10 17:06:43.596369 np0000005033 nova-conductor[95837]: INFO dbcounter [None req-15a2bb0b-7be7-4ff5-bb20-12dea24282d1 tempest-AttachVolumeShelveTestJSON-1428331538 tempest-AttachVolumeShelveTestJSON-1428331538-project-member] Registered counter for database nova_cell1
Jul 10 17:06:43.597285 np0000005033 nova-conductor[95814]: INFO dbcounter [None req-957429d8-e3c8-4a71-b5b1-546ab8049449 tempest-ServerActionsTestOtherA-1784266713 tempest-ServerActionsTestOtherA-1784266713-project-member] Registered counter for database nova_cell0
Jul 10 17:06:43.598268 np0000005033 nova-conductor[95814]: DEBUG oslo_concurrency.lockutils [None req-957429d8-e3c8-4a71-b5b1-546ab8049449 tempest-ServerActionsTestOtherA-1784266713 tempest-ServerActionsTestOtherA-1784266713-project-member] Lock "2fdd4de5-c421-4a45-880e-af7cfddb7064" acquired by "nova.context.set_target_cell..get_or_set_cached_cell_and_set_connections" :: waited 0.001s {{(pid=95814) inner /opt/stack/data/venv/lib/python3.12/site-packages/oslo_concurrency/lockutils.py:524}}
Jul 10 17:06:43.598463 np0000005033 nova-conductor[95814]: DEBUG oslo_concurrency.lockutils [None req-957429d8-e3c8-4a71-b5b1-546ab8049449 tempest-ServerActionsTestOtherA-1784266713 tempest-ServerActionsTestOtherA-1784266713-project-member] Lock "2fdd4de5-c421-4a45-880e-af7cfddb7064" "released" by "nova.context.set_target_cell..get_or_set_cached_cell_and_set_connections" :: held 0.001s {{(pid=95814) inner /opt/stack/data/venv/lib/python3.12/site-packages/oslo_concurrency/lockutils.py:543}}
Jul 10 17:06:43.630527 np0000005033 nova-conductor[95814]: DEBUG oslo_db.sqlalchemy.engines [None req-957429d8-e3c8-4a71-b5b1-546ab8049449 tempest-ServerActionsTestOtherA-1784266713 tempest-ServerActionsTestOtherA-1784266713-project-member] MySQL server mode set to STRICT_TRANS_TABLES,STRICT_ALL_TABLES,NO_ZERO_IN_DATE,NO_ZERO_DATE,ERROR_FOR_DIVISION_BY_ZERO,TRADITIONAL,NO_ENGINE_SUBSTITUTION {{(pid=95814) _check_effective_sql_mode /opt/stack/data/venv/lib/python3.12/site-packages/oslo_db/sqlalchemy/engines.py:325}}
Jul 10 17:06:43.632553 np0000005033 nova-conductor[95837]: DEBUG oslo_db.sqlalchemy.engines [None req-15a2bb0b-7be7-4ff5-bb20-12dea24282d1 tempest-AttachVolumeShelveTestJSON-1428331538 tempest-AttachVolumeShelveTestJSON-1428331538-project-member] MySQL server mode set to STRICT_TRANS_TABLES,STRICT_ALL_TABLES,NO_ZERO_IN_DATE,NO_ZERO_DATE,ERROR_FOR_DIVISION_BY_ZERO,TRADITIONAL,NO_ENGINE_SUBSTITUTION {{(pid=95837) _check_effective_sql_mode /opt/stack/data/venv/lib/python3.12/site-packages/oslo_db/sqlalchemy/engines.py:325}}
Jul 10 17:06:43.636851 np0000005033 nova-conductor[95814]: DEBUG dbcounter [-] [95814] Writer thread running {{(pid=95814) stat_writer /opt/stack/data/venv/lib/python3.12/site-packages/dbcounter.py:102}}
Jul 10 17:06:43.639521 np0000005033 nova-conductor[95837]: DEBUG dbcounter [-] [95837] Writer thread running {{(pid=95837) stat_writer /opt/stack/data/venv/lib/python3.12/site-packages/dbcounter.py:102}}
Jul 10 17:06:43.646694 np0000005033 nova-conductor[95814]: DEBUG nova.quota [None req-957429d8-e3c8-4a71-b5b1-546ab8049449 tempest-ServerActionsTestOtherA-1784266713 tempest-ServerActionsTestOtherA-1784266713-project-member] Getting quotas for project 8c9ef7dd958348c48d2dcbe0b21a2f4f. Resources: {'ram', 'cores', 'instances'} {{(pid=95814) _get_quotas /opt/stack/nova/nova/quota.py:389}}
Jul 10 17:06:43.650509 np0000005033 nova-conductor[95814]: DEBUG nova.quota [None req-957429d8-e3c8-4a71-b5b1-546ab8049449 tempest-ServerActionsTestOtherA-1784266713 tempest-ServerActionsTestOtherA-1784266713-project-member] Getting quotas for user d5c90aa750a047d6a56a27a605b20af6 and project 8c9ef7dd958348c48d2dcbe0b21a2f4f. Resources: {'ram', 'cores', 'instances'} {{(pid=95814) _get_quotas /opt/stack/nova/nova/quota.py:379}}
Jul 10 17:06:43.657720 np0000005033 nova-conductor[95814]: DEBUG nova.conductor.manager [None req-957429d8-e3c8-4a71-b5b1-546ab8049449 tempest-ServerActionsTestOtherA-1784266713 tempest-ServerActionsTestOtherA-1784266713-project-member] [instance: 659be763-71a8-47c3-a420-7896387c6d7a] Selected host: np0000005033; Selected node: np0000005033; Alternates: [] {{(pid=95814) schedule_and_build_instances /opt/stack/nova/nova/conductor/manager.py:1784}}
Jul 10 17:06:43.657720 np0000005033 nova-conductor[95814]: DEBUG oslo_concurrency.lockutils [None req-957429d8-e3c8-4a71-b5b1-546ab8049449 tempest-ServerActionsTestOtherA-1784266713 tempest-ServerActionsTestOtherA-1784266713-project-member] Acquiring lock "2fdd4de5-c421-4a45-880e-af7cfddb7064" by "nova.context.set_target_cell..get_or_set_cached_cell_and_set_connections" {{(pid=95814) inner /opt/stack/data/venv/lib/python3.12/site-packages/oslo_concurrency/lockutils.py:511}}
Jul 10 17:06:43.657720 np0000005033 nova-conductor[95814]: DEBUG oslo_concurrency.lockutils [None req-957429d8-e3c8-4a71-b5b1-546ab8049449 tempest-ServerActionsTestOtherA-1784266713 tempest-ServerActionsTestOtherA-1784266713-project-member] Lock "2fdd4de5-c421-4a45-880e-af7cfddb7064" acquired by "nova.context.set_target_cell..get_or_set_cached_cell_and_set_connections" :: waited 0.000s {{(pid=95814) inner /opt/stack/data/venv/lib/python3.12/site-packages/oslo_concurrency/lockutils.py:524}}
Jul 10 17:06:43.657720 np0000005033 nova-conductor[95814]: DEBUG oslo_concurrency.lockutils [None req-957429d8-e3c8-4a71-b5b1-546ab8049449 tempest-ServerActionsTestOtherA-1784266713 tempest-ServerActionsTestOtherA-1784266713-project-member] Lock "2fdd4de5-c421-4a45-880e-af7cfddb7064" "released" by "nova.context.set_target_cell..get_or_set_cached_cell_and_set_connections" :: held 0.000s {{(pid=95814) inner /opt/stack/data/venv/lib/python3.12/site-packages/oslo_concurrency/lockutils.py:543}}
Jul 10 17:06:43.671744 np0000005033 nova-conductor[95827]: DEBUG nova.conductor.manager [None req-83a33531-83af-4b6a-bfba-0b46ec8c16d3 tempest-ServerStableDeviceRescueTest-946258547 tempest-ServerStableDeviceRescueTest-946258547-project-member] Took 2.03 seconds to select destinations for 1 instance(s). {{(pid=95827) _schedule_instances /opt/stack/nova/nova/conductor/manager.py:968}}
Jul 10 17:06:43.674341 np0000005033 nova-conductor[95814]: DEBUG nova.conductor.manager [None req-957429d8-e3c8-4a71-b5b1-546ab8049449 tempest-ServerActionsTestOtherA-1784266713 tempest-ServerActionsTestOtherA-1784266713-project-member] [instance: 659be763-71a8-47c3-a420-7896387c6d7a] block_device_mapping [BlockDeviceMapping(attachment_id=,boot_index=0,connection_info=None,created_at=,delete_on_termination=True,deleted=,deleted_at=,destination_type='local',device_name=None,device_type='disk',disk_bus=None,encrypted=False,encryption_format=None,encryption_options=None,encryption_secret_uuid=None,guest_format=None,id=,image_id='202e68f4-4ce3-4669-884a-b3387ff9096e',instance=,instance_uuid=,no_device=False,snapshot_id=None,source_type='image',tag=None,updated_at=,uuid=,volume_id=None,volume_size=None,volume_type=None)] {{(pid=95814) _create_block_device_mapping /opt/stack/nova/nova/conductor/manager.py:1529}}
Jul 10 17:06:43.676617 np0000005033 nova-conductor[95814]: DEBUG oslo_concurrency.lockutils [None req-957429d8-e3c8-4a71-b5b1-546ab8049449 tempest-ServerActionsTestOtherA-1784266713 tempest-ServerActionsTestOtherA-1784266713-project-member] Acquiring lock "2fdd4de5-c421-4a45-880e-af7cfddb7064" by "nova.context.set_target_cell..get_or_set_cached_cell_and_set_connections" {{(pid=95814) inner /opt/stack/data/venv/lib/python3.12/site-packages/oslo_concurrency/lockutils.py:511}}
Jul 10 17:06:43.676940 np0000005033 nova-conductor[95814]: DEBUG oslo_concurrency.lockutils [None req-957429d8-e3c8-4a71-b5b1-546ab8049449 tempest-ServerActionsTestOtherA-1784266713 tempest-ServerActionsTestOtherA-1784266713-project-member] Lock "2fdd4de5-c421-4a45-880e-af7cfddb7064" acquired by "nova.context.set_target_cell..get_or_set_cached_cell_and_set_connections" :: waited 0.000s {{(pid=95814) inner /opt/stack/data/venv/lib/python3.12/site-packages/oslo_concurrency/lockutils.py:524}}
Jul 10 17:06:43.676940 np0000005033 nova-conductor[95814]: DEBUG oslo_concurrency.lockutils [None req-957429d8-e3c8-4a71-b5b1-546ab8049449 tempest-ServerActionsTestOtherA-1784266713 tempest-ServerActionsTestOtherA-1784266713-project-member] Lock "2fdd4de5-c421-4a45-880e-af7cfddb7064" "released" by "nova.context.set_target_cell..get_or_set_cached_cell_and_set_connections" :: held 0.000s {{(pid=95814) inner /opt/stack/data/venv/lib/python3.12/site-packages/oslo_concurrency/lockutils.py:543}}
Jul 10 17:06:43.714923 np0000005033 nova-conductor[95837]: INFO nova.utils [None req-15a2bb0b-7be7-4ff5-bb20-12dea24282d1 tempest-AttachVolumeShelveTestJSON-1428331538 tempest-AttachVolumeShelveTestJSON-1428331538-project-member] The cell worker thread pool ForkProcess-3.cell_worker is initialized
Jul 10 17:06:43.715269 np0000005033 nova-conductor[95837]: DEBUG oslo_concurrency.lockutils [None req-15a2bb0b-7be7-4ff5-bb20-12dea24282d1 tempest-AttachVolumeShelveTestJSON-1428331538 tempest-AttachVolumeShelveTestJSON-1428331538-project-member] Acquiring lock "00000000-0000-0000-0000-000000000000" by "nova.context.set_target_cell..get_or_set_cached_cell_and_set_connections" {{(pid=95837) inner /opt/stack/data/venv/lib/python3.12/site-packages/oslo_concurrency/lockutils.py:511}}
Jul 10 17:06:43.715543 np0000005033 nova-conductor[95837]: DEBUG oslo_concurrency.lockutils [None req-15a2bb0b-7be7-4ff5-bb20-12dea24282d1 tempest-AttachVolumeShelveTestJSON-1428331538 tempest-AttachVolumeShelveTestJSON-1428331538-project-member] Lock "00000000-0000-0000-0000-000000000000" acquired by "nova.context.set_target_cell..get_or_set_cached_cell_and_set_connections" :: waited 0.000s {{(pid=95837) inner /opt/stack/data/venv/lib/python3.12/site-packages/oslo_concurrency/lockutils.py:524}}
Jul 10 17:06:43.715929 np0000005033 nova-conductor[95837]: DEBUG oslo_concurrency.lockutils [None req-15a2bb0b-7be7-4ff5-bb20-12dea24282d1 tempest-AttachVolumeShelveTestJSON-1428331538 tempest-AttachVolumeShelveTestJSON-1428331538-project-member] Lock "00000000-0000-0000-0000-000000000000" "released" by "nova.context.set_target_cell..get_or_set_cached_cell_and_set_connections" :: held 0.000s {{(pid=95837) inner /opt/stack/data/venv/lib/python3.12/site-packages/oslo_concurrency/lockutils.py:543}}
Jul 10 17:06:43.716772 np0000005033 nova-conductor[95837]: DEBUG oslo_concurrency.lockutils [None req-15a2bb0b-7be7-4ff5-bb20-12dea24282d1 tempest-AttachVolumeShelveTestJSON-1428331538 tempest-AttachVolumeShelveTestJSON-1428331538-project-member] Acquiring lock "2fdd4de5-c421-4a45-880e-af7cfddb7064" by "nova.context.set_target_cell..get_or_set_cached_cell_and_set_connections" {{(pid=95837) inner /opt/stack/data/venv/lib/python3.12/site-packages/oslo_concurrency/lockutils.py:511}}
Jul 10 17:06:43.717035 np0000005033 nova-conductor[95837]: DEBUG oslo_concurrency.lockutils [None req-15a2bb0b-7be7-4ff5-bb20-12dea24282d1 tempest-AttachVolumeShelveTestJSON-1428331538 tempest-AttachVolumeShelveTestJSON-1428331538-project-member] Lock "2fdd4de5-c421-4a45-880e-af7cfddb7064" acquired by "nova.context.set_target_cell..get_or_set_cached_cell_and_set_connections" :: waited 0.000s {{(pid=95837) inner /opt/stack/data/venv/lib/python3.12/site-packages/oslo_concurrency/lockutils.py:524}}
Jul 10 17:06:43.718159 np0000005033 nova-conductor[95827]: DEBUG oslo_concurrency.lockutils [None req-83a33531-83af-4b6a-bfba-0b46ec8c16d3 tempest-ServerStableDeviceRescueTest-946258547 tempest-ServerStableDeviceRescueTest-946258547-project-member] Acquiring lock "2fdd4de5-c421-4a45-880e-af7cfddb7064" by "nova.context.set_target_cell..get_or_set_cached_cell_and_set_connections" {{(pid=95827) inner /opt/stack/data/venv/lib/python3.12/site-packages/oslo_concurrency/lockutils.py:511}}
Jul 10 17:06:43.719022 np0000005033 nova-conductor[95827]: DEBUG oslo_concurrency.lockutils [None req-83a33531-83af-4b6a-bfba-0b46ec8c16d3 tempest-ServerStableDeviceRescueTest-946258547 tempest-ServerStableDeviceRescueTest-946258547-project-member] Lock "2fdd4de5-c421-4a45-880e-af7cfddb7064" acquired by "nova.context.set_target_cell..get_or_set_cached_cell_and_set_connections" :: waited 0.000s {{(pid=95827) inner /opt/stack/data/venv/lib/python3.12/site-packages/oslo_concurrency/lockutils.py:524}}
Jul 10 17:06:43.719094 np0000005033 nova-conductor[95837]: INFO dbcounter [None req-15a2bb0b-7be7-4ff5-bb20-12dea24282d1 tempest-AttachVolumeShelveTestJSON-1428331538 tempest-AttachVolumeShelveTestJSON-1428331538-project-member] Registered counter for database nova_cell0
Jul 10 17:06:43.720356 np0000005033 nova-conductor[95827]: DEBUG oslo_concurrency.lockutils [None req-83a33531-83af-4b6a-bfba-0b46ec8c16d3 tempest-ServerStableDeviceRescueTest-946258547 tempest-ServerStableDeviceRescueTest-946258547-project-member] Lock "2fdd4de5-c421-4a45-880e-af7cfddb7064" "released" by "nova.context.set_target_cell..get_or_set_cached_cell_and_set_connections" :: held 0.002s {{(pid=95827) inner /opt/stack/data/venv/lib/python3.12/site-packages/oslo_concurrency/lockutils.py:543}}
Jul 10 17:06:43.721028 np0000005033 nova-conductor[95837]: DEBUG oslo_concurrency.lockutils [None req-15a2bb0b-7be7-4ff5-bb20-12dea24282d1 tempest-AttachVolumeShelveTestJSON-1428331538 tempest-AttachVolumeShelveTestJSON-1428331538-project-member] Lock "2fdd4de5-c421-4a45-880e-af7cfddb7064" "released" by "nova.context.set_target_cell..get_or_set_cached_cell_and_set_connections" :: held 0.002s {{(pid=95837) inner /opt/stack/data/venv/lib/python3.12/site-packages/oslo_concurrency/lockutils.py:543}}
Jul 10 17:06:43.721125 np0000005033 nova-conductor[95814]: DEBUG oslo_concurrency.lockutils [None req-957429d8-e3c8-4a71-b5b1-546ab8049449 tempest-ServerActionsTestOtherA-1784266713 tempest-ServerActionsTestOtherA-1784266713-project-member] Acquiring lock "2fdd4de5-c421-4a45-880e-af7cfddb7064" by "nova.context.set_target_cell..get_or_set_cached_cell_and_set_connections" {{(pid=95814) inner /opt/stack/data/venv/lib/python3.12/site-packages/oslo_concurrency/lockutils.py:511}}
Jul 10 17:06:43.721294 np0000005033 nova-conductor[95814]: DEBUG oslo_concurrency.lockutils [None req-957429d8-e3c8-4a71-b5b1-546ab8049449 tempest-ServerActionsTestOtherA-1784266713 tempest-ServerActionsTestOtherA-1784266713-project-member] Lock "2fdd4de5-c421-4a45-880e-af7cfddb7064" acquired by "nova.context.set_target_cell..get_or_set_cached_cell_and_set_connections" :: waited 0.000s {{(pid=95814) inner /opt/stack/data/venv/lib/python3.12/site-packages/oslo_concurrency/lockutils.py:524}}
Jul 10 17:06:43.721478 np0000005033 nova-conductor[95814]: DEBUG oslo_concurrency.lockutils [None req-957429d8-e3c8-4a71-b5b1-546ab8049449 tempest-ServerActionsTestOtherA-1784266713 tempest-ServerActionsTestOtherA-1784266713-project-member] Lock "2fdd4de5-c421-4a45-880e-af7cfddb7064" "released" by "nova.context.set_target_cell..get_or_set_cached_cell_and_set_connections" :: held 0.000s {{(pid=95814) inner /opt/stack/data/venv/lib/python3.12/site-packages/oslo_concurrency/lockutils.py:543}}
Jul 10 17:06:43.721753 np0000005033 nova-conductor[95814]: DEBUG oslo_concurrency.lockutils [None req-957429d8-e3c8-4a71-b5b1-546ab8049449 tempest-ServerActionsTestOtherA-1784266713 tempest-ServerActionsTestOtherA-1784266713-project-member] Acquiring lock "compute-rpcapi-router" {{(pid=95814) lock /opt/stack/data/venv/lib/python3.12/site-packages/oslo_concurrency/lockutils.py:395}}
Jul 10 17:06:43.721811 np0000005033 nova-conductor[95814]: DEBUG oslo_concurrency.lockutils [None req-957429d8-e3c8-4a71-b5b1-546ab8049449 tempest-ServerActionsTestOtherA-1784266713 tempest-ServerActionsTestOtherA-1784266713-project-member] Acquired lock "compute-rpcapi-router" {{(pid=95814) lock /opt/stack/data/venv/lib/python3.12/site-packages/oslo_concurrency/lockutils.py:398}}
Jul 10 17:06:43.722198 np0000005033 nova-conductor[95814]: DEBUG oslo_concurrency.lockutils [None req-21267a93-5f19-42d2-89c6-d40ffe7ac4d3 None None] Acquiring lock "00000000-0000-0000-0000-000000000000" by "nova.context.set_target_cell..get_or_set_cached_cell_and_set_connections" {{(pid=95814) inner /opt/stack/data/venv/lib/python3.12/site-packages/oslo_concurrency/lockutils.py:511}}
Jul 10 17:06:43.722419 np0000005033 nova-conductor[95814]: DEBUG oslo_concurrency.lockutils [None req-21267a93-5f19-42d2-89c6-d40ffe7ac4d3 None None] Lock "00000000-0000-0000-0000-000000000000" acquired by "nova.context.set_target_cell..get_or_set_cached_cell_and_set_connections" :: waited 0.000s {{(pid=95814) inner /opt/stack/data/venv/lib/python3.12/site-packages/oslo_concurrency/lockutils.py:524}}
Jul 10 17:06:43.722534 np0000005033 nova-conductor[95814]: DEBUG oslo_concurrency.lockutils [None req-21267a93-5f19-42d2-89c6-d40ffe7ac4d3 None None] Lock "00000000-0000-0000-0000-000000000000" "released" by "nova.context.set_target_cell..get_or_set_cached_cell_and_set_connections" :: held 0.000s {{(pid=95814) inner /opt/stack/data/venv/lib/python3.12/site-packages/oslo_concurrency/lockutils.py:543}}
Jul 10 17:06:43.723111 np0000005033 nova-conductor[95814]: DEBUG oslo_concurrency.lockutils [None req-21267a93-5f19-42d2-89c6-d40ffe7ac4d3 None None] Acquiring lock "2fdd4de5-c421-4a45-880e-af7cfddb7064" by "nova.context.set_target_cell..get_or_set_cached_cell_and_set_connections" {{(pid=95814) inner /opt/stack/data/venv/lib/python3.12/site-packages/oslo_concurrency/lockutils.py:511}}
Jul 10 17:06:43.723183 np0000005033 nova-conductor[95827]: INFO dbcounter [None req-83a33531-83af-4b6a-bfba-0b46ec8c16d3 tempest-ServerStableDeviceRescueTest-946258547 tempest-ServerStableDeviceRescueTest-946258547-project-member] Registered counter for database nova_cell1
Jul 10 17:06:43.723235 np0000005033 nova-conductor[95814]: DEBUG oslo_concurrency.lockutils [None req-21267a93-5f19-42d2-89c6-d40ffe7ac4d3 None None] Lock "2fdd4de5-c421-4a45-880e-af7cfddb7064" acquired by "nova.context.set_target_cell..get_or_set_cached_cell_and_set_connections" :: waited 0.000s {{(pid=95814) inner /opt/stack/data/venv/lib/python3.12/site-packages/oslo_concurrency/lockutils.py:524}}
Jul 10 17:06:43.723446 np0000005033 nova-conductor[95814]: DEBUG oslo_concurrency.lockutils [None req-21267a93-5f19-42d2-89c6-d40ffe7ac4d3 None None] Lock "2fdd4de5-c421-4a45-880e-af7cfddb7064" "released" by "nova.context.set_target_cell..get_or_set_cached_cell_and_set_connections" :: held 0.000s {{(pid=95814) inner /opt/stack/data/venv/lib/python3.12/site-packages/oslo_concurrency/lockutils.py:543}}
Jul 10 17:06:43.733274 np0000005033 nova-conductor[95814]: INFO nova.compute.rpcapi [None req-21267a93-5f19-42d2-89c6-d40ffe7ac4d3 None None] Automatically selected compute RPC version 6.5 from minimum service version 72
Jul 10 17:06:43.733838 np0000005033 nova-conductor[95814]: DEBUG oslo_concurrency.lockutils [None req-21267a93-5f19-42d2-89c6-d40ffe7ac4d3 None None] Releasing lock "compute-rpcapi-router" {{(pid=95814) lock /opt/stack/data/venv/lib/python3.12/site-packages/oslo_concurrency/lockutils.py:418}}
Jul 10 17:06:43.757913 np0000005033 nova-conductor[95837]: DEBUG oslo_db.sqlalchemy.engines [None req-15a2bb0b-7be7-4ff5-bb20-12dea24282d1 tempest-AttachVolumeShelveTestJSON-1428331538 tempest-AttachVolumeShelveTestJSON-1428331538-project-member] MySQL server mode set to STRICT_TRANS_TABLES,STRICT_ALL_TABLES,NO_ZERO_IN_DATE,NO_ZERO_DATE,ERROR_FOR_DIVISION_BY_ZERO,TRADITIONAL,NO_ENGINE_SUBSTITUTION {{(pid=95837) _check_effective_sql_mode /opt/stack/data/venv/lib/python3.12/site-packages/oslo_db/sqlalchemy/engines.py:325}}
