Jul 10 17:03:18.970400 np0000005033 devstack@neutron-api.service[87605]: DEBUG ovsdbapp.backend.ovs_idl [None req-f56cae7a-5f11-4016-ba38-3f6cdfc6eb81 None None] Created lookup_table index Port_Binding.logical_port {{(pid=87605) autocreate_indices /opt/stack/data/venv/lib/python3.12/site-packages/ovsdbapp/backend/ovs_idl/__init__.py:87}}
Jul 10 17:03:18.970491 np0000005033 devstack@neutron-api.service[87605]: DEBUG ovsdbapp.backend.ovs_idl [None req-f56cae7a-5f11-4016-ba38-3f6cdfc6eb81 None None] Created schema index Chassis_Private.name {{(pid=87605) autocreate_indices /opt/stack/data/venv/lib/python3.12/site-packages/ovsdbapp/backend/ovs_idl/__init__.py:106}}
Jul 10 17:03:18.970586 np0000005033 devstack@neutron-api.service[87605]: DEBUG ovsdbapp.backend.ovs_idl [None req-f56cae7a-5f11-4016-ba38-3f6cdfc6eb81 None None] Created schema index Datapath_Binding.tunnel_key {{(pid=87605) autocreate_indices /opt/stack/data/venv/lib/python3.12/site-packages/ovsdbapp/backend/ovs_idl/__init__.py:106}}
Jul 10 17:03:18.973405 np0000005033 devstack@neutron-api.service[87605]: INFO ovsdbapp.backend.ovs_idl.vlog [None req-f56cae7a-5f11-4016-ba38-3f6cdfc6eb81 None None] ssl:10.4.3.65:6642: connecting...
Jul 10 17:03:18.975606 np0000005033 devstack@neutron-api.service[87603]: DEBUG neutron.common.ovn.hash_ring_manager [None req-385c1f05-a40a-4ce6-869b-59064e3da95f None None] Allow caching, nodes 3>=3 {{(pid=87603) _wait_startup_before_caching /opt/stack/neutron/neutron/common/ovn/hash_ring_manager.py:71}}
Jul 10 17:03:18.978078 np0000005033 devstack@neutron-api.service[87605]: INFO ovsdbapp.backend.ovs_idl.vlog [None req-f56cae7a-5f11-4016-ba38-3f6cdfc6eb81 None None] ssl:10.4.3.65:6642: connected
Jul 10 17:03:18.981059 np0000005033 devstack@neutron-api.service[87603]: DEBUG neutron.common.ovn.hash_ring_manager [None req-385c1f05-a40a-4ce6-869b-59064e3da95f None None] Hash Ring loaded. 3 active nodes. 0 offline nodes {{(pid=87603) _load_hash_ring /opt/stack/neutron/neutron/common/ovn/hash_ring_manager.py:110}}
Jul 10 17:03:18.981474 np0000005033 devstack@neutron-api.service[87603]: DEBUG neutron.plugins.ml2.drivers.ovn.mech_driver.ovsdb.ovsdb_monitor [None req-385c1f05-a40a-4ce6-869b-59064e3da95f None None] ChassisOVNAgentWriteEvent : Matched Chassis_Private, create, None None {{(pid=87603) matches /opt/stack/neutron/neutron/plugins/ml2/drivers/ovn/mech_driver/ovsdb/ovsdb_monitor.py:65}}
Jul 10 17:03:18.981717 np0000005033 devstack@neutron-api.service[87603]: DEBUG neutron.plugins.ml2.drivers.ovn.mech_driver.ovsdb.ovsdb_monitor [None req-385c1f05-a40a-4ce6-869b-59064e3da95f None None] ChassisAgentWriteEvent : Matched Chassis_Private, create, None None {{(pid=87603) matches /opt/stack/neutron/neutron/plugins/ml2/drivers/ovn/mech_driver/ovsdb/ovsdb_monitor.py:65}}
Jul 10 17:03:18.982007 np0000005033 devstack@neutron-api.service[87603]: DEBUG neutron.plugins.ml2.drivers.ovn.mech_driver.ovsdb.ovsdb_monitor [None req-385c1f05-a40a-4ce6-869b-59064e3da95f None None] Hash Ring: Node 34098684935b59d398cc371e048865dd (host: np0000005033) handling event "create" for row fd2f25d3-c9a1-4a1e-b485-75cd8f8bb633 (table: Encap) {{(pid=87603) notify /opt/stack/neutron/neutron/plugins/ml2/drivers/ovn/mech_driver/ovsdb/ovsdb_monitor.py:1031}}
Jul 10 17:03:18.984064 np0000005033 devstack@neutron-api.service[87603]: INFO neutron.plugins.ml2.drivers.ovn.mech_driver.mech_driver [None req-385c1f05-a40a-4ce6-869b-59064e3da95f None None] WorkerService process has finished the post initialization
Jul 10 17:03:18.984489 np0000005033 devstack@neutron-api.service[87603]: DEBUG oslo_concurrency.processutils [None req-385c1f05-a40a-4ce6-869b-59064e3da95f None None] Running cmd (subprocess): ovsdb-client transact ssl:10.4.3.65:6641 --timeout 180 -p /opt/stack/data/CA/int-ca/private/devstack-cert.key -c /opt/stack/data/CA/int-ca/devstack-cert.crt -C /opt/stack/data/CA/int-ca/ca-chain.pem ["OVN_Northbound", {"op": "wait", "timeout": 0, "table": "Port_Group", "where": [["name", "==", "pvlan_pg_drop"]], "until": "==", "rows": []}, {"op": "insert", "table": "ACL", "row": {"action": "drop", "direction": "to-lport", "match": "outport == @pvlan_pg_drop && ip", "priority": 1010}, "uuid-name": "pvlandroptoport"}, {"op": "insert", "table": "ACL", "row": {"action": "drop", "direction": "from-lport", "match": "inport == @pvlan_pg_drop && ip", "priority": 1010}, "uuid-name": "pvlandropfromport"}, {"op": "insert", "table": "Port_Group", "row": {"name": "pvlan_pg_drop", "acls": ["set", [["named-uuid", "pvlandroptoport"], ["named-uuid", "pvlandropfromport"]]]}}] {{(pid=87603) execute /opt/stack/data/venv/lib/python3.12/site-packages/oslo_concurrency/processutils.py:440}}
Jul 10 17:03:19.011327 np0000005033 devstack@neutron-api.service[87605]: DEBUG neutron.common.ovn.hash_ring_manager [None req-f56cae7a-5f11-4016-ba38-3f6cdfc6eb81 None None] Allow caching, nodes 3>=3 {{(pid=87605) _wait_startup_before_caching /opt/stack/neutron/neutron/common/ovn/hash_ring_manager.py:71}}
Jul 10 17:03:19.017006 np0000005033 devstack@neutron-api.service[87603]: DEBUG oslo_concurrency.processutils [None req-385c1f05-a40a-4ce6-869b-59064e3da95f None None] CMD "ovsdb-client transact ssl:10.4.3.65:6641 --timeout 180 -p /opt/stack/data/CA/int-ca/private/devstack-cert.key -c /opt/stack/data/CA/int-ca/devstack-cert.crt -C /opt/stack/data/CA/int-ca/ca-chain.pem ["OVN_Northbound", {"op": "wait", "timeout": 0, "table": "Port_Group", "where": [["name", "==", "pvlan_pg_drop"]], "until": "==", "rows": []}, {"op": "insert", "table": "ACL", "row": {"action": "drop", "direction": "to-lport", "match": "outport == @pvlan_pg_drop && ip", "priority": 1010}, "uuid-name": "pvlandroptoport"}, {"op": "insert", "table": "ACL", "row": {"action": "drop", "direction": "from-lport", "match": "inport == @pvlan_pg_drop && ip", "priority": 1010}, "uuid-name": "pvlandropfromport"}, {"op": "insert", "table": "Port_Group", "row": {"name": "pvlan_pg_drop", "acls": ["set", [["named-uuid", "pvlandroptoport"], ["named-uuid", "pvlandropfromport"]]]}}]" returned: 0 in 0.032s {{(pid=87603) execute /opt/stack/data/venv/lib/python3.12/site-packages/oslo_concurrency/processutils.py:468}}
Jul 10 17:03:19.017520 np0000005033 devstack@neutron-api.service[87605]: DEBUG neutron.common.ovn.hash_ring_manager [None req-f56cae7a-5f11-4016-ba38-3f6cdfc6eb81 None None] Hash Ring loaded. 3 active nodes. 0 offline nodes {{(pid=87605) _load_hash_ring /opt/stack/neutron/neutron/common/ovn/hash_ring_manager.py:110}}
Jul 10 17:03:19.017810 np0000005033 devstack@neutron-api.service[87605]: DEBUG neutron.plugins.ml2.drivers.ovn.mech_driver.ovsdb.ovsdb_monitor [None req-f56cae7a-5f11-4016-ba38-3f6cdfc6eb81 None None] Hash Ring: Node c22dba9476205f7bb59cab6966037049 (host: np0000005033) handling event "create" for row 46070023-2abd-4547-8e09-d508029f50e9 (table: Chassis) {{(pid=87605) notify /opt/stack/neutron/neutron/plugins/ml2/drivers/ovn/mech_driver/ovsdb/ovsdb_monitor.py:1031}}
Jul 10 17:03:19.019096 np0000005033 devstack@neutron-api.service[87605]: DEBUG ovsdbapp.backend.ovs_idl.event [None req-f56cae7a-5f11-4016-ba38-3f6cdfc6eb81 None None] Matched CREATE: ChassisBandwidthConfigEvent(events=('create', 'update'), table='Chassis', conditions=None, old_conditions=None), priority=20 to row=Chassis(uuid=46070023-2abd-4547-8e09-d508029f50e9, encaps=[fd2f25d3-c9a1-4a1e-b485-75cd8f8bb633], external_ids={}, hostname='np0000005033', name='1bbf59c1-d3cd-4b9e-8422-b69a8b3711de', nb_cfg=0, other_config={'ct-commit-nat-v2': 'true', 'ct-commit-to-zone': 'true', 'ct-next-zone': 'true', 'ct-no-masked-label': 'true', 'ct-state-save': 'true', 'datapath-type': 'system', 'fdb-timestamp': 'true', 'iface-types': 'afxdp,afxdp-nonpmd,bareudp,erspan,geneve,gre,gtpu,internal,ip6erspan,ip6gre,lisp,patch,srv6,stt,system,tap,vxlan', 'is-interconn': 'false', 'ls-dpg-column': 'true', 'mac-binding-timestamp': 'true', 'ovn-bridge-mappings': 'public:br-ex', 'ovn-chassis-mac-mappings': '', 'ovn-cms-options': 'enable-chassis-as-gw', 'ovn-ct-lb-related': 'true', 'ovn-enable-lflow-cache': 'true', 'ovn-limit-lflow-cache': '', 'ovn-memlimit-lflow-cache-kb': '', 'ovn-monitor-all': 'false', 'ovn-trim-limit-lflow-cache': '', 'ovn-trim-timeout-ms': '', 'ovn-trim-wmark-perc-lflow-cache': '', 'port-up-notif': 'true'}, transport_zones=[], vtep_logical_switches=[]) old= {{(pid=87605) matches /opt/stack/data/venv/lib/python3.12/site-packages/ovsdbapp/backend/ovs_idl/event.py:55}}
Jul 10 17:03:19.019867 np0000005033 devstack@neutron-api.service[87605]: DEBUG neutron.plugins.ml2.drivers.ovn.mech_driver.ovsdb.ovsdb_monitor [None req-f56cae7a-5f11-4016-ba38-3f6cdfc6eb81 None None] ChassisAgentWriteEvent : Matched Chassis_Private, create, None None {{(pid=87605) matches /opt/stack/neutron/neutron/plugins/ml2/drivers/ovn/mech_driver/ovsdb/ovsdb_monitor.py:65}}
Jul 10 17:03:19.020093 np0000005033 devstack@neutron-api.service[87603]: WSGI app 0 (mountpoint='') ready in 8 seconds on interpreter 0x71708b0a4668 pid: 87603 (default app)
Jul 10 17:03:19.020136 np0000005033 devstack@neutron-api.service[87605]: DEBUG neutron.plugins.ml2.drivers.ovn.mech_driver.ovsdb.ovsdb_monitor [None req-f56cae7a-5f11-4016-ba38-3f6cdfc6eb81 None None] ChassisOVNAgentWriteEvent : Matched Chassis_Private, create, None None {{(pid=87605) matches /opt/stack/neutron/neutron/plugins/ml2/drivers/ovn/mech_driver/ovsdb/ovsdb_monitor.py:65}}
Jul 10 17:03:19.021339 np0000005033 devstack@neutron-api.service[87605]: DEBUG neutron.plugins.ml2.drivers.ovn.mech_driver.ovsdb.ovsdb_monitor [None req-f56cae7a-5f11-4016-ba38-3f6cdfc6eb81 None None] Hash Ring: Node c22dba9476205f7bb59cab6966037049 (host: np0000005033) handling event "create" for row 221fa97e-6e37-490e-9b9a-f8ce09fd1f41 (table: Chassis_Private) {{(pid=87605) notify /opt/stack/neutron/neutron/plugins/ml2/drivers/ovn/mech_driver/ovsdb/ovsdb_monitor.py:1031}}
Jul 10 17:03:19.022210 np0000005033 devstack@neutron-api.service[87605]: INFO neutron.plugins.ml2.drivers.ovn.mech_driver.mech_driver [None req-f56cae7a-5f11-4016-ba38-3f6cdfc6eb81 None None] WorkerService process has finished the post initialization
Jul 10 17:03:19.022713 np0000005033 devstack@neutron-api.service[87605]: DEBUG oslo_concurrency.processutils [None req-f56cae7a-5f11-4016-ba38-3f6cdfc6eb81 None None] Running cmd (subprocess): ovsdb-client transact ssl:10.4.3.65:6641 --timeout 180 -p /opt/stack/data/CA/int-ca/private/devstack-cert.key -c /opt/stack/data/CA/int-ca/devstack-cert.crt -C /opt/stack/data/CA/int-ca/ca-chain.pem ["OVN_Northbound", {"op": "wait", "timeout": 0, "table": "Port_Group", "where": [["name", "==", "pvlan_pg_drop"]], "until": "==", "rows": []}, {"op": "insert", "table": "ACL", "row": {"action": "drop", "direction": "to-lport", "match": "outport == @pvlan_pg_drop && ip", "priority": 1010}, "uuid-name": "pvlandroptoport"}, {"op": "insert", "table": "ACL", "row": {"action": "drop", "direction": "from-lport", "match": "inport == @pvlan_pg_drop && ip", "priority": 1010}, "uuid-name": "pvlandropfromport"}, {"op": "insert", "table": "Port_Group", "row": {"name": "pvlan_pg_drop", "acls": ["set", [["named-uuid", "pvlandroptoport"], ["named-uuid", "pvlandropfromport"]]]}}] {{(pid=87605) execute /opt/stack/data/venv/lib/python3.12/site-packages/oslo_concurrency/processutils.py:440}}
Jul 10 17:03:19.023112 np0000005033 devstack@neutron-api.service[87605]: INFO neutron.plugins.ml2.drivers.ovn.mech_driver.ovsdb.extensions.qos [-] Starting OVNClientQosExtension
Jul 10 17:03:19.023323 np0000005033 devstack@neutron-api.service[87605]: INFO neutron.plugins.ml2.drivers.ovn.mech_driver.ovsdb.extensions.placement [-] Starting OVNClientPlacementExtension
Jul 10 17:03:19.058580 np0000005033 devstack@neutron-api.service[87605]: DEBUG oslo_concurrency.processutils [None req-f56cae7a-5f11-4016-ba38-3f6cdfc6eb81 None None] CMD "ovsdb-client transact ssl:10.4.3.65:6641 --timeout 180 -p /opt/stack/data/CA/int-ca/private/devstack-cert.key -c /opt/stack/data/CA/int-ca/devstack-cert.crt -C /opt/stack/data/CA/int-ca/ca-chain.pem ["OVN_Northbound", {"op": "wait", "timeout": 0, "table": "Port_Group", "where": [["name", "==", "pvlan_pg_drop"]], "until": "==", "rows": []}, {"op": "insert", "table": "ACL", "row": {"action": "drop", "direction": "to-lport", "match": "outport == @pvlan_pg_drop && ip", "priority": 1010}, "uuid-name": "pvlandroptoport"}, {"op": "insert", "table": "ACL", "row": {"action": "drop", "direction": "from-lport", "match": "inport == @pvlan_pg_drop && ip", "priority": 1010}, "uuid-name": "pvlandropfromport"}, {"op": "insert", "table": "Port_Group", "row": {"name": "pvlan_pg_drop", "acls": ["set", [["named-uuid", "pvlandroptoport"], ["named-uuid", "pvlandropfromport"]]]}}]" returned: 0 in 0.035s {{(pid=87605) execute /opt/stack/data/venv/lib/python3.12/site-packages/oslo_concurrency/processutils.py:468}}
Jul 10 17:03:19.060580 np0000005033 devstack@neutron-api.service[87605]: WSGI app 0 (mountpoint='') ready in 8 seconds on interpreter 0x71708b0a4668 pid: 87605 (default app)
Jul 10 17:03:20.792252 np0000005033 devstack@neutron-api.service[87605]: DEBUG neutron.plugins.ml2.drivers.ovn.mech_driver.ovsdb.ovsdb_monitor [-] Hash Ring: Node c22dba9476205f7bb59cab6966037049 (host: np0000005033) handling event "update" for row 2c170e95-45f9-4d96-a609-134854729938 (table: Connection) {{(pid=87605) notify /opt/stack/neutron/neutron/plugins/ml2/drivers/ovn/mech_driver/ovsdb/ovsdb_monitor.py:1031}}
Jul 10 17:03:20.794199 np0000005033 devstack@neutron-api.service[87604]: DEBUG neutron.common.ovn.hash_ring_manager [-] Allow caching, nodes 3>=3 {{(pid=87604) _wait_startup_before_caching /opt/stack/neutron/neutron/common/ovn/hash_ring_manager.py:71}}
Jul 10 17:03:20.794526 np0000005033 devstack@neutron-api.service[87604]: DEBUG neutron.plugins.ml2.drivers.ovn.mech_driver.ovsdb.ovsdb_monitor [-] Hash Ring: Node 70817cd6cafa58589d337804561682b4 (host: np0000005033) handling event "update" for row 2c170e95-45f9-4d96-a609-134854729938 (table: Connection) {{(pid=87604) notify /opt/stack/neutron/neutron/plugins/ml2/drivers/ovn/mech_driver/ovsdb/ovsdb_monitor.py:1031}}
Jul 10 17:03:23.688476 np0000005033 devstack@neutron-api.service[87604]: DEBUG neutron.api.wsgi [None req-4b293ca6-15a8-4695-98bf-91607eeedc73 admin admin] Missing Content-Type {{(pid=87604) get_content_type /opt/stack/neutron/neutron/api/wsgi.py:80}}
Jul 10 17:03:23.689075 np0000005033 devstack@neutron-api.service[87604]: DEBUG neutron.api.wsgi [None req-4b293ca6-15a8-4695-98bf-91607eeedc73 admin admin] https://10.4.3.65/networking/v2.0/extensions returned with HTTP 200 {{(pid=87604) __call__ /opt/stack/neutron/neutron/api/wsgi.py:540}}
Jul 10 17:03:23.689493 np0000005033 devstack@neutron-api.service[87604]: [pid: 87604|app: 0|req: 2/2] 10.4.3.65 () {64 vars in 1285 bytes} [Fri Jul 10 17:03:23 2026] GET /networking/v2.0/extensions => generated 16171 bytes in 618 msecs (HTTP/1.1 200) 4 headers in 159 bytes (1 switches on core 0)
Jul 10 17:03:24.130126 np0000005033 devstack@neutron-api.service[87603]: DEBUG neutron.api.v2.base [None req-7e9a8c23-746a-4f78-a5a5-431a2c513bbe admin admin] Request body: {'subnetpool': {'shared': True, 'default_prefixlen': 26, 'is_default': True, 'prefixes': ['10.1.0.0/20'], 'name': 'shared-default-subnetpool-v4'}} {{(pid=87603) prepare_request_body /opt/stack/neutron/neutron/api/v2/base.py:727}}
Jul 10 17:03:24.360601 np0000005033 devstack@neutron-api.service[87603]: DEBUG neutron.policy [None req-7e9a8c23-746a-4f78-a5a5-431a2c513bbe admin admin] Loaded default policies from ['neutron'] under neutron.policies entry points {{(pid=87603) register_rules /opt/stack/neutron/neutron/policy.py:65}}
Jul 10 17:03:24.512115 np0000005033 devstack@neutron-api.service[87603]: DEBUG neutron_lib.callbacks.manager [None req-7e9a8c23-746a-4f78-a5a5-431a2c513bbe admin admin] Publish callbacks ['neutron.objects.securitygroup.RbacNeutronDbObjectMixin.validate_rbac_policy_change-1293326241998', 'neutron.objects.address_group.RbacNeutronDbObjectMixin.validate_rbac_policy_change-1293326237694', 'neutron.objects.network.RbacNeutronDbObjectMixin.validate_rbac_policy_change-1293326666900', 'neutron.objects.qos.policy.RbacNeutronDbObjectMixin.validate_rbac_policy_change-1293326651262', 'neutron.objects.subnetpool.RbacNeutronDbObjectMixin.validate_rbac_policy_change-1293326679280', 'neutron.objects.address_scope.RbacNeutronDbObjectMixin.validate_rbac_policy_change-1293326579564', 'neutron.plugins.ml2.plugin.External_net_db_mixin._process_ext_policy_create-67526', 'neutron.plugins.ml2.plugin.NeutronDbPluginV2.validate_network_rbac_policy_change-452526'] for rbac-policy (None), before_create {{(pid=87603) _notify_loop /opt/stack/data/venv/lib/python3.12/site-packages/neutron_lib/callbacks/manager.py:184}}
Jul 10 17:03:24.554449 np0000005033 devstack@neutron-api.service[87603]: DEBUG neutron_lib.callbacks.manager [None req-7e9a8c23-746a-4f78-a5a5-431a2c513bbe admin admin] Publish callbacks [] for subnetpool (None), before_response {{(pid=87603) _notify_loop /opt/stack/data/venv/lib/python3.12/site-packages/neutron_lib/callbacks/manager.py:184}}
Jul 10 17:03:24.554922 np0000005033 devstack@neutron-api.service[87603]: [pid: 87603|app: 0|req: 1/3] 10.4.3.65 () {68 vars in 1329 bytes} [Fri Jul 10 17:03:23 2026] POST /networking/v2.0/subnetpools => generated 533 bytes in 558 msecs (HTTP/1.1 201) 4 headers in 162 bytes (1 switches on core 0)
Jul 10 17:03:24.883298 np0000005033 devstack@neutron-api.service[87605]: DEBUG neutron.api.v2.base [None req-1c0a7054-ee43-412d-b6ca-0e9c15f26ea5 admin admin] Request body: {'subnetpool': {'shared': True, 'default_prefixlen': 64, 'is_default': True, 'prefixes': ['fdc9:73ce:26ba::/56'], 'name': 'shared-default-subnetpool-v6'}} {{(pid=87605) prepare_request_body /opt/stack/neutron/neutron/api/v2/base.py:727}}
Jul 10 17:03:25.078014 np0000005033 devstack@neutron-api.service[87605]: DEBUG neutron.policy [None req-1c0a7054-ee43-412d-b6ca-0e9c15f26ea5 admin admin] Loaded default policies from ['neutron'] under neutron.policies entry points {{(pid=87605) register_rules /opt/stack/neutron/neutron/policy.py:65}}
Jul 10 17:03:25.249158 np0000005033 devstack@neutron-api.service[87605]: DEBUG neutron_lib.callbacks.manager [None req-1c0a7054-ee43-412d-b6ca-0e9c15f26ea5 admin admin] Publish callbacks ['neutron.objects.securitygroup.RbacNeutronDbObjectMixin.validate_rbac_policy_change-1293326691166', 'neutron.objects.address_group.RbacNeutronDbObjectMixin.validate_rbac_policy_change-1293326664246', 'neutron.objects.network.RbacNeutronDbObjectMixin.validate_rbac_policy_change-1293326653922', 'neutron.objects.qos.policy.RbacNeutronDbObjectMixin.validate_rbac_policy_change-1293326650597', 'neutron.objects.subnetpool.RbacNeutronDbObjectMixin.validate_rbac_policy_change-1293326626268', 'neutron.objects.address_scope.RbacNeutronDbObjectMixin.validate_rbac_policy_change-1293326618940', 'neutron.plugins.ml2.plugin.External_net_db_mixin._process_ext_policy_create-57831', 'neutron.plugins.ml2.plugin.NeutronDbPluginV2.validate_network_rbac_policy_change-43131'] for rbac-policy (None), before_create {{(pid=87605) _notify_loop /opt/stack/data/venv/lib/python3.12/site-packages/neutron_lib/callbacks/manager.py:184}}
Jul 10 17:03:25.293006 np0000005033 devstack@neutron-api.service[87605]: DEBUG neutron_lib.callbacks.manager [None req-1c0a7054-ee43-412d-b6ca-0e9c15f26ea5 admin admin] Publish callbacks [] for subnetpool (None), before_response {{(pid=87605) _notify_loop /opt/stack/data/venv/lib/python3.12/site-packages/neutron_lib/callbacks/manager.py:184}}
Jul 10 17:03:25.293596 np0000005033 devstack@neutron-api.service[87605]: [pid: 87605|app: 0|req: 1/4] 10.4.3.65 () {68 vars in 1329 bytes} [Fri Jul 10 17:03:24 2026] POST /networking/v2.0/subnetpools => generated 543 bytes in 507 msecs (HTTP/1.1 201) 4 headers in 162 bytes (1 switches on core 0)
Jul 10 17:03:25.549339 np0000005033 devstack@neutron-api.service[87604]: DEBUG neutron.api.v2.base [None req-d6b37ee0-6fa5-4e39-82cc-47553d8339ca admin admin] Request body: {'network': {'admin_state_up': True, 'name': 'private'}} {{(pid=87604) prepare_request_body /opt/stack/neutron/neutron/api/v2/base.py:727}}
Jul 10 17:03:25.581645 np0000005033 devstack@neutron-api.service[87604]: DEBUG neutron.pecan_wsgi.hooks.quota_enforcement [None req-d6b37ee0-6fa5-4e39-82cc-47553d8339ca admin admin] Made reservation on behalf of 51d16b1c52aa4baeb54ff2c13a2be6ad for: {'network': 1} {{(pid=87604) before /opt/stack/neutron/neutron/pecan_wsgi/hooks/quota_enforcement.py:66}}
Jul 10 17:03:25.783734 np0000005033 devstack@neutron-api.service[87604]: DEBUG neutron.policy [None req-d6b37ee0-6fa5-4e39-82cc-47553d8339ca admin admin] Loaded default policies from ['neutron'] under neutron.policies entry points {{(pid=87604) register_rules /opt/stack/neutron/neutron/policy.py:65}}
Jul 10 17:03:25.885475 np0000005033 devstack@neutron-api.service[87604]: DEBUG neutron_lib.callbacks.manager [None req-d6b37ee0-6fa5-4e39-82cc-47553d8339ca admin admin] Publish callbacks ['neutron.plugins.ml2.plugin.SecurityGroupDbMixin._ensure_default_security_group_handler-253719'] for network (None), before_create {{(pid=87604) _notify_loop /opt/stack/data/venv/lib/python3.12/site-packages/neutron_lib/callbacks/manager.py:184}}
Jul 10 17:03:25.906123 np0000005033 devstack@neutron-api.service[87604]: DEBUG neutron_lib.callbacks.manager [None req-d6b37ee0-6fa5-4e39-82cc-47553d8339ca admin admin] Publish callbacks [] for security_group (None), before_create {{(pid=87604) _notify_loop /opt/stack/data/venv/lib/python3.12/site-packages/neutron_lib/callbacks/manager.py:184}}
Jul 10 17:03:26.011498 np0000005033 devstack@neutron-api.service[87604]: DEBUG neutron_lib.callbacks.manager [None req-d6b37ee0-6fa5-4e39-82cc-47553d8339ca admin admin] Publish callbacks ['neutron.plugins.ml2.drivers.ovn.mech_driver.mech_driver.OVNMechanismDriver._create_security_group_precommit-8378486'] for security_group (fe9460f9-678b-4b92-985d-4bc49df1cd39), precommit_create {{(pid=87604) _notify_loop /opt/stack/data/venv/lib/python3.12/site-packages/neutron_lib/callbacks/manager.py:184}}
Jul 10 17:03:26.011684 np0000005033 devstack@neutron-api.service[87604]: DEBUG neutron.db.ovn_revision_numbers_db [None req-d6b37ee0-6fa5-4e39-82cc-47553d8339ca admin admin] create_initial_revision uuid=fe9460f9-678b-4b92-985d-4bc49df1cd39, type=security_groups, rev=-1 {{(pid=87604) create_initial_revision /opt/stack/neutron/neutron/db/ovn_revision_numbers_db.py:98}}
Jul 10 17:03:26.014095 np0000005033 devstack@neutron-api.service[87604]: DEBUG neutron.db.ovn_revision_numbers_db [None req-d6b37ee0-6fa5-4e39-82cc-47553d8339ca admin admin] create_initial_revision uuid=1db3a7bb-deec-4ebf-ba14-c67d75979d02, type=security_group_rules, rev=-1 {{(pid=87604) create_initial_revision /opt/stack/neutron/neutron/db/ovn_revision_numbers_db.py:98}}
Jul 10 17:03:26.015062 np0000005033 devstack@neutron-api.service[87604]: DEBUG neutron.db.ovn_revision_numbers_db [None req-d6b37ee0-6fa5-4e39-82cc-47553d8339ca admin admin] create_initial_revision uuid=30ab3d65-90ba-4c06-8a43-9873bc9bda47, type=security_group_rules, rev=-1 {{(pid=87604) create_initial_revision /opt/stack/neutron/neutron/db/ovn_revision_numbers_db.py:98}}
Jul 10 17:03:26.016031 np0000005033 devstack@neutron-api.service[87604]: DEBUG neutron.db.ovn_revision_numbers_db [None req-d6b37ee0-6fa5-4e39-82cc-47553d8339ca admin admin] create_initial_revision uuid=5dc76c37-95aa-4336-a147-98cd86c1a6e8, type=security_group_rules, rev=-1 {{(pid=87604) create_initial_revision /opt/stack/neutron/neutron/db/ovn_revision_numbers_db.py:98}}
Jul 10 17:03:26.016920 np0000005033 devstack@neutron-api.service[87604]: DEBUG neutron.db.ovn_revision_numbers_db [None req-d6b37ee0-6fa5-4e39-82cc-47553d8339ca admin admin] create_initial_revision uuid=cf741b25-67b8-4c9e-891b-986cc2147b7a, type=security_group_rules, rev=-1 {{(pid=87604) create_initial_revision /opt/stack/neutron/neutron/db/ovn_revision_numbers_db.py:98}}
Jul 10 17:03:26.020516 np0000005033 devstack@neutron-api.service[87604]: DEBUG neutron_lib.callbacks.manager [None req-d6b37ee0-6fa5-4e39-82cc-47553d8339ca admin admin] Publish callbacks ['neutron.plugins.ml2.drivers.ovn.mech_driver.mech_driver.OVNMechanismDriver._create_security_group-8378376', 'neutron.plugins.ml2.ovo_rpc._ObjectChangeHandler.handle_event-7844813'] for security_group (fe9460f9-678b-4b92-985d-4bc49df1cd39), after_create {{(pid=87604) _notify_loop /opt/stack/data/venv/lib/python3.12/site-packages/neutron_lib/callbacks/manager.py:184}}
Jul 10 17:03:26.021117 np0000005033 devstack@neutron-api.service[87604]: DEBUG ovsdbapp.backend.ovs_idl.transaction [-] Running txn n=1 command(idx=0): PgAddCommand(_result=None, name=pg_fe9460f9_678b_4b92_985d_4bc49df1cd39, may_exist=False, columns={'acls': [], 'external_ids': {'neutron:security_group_id': 'fe9460f9-678b-4b92-985d-4bc49df1cd39'}}) {{(pid=87604) do_commit /opt/stack/data/venv/lib/python3.12/site-packages/ovsdbapp/backend/ovs_idl/transaction.py:89}}
Jul 10 17:03:26.022011 np0000005033 devstack@neutron-api.service[87604]: DEBUG ovsdbapp.backend.ovs_idl.transaction [-] Running txn n=1 command(idx=1): PgAclAddCommand(_result=None, entity=pg_fe9460f9_678b_4b92_985d_4bc49df1cd39, direction=to-lport, priority=1002, match=outport == @pg_fe9460f9_678b_4b92_985d_4bc49df1cd39 && ip4 && ip4.src == $pg_fe9460f9_678b_4b92_985d_4bc49df1cd39_ip4, action=allow-related, log=False, may_exist=True, severity=[], name=[], meter=[], external_ids={'neutron:security_group_rule_id': '1db3a7bb-deec-4ebf-ba14-c67d75979d02'}) {{(pid=87604) do_commit /opt/stack/data/venv/lib/python3.12/site-packages/ovsdbapp/backend/ovs_idl/transaction.py:89}}
Jul 10 17:03:26.022334 np0000005033 devstack@neutron-api.service[87604]: DEBUG ovsdbapp.backend.ovs_idl.transaction [-] Running txn n=1 command(idx=2): PgAclAddCommand(_result=None, entity=pg_fe9460f9_678b_4b92_985d_4bc49df1cd39, direction=from-lport, priority=1002, match=inport == @pg_fe9460f9_678b_4b92_985d_4bc49df1cd39 && ip4, action=allow-related, log=False, may_exist=True, severity=[], name=[], meter=[], external_ids={'neutron:security_group_rule_id': '30ab3d65-90ba-4c06-8a43-9873bc9bda47'}) {{(pid=87604) do_commit /opt/stack/data/venv/lib/python3.12/site-packages/ovsdbapp/backend/ovs_idl/transaction.py:89}}
Jul 10 17:03:26.022599 np0000005033 devstack@neutron-api.service[87604]: DEBUG ovsdbapp.backend.ovs_idl.transaction [-] Running txn n=1 command(idx=3): PgAclAddCommand(_result=None, entity=pg_fe9460f9_678b_4b92_985d_4bc49df1cd39, direction=from-lport, priority=1002, match=inport == @pg_fe9460f9_678b_4b92_985d_4bc49df1cd39 && ip6, action=allow-related, log=False, may_exist=True, severity=[], name=[], meter=[], external_ids={'neutron:security_group_rule_id': '5dc76c37-95aa-4336-a147-98cd86c1a6e8'}) {{(pid=87604) do_commit /opt/stack/data/venv/lib/python3.12/site-packages/ovsdbapp/backend/ovs_idl/transaction.py:89}}
Jul 10 17:03:26.022837 np0000005033 devstack@neutron-api.service[87604]: DEBUG ovsdbapp.backend.ovs_idl.transaction [-] Running txn n=1 command(idx=4): PgAclAddCommand(_result=None, entity=pg_fe9460f9_678b_4b92_985d_4bc49df1cd39, direction=to-lport, priority=1002, match=outport == @pg_fe9460f9_678b_4b92_985d_4bc49df1cd39 && ip6 && ip6.src == $pg_fe9460f9_678b_4b92_985d_4bc49df1cd39_ip6, action=allow-related, log=False, may_exist=True, severity=[], name=[], meter=[], external_ids={'neutron:security_group_rule_id': 'cf741b25-67b8-4c9e-891b-986cc2147b7a'}) {{(pid=87604) do_commit /opt/stack/data/venv/lib/python3.12/site-packages/ovsdbapp/backend/ovs_idl/transaction.py:89}}
Jul 10 17:03:26.028724 np0000005033 devstack@neutron-api.service[87604]: DEBUG neutron.plugins.ml2.drivers.ovn.mech_driver.ovsdb.ovsdb_monitor [-] Hash Ring: Node 70817cd6cafa58589d337804561682b4 (host: np0000005033) handling event "create" for row 6ba86d0c-4c16-4d7d-b608-864f39450f41 (table: ACL) {{(pid=87604) notify /opt/stack/neutron/neutron/plugins/ml2/drivers/ovn/mech_driver/ovsdb/ovsdb_monitor.py:1031}}
Jul 10 17:03:26.028724 np0000005033 devstack@neutron-api.service[87604]: DEBUG neutron.plugins.ml2.drivers.ovn.mech_driver.ovsdb.ovsdb_monitor [-] Hash Ring: Node 70817cd6cafa58589d337804561682b4 (host: np0000005033) handling event "create" for row b1d62d37-cb13-4b78-8a7f-8752723de068 (table: ACL) {{(pid=87604) notify /opt/stack/neutron/neutron/plugins/ml2/drivers/ovn/mech_driver/ovsdb/ovsdb_monitor.py:1031}}
Jul 10 17:03:26.029127 np0000005033 devstack@neutron-api.service[87604]: DEBUG neutron.plugins.ml2.drivers.ovn.mech_driver.ovsdb.ovsdb_monitor [-] Hash Ring: Node 70817cd6cafa58589d337804561682b4 (host: np0000005033) handling event "create" for row d653a949-87e0-4c81-b004-2990d9161a7d (table: ACL) {{(pid=87604) notify /opt/stack/neutron/neutron/plugins/ml2/drivers/ovn/mech_driver/ovsdb/ovsdb_monitor.py:1031}}
Jul 10 17:03:26.029127 np0000005033 devstack@neutron-api.service[87604]: DEBUG neutron.plugins.ml2.drivers.ovn.mech_driver.ovsdb.ovsdb_monitor [-] Hash Ring: Node 70817cd6cafa58589d337804561682b4 (host: np0000005033) handling event "create" for row ecd26530-c37c-434f-8c31-ebef95488738 (table: ACL) {{(pid=87604) notify /opt/stack/neutron/neutron/plugins/ml2/drivers/ovn/mech_driver/ovsdb/ovsdb_monitor.py:1031}}
Jul 10 17:03:26.029127 np0000005033 devstack@neutron-api.service[87604]: DEBUG neutron.plugins.ml2.drivers.ovn.mech_driver.ovsdb.ovsdb_monitor [-] Hash Ring: Node 70817cd6cafa58589d337804561682b4 (host: np0000005033) handling event "create" for row 1dbeae00-4f94-4679-b4e4-8b7a7b5230bf (table: Port_Group) {{(pid=87604) notify /opt/stack/neutron/neutron/plugins/ml2/drivers/ovn/mech_driver/ovsdb/ovsdb_monitor.py:1031}}
Jul 10 17:03:26.030322 np0000005033 devstack@neutron-api.service[87603]: DEBUG neutron.plugins.ml2.drivers.ovn.mech_driver.ovsdb.ovsdb_monitor [-] Hash Ring: Node 34098684935b59d398cc371e048865dd (host: np0000005033) handling event "create" for row b1d62d37-cb13-4b78-8a7f-8752723de068 (table: ACL) {{(pid=87603) notify /opt/stack/neutron/neutron/plugins/ml2/drivers/ovn/mech_driver/ovsdb/ovsdb_monitor.py:1031}}
Jul 10 17:03:26.031203 np0000005033 devstack@neutron-api.service[87605]: DEBUG neutron.plugins.ml2.drivers.ovn.mech_driver.ovsdb.ovsdb_monitor [-] Hash Ring: Node c22dba9476205f7bb59cab6966037049 (host: np0000005033) handling event "create" for row ecd26530-c37c-434f-8c31-ebef95488738 (table: ACL) {{(pid=87605) notify /opt/stack/neutron/neutron/plugins/ml2/drivers/ovn/mech_driver/ovsdb/ovsdb_monitor.py:1031}}
Jul 10 17:03:26.052915 np0000005033 devstack@neutron-api.service[87604]: INFO neutron.db.ovn_revision_numbers_db [None req-d6b37ee0-6fa5-4e39-82cc-47553d8339ca admin admin] Successfully bumped revision number for resource fe9460f9-678b-4b92-985d-4bc49df1cd39 (type: security_groups) to 1
Jul 10 17:03:26.067019 np0000005033 devstack@neutron-api.service[87604]: INFO neutron.db.ovn_revision_numbers_db [None req-d6b37ee0-6fa5-4e39-82cc-47553d8339ca admin admin] Successfully bumped revision number for resource 1db3a7bb-deec-4ebf-ba14-c67d75979d02 (type: security_group_rules) to 0
Jul 10 17:03:26.077891 np0000005033 devstack@neutron-api.service[87604]: INFO neutron.db.ovn_revision_numbers_db [None req-d6b37ee0-6fa5-4e39-82cc-47553d8339ca admin admin] Successfully bumped revision number for resource 30ab3d65-90ba-4c06-8a43-9873bc9bda47 (type: security_group_rules) to 0
Jul 10 17:03:26.088703 np0000005033 devstack@neutron-api.service[87604]: INFO neutron.db.ovn_revision_numbers_db [None req-d6b37ee0-6fa5-4e39-82cc-47553d8339ca admin admin] Successfully bumped revision number for resource 5dc76c37-95aa-4336-a147-98cd86c1a6e8 (type: security_group_rules) to 0
Jul 10 17:03:26.100563 np0000005033 devstack@neutron-api.service[87604]: INFO neutron.db.ovn_revision_numbers_db [None req-d6b37ee0-6fa5-4e39-82cc-47553d8339ca admin admin] Successfully bumped revision number for resource cf741b25-67b8-4c9e-891b-986cc2147b7a (type: security_group_rules) to 0
Jul 10 17:03:26.120959 np0000005033 devstack@neutron-api.service[87604]: DEBUG neutron.api.rpc.handlers.resources_rpc [None req-d6b37ee0-6fa5-4e39-82cc-47553d8339ca admin admin] Pushing event updated for resources: {'SecurityGroup': ['ID=fe9460f9-678b-4b92-985d-4bc49df1cd39,revision_number=1']} {{(pid=87604) push /opt/stack/neutron/neutron/api/rpc/handlers/resources_rpc.py:237}}
Jul 10 17:03:26.128228 np0000005033 devstack@neutron-api.service[87604]: DEBUG ovsdbapp.backend.ovs_idl.transaction [-] Running txn n=1 command(idx=0): CheckLivenessCommand(_result=None) {{(pid=87604) do_commit /opt/stack/data/venv/lib/python3.12/site-packages/ovsdbapp/backend/ovs_idl/transaction.py:89}}
Jul 10 17:03:26.130520 np0000005033 devstack@neutron-api.service[87604]: DEBUG neutron.plugins.ml2.drivers.ovn.mech_driver.ovsdb.ovsdb_monitor [-] Hash Ring: Node 70817cd6cafa58589d337804561682b4 (host: np0000005033) handling event "update" for row 3add3817-8406-46e3-a2dc-493419162bbc (table: NB_Global) {{(pid=87604) notify /opt/stack/neutron/neutron/plugins/ml2/drivers/ovn/mech_driver/ovsdb/ovsdb_monitor.py:1031}}
Jul 10 17:03:26.133941 np0000005033 devstack@neutron-api.service[87603]: DEBUG neutron.plugins.ml2.drivers.ovn.mech_driver.ovsdb.ovsdb_monitor [-] Hash Ring: Node 34098684935b59d398cc371e048865dd (host: np0000005033) handling event "update" for row 3add3817-8406-46e3-a2dc-493419162bbc (table: NB_Global) {{(pid=87603) notify /opt/stack/neutron/neutron/plugins/ml2/drivers/ovn/mech_driver/ovsdb/ovsdb_monitor.py:1031}}
Jul 10 17:03:26.134169 np0000005033 devstack@neutron-api.service[87604]: DEBUG neutron.api.rpc.callbacks.version_manager [None req-d6b37ee0-6fa5-4e39-82cc-47553d8339ca admin admin] Tracked resource versions report:
Jul 10 17:03:26.134169 np0000005033 devstack@neutron-api.service[87604]: pushed versions:
Jul 10 17:03:26.134169 np0000005033 devstack@neutron-api.service[87604]: { 'AddressGroup': {'1.2'},
Jul 10 17:03:26.134169 np0000005033 devstack@neutron-api.service[87604]: 'Agent': {'1.1'},
Jul 10 17:03:26.134169 np0000005033 devstack@neutron-api.service[87604]: 'ConntrackHelper': {'1.0'},
Jul 10 17:03:26.134169 np0000005033 devstack@neutron-api.service[87604]: 'LocalIPAssociation': {'1.0'},
Jul 10 17:03:26.134169 np0000005033 devstack@neutron-api.service[87604]: 'Log': {'1.0'},
Jul 10 17:03:26.134169 np0000005033 devstack@neutron-api.service[87604]: 'NDPProxy': {'1.0'},
Jul 10 17:03:26.134169 np0000005033 devstack@neutron-api.service[87604]: 'Network': {'1.3'},
Jul 10 17:03:26.134169 np0000005033 devstack@neutron-api.service[87604]: 'Port': {'1.11'},
Jul 10 17:03:26.134169 np0000005033 devstack@neutron-api.service[87604]: 'PortForwarding': {'1.3'},
Jul 10 17:03:26.134169 np0000005033 devstack@neutron-api.service[87604]: 'QosPolicy': {'1.10'},
Jul 10 17:03:26.134169 np0000005033 devstack@neutron-api.service[87604]: 'SecurityGroup': {'1.6'},
Jul 10 17:03:26.134169 np0000005033 devstack@neutron-api.service[87604]: 'SecurityGroupRule': {'1.3'},
Jul 10 17:03:26.134169 np0000005033 devstack@neutron-api.service[87604]: 'SubPort': {'1.0'},
Jul 10 17:03:26.134169 np0000005033 devstack@neutron-api.service[87604]: 'Subnet': {'1.2'},
Jul 10 17:03:26.134169 np0000005033 devstack@neutron-api.service[87604]: 'Trunk': {'1.1'}}
Jul 10 17:03:26.134169 np0000005033 devstack@neutron-api.service[87604]: consumer versions:
Jul 10 17:03:26.134169 np0000005033 devstack@neutron-api.service[87604]: {}
Jul 10 17:03:26.134169 np0000005033 devstack@neutron-api.service[87604]: {{(pid=87604) report /opt/stack/neutron/neutron/api/rpc/callbacks/version_manager.py:183}}
Jul 10 17:03:26.135877 np0000005033 devstack@neutron-api.service[87603]: DEBUG neutron.plugins.ml2.drivers.ovn.mech_driver.ovsdb.ovsdb_monitor [-] ChassisAgentWriteEvent : Matched Chassis_Private, update, None None {{(pid=87603) matches /opt/stack/neutron/neutron/plugins/ml2/drivers/ovn/mech_driver/ovsdb/ovsdb_monitor.py:65}}
Jul 10 17:03:26.135955 np0000005033 devstack@neutron-api.service[87605]: DEBUG neutron.plugins.ml2.drivers.ovn.mech_driver.ovsdb.ovsdb_monitor [-] ChassisAgentWriteEvent : Matched Chassis_Private, update, None None {{(pid=87605) matches /opt/stack/neutron/neutron/plugins/ml2/drivers/ovn/mech_driver/ovsdb/ovsdb_monitor.py:65}}
Jul 10 17:03:26.135955 np0000005033 devstack@neutron-api.service[87605]: DEBUG neutron.plugins.ml2.drivers.ovn.mech_driver.ovsdb.ovsdb_monitor [-] Hash Ring: Node c22dba9476205f7bb59cab6966037049 (host: np0000005033) handling event "update" for row 221fa97e-6e37-490e-9b9a-f8ce09fd1f41 (table: Chassis_Private) {{(pid=87605) notify /opt/stack/neutron/neutron/plugins/ml2/drivers/ovn/mech_driver/ovsdb/ovsdb_monitor.py:1031}}
Jul 10 17:03:26.138601 np0000005033 devstack@neutron-api.service[87603]: DEBUG neutron.plugins.ml2.drivers.ovn.mech_driver.ovsdb.ovsdb_monitor [-] Hash Ring: Node 34098684935b59d398cc371e048865dd (host: np0000005033) handling event "update" for row 3add3817-8406-46e3-a2dc-493419162bbc (table: NB_Global) {{(pid=87603) notify /opt/stack/neutron/neutron/plugins/ml2/drivers/ovn/mech_driver/ovsdb/ovsdb_monitor.py:1031}}
Jul 10 17:03:26.139036 np0000005033 devstack@neutron-api.service[87604]: DEBUG neutron.plugins.ml2.drivers.ovn.mech_driver.ovsdb.ovsdb_monitor [-] ChassisAgentWriteEvent : Matched Chassis_Private, update, None None {{(pid=87604) matches /opt/stack/neutron/neutron/plugins/ml2/drivers/ovn/mech_driver/ovsdb/ovsdb_monitor.py:65}}
Jul 10 17:03:26.140111 np0000005033 devstack@neutron-api.service[87603]: DEBUG neutron.plugins.ml2.drivers.ovn.mech_driver.ovsdb.ovsdb_monitor [-] Hash Ring: Node 34098684935b59d398cc371e048865dd (host: np0000005033) handling event "update" for row 3add3817-8406-46e3-a2dc-493419162bbc (table: NB_Global) {{(pid=87603) notify /opt/stack/neutron/neutron/plugins/ml2/drivers/ovn/mech_driver/ovsdb/ovsdb_monitor.py:1031}}
Jul 10 17:03:26.141537 np0000005033 devstack@neutron-api.service[87603]: DEBUG neutron.plugins.ml2.drivers.ovn.mech_driver.ovsdb.ovsdb_monitor [-] ChassisOVNAgentWriteEvent : Matched Chassis_Private, update, None None {{(pid=87603) matches /opt/stack/neutron/neutron/plugins/ml2/drivers/ovn/mech_driver/ovsdb/ovsdb_monitor.py:65}}
Jul 10 17:03:26.141621 np0000005033 devstack@neutron-api.service[87604]: DEBUG neutron.plugins.ml2.drivers.ovn.mech_driver.ovsdb.ovsdb_monitor [-] Hash Ring: Node 70817cd6cafa58589d337804561682b4 (host: np0000005033) handling event "update" for row 3add3817-8406-46e3-a2dc-493419162bbc (table: NB_Global) {{(pid=87604) notify /opt/stack/neutron/neutron/plugins/ml2/drivers/ovn/mech_driver/ovsdb/ovsdb_monitor.py:1031}}
Jul 10 17:03:26.141823 np0000005033 devstack@neutron-api.service[87605]: DEBUG neutron.plugins.ml2.drivers.ovn.mech_driver.ovsdb.ovsdb_monitor [-] ChassisOVNAgentWriteEvent : Matched Chassis_Private, update, None None {{(pid=87605) matches /opt/stack/neutron/neutron/plugins/ml2/drivers/ovn/mech_driver/ovsdb/ovsdb_monitor.py:65}}
Jul 10 17:03:26.142140 np0000005033 devstack@neutron-api.service[87605]: DEBUG neutron.plugins.ml2.drivers.ovn.mech_driver.ovsdb.ovsdb_monitor [-] Hash Ring: Node c22dba9476205f7bb59cab6966037049 (host: np0000005033) handling event "update" for row 221fa97e-6e37-490e-9b9a-f8ce09fd1f41 (table: Chassis_Private) {{(pid=87605) notify /opt/stack/neutron/neutron/plugins/ml2/drivers/ovn/mech_driver/ovsdb/ovsdb_monitor.py:1031}}
Jul 10 17:03:26.143005 np0000005033 devstack@neutron-api.service[87604]: DEBUG neutron.plugins.ml2.drivers.ovn.mech_driver.ovsdb.ovsdb_monitor [-] Hash Ring: Node 70817cd6cafa58589d337804561682b4 (host: np0000005033) handling event "update" for row 3add3817-8406-46e3-a2dc-493419162bbc (table: NB_Global) {{(pid=87604) notify /opt/stack/neutron/neutron/plugins/ml2/drivers/ovn/mech_driver/ovsdb/ovsdb_monitor.py:1031}}
Jul 10 17:03:26.148029 np0000005033 devstack@neutron-api.service[87604]: DEBUG neutron.common.ovn.hash_ring_manager [-] Allow caching, nodes 3>=3 {{(pid=87604) _wait_startup_before_caching /opt/stack/neutron/neutron/common/ovn/hash_ring_manager.py:71}}
Jul 10 17:03:26.148700 np0000005033 devstack@neutron-api.service[87604]: DEBUG neutron.plugins.ml2.drivers.ovn.mech_driver.ovsdb.ovsdb_monitor [-] Hash Ring: Node 70817cd6cafa58589d337804561682b4 (host: np0000005033) handling event "update" for row 221fa97e-6e37-490e-9b9a-f8ce09fd1f41 (table: Chassis_Private) {{(pid=87604) notify /opt/stack/neutron/neutron/plugins/ml2/drivers/ovn/mech_driver/ovsdb/ovsdb_monitor.py:1031}}
Jul 10 17:03:26.150352 np0000005033 devstack@neutron-api.service[87604]: DEBUG neutron.plugins.ml2.drivers.ovn.mech_driver.ovsdb.ovsdb_monitor [-] ChassisOVNAgentWriteEvent : Matched Chassis_Private, update, None None {{(pid=87604) matches /opt/stack/neutron/neutron/plugins/ml2/drivers/ovn/mech_driver/ovsdb/ovsdb_monitor.py:65}}
Jul 10 17:03:26.150683 np0000005033 devstack@neutron-api.service[87604]: DEBUG neutron.plugins.ml2.drivers.ovn.mech_driver.ovsdb.ovsdb_monitor [-] Hash Ring: Node 70817cd6cafa58589d337804561682b4 (host: np0000005033) handling event "update" for row 221fa97e-6e37-490e-9b9a-f8ce09fd1f41 (table: Chassis_Private) {{(pid=87604) notify /opt/stack/neutron/neutron/plugins/ml2/drivers/ovn/mech_driver/ovsdb/ovsdb_monitor.py:1031}}
Jul 10 17:03:26.200829 np0000005033 devstack@neutron-api.service[87604]: DEBUG neutron.plugins.ml2.drivers.helpers [None req-d6b37ee0-6fa5-4e39-82cc-47553d8339ca admin admin] geneve segment allocate from pool success with {'geneve_vni': 26630} {{(pid=87604) allocate_partially_specified_segment /opt/stack/neutron/neutron/plugins/ml2/drivers/helpers.py:142}}
Jul 10 17:03:26.214981 np0000005033 devstack@neutron-api.service[87604]: DEBUG neutron_lib.callbacks.manager [None req-d6b37ee0-6fa5-4e39-82cc-47553d8339ca admin admin] Publish callbacks ['neutron.services.segments.db._add_segment_host_mapping_for_segment-7795504402746', 'neutron.plugins.ml2.plugin.Ml2Plugin._handle_segment_change-343873'] for segment (87537be7-66dd-40c6-a9d1-6d060fba7c26), precommit_create {{(pid=87604) _notify_loop /opt/stack/data/venv/lib/python3.12/site-packages/neutron_lib/callbacks/manager.py:184}}
Jul 10 17:03:26.215269 np0000005033 devstack@neutron-api.service[87604]: INFO neutron.db.segments_db [None req-d6b37ee0-6fa5-4e39-82cc-47553d8339ca admin admin] Added segment 87537be7-66dd-40c6-a9d1-6d060fba7c26 of type geneve for network 5ab2a69b-8b55-4870-95df-74c94a939cac
Jul 10 17:03:26.269853 np0000005033 devstack@neutron-api.service[87604]: DEBUG neutron_lib.callbacks.manager [None req-d6b37ee0-6fa5-4e39-82cc-47553d8339ca admin admin] Publish callbacks ['neutron.services.auto_allocate.db._ensure_external_network_default_value_callback-7795503682844'] for network (5ab2a69b-8b55-4870-95df-74c94a939cac), precommit_create {{(pid=87604) _notify_loop /opt/stack/data/venv/lib/python3.12/site-packages/neutron_lib/callbacks/manager.py:184}}
Jul 10 17:03:26.294164 np0000005033 devstack@neutron-api.service[87604]: DEBUG neutron.plugins.ml2.drivers.ovn.mech_driver.mech_driver [None req-d6b37ee0-6fa5-4e39-82cc-47553d8339ca admin admin] Validating network segment with type geneve, segmentation ID 26630, physical network None {{(pid=87604) _validate_network_segments /opt/stack/neutron/neutron/plugins/ml2/drivers/ovn/mech_driver/mech_driver.py:646}}
Jul 10 17:03:26.294513 np0000005033 devstack@neutron-api.service[87604]: DEBUG neutron.db.ovn_revision_numbers_db [None req-d6b37ee0-6fa5-4e39-82cc-47553d8339ca admin admin] create_initial_revision uuid=5ab2a69b-8b55-4870-95df-74c94a939cac, type=networks, rev=-1 {{(pid=87604) create_initial_revision /opt/stack/neutron/neutron/db/ovn_revision_numbers_db.py:98}}
Jul 10 17:03:26.319800 np0000005033 devstack@neutron-api.service[87604]: DEBUG neutron_lib.callbacks.manager [None req-d6b37ee0-6fa5-4e39-82cc-47553d8339ca admin admin] Publish callbacks ['neutron.plugins.ml2.ovo_rpc._ObjectChangeHandler.handle_event-7844808'] for network (5ab2a69b-8b55-4870-95df-74c94a939cac), after_create {{(pid=87604) _notify_loop /opt/stack/data/venv/lib/python3.12/site-packages/neutron_lib/callbacks/manager.py:184}}
Jul 10 17:03:26.372963 np0000005033 devstack@neutron-api.service[87604]: DEBUG neutron.api.rpc.handlers.resources_rpc [None req-d6b37ee0-6fa5-4e39-82cc-47553d8339ca admin admin] Pushing event updated for resources: {'Network': ['ID=5ab2a69b-8b55-4870-95df-74c94a939cac,revision_number=1']} {{(pid=87604) push /opt/stack/neutron/neutron/api/rpc/handlers/resources_rpc.py:237}}
Jul 10 17:03:26.381356 np0000005033 devstack@neutron-api.service[87604]: DEBUG ovsdbapp.backend.ovs_idl.transaction [-] Running txn n=1 command(idx=0): AddNetworkCommand(_result=None, network_uuid=5ab2a69b-8b55-4870-95df-74c94a939cac, may_exist=True, columns={'external_ids': {'neutron:network_name': 'private', 'neutron:mtu': '1372', 'neutron:revision_number': '1', 'neutron:availability_zone_hints': '', 'neutron:provnet-network-type': 'geneve'}, 'other_config': {'mcast_snoop': 'false', 'mcast_flood_unregistered': 'false', 'vlan-passthru': 'false'}}) {{(pid=87604) do_commit /opt/stack/data/venv/lib/python3.12/site-packages/ovsdbapp/backend/ovs_idl/transaction.py:89}}
Jul 10 17:03:26.381576 np0000005033 devstack@neutron-api.service[87604]: DEBUG neutron.common.ovn.utils [-] OVS persist_uuid supported=True {{(pid=87604) ovs_persist_uuid_supported /opt/stack/neutron/neutron/common/ovn/utils.py:1564}}
Jul 10 17:03:26.384249 np0000005033 devstack@neutron-api.service[87604]: DEBUG neutron.plugins.ml2.drivers.ovn.mech_driver.ovsdb.ovsdb_monitor [-] Hash Ring: Node 70817cd6cafa58589d337804561682b4 (host: np0000005033) handling event "create" for row 5ab2a69b-8b55-4870-95df-74c94a939cac (table: Logical_Switch) {{(pid=87604) notify /opt/stack/neutron/neutron/plugins/ml2/drivers/ovn/mech_driver/ovsdb/ovsdb_monitor.py:1031}}
Jul 10 17:03:26.386015 np0000005033 devstack@neutron-api.service[87605]: DEBUG neutron.plugins.ml2.drivers.ovn.mech_driver.ovsdb.ovsdb_monitor [-] Hash Ring: Node c22dba9476205f7bb59cab6966037049 (host: np0000005033) handling event "create" for row 5ab2a69b-8b55-4870-95df-74c94a939cac (table: Logical_Switch) {{(pid=87605) notify /opt/stack/neutron/neutron/plugins/ml2/drivers/ovn/mech_driver/ovsdb/ovsdb_monitor.py:1031}}
Jul 10 17:03:26.391134 np0000005033 devstack@neutron-api.service[87603]: DEBUG neutron.plugins.ml2.drivers.ovn.mech_driver.ovsdb.ovsdb_monitor [-] Hash Ring: Node 34098684935b59d398cc371e048865dd (host: np0000005033) handling event "create" for row f1049331-4532-4acd-88ba-19409a3ea353 (table: Datapath_Binding) {{(pid=87603) notify /opt/stack/neutron/neutron/plugins/ml2/drivers/ovn/mech_driver/ovsdb/ovsdb_monitor.py:1031}}
Jul 10 17:03:26.400124 np0000005033 devstack@neutron-api.service[87604]: DEBUG neutron.plugins.ml2.drivers.ovn.mech_driver.ovsdb.ovsdb_monitor [-] Hash Ring: Node 70817cd6cafa58589d337804561682b4 (host: np0000005033) handling event "create" for row f1049331-4532-4acd-88ba-19409a3ea353 (table: Datapath_Binding) {{(pid=87604) notify /opt/stack/neutron/neutron/plugins/ml2/drivers/ovn/mech_driver/ovsdb/ovsdb_monitor.py:1031}}
Jul 10 17:03:26.417860 np0000005033 devstack@neutron-api.service[87604]: INFO neutron.db.ovn_revision_numbers_db [None req-d6b37ee0-6fa5-4e39-82cc-47553d8339ca admin admin] Successfully bumped revision number for resource 5ab2a69b-8b55-4870-95df-74c94a939cac (type: networks) to 1
Jul 10 17:03:26.490940 np0000005033 devstack@neutron-api.service[87604]: DEBUG neutron_lib.callbacks.manager [None req-d6b37ee0-6fa5-4e39-82cc-47553d8339ca admin admin] Publish callbacks ['neutron.plugins.ml2.plugin.SecurityGroupDbMixin._ensure_default_security_group_handler-253719'] for port (None), before_create {{(pid=87604) _notify_loop /opt/stack/data/venv/lib/python3.12/site-packages/neutron_lib/callbacks/manager.py:184}}
Jul 10 17:03:26.610531 np0000005033 devstack@neutron-api.service[87604]: DEBUG neutron_lib.callbacks.manager [None req-d6b37ee0-6fa5-4e39-82cc-47553d8339ca admin admin] Publish callbacks ['neutron.plugins.ml2.drivers.ovn.mech_driver.mech_driver.OVNMechanismDriver._validate_allowed_address_pairs-8378622'] for allowed_address_pair (19f061bb-b47a-41e4-a660-28efac5bc923), before_create {{(pid=87604) _notify_loop /opt/stack/data/venv/lib/python3.12/site-packages/neutron_lib/callbacks/manager.py:184}}
Jul 10 17:03:26.611074 np0000005033 devstack@neutron-api.service[87604]: DEBUG neutron_lib.callbacks.manager [None req-d6b37ee0-6fa5-4e39-82cc-47553d8339ca admin admin] Publish callbacks [] for port (19f061bb-b47a-41e4-a660-28efac5bc923), precommit_create {{(pid=87604) _notify_loop /opt/stack/data/venv/lib/python3.12/site-packages/neutron_lib/callbacks/manager.py:184}}
Jul 10 17:03:26.611251 np0000005033 devstack@neutron-api.service[87604]: DEBUG neutron.plugins.ml2.drivers.ovn.mech_driver.mech_driver [None req-d6b37ee0-6fa5-4e39-82cc-47553d8339ca admin admin] No provisioning block for port 19f061bb-b47a-41e4-a660-28efac5bc923 since it does not have a host {{(pid=87604) _is_port_provisioning_required /opt/stack/neutron/neutron/plugins/ml2/drivers/ovn/mech_driver/mech_driver.py:899}}
Jul 10 17:03:26.611395 np0000005033 devstack@neutron-api.service[87604]: DEBUG neutron.db.ovn_revision_numbers_db [None req-d6b37ee0-6fa5-4e39-82cc-47553d8339ca admin admin] create_initial_revision uuid=19f061bb-b47a-41e4-a660-28efac5bc923, type=ports, rev=-1 {{(pid=87604) create_initial_revision /opt/stack/neutron/neutron/db/ovn_revision_numbers_db.py:98}}
Jul 10 17:03:26.669399 np0000005033 devstack@neutron-api.service[87604]: DEBUG neutron_lib.callbacks.manager [None req-d6b37ee0-6fa5-4e39-82cc-47553d8339ca admin admin] Publish callbacks ['neutron.plugins.ml2.ovo_rpc._ObjectChangeHandler.handle_event-7844825'] for port (19f061bb-b47a-41e4-a660-28efac5bc923), after_create {{(pid=87604) _notify_loop /opt/stack/data/venv/lib/python3.12/site-packages/neutron_lib/callbacks/manager.py:184}}
