Jul 16 16:04:33.754607 np0000005261 devstack@g-api.service[102973]: DEBUG glance.common.config [None req-f3aa18fa-7017-424a-ba8c-1102d8b67efc None None] database.mysql_wsrep_sync_wait = None {{(pid=102973) log_opt_values /opt/stack/data/venv/lib/python3.12/site-packages/oslo_config/cfg.py:3253}}
Jul 16 16:04:33.754634 np0000005261 devstack@g-api.service[102975]: DEBUG glance.common.config [None req-cd6f6f61-45ba-4aca-9ccd-14cba20e1eb5 None None] barbican_service_user.insecure = False {{(pid=102975) log_opt_values /opt/stack/data/venv/lib/python3.12/site-packages/oslo_config/cfg.py:3253}}
Jul 16 16:04:33.754665 np0000005261 devstack@g-api.service[102973]: DEBUG glance.common.config [None req-f3aa18fa-7017-424a-ba8c-1102d8b67efc None None] database.pool_timeout = None {{(pid=102973) log_opt_values /opt/stack/data/venv/lib/python3.12/site-packages/oslo_config/cfg.py:3253}}
Jul 16 16:04:33.754688 np0000005261 devstack@g-api.service[102975]: DEBUG glance.common.config [None req-cd6f6f61-45ba-4aca-9ccd-14cba20e1eb5 None None] barbican_service_user.keyfile = None {{(pid=102975) log_opt_values /opt/stack/data/venv/lib/python3.12/site-packages/oslo_config/cfg.py:3253}}
Jul 16 16:04:33.754716 np0000005261 devstack@g-api.service[102973]: DEBUG glance.common.config [None req-f3aa18fa-7017-424a-ba8c-1102d8b67efc None None] database.retry_interval = 10 {{(pid=102973) log_opt_values /opt/stack/data/venv/lib/python3.12/site-packages/oslo_config/cfg.py:3253}}
Jul 16 16:04:33.754788 np0000005261 devstack@g-api.service[102975]: DEBUG glance.common.config [None req-cd6f6f61-45ba-4aca-9ccd-14cba20e1eb5 None None] barbican_service_user.split_loggers = False {{(pid=102975) log_opt_values /opt/stack/data/venv/lib/python3.12/site-packages/oslo_config/cfg.py:3253}}
Jul 16 16:04:33.754816 np0000005261 devstack@g-api.service[102973]: DEBUG glance.common.config [None req-f3aa18fa-7017-424a-ba8c-1102d8b67efc None None] database.slave_connection = **** {{(pid=102973) log_opt_values /opt/stack/data/venv/lib/python3.12/site-packages/oslo_config/cfg.py:3253}}
Jul 16 16:04:33.754843 np0000005261 devstack@g-api.service[102975]: DEBUG glance.common.config [None req-cd6f6f61-45ba-4aca-9ccd-14cba20e1eb5 None None] barbican_service_user.timeout = None {{(pid=102975) log_opt_values /opt/stack/data/venv/lib/python3.12/site-packages/oslo_config/cfg.py:3253}}
Jul 16 16:04:33.754866 np0000005261 devstack@g-api.service[102973]: DEBUG glance.common.config [None req-f3aa18fa-7017-424a-ba8c-1102d8b67efc None None] database.sqlite_synchronous = True {{(pid=102973) log_opt_values /opt/stack/data/venv/lib/python3.12/site-packages/oslo_config/cfg.py:3253}}
Jul 16 16:04:33.754888 np0000005261 devstack@g-api.service[102975]: DEBUG glance.common.config [None req-cd6f6f61-45ba-4aca-9ccd-14cba20e1eb5 None None] database.asyncio_connection = **** {{(pid=102975) log_opt_values /opt/stack/data/venv/lib/python3.12/site-packages/oslo_config/cfg.py:3253}}
Jul 16 16:04:33.754911 np0000005261 devstack@g-api.service[102973]: DEBUG glance.common.config [None req-f3aa18fa-7017-424a-ba8c-1102d8b67efc None None] database.synchronous_reader = True {{(pid=102973) log_opt_values /opt/stack/data/venv/lib/python3.12/site-packages/oslo_config/cfg.py:3253}}
Jul 16 16:04:33.754933 np0000005261 devstack@g-api.service[102975]: DEBUG glance.common.config [None req-cd6f6f61-45ba-4aca-9ccd-14cba20e1eb5 None None] database.asyncio_slave_connection = **** {{(pid=102975) log_opt_values /opt/stack/data/venv/lib/python3.12/site-packages/oslo_config/cfg.py:3253}}
Jul 16 16:04:33.754955 np0000005261 devstack@g-api.service[102973]: DEBUG glance.common.config [None req-f3aa18fa-7017-424a-ba8c-1102d8b67efc None None] database.use_db_reconnect = False {{(pid=102973) log_opt_values /opt/stack/data/venv/lib/python3.12/site-packages/oslo_config/cfg.py:3253}}
Jul 16 16:04:33.754983 np0000005261 devstack@g-api.service[102975]: DEBUG glance.common.config [None req-cd6f6f61-45ba-4aca-9ccd-14cba20e1eb5 None None] database.backend = sqlalchemy {{(pid=102975) log_opt_values /opt/stack/data/venv/lib/python3.12/site-packages/oslo_config/cfg.py:3253}}
Jul 16 16:04:33.755008 np0000005261 devstack@g-api.service[102973]: DEBUG glance.common.config [None req-f3aa18fa-7017-424a-ba8c-1102d8b67efc None None] healthcheck.allowed_source_ranges = [] {{(pid=102973) log_opt_values /opt/stack/data/venv/lib/python3.12/site-packages/oslo_config/cfg.py:3253}}
Jul 16 16:04:33.755030 np0000005261 devstack@g-api.service[102975]: DEBUG glance.common.config [None req-cd6f6f61-45ba-4aca-9ccd-14cba20e1eb5 None None] database.connection = **** {{(pid=102975) log_opt_values /opt/stack/data/venv/lib/python3.12/site-packages/oslo_config/cfg.py:3253}}
Jul 16 16:04:33.755143 np0000005261 devstack@g-api.service[102973]: DEBUG glance.common.config [None req-f3aa18fa-7017-424a-ba8c-1102d8b67efc None None] healthcheck.backends = ['disable_by_file'] {{(pid=102973) log_opt_values /opt/stack/data/venv/lib/python3.12/site-packages/oslo_config/cfg.py:3253}}
Jul 16 16:04:33.755182 np0000005261 devstack@g-api.service[102975]: DEBUG glance.common.config [None req-cd6f6f61-45ba-4aca-9ccd-14cba20e1eb5 None None] database.connection_debug = 0 {{(pid=102975) log_opt_values /opt/stack/data/venv/lib/python3.12/site-packages/oslo_config/cfg.py:3253}}
Jul 16 16:04:33.755207 np0000005261 devstack@g-api.service[102973]: DEBUG glance.common.config [None req-f3aa18fa-7017-424a-ba8c-1102d8b67efc None None] healthcheck.detailed = False {{(pid=102973) log_opt_values /opt/stack/data/venv/lib/python3.12/site-packages/oslo_config/cfg.py:3253}}
Jul 16 16:04:33.755229 np0000005261 devstack@g-api.service[102975]: DEBUG glance.common.config [None req-cd6f6f61-45ba-4aca-9ccd-14cba20e1eb5 None None] database.connection_parameters = {{(pid=102975) log_opt_values /opt/stack/data/venv/lib/python3.12/site-packages/oslo_config/cfg.py:3253}}
Jul 16 16:04:33.755256 np0000005261 devstack@g-api.service[102973]: DEBUG glance.common.config [None req-f3aa18fa-7017-424a-ba8c-1102d8b67efc None None] healthcheck.disable_by_file_path = None {{(pid=102973) log_opt_values /opt/stack/data/venv/lib/python3.12/site-packages/oslo_config/cfg.py:3253}}
Jul 16 16:04:33.755287 np0000005261 devstack@g-api.service[102975]: DEBUG glance.common.config [None req-cd6f6f61-45ba-4aca-9ccd-14cba20e1eb5 None None] database.connection_recycle_time = 3600 {{(pid=102975) log_opt_values /opt/stack/data/venv/lib/python3.12/site-packages/oslo_config/cfg.py:3253}}
Jul 16 16:04:33.755314 np0000005261 devstack@g-api.service[102973]: DEBUG glance.common.config [None req-f3aa18fa-7017-424a-ba8c-1102d8b67efc None None] healthcheck.ignore_proxied_requests = False {{(pid=102973) log_opt_values /opt/stack/data/venv/lib/python3.12/site-packages/oslo_config/cfg.py:3253}}
Jul 16 16:04:33.755314 np0000005261 devstack@g-api.service[102973]: DEBUG glance.common.config [None req-f3aa18fa-7017-424a-ba8c-1102d8b67efc None None] ******************************************************************************** {{(pid=102973) log_opt_values /opt/stack/data/venv/lib/python3.12/site-packages/oslo_config/cfg.py:3260}}
Jul 16 16:04:33.755363 np0000005261 devstack@g-api.service[102975]: DEBUG glance.common.config [None req-cd6f6f61-45ba-4aca-9ccd-14cba20e1eb5 None None] database.connection_trace = False {{(pid=102975) log_opt_values /opt/stack/data/venv/lib/python3.12/site-packages/oslo_config/cfg.py:3253}}
Jul 16 16:04:33.755363 np0000005261 devstack@g-api.service[102975]: DEBUG glance.common.config [None req-cd6f6f61-45ba-4aca-9ccd-14cba20e1eb5 None None] database.db_inc_retry_interval = True {{(pid=102975) log_opt_values /opt/stack/data/venv/lib/python3.12/site-packages/oslo_config/cfg.py:3253}}
Jul 16 16:04:33.755407 np0000005261 devstack@g-api.service[102973]: WSGI app 0 (mountpoint='') ready in 2 seconds on interpreter 0x7e60d6aa4668 pid: 102973 (default app)
Jul 16 16:04:33.755434 np0000005261 devstack@g-api.service[102975]: DEBUG glance.common.config [None req-cd6f6f61-45ba-4aca-9ccd-14cba20e1eb5 None None] database.db_max_retries = 20 {{(pid=102975) log_opt_values /opt/stack/data/venv/lib/python3.12/site-packages/oslo_config/cfg.py:3253}}
Jul 16 16:04:33.755434 np0000005261 devstack@g-api.service[102975]: DEBUG glance.common.config [None req-cd6f6f61-45ba-4aca-9ccd-14cba20e1eb5 None None] database.db_max_retry_interval = 10 {{(pid=102975) log_opt_values /opt/stack/data/venv/lib/python3.12/site-packages/oslo_config/cfg.py:3253}}
Jul 16 16:04:33.755434 np0000005261 devstack@g-api.service[102975]: DEBUG glance.common.config [None req-cd6f6f61-45ba-4aca-9ccd-14cba20e1eb5 None None] database.db_retry_interval = 1 {{(pid=102975) log_opt_values /opt/stack/data/venv/lib/python3.12/site-packages/oslo_config/cfg.py:3253}}
Jul 16 16:04:33.755434 np0000005261 devstack@g-api.service[102975]: DEBUG glance.common.config [None req-cd6f6f61-45ba-4aca-9ccd-14cba20e1eb5 None None] database.max_overflow = 50 {{(pid=102975) log_opt_values /opt/stack/data/venv/lib/python3.12/site-packages/oslo_config/cfg.py:3253}}
Jul 16 16:04:33.755434 np0000005261 devstack@g-api.service[102975]: DEBUG glance.common.config [None req-cd6f6f61-45ba-4aca-9ccd-14cba20e1eb5 None None] database.max_pool_size = 5 {{(pid=102975) log_opt_values /opt/stack/data/venv/lib/python3.12/site-packages/oslo_config/cfg.py:3253}}
Jul 16 16:04:33.755434 np0000005261 devstack@g-api.service[102975]: DEBUG glance.common.config [None req-cd6f6f61-45ba-4aca-9ccd-14cba20e1eb5 None None] database.max_retries = 10 {{(pid=102975) log_opt_values /opt/stack/data/venv/lib/python3.12/site-packages/oslo_config/cfg.py:3253}}
Jul 16 16:04:33.755434 np0000005261 devstack@g-api.service[102975]: DEBUG glance.common.config [None req-cd6f6f61-45ba-4aca-9ccd-14cba20e1eb5 None None] database.mysql_sql_mode = TRADITIONAL {{(pid=102975) log_opt_values /opt/stack/data/venv/lib/python3.12/site-packages/oslo_config/cfg.py:3253}}
Jul 16 16:04:33.755583 np0000005261 devstack@g-api.service[102975]: DEBUG glance.common.config [None req-cd6f6f61-45ba-4aca-9ccd-14cba20e1eb5 None None] database.mysql_wsrep_sync_wait = None {{(pid=102975) log_opt_values /opt/stack/data/venv/lib/python3.12/site-packages/oslo_config/cfg.py:3253}}
Jul 16 16:04:33.755583 np0000005261 devstack@g-api.service[102975]: DEBUG glance.common.config [None req-cd6f6f61-45ba-4aca-9ccd-14cba20e1eb5 None None] database.pool_timeout = None {{(pid=102975) log_opt_values /opt/stack/data/venv/lib/python3.12/site-packages/oslo_config/cfg.py:3253}}
Jul 16 16:04:33.755583 np0000005261 devstack@g-api.service[102975]: DEBUG glance.common.config [None req-cd6f6f61-45ba-4aca-9ccd-14cba20e1eb5 None None] database.retry_interval = 10 {{(pid=102975) log_opt_values /opt/stack/data/venv/lib/python3.12/site-packages/oslo_config/cfg.py:3253}}
Jul 16 16:04:33.755583 np0000005261 devstack@g-api.service[102975]: DEBUG glance.common.config [None req-cd6f6f61-45ba-4aca-9ccd-14cba20e1eb5 None None] database.slave_connection = **** {{(pid=102975) log_opt_values /opt/stack/data/venv/lib/python3.12/site-packages/oslo_config/cfg.py:3253}}
Jul 16 16:04:33.755674 np0000005261 devstack@g-api.service[102975]: DEBUG glance.common.config [None req-cd6f6f61-45ba-4aca-9ccd-14cba20e1eb5 None None] database.sqlite_synchronous = True {{(pid=102975) log_opt_values /opt/stack/data/venv/lib/python3.12/site-packages/oslo_config/cfg.py:3253}}
Jul 16 16:04:33.755702 np0000005261 devstack@g-api.service[102975]: DEBUG glance.common.config [None req-cd6f6f61-45ba-4aca-9ccd-14cba20e1eb5 None None] database.synchronous_reader = True {{(pid=102975) log_opt_values /opt/stack/data/venv/lib/python3.12/site-packages/oslo_config/cfg.py:3253}}
Jul 16 16:04:33.755802 np0000005261 devstack@g-api.service[102975]: DEBUG glance.common.config [None req-cd6f6f61-45ba-4aca-9ccd-14cba20e1eb5 None None] database.use_db_reconnect = False {{(pid=102975) log_opt_values /opt/stack/data/venv/lib/python3.12/site-packages/oslo_config/cfg.py:3253}}
Jul 16 16:04:33.755909 np0000005261 devstack@g-api.service[102975]: DEBUG glance.common.config [None req-cd6f6f61-45ba-4aca-9ccd-14cba20e1eb5 None None] healthcheck.allowed_source_ranges = [] {{(pid=102975) log_opt_values /opt/stack/data/venv/lib/python3.12/site-packages/oslo_config/cfg.py:3253}}
Jul 16 16:04:33.756029 np0000005261 devstack@g-api.service[102975]: DEBUG glance.common.config [None req-cd6f6f61-45ba-4aca-9ccd-14cba20e1eb5 None None] healthcheck.backends = ['disable_by_file'] {{(pid=102975) log_opt_values /opt/stack/data/venv/lib/python3.12/site-packages/oslo_config/cfg.py:3253}}
Jul 16 16:04:33.756137 np0000005261 devstack@g-api.service[102975]: DEBUG glance.common.config [None req-cd6f6f61-45ba-4aca-9ccd-14cba20e1eb5 None None] healthcheck.detailed = False {{(pid=102975) log_opt_values /opt/stack/data/venv/lib/python3.12/site-packages/oslo_config/cfg.py:3253}}
Jul 16 16:04:33.756256 np0000005261 devstack@g-api.service[102975]: DEBUG glance.common.config [None req-cd6f6f61-45ba-4aca-9ccd-14cba20e1eb5 None None] healthcheck.disable_by_file_path = None {{(pid=102975) log_opt_values /opt/stack/data/venv/lib/python3.12/site-packages/oslo_config/cfg.py:3253}}
Jul 16 16:04:33.756364 np0000005261 devstack@g-api.service[102975]: DEBUG glance.common.config [None req-cd6f6f61-45ba-4aca-9ccd-14cba20e1eb5 None None] healthcheck.ignore_proxied_requests = False {{(pid=102975) log_opt_values /opt/stack/data/venv/lib/python3.12/site-packages/oslo_config/cfg.py:3253}}
Jul 16 16:04:33.756432 np0000005261 devstack@g-api.service[102975]: DEBUG glance.common.config [None req-cd6f6f61-45ba-4aca-9ccd-14cba20e1eb5 None None] ******************************************************************************** {{(pid=102975) log_opt_values /opt/stack/data/venv/lib/python3.12/site-packages/oslo_config/cfg.py:3260}}
Jul 16 16:04:33.756536 np0000005261 devstack@g-api.service[102975]: WSGI app 0 (mountpoint='') ready in 2 seconds on interpreter 0x7e60d6aa4668 pid: 102975 (default app)
Jul 16 16:04:35.569606 np0000005261 devstack@g-api.service[102976]: DEBUG glance.api.middleware.version_negotiation [None req-79b88da9-75c6-41c4-bdba-16b7aca8c47a None None] Determining version of request: GET / Accept: application/json {{(pid=102976) process_request /opt/stack/glance/glance/api/middleware/version_negotiation.py:44}}
Jul 16 16:04:35.569983 np0000005261 devstack@g-api.service[102976]: DEBUG glance.api.middleware.version_negotiation [None req-79b88da9-75c6-41c4-bdba-16b7aca8c47a None None] Using url versioning {{(pid=102976) process_request /opt/stack/glance/glance/api/middleware/version_negotiation.py:57}}
Jul 16 16:04:35.569983 np0000005261 devstack@g-api.service[102976]: DEBUG glance.api.middleware.version_negotiation [None req-79b88da9-75c6-41c4-bdba-16b7aca8c47a None None] Unknown version. Returning version choices. {{(pid=102976) process_request /opt/stack/glance/glance/api/middleware/version_negotiation.py:64}}
Jul 16 16:04:35.570460 np0000005261 devstack@g-api.service[102976]: [pid: 102976|app: 0|req: 2/2] 127.0.0.1 () {36 vars in 573 bytes} [Thu Jul 16 16:04:35 2026] GET / => generated 1515 bytes in 1 msecs (HTTP/1.1 300) 3 headers in 106 bytes (1 switches on core 0)
Jul 16 16:04:35.583821 np0000005261 devstack@g-api.service[102974]: DEBUG glance.api.middleware.version_negotiation [None req-ae564614-5691-4e7f-a3ed-07939f6c6baf None None] Determining version of request: POST /v2/images Accept: */* {{(pid=102974) process_request /opt/stack/glance/glance/api/middleware/version_negotiation.py:44}}
Jul 16 16:04:35.583821 np0000005261 devstack@g-api.service[102974]: DEBUG glance.api.middleware.version_negotiation [None req-ae564614-5691-4e7f-a3ed-07939f6c6baf None None] Using url versioning {{(pid=102974) process_request /opt/stack/glance/glance/api/middleware/version_negotiation.py:57}}
Jul 16 16:04:35.584310 np0000005261 devstack@g-api.service[102974]: DEBUG glance.api.middleware.version_negotiation [None req-ae564614-5691-4e7f-a3ed-07939f6c6baf None None] Matched version: v2 {{(pid=102974) process_request /opt/stack/glance/glance/api/middleware/version_negotiation.py:69}}
Jul 16 16:04:35.584310 np0000005261 devstack@g-api.service[102974]: DEBUG glance.api.middleware.version_negotiation [None req-ae564614-5691-4e7f-a3ed-07939f6c6baf None None] new path /v2/images {{(pid=102974) process_request /opt/stack/glance/glance/api/middleware/version_negotiation.py:70}}
Jul 16 16:04:36.458449 np0000005261 devstack@g-api.service[102974]: [pid: 102974|app: 0|req: 1/3] 127.0.0.1 () {42 vars in 836 bytes} [Thu Jul 16 16:04:35 2026] POST /v2/images => generated 807 bytes in 875 msecs (HTTP/1.1 201) 6 headers in 315 bytes (1 switches on core 0)
Jul 16 16:04:36.467347 np0000005261 devstack@g-api.service[102973]: DEBUG glance.api.middleware.version_negotiation [None req-f3aa18fa-7017-424a-ba8c-1102d8b67efc None None] Determining version of request: PUT /v2/images/068ee921-05ee-4ab4-9963-d711df5043fe/stage Accept: {{(pid=102973) process_request /opt/stack/glance/glance/api/middleware/version_negotiation.py:44}}
Jul 16 16:04:36.467694 np0000005261 devstack@g-api.service[102973]: DEBUG glance.api.middleware.version_negotiation [None req-f3aa18fa-7017-424a-ba8c-1102d8b67efc None None] Using url versioning {{(pid=102973) process_request /opt/stack/glance/glance/api/middleware/version_negotiation.py:57}}
Jul 16 16:04:36.467937 np0000005261 devstack@g-api.service[102973]: DEBUG glance.api.middleware.version_negotiation [None req-f3aa18fa-7017-424a-ba8c-1102d8b67efc None None] Matched version: v2 {{(pid=102973) process_request /opt/stack/glance/glance/api/middleware/version_negotiation.py:69}}
Jul 16 16:04:36.468034 np0000005261 devstack@g-api.service[102973]: DEBUG glance.api.middleware.version_negotiation [None req-f3aa18fa-7017-424a-ba8c-1102d8b67efc None None] new path /v2/images/068ee921-05ee-4ab4-9963-d711df5043fe/stage {{(pid=102973) process_request /opt/stack/glance/glance/api/middleware/version_negotiation.py:70}}
Jul 16 16:04:37.029718 np0000005261 devstack@g-api.service[102973]: DEBUG glance_store.backend [None req-2b1c733c-d224-4adf-b503-bfee65ae4422 admin admin] Attempting to import store cinder {{(pid=102973) _load_store /opt/stack/data/venv/lib/python3.12/site-packages/glance_store/backend.py:215}}
Jul 16 16:04:37.030114 np0000005261 devstack@g-api.service[102973]: DEBUG glance_store.backend [None req-2b1c733c-d224-4adf-b503-bfee65ae4422 admin admin] Attempting to import store file {{(pid=102973) _load_store /opt/stack/data/venv/lib/python3.12/site-packages/glance_store/backend.py:215}}
Jul 16 16:04:37.030264 np0000005261 devstack@g-api.service[102973]: DEBUG glance_store.backend [None req-2b1c733c-d224-4adf-b503-bfee65ae4422 admin admin] Attempting to import store glance.store.cinder.Store {{(pid=102973) _load_store /opt/stack/data/venv/lib/python3.12/site-packages/glance_store/backend.py:215}}
Jul 16 16:04:37.030358 np0000005261 devstack@g-api.service[102973]: DEBUG glance_store.backend [None req-2b1c733c-d224-4adf-b503-bfee65ae4422 admin admin] Attempting to import store glance.store.filesystem.Store {{(pid=102973) _load_store /opt/stack/data/venv/lib/python3.12/site-packages/glance_store/backend.py:215}}
Jul 16 16:04:37.030457 np0000005261 devstack@g-api.service[102973]: DEBUG glance_store.backend [None req-2b1c733c-d224-4adf-b503-bfee65ae4422 admin admin] Attempting to import store glance.store.http.Store {{(pid=102973) _load_store /opt/stack/data/venv/lib/python3.12/site-packages/glance_store/backend.py:215}}
Jul 16 16:04:37.030529 np0000005261 devstack@g-api.service[102973]: DEBUG glance_store.backend [None req-2b1c733c-d224-4adf-b503-bfee65ae4422 admin admin] Attempting to import store glance.store.rbd.Store {{(pid=102973) _load_store /opt/stack/data/venv/lib/python3.12/site-packages/glance_store/backend.py:215}}
Jul 16 16:04:37.030631 np0000005261 devstack@g-api.service[102973]: DEBUG glance_store.backend [None req-2b1c733c-d224-4adf-b503-bfee65ae4422 admin admin] Attempting to import store glance.store.s3.Store {{(pid=102973) _load_store /opt/stack/data/venv/lib/python3.12/site-packages/glance_store/backend.py:215}}
Jul 16 16:04:37.030719 np0000005261 devstack@g-api.service[102973]: DEBUG glance_store.backend [None req-2b1c733c-d224-4adf-b503-bfee65ae4422 admin admin] Attempting to import store glance.store.swift.Store {{(pid=102973) _load_store /opt/stack/data/venv/lib/python3.12/site-packages/glance_store/backend.py:215}}
Jul 16 16:04:37.030828 np0000005261 devstack@g-api.service[102973]: DEBUG glance_store.backend [None req-2b1c733c-d224-4adf-b503-bfee65ae4422 admin admin] Attempting to import store glance.store.vmware_datastore.Store {{(pid=102973) _load_store /opt/stack/data/venv/lib/python3.12/site-packages/glance_store/backend.py:215}}
Jul 16 16:04:37.030915 np0000005261 devstack@g-api.service[102973]: DEBUG glance_store.backend [None req-2b1c733c-d224-4adf-b503-bfee65ae4422 admin admin] Attempting to import store http {{(pid=102973) _load_store /opt/stack/data/venv/lib/python3.12/site-packages/glance_store/backend.py:215}}
Jul 16 16:04:37.031008 np0000005261 devstack@g-api.service[102973]: DEBUG glance_store.backend [None req-2b1c733c-d224-4adf-b503-bfee65ae4422 admin admin] Attempting to import store no_conf {{(pid=102973) _load_store /opt/stack/data/venv/lib/python3.12/site-packages/glance_store/backend.py:215}}
Jul 16 16:04:37.031095 np0000005261 devstack@g-api.service[102973]: DEBUG glance_store.backend [None req-2b1c733c-d224-4adf-b503-bfee65ae4422 admin admin] Attempting to import store rbd {{(pid=102973) _load_store /opt/stack/data/venv/lib/python3.12/site-packages/glance_store/backend.py:215}}
Jul 16 16:04:37.031188 np0000005261 devstack@g-api.service[102973]: DEBUG glance_store.backend [None req-2b1c733c-d224-4adf-b503-bfee65ae4422 admin admin] Attempting to import store s3 {{(pid=102973) _load_store /opt/stack/data/venv/lib/python3.12/site-packages/glance_store/backend.py:215}}
Jul 16 16:04:37.031262 np0000005261 devstack@g-api.service[102973]: DEBUG glance_store.backend [None req-2b1c733c-d224-4adf-b503-bfee65ae4422 admin admin] Attempting to import store swift {{(pid=102973) _load_store /opt/stack/data/venv/lib/python3.12/site-packages/glance_store/backend.py:215}}
Jul 16 16:04:37.031359 np0000005261 devstack@g-api.service[102973]: DEBUG glance_store.backend [None req-2b1c733c-d224-4adf-b503-bfee65ae4422 admin admin] Attempting to import store vmware {{(pid=102973) _load_store /opt/stack/data/venv/lib/python3.12/site-packages/glance_store/backend.py:215}}
Jul 16 16:04:37.031427 np0000005261 devstack@g-api.service[102973]: DEBUG glance_store.backend [None req-2b1c733c-d224-4adf-b503-bfee65ae4422 admin admin] Registering options for group glance_store {{(pid=102973) register_opts /opt/stack/data/venv/lib/python3.12/site-packages/glance_store/backend.py:144}}
Jul 16 16:04:37.031527 np0000005261 devstack@g-api.service[102973]: DEBUG glance_store.backend [None req-2b1c733c-d224-4adf-b503-bfee65ae4422 admin admin] Registering options for group glance_store {{(pid=102973) register_opts /opt/stack/data/venv/lib/python3.12/site-packages/glance_store/backend.py:144}}
Jul 16 16:04:37.031871 np0000005261 devstack@g-api.service[102973]: DEBUG glance_store.backend [None req-2b1c733c-d224-4adf-b503-bfee65ae4422 admin admin] Attempting to import store file {{(pid=102973) _load_store /opt/stack/data/venv/lib/python3.12/site-packages/glance_store/backend.py:215}}
Jul 16 16:04:37.032260 np0000005261 devstack@g-api.service[102973]: INFO glance_store._drivers.filesystem [None req-2b1c733c-d224-4adf-b503-bfee65ae4422 admin admin] Directory to write image files does not exist (/tmp/staging/). Creating.
Jul 16 16:04:37.032465 np0000005261 devstack@g-api.service[102973]: DEBUG glance_store.capabilities [None req-2b1c733c-d224-4adf-b503-bfee65ae4422 admin admin] Store glance_store._drivers.filesystem.Store doesn't support updating dynamic storage capabilities. Please overwrite 'update_capabilities' method of the store to implement updating logics if needed. {{(pid=102973) update_capabilities /opt/stack/data/venv/lib/python3.12/site-packages/glance_store/capabilities.py:91}}
Jul 16 16:04:37.586913 np0000005261 devstack@g-api.service[102973]: DEBUG glance_store._drivers.filesystem [None req-2b1c733c-d224-4adf-b503-bfee65ae4422 admin admin] Wrote 21430272 bytes to /tmp/staging/068ee921-05ee-4ab4-9963-d711df5043fe with checksum c8fc807773e5354afe61636071771906 and multihash c8fc807773e5354afe61636071771906 {{(pid=102973) add /opt/stack/data/venv/lib/python3.12/site-packages/glance_store/_drivers/filesystem.py:899}}
Jul 16 16:04:37.604956 np0000005261 devstack@g-api.service[102973]: [pid: 102973|app: 0|req: 1/4] 127.0.0.1 () {42 vars in 931 bytes} [Thu Jul 16 16:04:36 2026] PUT /v2/images/068ee921-05ee-4ab4-9963-d711df5043fe/stage => generated 0 bytes in 1138 msecs (HTTP/1.1 204) 4 headers in 171 bytes (1 switches on core 0)
Jul 16 16:04:37.613811 np0000005261 devstack@g-api.service[102975]: DEBUG glance.api.middleware.version_negotiation [None req-cd6f6f61-45ba-4aca-9ccd-14cba20e1eb5 None None] Determining version of request: POST /v2/images/068ee921-05ee-4ab4-9963-d711df5043fe/import Accept: */* {{(pid=102975) process_request /opt/stack/glance/glance/api/middleware/version_negotiation.py:44}}
Jul 16 16:04:37.613811 np0000005261 devstack@g-api.service[102975]: DEBUG glance.api.middleware.version_negotiation [None req-cd6f6f61-45ba-4aca-9ccd-14cba20e1eb5 None None] Using url versioning {{(pid=102975) process_request /opt/stack/glance/glance/api/middleware/version_negotiation.py:57}}
Jul 16 16:04:37.614224 np0000005261 devstack@g-api.service[102975]: DEBUG glance.api.middleware.version_negotiation [None req-cd6f6f61-45ba-4aca-9ccd-14cba20e1eb5 None None] Matched version: v2 {{(pid=102975) process_request /opt/stack/glance/glance/api/middleware/version_negotiation.py:69}}
Jul 16 16:04:37.614224 np0000005261 devstack@g-api.service[102975]: DEBUG glance.api.middleware.version_negotiation [None req-cd6f6f61-45ba-4aca-9ccd-14cba20e1eb5 None None] new path /v2/images/068ee921-05ee-4ab4-9963-d711df5043fe/import {{(pid=102975) process_request /opt/stack/glance/glance/api/middleware/version_negotiation.py:70}}
Jul 16 16:04:38.190878 np0000005261 devstack@g-api.service[102975]: DEBUG glance.domain [None req-c4469867-94fb-49ad-ae25-dea1c14d3840 admin admin] Loading taskflow executor {{(pid=102975) new_task_executor /opt/stack/glance/glance/domain/__init__.py:515}}
Jul 16 16:04:38.382307 np0000005261 devstack@g-api.service[102975]: DEBUG oslo_concurrency.lockutils [None req-c4469867-94fb-49ad-ae25-dea1c14d3840 admin admin] Acquiring lock "tasks_pool" by "glance.api.common.memoize..memoizer_wrapper..memoizer" {{(pid=102975) inner /opt/stack/data/venv/lib/python3.12/site-packages/oslo_concurrency/lockutils.py:512}}
Jul 16 16:04:38.382457 np0000005261 devstack@g-api.service[102975]: DEBUG oslo_concurrency.lockutils [None req-c4469867-94fb-49ad-ae25-dea1c14d3840 admin admin] Lock "tasks_pool" acquired by "glance.api.common.memoize..memoizer_wrapper..memoizer" :: waited 0.000s {{(pid=102975) inner /opt/stack/data/venv/lib/python3.12/site-packages/oslo_concurrency/lockutils.py:525}}
Jul 16 16:04:38.382816 np0000005261 devstack@g-api.service[102975]: DEBUG glance.api.common [None req-c4469867-94fb-49ad-ae25-dea1c14d3840 admin admin] Initializing named threadpool 'tasks_pool' {{(pid=102975) _get_thread_pool /opt/stack/glance/glance/api/common.py:242}}
Jul 16 16:04:38.383276 np0000005261 devstack@g-api.service[102975]: DEBUG glance.async_ [None req-c4469867-94fb-49ad-ae25-dea1c14d3840 admin admin] Creating threadpool model 'ThreadPoolExecutor' with size 16 {{(pid=102975) __init__ /opt/stack/glance/glance/async_/__init__.py:100}}
Jul 16 16:04:38.383400 np0000005261 devstack@g-api.service[102975]: DEBUG oslo_concurrency.lockutils [None req-c4469867-94fb-49ad-ae25-dea1c14d3840 admin admin] Lock "tasks_pool" "released" by "glance.api.common.memoize..memoizer_wrapper..memoizer" :: held 0.001s {{(pid=102975) inner /opt/stack/data/venv/lib/python3.12/site-packages/oslo_concurrency/lockutils.py:544}}
Jul 16 16:04:38.383506 np0000005261 devstack@g-api.service[102975]: DEBUG glance.async_ [None req-c4469867-94fb-49ad-ae25-dea1c14d3840 admin admin] Spawning with ThreadPoolExecutor: >((,), {}) {{(pid=102975) spawn /opt/stack/glance/glance/async_/__init__.py:106}}
Jul 16 16:04:38.385417 np0000005261 devstack@g-api.service[102975]: [pid: 102975|app: 0|req: 1/5] 127.0.0.1 () {42 vars in 923 bytes} [Thu Jul 16 16:04:37 2026] POST /v2/images/068ee921-05ee-4ab4-9963-d711df5043fe/import => generated 0 bytes in 772 msecs (HTTP/1.1 202) 4 headers in 169 bytes (1 switches on core 0)
Jul 16 16:04:38.388418 np0000005261 devstack@g-api.service[102975]: INFO glance.domain [-] Task [0d56fb3a-1d79-4f64-be12-0bd8323c8876] status changing from pending to processing
Jul 16 16:04:38.395065 np0000005261 devstack@g-api.service[102976]: DEBUG glance.api.middleware.version_negotiation [None req-79b88da9-75c6-41c4-bdba-16b7aca8c47a None None] Determining version of request: GET /v2/images/068ee921-05ee-4ab4-9963-d711df5043fe Accept: */* {{(pid=102976) process_request /opt/stack/glance/glance/api/middleware/version_negotiation.py:44}}
Jul 16 16:04:38.395489 np0000005261 devstack@g-api.service[102976]: DEBUG glance.api.middleware.version_negotiation [None req-79b88da9-75c6-41c4-bdba-16b7aca8c47a None None] Using url versioning {{(pid=102976) process_request /opt/stack/glance/glance/api/middleware/version_negotiation.py:57}}
Jul 16 16:04:38.395659 np0000005261 devstack@g-api.service[102976]: DEBUG glance.api.middleware.version_negotiation [None req-79b88da9-75c6-41c4-bdba-16b7aca8c47a None None] Matched version: v2 {{(pid=102976) process_request /opt/stack/glance/glance/api/middleware/version_negotiation.py:69}}
Jul 16 16:04:38.395781 np0000005261 devstack@g-api.service[102976]: DEBUG glance.api.middleware.version_negotiation [None req-79b88da9-75c6-41c4-bdba-16b7aca8c47a None None] new path /v2/images/068ee921-05ee-4ab4-9963-d711df5043fe {{(pid=102976) process_request /opt/stack/glance/glance/api/middleware/version_negotiation.py:70}}
Jul 16 16:04:38.401758 np0000005261 devstack@g-api.service[102975]: DEBUG glance.async_.taskflow_executor [-] Taskflow executor picked up the execution of task ID 0d56fb3a-1d79-4f64-be12-0bd8323c8876 of task type api_image_import {{(pid=102975) _run /opt/stack/glance/glance/async_/taskflow_executor.py:175}}
Jul 16 16:04:38.421163 np0000005261 devstack@g-api.service[102975]: DEBUG glance_store.backend [-] Attempting to import store cinder {{(pid=102975) _load_store /opt/stack/data/venv/lib/python3.12/site-packages/glance_store/backend.py:215}}
Jul 16 16:04:38.421290 np0000005261 devstack@g-api.service[102975]: DEBUG glance_store.backend [-] Attempting to import store file {{(pid=102975) _load_store /opt/stack/data/venv/lib/python3.12/site-packages/glance_store/backend.py:215}}
Jul 16 16:04:38.421342 np0000005261 devstack@g-api.service[102975]: DEBUG glance_store.backend [-] Attempting to import store glance.store.cinder.Store {{(pid=102975) _load_store /opt/stack/data/venv/lib/python3.12/site-packages/glance_store/backend.py:215}}
Jul 16 16:04:38.421416 np0000005261 devstack@g-api.service[102975]: DEBUG glance_store.backend [-] Attempting to import store glance.store.filesystem.Store {{(pid=102975) _load_store /opt/stack/data/venv/lib/python3.12/site-packages/glance_store/backend.py:215}}
Jul 16 16:04:38.421487 np0000005261 devstack@g-api.service[102975]: DEBUG glance_store.backend [-] Attempting to import store glance.store.http.Store {{(pid=102975) _load_store /opt/stack/data/venv/lib/python3.12/site-packages/glance_store/backend.py:215}}
Jul 16 16:04:38.421556 np0000005261 devstack@g-api.service[102975]: DEBUG glance_store.backend [-] Attempting to import store glance.store.rbd.Store {{(pid=102975) _load_store /opt/stack/data/venv/lib/python3.12/site-packages/glance_store/backend.py:215}}
Jul 16 16:04:38.421628 np0000005261 devstack@g-api.service[102975]: DEBUG glance_store.backend [-] Attempting to import store glance.store.s3.Store {{(pid=102975) _load_store /opt/stack/data/venv/lib/python3.12/site-packages/glance_store/backend.py:215}}
Jul 16 16:04:38.421704 np0000005261 devstack@g-api.service[102975]: DEBUG glance_store.backend [-] Attempting to import store glance.store.swift.Store {{(pid=102975) _load_store /opt/stack/data/venv/lib/python3.12/site-packages/glance_store/backend.py:215}}
Jul 16 16:04:38.421794 np0000005261 devstack@g-api.service[102975]: DEBUG glance_store.backend [-] Attempting to import store glance.store.vmware_datastore.Store {{(pid=102975) _load_store /opt/stack/data/venv/lib/python3.12/site-packages/glance_store/backend.py:215}}
Jul 16 16:04:38.421914 np0000005261 devstack@g-api.service[102975]: DEBUG glance_store.backend [-] Attempting to import store http {{(pid=102975) _load_store /opt/stack/data/venv/lib/python3.12/site-packages/glance_store/backend.py:215}}
Jul 16 16:04:38.421992 np0000005261 devstack@g-api.service[102975]: DEBUG glance_store.backend [-] Attempting to import store no_conf {{(pid=102975) _load_store /opt/stack/data/venv/lib/python3.12/site-packages/glance_store/backend.py:215}}
Jul 16 16:04:38.422064 np0000005261 devstack@g-api.service[102975]: DEBUG glance_store.backend [-] Attempting to import store rbd {{(pid=102975) _load_store /opt/stack/data/venv/lib/python3.12/site-packages/glance_store/backend.py:215}}
Jul 16 16:04:38.422144 np0000005261 devstack@g-api.service[102975]: DEBUG glance_store.backend [-] Attempting to import store s3 {{(pid=102975) _load_store /opt/stack/data/venv/lib/python3.12/site-packages/glance_store/backend.py:215}}
Jul 16 16:04:38.422213 np0000005261 devstack@g-api.service[102975]: DEBUG glance_store.backend [-] Attempting to import store swift {{(pid=102975) _load_store /opt/stack/data/venv/lib/python3.12/site-packages/glance_store/backend.py:215}}
Jul 16 16:04:38.422280 np0000005261 devstack@g-api.service[102975]: DEBUG glance_store.backend [-] Attempting to import store vmware {{(pid=102975) _load_store /opt/stack/data/venv/lib/python3.12/site-packages/glance_store/backend.py:215}}
Jul 16 16:04:38.422350 np0000005261 devstack@g-api.service[102975]: DEBUG glance_store.backend [-] Registering options for group glance_store {{(pid=102975) register_opts /opt/stack/data/venv/lib/python3.12/site-packages/glance_store/backend.py:144}}
Jul 16 16:04:38.422429 np0000005261 devstack@g-api.service[102975]: DEBUG glance_store.backend [-] Registering options for group glance_store {{(pid=102975) register_opts /opt/stack/data/venv/lib/python3.12/site-packages/glance_store/backend.py:144}}
Jul 16 16:04:38.422672 np0000005261 devstack@g-api.service[102975]: DEBUG glance_store.backend [-] Attempting to import store file {{(pid=102975) _load_store /opt/stack/data/venv/lib/python3.12/site-packages/glance_store/backend.py:215}}
Jul 16 16:04:38.423022 np0000005261 devstack@g-api.service[102975]: DEBUG glance_store.capabilities [-] Store glance_store._drivers.filesystem.Store doesn't support updating dynamic storage capabilities. Please overwrite 'update_capabilities' method of the store to implement updating logics if needed. {{(pid=102975) update_capabilities /opt/stack/data/venv/lib/python3.12/site-packages/glance_store/capabilities.py:91}}
Jul 16 16:04:38.429197 np0000005261 devstack@g-api.service[102976]: [pid: 102976|app: 0|req: 3/6] 127.0.0.1 () {38 vars in 856 bytes} [Thu Jul 16 16:04:38 2026] GET /v2/images/068ee921-05ee-4ab4-9963-d711df5043fe => generated 879 bytes in 34 msecs (HTTP/1.1 200) 4 headers in 157 bytes (1 switches on core 0)
Jul 16 16:04:38.429598 np0000005261 devstack@g-api.service[102975]: DEBUG glance.async_.flows.api_image_import [-] Image 068ee921-05ee-4ab4-9963-d711df5043fe os_glance_importing_to_stores= {{(pid=102975) merge_store_list /opt/stack/glance/glance/async_/flows/api_image_import.py:297}}
Jul 16 16:04:38.429598 np0000005261 devstack@g-api.service[102975]: DEBUG glance.async_.flows.api_image_import [-] Image 068ee921-05ee-4ab4-9963-d711df5043fe os_glance_failed_import= {{(pid=102975) merge_store_list /opt/stack/glance/glance/async_/flows/api_image_import.py:297}}
Jul 16 16:04:38.434773 np0000005261 devstack@g-api.service[102975]: DEBUG glance.async_.flows.api_image_import [-] Image 068ee921-05ee-4ab4-9963-d711df5043fe status changing from uploading to importing {{(pid=102975) __exit__ /opt/stack/glance/glance/async_/flows/api_image_import.py:184}}
Jul 16 16:04:38.853821 np0000005261 devstack@g-api.service[102975]: DEBUG glance.async_ [-] Creating threadpool model 'ThreadPoolExecutor' with size 10 {{(pid=102975) __init__ /opt/stack/glance/glance/async_/__init__.py:100}}
Jul 16 16:04:38.868635 np0000005261 devstack@g-api.service[102975]: DEBUG glance.async_.taskflow_executor [-] Flow 'api_image_import' (dc37e44d-12dc-4662-ba11-ef73a96f4d99) transitioned into state 'RUNNING' from state 'PENDING' {{(pid=102975) _flow_receiver /opt/stack/data/venv/lib/python3.12/site-packages/taskflow/listeners/logging.py:160}}
Jul 16 16:04:38.870504 np0000005261 devstack@g-api.service[102975]: DEBUG glance.async_.taskflow_executor [-] Task 'api_image_import-ImageLock-0d56fb3a-1d79-4f64-be12-0bd8323c8876' (fbc292ec-481c-4025-be2a-b191ad93368e) transitioned into state 'RUNNING' from state 'PENDING' {{(pid=102975) _task_receiver /opt/stack/data/venv/lib/python3.12/site-packages/taskflow/listeners/logging.py:242}}
Jul 16 16:04:38.876570 np0000005261 devstack@g-api.service[102975]: DEBUG glance.async_.flows.api_image_import [-] Image 068ee921-05ee-4ab4-9963-d711df5043fe import task 0d56fb3a-1d79-4f64-be12-0bd8323c8876 lock confirmed {{(pid=102975) execute /opt/stack/glance/glance/async_/flows/api_image_import.py:497}}
Jul 16 16:04:38.877221 np0000005261 devstack@g-api.service[102975]: DEBUG glance.async_.taskflow_executor [-] Task 'api_image_import-ImageLock-0d56fb3a-1d79-4f64-be12-0bd8323c8876' (fbc292ec-481c-4025-be2a-b191ad93368e) transitioned into state 'SUCCESS' from state 'RUNNING' with result 'None' {{(pid=102975) _task_receiver /opt/stack/data/venv/lib/python3.12/site-packages/taskflow/listeners/logging.py:218}}
Jul 16 16:04:38.877878 np0000005261 devstack@g-api.service[102975]: DEBUG glance.async_.taskflow_executor [-] Task 'api_image_import-ConfigureStaging-0d56fb3a-1d79-4f64-be12-0bd8323c8876' (cd972120-fa41-4a92-acad-c2a4b89482a4) transitioned into state 'RUNNING' from state 'PENDING' {{(pid=102975) _task_receiver /opt/stack/data/venv/lib/python3.12/site-packages/taskflow/listeners/logging.py:242}}
Jul 16 16:04:38.878537 np0000005261 devstack@g-api.service[102975]: DEBUG glance.async_.taskflow_executor [-] Task 'api_image_import-ConfigureStaging-0d56fb3a-1d79-4f64-be12-0bd8323c8876' (cd972120-fa41-4a92-acad-c2a4b89482a4) transitioned into state 'SUCCESS' from state 'RUNNING' with result 'file:///tmp/staging/068ee921-05ee-4ab4-9963-d711df5043fe' {{(pid=102975) _task_receiver /opt/stack/data/venv/lib/python3.12/site-packages/taskflow/listeners/logging.py:218}}
Jul 16 16:04:38.879182 np0000005261 devstack@g-api.service[102975]: DEBUG glance.async_.taskflow_executor [-] Task 'api_image_import--ImportToStore-0d56fb3a-1d79-4f64-be12-0bd8323c8876' (4046bb92-19fd-42f9-8992-460e60f3fd1e) transitioned into state 'RUNNING' from state 'PENDING' {{(pid=102975) _task_receiver /opt/stack/data/venv/lib/python3.12/site-packages/taskflow/listeners/logging.py:242}}
Jul 16 16:04:38.884056 np0000005261 devstack@g-api.service[102975]: INFO glance.common.scripts.image_import.main [-] Task 0d56fb3a-1d79-4f64-be12-0bd8323c8876: Got image data uri file:///tmp/staging/068ee921-05ee-4ab4-9963-d711df5043fe to be imported
Jul 16 16:04:38.885281 np0000005261 devstack@g-api.service[102975]: DEBUG glance.location [-] Enabling in-flight format inspection for qcow2 {{(pid=102975) set_data /opt/stack/glance/glance/location.py:596}}
Jul 16 16:04:38.885629 np0000005261 devstack@g-api.service[102975]: DEBUG glance_store.backend [-] Attempting to import store swift {{(pid=102975) _load_store /opt/stack/data/venv/lib/python3.12/site-packages/glance_store/backend.py:215}}
Jul 16 16:04:38.886827 np0000005261 devstack@g-api.service[102975]: DEBUG glance_store.capabilities [-] Store glance_store._drivers.swift.store.SingleTenantStore doesn't support updating dynamic storage capabilities. Please overwrite 'update_capabilities' method of the store to implement updating logics if needed. {{(pid=102975) update_capabilities /opt/stack/data/venv/lib/python3.12/site-packages/glance_store/capabilities.py:91}}
Jul 16 16:04:38.886912 np0000005261 devstack@g-api.service[102975]: DEBUG glance_store.driver [-] Late loading location class glance_store._drivers.swift.store.StoreLocation {{(pid=102975) get_store_location_class /opt/stack/data/venv/lib/python3.12/site-packages/glance_store/driver.py:134}}
Jul 16 16:04:38.887008 np0000005261 devstack@g-api.service[102975]: DEBUG glance_store.location [-] Registering scheme swift+https with {'store': , 'location_class': , 'store_entry': 'swift'} {{(pid=102975) register_scheme_map /opt/stack/data/venv/lib/python3.12/site-packages/glance_store/location.py:146}}
Jul 16 16:04:38.887106 np0000005261 devstack@g-api.service[102975]: DEBUG glance_store.location [-] Registering scheme swift+https with {'store': , 'location_class': , 'store_entry': 'swift'} {{(pid=102975) register_scheme_map /opt/stack/data/venv/lib/python3.12/site-packages/glance_store/location.py:146}}
Jul 16 16:04:38.887194 np0000005261 devstack@g-api.service[102975]: DEBUG glance_store.location [-] Registering scheme swift with {'store': , 'location_class': , 'store_entry': 'swift'} {{(pid=102975) register_scheme_map /opt/stack/data/venv/lib/python3.12/site-packages/glance_store/location.py:146}}
Jul 16 16:04:38.887271 np0000005261 devstack@g-api.service[102975]: DEBUG glance_store.location [-] Registering scheme swift+https with {'store': , 'location_class': , 'store_entry': 'swift'} {{(pid=102975) register_scheme_map /opt/stack/data/venv/lib/python3.12/site-packages/glance_store/location.py:146}}
Jul 16 16:04:38.887334 np0000005261 devstack@g-api.service[102975]: DEBUG glance_store.location [-] Registering scheme swift with {'store': , 'location_class': , 'store_entry': 'swift'} {{(pid=102975) register_scheme_map /opt/stack/data/venv/lib/python3.12/site-packages/glance_store/location.py:146}}
Jul 16 16:04:38.887378 np0000005261 devstack@g-api.service[102975]: DEBUG glance_store.location [-] Registering scheme swift+http with {'store': , 'location_class': , 'store_entry': 'swift'} {{(pid=102975) register_scheme_map /opt/stack/data/venv/lib/python3.12/site-packages/glance_store/location.py:146}}
Jul 16 16:04:38.887448 np0000005261 devstack@g-api.service[102975]: DEBUG glance_store.location [-] Registering scheme swift+https with {'store': , 'location_class': , 'store_entry': 'swift'} {{(pid=102975) register_scheme_map /opt/stack/data/venv/lib/python3.12/site-packages/glance_store/location.py:146}}
Jul 16 16:04:38.887483 np0000005261 devstack@g-api.service[102975]: DEBUG glance_store.location [-] Registering scheme swift with {'store': , 'location_class': , 'store_entry': 'swift'} {{(pid=102975) register_scheme_map /opt/stack/data/venv/lib/python3.12/site-packages/glance_store/location.py:146}}
Jul 16 16:04:38.887512 np0000005261 devstack@g-api.service[102975]: DEBUG glance_store.location [-] Registering scheme swift+http with {'store': , 'location_class': , 'store_entry': 'swift'} {{(pid=102975) register_scheme_map /opt/stack/data/venv/lib/python3.12/site-packages/glance_store/location.py:146}}
Jul 16 16:04:38.887564 np0000005261 devstack@g-api.service[102975]: DEBUG glance_store.location [-] Registering scheme swift+config with {'store': , 'location_class': , 'store_entry': 'swift'} {{(pid=102975) register_scheme_map /opt/stack/data/venv/lib/python3.12/site-packages/glance_store/location.py:146}}
Jul 16 16:04:39.345120 np0000005261 devstack@g-api.service[102975]: INFO swiftclient [-] REQ: curl -i https://10.4.3.177:8080/v1/AUTH_86b4f26367f64270a64e6b60b03af222/glance -I -H "X-Auth-Token: gAAAAABqWQEWza3o..."
Jul 16 16:04:39.345179 np0000005261 devstack@g-api.service[102975]: INFO swiftclient [-] RESP STATUS: 404 Not Found
Jul 16 16:04:39.345294 np0000005261 devstack@g-api.service[102975]: INFO swiftclient [-] RESP HEADERS: {'Date': 'Thu, 16 Jul 2026 16:04:39 GMT', 'Server': 'Apache/2.4.58 (Ubuntu)', 'Content-Type': 'text/html; charset=UTF-8', 'X-Trans-Id': 'txa70c98138a2e41028ce1c-006a590116', 'X-Openstack-Request-Id': 'txa70c98138a2e41028ce1c-006a590116', 'Connection': 'close'}
Jul 16 16:04:39.345492 np0000005261 devstack@g-api.service[102975]: INFO glance_store._drivers.swift.store [-] Creating swift container glance
Jul 16 16:04:39.395986 np0000005261 devstack@g-api.service[102975]: DEBUG swiftclient [-] REQ: curl -i https://10.4.3.177:8080/v1/AUTH_86b4f26367f64270a64e6b60b03af222/glance -X PUT -H "X-Auth-Token: gAAAAABqWQEWza3o..." -H "Content-Length: 0" {{(pid=102975) http_log /opt/stack/data/venv/lib/python3.12/site-packages/swiftclient/client.py:160}}
Jul 16 16:04:39.396075 np0000005261 devstack@g-api.service[102975]: DEBUG swiftclient [-] RESP STATUS: 201 Created {{(pid=102975) http_log /opt/stack/data/venv/lib/python3.12/site-packages/swiftclient/client.py:161}}
Jul 16 16:04:39.396185 np0000005261 devstack@g-api.service[102975]: DEBUG swiftclient [-] RESP HEADERS: {'Date': 'Thu, 16 Jul 2026 16:04:39 GMT', 'Server': 'Apache/2.4.58 (Ubuntu)', 'Content-Type': 'text/html; charset=UTF-8', 'Content-Length': '0', 'X-Trans-Id': 'tx9664ac64231244499e725-006a590117', 'X-Openstack-Request-Id': 'tx9664ac64231244499e725-006a590117', 'Connection': 'close'} {{(pid=102975) http_log /opt/stack/data/venv/lib/python3.12/site-packages/swiftclient/client.py:162}}
Jul 16 16:04:39.396306 np0000005261 devstack@g-api.service[102975]: DEBUG glance_store._drivers.swift.store [-] Adding image object '068ee921-05ee-4ab4-9963-d711df5043fe' to Swift {{(pid=102975) add /opt/stack/data/venv/lib/python3.12/site-packages/glance_store/_drivers/swift/store.py:970}}
Jul 16 16:04:39.401936 np0000005261 devstack@g-api.service[102975]: DEBUG oslo_utils.imageutils.format_inspector [-] Format inspector for vmdk does not match, excluding from consideration (Signature KDMV not found: b'QFI\xfb') {{(pid=102975) _process_chunk /opt/stack/data/venv/lib/python3.12/site-packages/oslo_utils/imageutils/format_inspector.py:1758}}
Jul 16 16:04:39.405231 np0000005261 devstack@g-api.service[102975]: DEBUG oslo_utils.imageutils.format_inspector [-] Format inspector for vhdx does not match, excluding from consideration (Region signature not found at 30000) {{(pid=102975) _process_chunk /opt/stack/data/venv/lib/python3.12/site-packages/oslo_utils/imageutils/format_inspector.py:1758}}
Jul 16 16:04:39.700426 np0000005261 devstack@g-api.service[102975]: DEBUG swiftclient [-] REQ: curl -i https://10.4.3.177:8080/v1/AUTH_86b4f26367f64270a64e6b60b03af222/glance/068ee921-05ee-4ab4-9963-d711df5043fe -X PUT -H "X-Auth-Token: gAAAAABqWQEWza3o..." -H "Content-Length: 21430272" {{(pid=102975) http_log /opt/stack/data/venv/lib/python3.12/site-packages/swiftclient/client.py:160}}
Jul 16 16:04:39.700490 np0000005261 devstack@g-api.service[102975]: DEBUG swiftclient [-] RESP STATUS: 201 Created {{(pid=102975) http_log /opt/stack/data/venv/lib/python3.12/site-packages/swiftclient/client.py:161}}
Jul 16 16:04:39.700579 np0000005261 devstack@g-api.service[102975]: DEBUG swiftclient [-] RESP HEADERS: {'Date': 'Thu, 16 Jul 2026 16:04:39 GMT', 'Server': 'Apache/2.4.58 (Ubuntu)', 'Content-Type': 'text/html; charset=UTF-8', 'Content-Length': '0', 'Etag': 'c8fc807773e5354afe61636071771906', 'Last-Modified': 'Thu, 16 Jul 2026 16:04:40 GMT', 'X-Trans-Id': 'txa70e81217a5b4d0aa2499-006a590117', 'X-Openstack-Request-Id': 'txa70e81217a5b4d0aa2499-006a590117', 'Connection': 'close'} {{(pid=102975) http_log /opt/stack/data/venv/lib/python3.12/site-packages/swiftclient/client.py:162}}
Jul 16 16:04:39.711125 np0000005261 devstack@g-api.service[102975]: INFO glance.location [-] Image format matched and virtual size computed: 117440512
Jul 16 16:04:39.717187 np0000005261 devstack@g-api.service[102975]: DEBUG glance.async_.flows.api_image_import [-] Image 068ee921-05ee-4ab4-9963-d711df5043fe status changing from importing to active {{(pid=102975) __exit__ /opt/stack/glance/glance/async_/flows/api_image_import.py:184}}
Jul 16 16:04:39.734709 np0000005261 devstack@g-api.service[102975]: DEBUG glance_store.backend [-] Attempting to import store swift {{(pid=102975) _load_store /opt/stack/data/venv/lib/python3.12/site-packages/glance_store/backend.py:215}}
Jul 16 16:04:39.735737 np0000005261 devstack@g-api.service[102975]: DEBUG glance_store.capabilities [-] Store glance_store._drivers.swift.store.SingleTenantStore doesn't support updating dynamic storage capabilities. Please overwrite 'update_capabilities' method of the store to implement updating logics if needed. {{(pid=102975) update_capabilities /opt/stack/data/venv/lib/python3.12/site-packages/glance_store/capabilities.py:91}}
Jul 16 16:04:39.735804 np0000005261 devstack@g-api.service[102975]: DEBUG glance_store.driver [-] Late loading location class glance_store._drivers.swift.store.StoreLocation {{(pid=102975) get_store_location_class /opt/stack/data/venv/lib/python3.12/site-packages/glance_store/driver.py:134}}
Jul 16 16:04:39.735880 np0000005261 devstack@g-api.service[102975]: DEBUG glance_store.location [-] Registering scheme swift+https with {'store': , 'location_class': , 'store_entry': 'swift'} {{(pid=102975) register_scheme_map /opt/stack/data/venv/lib/python3.12/site-packages/glance_store/location.py:146}}
