Jun 08 17:38:46.954049 np0000002336 devstack@g-api.service[102101]: DEBUG glance_store.location [-] Registering scheme swift+config with {'store': , 'location_class': , 'store_entry': 'swift'} {{(pid=102101) register_scheme_map /opt/stack/data/venv/lib/python3.12/site-packages/glance_store/location.py:146}}
Jun 08 17:38:46.954049 np0000002336 devstack@g-api.service[102101]: DEBUG glance_store.backend [-] Attempting to import store http {{(pid=102101) _load_store /opt/stack/data/venv/lib/python3.12/site-packages/glance_store/backend.py:215}}
Jun 08 17:38:46.954264 np0000002336 devstack@g-api.service[102101]: DEBUG glance_store.capabilities [-] Store glance_store._drivers.http.Store doesn't support updating dynamic storage capabilities. Please overwrite 'update_capabilities' method of the store to implement updating logics if needed. {{(pid=102101) update_capabilities /opt/stack/data/venv/lib/python3.12/site-packages/glance_store/capabilities.py:91}}
Jun 08 17:38:46.954331 np0000002336 devstack@g-api.service[102101]: DEBUG glance_store.backend [-] Registering store http with schemes ('http', 'https') {{(pid=102101) create_stores /opt/stack/data/venv/lib/python3.12/site-packages/glance_store/backend.py:261}}
Jun 08 17:38:46.954388 np0000002336 devstack@g-api.service[102101]: DEBUG glance_store.driver [-] Late loading location class glance_store._drivers.http.StoreLocation {{(pid=102101) get_store_location_class /opt/stack/data/venv/lib/python3.12/site-packages/glance_store/driver.py:134}}
Jun 08 17:38:46.954388 np0000002336 devstack@g-api.service[102101]: DEBUG glance_store.location [-] Registering scheme http with {'store': , 'location_class': , 'store_entry': 'http'} {{(pid=102101) register_scheme_map /opt/stack/data/venv/lib/python3.12/site-packages/glance_store/location.py:146}}
Jun 08 17:38:46.954477 np0000002336 devstack@g-api.service[102101]: DEBUG glance_store.location [-] Registering scheme https with {'store': , 'location_class': , 'store_entry': 'http'} {{(pid=102101) register_scheme_map /opt/stack/data/venv/lib/python3.12/site-packages/glance_store/location.py:146}}
Jun 08 17:38:46.954477 np0000002336 devstack@g-api.service[102101]: DEBUG glance_store.backend [-] Attempting to import store file {{(pid=102101) _load_store /opt/stack/data/venv/lib/python3.12/site-packages/glance_store/backend.py:215}}
Jun 08 17:38:46.954938 np0000002336 devstack@g-api.service[102101]: DEBUG glance_store.capabilities [-] Store glance_store._drivers.filesystem.Store doesn't support updating dynamic storage capabilities. Please overwrite 'update_capabilities' method of the store to implement updating logics if needed. {{(pid=102101) update_capabilities /opt/stack/data/venv/lib/python3.12/site-packages/glance_store/capabilities.py:91}}
Jun 08 17:38:46.954996 np0000002336 devstack@g-api.service[102101]: DEBUG glance_store.backend [-] Registering store file with schemes ('file', 'filesystem') {{(pid=102101) create_stores /opt/stack/data/venv/lib/python3.12/site-packages/glance_store/backend.py:261}}
Jun 08 17:38:46.955056 np0000002336 devstack@g-api.service[102101]: DEBUG glance_store.driver [-] Late loading location class glance_store._drivers.filesystem.StoreLocation {{(pid=102101) get_store_location_class /opt/stack/data/venv/lib/python3.12/site-packages/glance_store/driver.py:134}}
Jun 08 17:38:46.955056 np0000002336 devstack@g-api.service[102101]: DEBUG glance_store.location [-] Registering scheme file with {'store': , 'location_class': , 'store_entry': 'file'} {{(pid=102101) register_scheme_map /opt/stack/data/venv/lib/python3.12/site-packages/glance_store/location.py:146}}
Jun 08 17:38:46.955130 np0000002336 devstack@g-api.service[102101]: DEBUG glance_store.location [-] Registering scheme filesystem with {'store': , 'location_class': , 'store_entry': 'file'} {{(pid=102101) register_scheme_map /opt/stack/data/venv/lib/python3.12/site-packages/glance_store/location.py:146}}
Jun 08 17:38:46.955192 np0000002336 devstack@g-api.service[102101]: DEBUG glance_store.backend [-] Attempting to import store swift {{(pid=102101) _load_store /opt/stack/data/venv/lib/python3.12/site-packages/glance_store/backend.py:215}}
Jun 08 17:38:46.956227 np0000002336 devstack@g-api.service[102101]: DEBUG glance_store.capabilities [-] Store glance_store._drivers.swift.store.SingleTenantStore doesn't support updating dynamic storage capabilities. Please overwrite 'update_capabilities' method of the store to implement updating logics if needed. {{(pid=102101) update_capabilities /opt/stack/data/venv/lib/python3.12/site-packages/glance_store/capabilities.py:91}}
Jun 08 17:38:46.956287 np0000002336 devstack@g-api.service[102101]: DEBUG glance_store.driver [-] Late loading location class glance_store._drivers.swift.store.StoreLocation {{(pid=102101) get_store_location_class /opt/stack/data/venv/lib/python3.12/site-packages/glance_store/driver.py:134}}
Jun 08 17:38:46.956344 np0000002336 devstack@g-api.service[102101]: DEBUG glance_store.location [-] Registering scheme swift+https with {'store': , 'location_class': , 'store_entry': 'swift'} {{(pid=102101) register_scheme_map /opt/stack/data/venv/lib/python3.12/site-packages/glance_store/location.py:146}}
Jun 08 17:38:46.956408 np0000002336 devstack@g-api.service[102101]: DEBUG glance_store.location [-] Registering scheme swift+https with {'store': , 'location_class': , 'store_entry': 'swift'} {{(pid=102101) register_scheme_map /opt/stack/data/venv/lib/python3.12/site-packages/glance_store/location.py:146}}
Jun 08 17:38:46.956455 np0000002336 devstack@g-api.service[102101]: DEBUG glance_store.location [-] Registering scheme swift with {'store': , 'location_class': , 'store_entry': 'swift'} {{(pid=102101) register_scheme_map /opt/stack/data/venv/lib/python3.12/site-packages/glance_store/location.py:146}}
Jun 08 17:38:46.956501 np0000002336 devstack@g-api.service[102101]: DEBUG glance_store.location [-] Registering scheme swift+https with {'store': , 'location_class': , 'store_entry': 'swift'} {{(pid=102101) register_scheme_map /opt/stack/data/venv/lib/python3.12/site-packages/glance_store/location.py:146}}
Jun 08 17:38:46.956550 np0000002336 devstack@g-api.service[102101]: DEBUG glance_store.location [-] Registering scheme swift with {'store': , 'location_class': , 'store_entry': 'swift'} {{(pid=102101) register_scheme_map /opt/stack/data/venv/lib/python3.12/site-packages/glance_store/location.py:146}}
Jun 08 17:38:46.956614 np0000002336 devstack@g-api.service[102101]: DEBUG glance_store.location [-] Registering scheme swift+http with {'store': , 'location_class': , 'store_entry': 'swift'} {{(pid=102101) register_scheme_map /opt/stack/data/venv/lib/python3.12/site-packages/glance_store/location.py:146}}
Jun 08 17:38:46.956655 np0000002336 devstack@g-api.service[102101]: DEBUG glance_store.location [-] Registering scheme swift+https with {'store': , 'location_class': , 'store_entry': 'swift'} {{(pid=102101) register_scheme_map /opt/stack/data/venv/lib/python3.12/site-packages/glance_store/location.py:146}}
Jun 08 17:38:46.956704 np0000002336 devstack@g-api.service[102101]: DEBUG glance_store.location [-] Registering scheme swift with {'store': , 'location_class': , 'store_entry': 'swift'} {{(pid=102101) register_scheme_map /opt/stack/data/venv/lib/python3.12/site-packages/glance_store/location.py:146}}
Jun 08 17:38:46.956903 np0000002336 devstack@g-api.service[102101]: DEBUG glance_store.location [-] Registering scheme swift+http with {'store': , 'location_class': , 'store_entry': 'swift'} {{(pid=102101) register_scheme_map /opt/stack/data/venv/lib/python3.12/site-packages/glance_store/location.py:146}}
Jun 08 17:38:46.956903 np0000002336 devstack@g-api.service[102101]: DEBUG glance_store.location [-] Registering scheme swift+config with {'store': , 'location_class': , 'store_entry': 'swift'} {{(pid=102101) register_scheme_map /opt/stack/data/venv/lib/python3.12/site-packages/glance_store/location.py:146}}
Jun 08 17:38:46.957089 np0000002336 devstack@g-api.service[102101]: DEBUG glance.sqlite_migration [-] SQLite caching database not located, skipping migration {{(pid=102101) get_db_path /opt/stack/glance/glance/sqlite_migration.py:68}}
Jun 08 17:38:46.957277 np0000002336 devstack@g-api.service[102101]: WARNING glance.common.wsgi_app [-] Import methods are enabled but staging directory /tmp/staging/ does not exist; Imports will fail!
Jun 08 17:38:47.135842 np0000002336 devstack@g-api.service[102102]: DEBUG glance.common.config [None req-4c070d04-c33a-439a-81ea-579299c91d57 None None] Loading glance-api-keystone+cachemanagement from /etc/glance/glance-api-paste.ini {{(pid=102102) load_paste_app /opt/stack/glance/glance/common/config.py:758}}
Jun 08 17:38:47.151039 np0000002336 devstack@g-api.service[102103]: DEBUG glance.common.config [None req-7cca7218-827b-4584-b6d0-755e8b09840e None None] Loading glance-api-keystone+cachemanagement from /etc/glance/glance-api-paste.ini {{(pid=102103) load_paste_app /opt/stack/glance/glance/common/config.py:758}}
Jun 08 17:38:47.211120 np0000002336 devstack@g-api.service[102101]: DEBUG glance.common.config [None req-c5cea202-5c64-4b76-a276-e9358ade3927 None None] Loading glance-api-keystone+cachemanagement from /etc/glance/glance-api-paste.ini {{(pid=102101) load_paste_app /opt/stack/glance/glance/common/config.py:758}}
Jun 08 17:38:47.713176 np0000002336 devstack@g-api.service[102102]: INFO glance.image_cache [None req-4c070d04-c33a-439a-81ea-579299c91d57 None None] Image cache loaded driver 'centralized_db'.
Jun 08 17:38:47.713560 np0000002336 devstack@g-api.service[102103]: INFO glance.image_cache [None req-7cca7218-827b-4584-b6d0-755e8b09840e None None] Image cache loaded driver 'centralized_db'.
Jun 08 17:38:47.756258 np0000002336 devstack@g-api.service[102103]: INFO dbcounter [None req-7cca7218-827b-4584-b6d0-755e8b09840e None None] Registered counter for database glance
Jun 08 17:38:47.756971 np0000002336 devstack@g-api.service[102102]: INFO dbcounter [None req-4c070d04-c33a-439a-81ea-579299c91d57 None None] Registered counter for database glance
Jun 08 17:38:47.796009 np0000002336 devstack@g-api.service[102101]: INFO glance.image_cache [None req-c5cea202-5c64-4b76-a276-e9358ade3927 None None] Image cache loaded driver 'centralized_db'.
Jun 08 17:38:47.797654 np0000002336 devstack@g-api.service[102103]: DEBUG oslo_db.sqlalchemy.engines [None req-7cca7218-827b-4584-b6d0-755e8b09840e None None] MySQL server mode set to STRICT_TRANS_TABLES,STRICT_ALL_TABLES,NO_ZERO_IN_DATE,NO_ZERO_DATE,ERROR_FOR_DIVISION_BY_ZERO,TRADITIONAL,NO_ENGINE_SUBSTITUTION {{(pid=102103) _check_effective_sql_mode /opt/stack/data/venv/lib/python3.12/site-packages/oslo_db/sqlalchemy/engines.py:325}}
Jun 08 17:38:47.800851 np0000002336 devstack@g-api.service[102102]: DEBUG oslo_db.sqlalchemy.engines [None req-4c070d04-c33a-439a-81ea-579299c91d57 None None] MySQL server mode set to STRICT_TRANS_TABLES,STRICT_ALL_TABLES,NO_ZERO_IN_DATE,NO_ZERO_DATE,ERROR_FOR_DIVISION_BY_ZERO,TRADITIONAL,NO_ENGINE_SUBSTITUTION {{(pid=102102) _check_effective_sql_mode /opt/stack/data/venv/lib/python3.12/site-packages/oslo_db/sqlalchemy/engines.py:325}}
Jun 08 17:38:47.818888 np0000002336 devstack@g-api.service[102103]: DEBUG dbcounter [-] [102103] Writer thread running {{(pid=102103) stat_writer /opt/stack/data/venv/lib/python3.12/site-packages/dbcounter.py:102}}
Jun 08 17:38:47.821791 np0000002336 devstack@g-api.service[102102]: DEBUG dbcounter [-] [102102] Writer thread running {{(pid=102102) stat_writer /opt/stack/data/venv/lib/python3.12/site-packages/dbcounter.py:102}}
Jun 08 17:38:47.824489 np0000002336 devstack@g-api.service[102102]: DEBUG glance.image_cache.drivers.centralized_db [None req-4c070d04-c33a-439a-81ea-579299c91d57 None None] Node reference is already recorded, ignoring it {{(pid=102102) configure /opt/stack/glance/glance/image_cache/drivers/centralized_db.py:71}}
Jun 08 17:38:47.830416 np0000002336 devstack@g-api.service[102103]: INFO glance.image_cache [None req-7cca7218-827b-4584-b6d0-755e8b09840e None None] Image cache loaded driver 'centralized_db'.
Jun 08 17:38:47.830508 np0000002336 devstack@g-api.service[102102]: INFO glance.image_cache [None req-4c070d04-c33a-439a-81ea-579299c91d57 None None] Image cache loaded driver 'centralized_db'.
Jun 08 17:38:47.836793 np0000002336 devstack@g-api.service[102102]: DEBUG glance.image_cache.drivers.centralized_db [None req-4c070d04-c33a-439a-81ea-579299c91d57 None None] Node reference is already recorded, ignoring it {{(pid=102102) configure /opt/stack/glance/glance/image_cache/drivers/centralized_db.py:71}}
Jun 08 17:38:47.836847 np0000002336 devstack@g-api.service[102103]: DEBUG glance.image_cache.drivers.centralized_db [None req-7cca7218-827b-4584-b6d0-755e8b09840e None None] Node reference is already recorded, ignoring it {{(pid=102103) configure /opt/stack/glance/glance/image_cache/drivers/centralized_db.py:71}}
Jun 08 17:38:47.840187 np0000002336 devstack@g-api.service[102101]: INFO dbcounter [None req-c5cea202-5c64-4b76-a276-e9358ade3927 None None] Registered counter for database glance
Jun 08 17:38:47.841138 np0000002336 devstack@g-api.service[102102]: DEBUG glance.api.v2.cached_images [None req-4c070d04-c33a-439a-81ea-579299c91d57 None None] Started cache worker thread {{(pid=102102) __init__ /opt/stack/glance/glance/api/v2/cached_images.py:69}}
Jun 08 17:38:47.841299 np0000002336 devstack@g-api.service[102103]: DEBUG glance.api.v2.cached_images [None req-7cca7218-827b-4584-b6d0-755e8b09840e None None] Started cache worker thread {{(pid=102103) __init__ /opt/stack/glance/glance/api/v2/cached_images.py:69}}
Jun 08 17:38:47.841635 np0000002336 devstack@g-api.service[102102]: INFO glance.image_cache [None req-4c070d04-c33a-439a-81ea-579299c91d57 None None] Image cache loaded driver 'centralized_db'.
Jun 08 17:38:47.841954 np0000002336 devstack@g-api.service[102103]: INFO glance.image_cache [None req-7cca7218-827b-4584-b6d0-755e8b09840e None None] Image cache loaded driver 'centralized_db'.
Jun 08 17:38:47.847664 np0000002336 devstack@g-api.service[102102]: DEBUG glance.image_cache.drivers.centralized_db [None req-4c070d04-c33a-439a-81ea-579299c91d57 None None] Node reference is already recorded, ignoring it {{(pid=102102) configure /opt/stack/glance/glance/image_cache/drivers/centralized_db.py:71}}
Jun 08 17:38:47.847888 np0000002336 devstack@g-api.service[102103]: DEBUG glance.image_cache.drivers.centralized_db [None req-7cca7218-827b-4584-b6d0-755e8b09840e None None] Node reference is already recorded, ignoring it {{(pid=102103) configure /opt/stack/glance/glance/image_cache/drivers/centralized_db.py:71}}
Jun 08 17:38:47.851808 np0000002336 devstack@g-api.service[102102]: INFO glance.api.middleware.cache_manage [None req-4c070d04-c33a-439a-81ea-579299c91d57 None None] Initialized image cache management middleware
Jun 08 17:38:47.851955 np0000002336 devstack@g-api.service[102102]: INFO glance.image_cache [None req-4c070d04-c33a-439a-81ea-579299c91d57 None None] Image cache loaded driver 'centralized_db'.
Jun 08 17:38:47.852771 np0000002336 devstack@g-api.service[102103]: INFO glance.api.middleware.cache_manage [None req-7cca7218-827b-4584-b6d0-755e8b09840e None None] Initialized image cache management middleware
Jun 08 17:38:47.852932 np0000002336 devstack@g-api.service[102103]: INFO glance.image_cache [None req-7cca7218-827b-4584-b6d0-755e8b09840e None None] Image cache loaded driver 'centralized_db'.
Jun 08 17:38:47.858237 np0000002336 devstack@g-api.service[102102]: DEBUG glance.image_cache.drivers.centralized_db [None req-4c070d04-c33a-439a-81ea-579299c91d57 None None] Node reference is already recorded, ignoring it {{(pid=102102) configure /opt/stack/glance/glance/image_cache/drivers/centralized_db.py:71}}
Jun 08 17:38:47.859042 np0000002336 devstack@g-api.service[102103]: DEBUG glance.image_cache.drivers.centralized_db [None req-7cca7218-827b-4584-b6d0-755e8b09840e None None] Node reference is already recorded, ignoring it {{(pid=102103) configure /opt/stack/glance/glance/image_cache/drivers/centralized_db.py:71}}
Jun 08 17:38:47.861619 np0000002336 devstack@g-api.service[102102]: INFO glance.api.middleware.cache [None req-4c070d04-c33a-439a-81ea-579299c91d57 None None] Initialized image cache middleware
Jun 08 17:38:47.864861 np0000002336 devstack@g-api.service[102103]: INFO glance.api.middleware.cache [None req-7cca7218-827b-4584-b6d0-755e8b09840e None None] Initialized image cache middleware
Jun 08 17:38:47.882688 np0000002336 devstack@g-api.service[102103]: DEBUG glance.common.config [None req-7cca7218-827b-4584-b6d0-755e8b09840e None None] ******************************************************************************** {{(pid=102103) log_opt_values /opt/stack/data/venv/lib/python3.12/site-packages/oslo_config/cfg.py:3229}}
Jun 08 17:38:47.882843 np0000002336 devstack@g-api.service[102103]: DEBUG glance.common.config [None req-7cca7218-827b-4584-b6d0-755e8b09840e None None] Configuration options gathered from: {{(pid=102103) log_opt_values /opt/stack/data/venv/lib/python3.12/site-packages/oslo_config/cfg.py:3230}}
Jun 08 17:38:47.883303 np0000002336 devstack@g-api.service[102103]: DEBUG glance.common.config [None req-7cca7218-827b-4584-b6d0-755e8b09840e None None] command line args: [] {{(pid=102103) log_opt_values /opt/stack/data/venv/lib/python3.12/site-packages/oslo_config/cfg.py:3231}}
Jun 08 17:38:47.883494 np0000002336 devstack@g-api.service[102103]: DEBUG glance.common.config [None req-7cca7218-827b-4584-b6d0-755e8b09840e None None] config files: ['/etc/glance/glance-image-import.conf', '/etc/glance/glance-api.conf'] {{(pid=102103) log_opt_values /opt/stack/data/venv/lib/python3.12/site-packages/oslo_config/cfg.py:3232}}
Jun 08 17:38:47.883618 np0000002336 devstack@g-api.service[102103]: DEBUG glance.common.config [None req-7cca7218-827b-4584-b6d0-755e8b09840e None None] ================================================================================ {{(pid=102103) log_opt_values /opt/stack/data/venv/lib/python3.12/site-packages/oslo_config/cfg.py:3237}}
Jun 08 17:38:47.883794 np0000002336 devstack@g-api.service[102103]: DEBUG glance.common.config [None req-7cca7218-827b-4584-b6d0-755e8b09840e None None] allow_anonymous_access = False {{(pid=102103) log_opt_values /opt/stack/data/venv/lib/python3.12/site-packages/oslo_config/cfg.py:3245}}
Jun 08 17:38:47.883960 np0000002336 devstack@g-api.service[102103]: DEBUG glance.common.config [None req-7cca7218-827b-4584-b6d0-755e8b09840e None None] api_limit_max = 1000 {{(pid=102103) log_opt_values /opt/stack/data/venv/lib/python3.12/site-packages/oslo_config/cfg.py:3245}}
Jun 08 17:38:47.884095 np0000002336 devstack@g-api.service[102103]: DEBUG glance.common.config [None req-7cca7218-827b-4584-b6d0-755e8b09840e None None] backlog = 4096 {{(pid=102103) log_opt_values /opt/stack/data/venv/lib/python3.12/site-packages/oslo_config/cfg.py:3245}}
Jun 08 17:38:47.884247 np0000002336 devstack@g-api.service[102103]: DEBUG glance.common.config [None req-7cca7218-827b-4584-b6d0-755e8b09840e None None] bind_host = 0.0.0.0 {{(pid=102103) log_opt_values /opt/stack/data/venv/lib/python3.12/site-packages/oslo_config/cfg.py:3245}}
Jun 08 17:38:47.884391 np0000002336 devstack@g-api.service[102103]: DEBUG glance.common.config [None req-7cca7218-827b-4584-b6d0-755e8b09840e None None] bind_port = 19292 {{(pid=102103) log_opt_values /opt/stack/data/venv/lib/python3.12/site-packages/oslo_config/cfg.py:3245}}
Jun 08 17:38:47.884527 np0000002336 devstack@g-api.service[102103]: DEBUG glance.common.config [None req-7cca7218-827b-4584-b6d0-755e8b09840e None None] client_socket_timeout = 900 {{(pid=102103) log_opt_values /opt/stack/data/venv/lib/python3.12/site-packages/oslo_config/cfg.py:3245}}
Jun 08 17:38:47.884637 np0000002336 devstack@g-api.service[102103]: DEBUG glance.common.config [None req-7cca7218-827b-4584-b6d0-755e8b09840e None None] config_dir = [] {{(pid=102103) log_opt_values /opt/stack/data/venv/lib/python3.12/site-packages/oslo_config/cfg.py:3245}}
Jun 08 17:38:47.884726 np0000002336 devstack@g-api.service[102103]: DEBUG glance.common.config [None req-7cca7218-827b-4584-b6d0-755e8b09840e None None] config_file = ['/etc/glance/glance-image-import.conf', '/etc/glance/glance-api.conf'] {{(pid=102103) log_opt_values /opt/stack/data/venv/lib/python3.12/site-packages/oslo_config/cfg.py:3245}}
Jun 08 17:38:47.884822 np0000002336 devstack@g-api.service[102103]: DEBUG glance.common.config [None req-7cca7218-827b-4584-b6d0-755e8b09840e None None] config_source = [] {{(pid=102103) log_opt_values /opt/stack/data/venv/lib/python3.12/site-packages/oslo_config/cfg.py:3245}}
Jun 08 17:38:47.884935 np0000002336 devstack@g-api.service[102101]: DEBUG oslo_db.sqlalchemy.engines [None req-c5cea202-5c64-4b76-a276-e9358ade3927 None None] MySQL server mode set to STRICT_TRANS_TABLES,STRICT_ALL_TABLES,NO_ZERO_IN_DATE,NO_ZERO_DATE,ERROR_FOR_DIVISION_BY_ZERO,TRADITIONAL,NO_ENGINE_SUBSTITUTION {{(pid=102101) _check_effective_sql_mode /opt/stack/data/venv/lib/python3.12/site-packages/oslo_db/sqlalchemy/engines.py:325}}
Jun 08 17:38:47.884983 np0000002336 devstack@g-api.service[102103]: DEBUG glance.common.config [None req-7cca7218-827b-4584-b6d0-755e8b09840e None None] control_exchange = glance {{(pid=102103) log_opt_values /opt/stack/data/venv/lib/python3.12/site-packages/oslo_config/cfg.py:3245}}
Jun 08 17:38:47.885020 np0000002336 devstack@g-api.service[102103]: DEBUG glance.common.config [None req-7cca7218-827b-4584-b6d0-755e8b09840e None None] debug = True {{(pid=102103) log_opt_values /opt/stack/data/venv/lib/python3.12/site-packages/oslo_config/cfg.py:3245}}
Jun 08 17:38:47.885281 np0000002336 devstack@g-api.service[102103]: DEBUG glance.common.config [None req-7cca7218-827b-4584-b6d0-755e8b09840e None None] default_log_levels = ['amqp=WARN', 'boto=WARN', 'sqlalchemy=WARN', 'suds=INFO', 'oslo.messaging=INFO', 'oslo_messaging=INFO', 'iso8601=WARN', 'requests.packages.urllib3.connectionpool=WARN', 'urllib3.connectionpool=WARN', 'websocket=WARN', 'requests.packages.urllib3.util.retry=WARN', 'urllib3.util.retry=WARN', 'keystonemiddleware=WARN', 'routes.middleware=WARN', 'stevedore=WARN', 'taskflow=WARN', 'keystoneauth=WARN', 'oslo.cache=INFO', 'oslo_policy=INFO', 'dogpile.core.dogpile=INFO'] {{(pid=102103) log_opt_values /opt/stack/data/venv/lib/python3.12/site-packages/oslo_config/cfg.py:3245}}
Jun 08 17:38:47.885388 np0000002336 devstack@g-api.service[102103]: DEBUG glance.common.config [None req-7cca7218-827b-4584-b6d0-755e8b09840e None None] default_publisher_id = image.localhost {{(pid=102103) log_opt_values /opt/stack/data/venv/lib/python3.12/site-packages/oslo_config/cfg.py:3245}}
Jun 08 17:38:47.885522 np0000002336 devstack@g-api.service[102103]: DEBUG glance.common.config [None req-7cca7218-827b-4584-b6d0-755e8b09840e None None] delayed_delete = False {{(pid=102103) log_opt_values /opt/stack/data/venv/lib/python3.12/site-packages/oslo_config/cfg.py:3245}}
Jun 08 17:38:47.885642 np0000002336 devstack@g-api.service[102103]: DEBUG glance.common.config [None req-7cca7218-827b-4584-b6d0-755e8b09840e None None] digest_algorithm = sha256 {{(pid=102103) log_opt_values /opt/stack/data/venv/lib/python3.12/site-packages/oslo_config/cfg.py:3245}}
Jun 08 17:38:47.885746 np0000002336 devstack@g-api.service[102103]: DEBUG glance.common.config [None req-7cca7218-827b-4584-b6d0-755e8b09840e None None] disabled_notifications = [] {{(pid=102103) log_opt_values /opt/stack/data/venv/lib/python3.12/site-packages/oslo_config/cfg.py:3245}}
Jun 08 17:38:47.885952 np0000002336 devstack@g-api.service[102103]: DEBUG glance.common.config [None req-7cca7218-827b-4584-b6d0-755e8b09840e None None] do_secure_hash = True {{(pid=102103) log_opt_values /opt/stack/data/venv/lib/python3.12/site-packages/oslo_config/cfg.py:3245}}
Jun 08 17:38:47.886054 np0000002336 devstack@g-api.service[102103]: DEBUG glance.common.config [None req-7cca7218-827b-4584-b6d0-755e8b09840e None None] enabled_backends = None {{(pid=102103) log_opt_values /opt/stack/data/venv/lib/python3.12/site-packages/oslo_config/cfg.py:3245}}
Jun 08 17:38:47.886172 np0000002336 devstack@g-api.service[102103]: DEBUG glance.common.config [None req-7cca7218-827b-4584-b6d0-755e8b09840e None None] enabled_import_methods = ['glance-direct', 'web-download', 'copy-image'] {{(pid=102103) log_opt_values /opt/stack/data/venv/lib/python3.12/site-packages/oslo_config/cfg.py:3245}}
Jun 08 17:38:47.886318 np0000002336 devstack@g-api.service[102103]: DEBUG glance.common.config [None req-7cca7218-827b-4584-b6d0-755e8b09840e None None] fatal_deprecations = False {{(pid=102103) log_opt_values /opt/stack/data/venv/lib/python3.12/site-packages/oslo_config/cfg.py:3245}}
Jun 08 17:38:47.886445 np0000002336 devstack@g-api.service[102103]: DEBUG glance.common.config [None req-7cca7218-827b-4584-b6d0-755e8b09840e None None] hashing_algorithm = sha512 {{(pid=102103) log_opt_values /opt/stack/data/venv/lib/python3.12/site-packages/oslo_config/cfg.py:3245}}
Jun 08 17:38:47.886540 np0000002336 devstack@g-api.service[102103]: DEBUG glance.common.config [None req-7cca7218-827b-4584-b6d0-755e8b09840e None None] http_keepalive = True {{(pid=102103) log_opt_values /opt/stack/data/venv/lib/python3.12/site-packages/oslo_config/cfg.py:3245}}
Jun 08 17:38:47.886627 np0000002336 devstack@g-api.service[102103]: DEBUG glance.common.config [None req-7cca7218-827b-4584-b6d0-755e8b09840e None None] http_retries = 3 {{(pid=102103) log_opt_values /opt/stack/data/venv/lib/python3.12/site-packages/oslo_config/cfg.py:3245}}
Jun 08 17:38:47.886739 np0000002336 devstack@g-api.service[102103]: DEBUG glance.common.config [None req-7cca7218-827b-4584-b6d0-755e8b09840e None None] image_cache_dir = /opt/stack/data/glance/cache/ {{(pid=102103) log_opt_values /opt/stack/data/venv/lib/python3.12/site-packages/oslo_config/cfg.py:3245}}
Jun 08 17:38:47.886914 np0000002336 devstack@g-api.service[102103]: DEBUG glance.common.config [None req-7cca7218-827b-4584-b6d0-755e8b09840e None None] image_cache_driver = centralized_db {{(pid=102103) log_opt_values /opt/stack/data/venv/lib/python3.12/site-packages/oslo_config/cfg.py:3245}}
Jun 08 17:38:47.887007 np0000002336 devstack@g-api.service[102103]: DEBUG glance.common.config [None req-7cca7218-827b-4584-b6d0-755e8b09840e None None] image_cache_max_size = 10737418240 {{(pid=102103) log_opt_values /opt/stack/data/venv/lib/python3.12/site-packages/oslo_config/cfg.py:3245}}
Jun 08 17:38:47.887140 np0000002336 devstack@g-api.service[102103]: DEBUG glance.common.config [None req-7cca7218-827b-4584-b6d0-755e8b09840e None None] image_cache_sqlite_db = cache.db {{(pid=102103) log_opt_values /opt/stack/data/venv/lib/python3.12/site-packages/oslo_config/cfg.py:3245}}
Jun 08 17:38:47.887245 np0000002336 devstack@g-api.service[102103]: DEBUG glance.common.config [None req-7cca7218-827b-4584-b6d0-755e8b09840e None None] image_cache_stall_time = 86400 {{(pid=102103) log_opt_values /opt/stack/data/venv/lib/python3.12/site-packages/oslo_config/cfg.py:3245}}
Jun 08 17:38:47.887361 np0000002336 devstack@g-api.service[102103]: DEBUG glance.common.config [None req-7cca7218-827b-4584-b6d0-755e8b09840e None None] image_location_quota = 10 {{(pid=102103) log_opt_values /opt/stack/data/venv/lib/python3.12/site-packages/oslo_config/cfg.py:3245}}
Jun 08 17:38:47.887480 np0000002336 devstack@g-api.service[102103]: DEBUG glance.common.config [None req-7cca7218-827b-4584-b6d0-755e8b09840e None None] image_member_quota = 128 {{(pid=102103) log_opt_values /opt/stack/data/venv/lib/python3.12/site-packages/oslo_config/cfg.py:3245}}
Jun 08 17:38:47.887564 np0000002336 devstack@g-api.service[102103]: DEBUG glance.common.config [None req-7cca7218-827b-4584-b6d0-755e8b09840e None None] image_property_quota = 128 {{(pid=102103) log_opt_values /opt/stack/data/venv/lib/python3.12/site-packages/oslo_config/cfg.py:3245}}
Jun 08 17:38:47.887653 np0000002336 devstack@g-api.service[102103]: DEBUG glance.common.config [None req-7cca7218-827b-4584-b6d0-755e8b09840e None None] image_size_cap = 1099511627776 {{(pid=102103) log_opt_values /opt/stack/data/venv/lib/python3.12/site-packages/oslo_config/cfg.py:3245}}
Jun 08 17:38:47.887746 np0000002336 devstack@g-api.service[102103]: DEBUG glance.common.config [None req-7cca7218-827b-4584-b6d0-755e8b09840e None None] image_tag_quota = 128 {{(pid=102103) log_opt_values /opt/stack/data/venv/lib/python3.12/site-packages/oslo_config/cfg.py:3245}}
Jun 08 17:38:47.887839 np0000002336 devstack@g-api.service[102103]: DEBUG glance.common.config [None req-7cca7218-827b-4584-b6d0-755e8b09840e None None] instance_format = [instance: %(uuid)s] {{(pid=102103) log_opt_values /opt/stack/data/venv/lib/python3.12/site-packages/oslo_config/cfg.py:3245}}
Jun 08 17:38:47.887944 np0000002336 devstack@g-api.service[102103]: DEBUG glance.common.config [None req-7cca7218-827b-4584-b6d0-755e8b09840e None None] instance_uuid_format = [instance: %(uuid)s] {{(pid=102103) log_opt_values /opt/stack/data/venv/lib/python3.12/site-packages/oslo_config/cfg.py:3245}}
Jun 08 17:38:47.888030 np0000002336 devstack@g-api.service[102103]: DEBUG glance.common.config [None req-7cca7218-827b-4584-b6d0-755e8b09840e None None] limit_param_default = 25 {{(pid=102103) log_opt_values /opt/stack/data/venv/lib/python3.12/site-packages/oslo_config/cfg.py:3245}}
Jun 08 17:38:47.888123 np0000002336 devstack@g-api.service[102103]: DEBUG glance.common.config [None req-7cca7218-827b-4584-b6d0-755e8b09840e None None] log_color = False {{(pid=102103) log_opt_values /opt/stack/data/venv/lib/python3.12/site-packages/oslo_config/cfg.py:3245}}
Jun 08 17:38:47.888214 np0000002336 devstack@g-api.service[102103]: DEBUG glance.common.config [None req-7cca7218-827b-4584-b6d0-755e8b09840e None None] log_config_append = None {{(pid=102103) log_opt_values /opt/stack/data/venv/lib/python3.12/site-packages/oslo_config/cfg.py:3245}}
Jun 08 17:38:47.888305 np0000002336 devstack@g-api.service[102103]: DEBUG glance.common.config [None req-7cca7218-827b-4584-b6d0-755e8b09840e None None] log_date_format = %Y-%m-%d %H:%M:%S {{(pid=102103) log_opt_values /opt/stack/data/venv/lib/python3.12/site-packages/oslo_config/cfg.py:3245}}
Jun 08 17:38:47.888408 np0000002336 devstack@g-api.service[102103]: DEBUG glance.common.config [None req-7cca7218-827b-4584-b6d0-755e8b09840e None None] log_dir = None {{(pid=102103) log_opt_values /opt/stack/data/venv/lib/python3.12/site-packages/oslo_config/cfg.py:3245}}
Jun 08 17:38:47.888539 np0000002336 devstack@g-api.service[102103]: DEBUG glance.common.config [None req-7cca7218-827b-4584-b6d0-755e8b09840e None None] log_file = None {{(pid=102103) log_opt_values /opt/stack/data/venv/lib/python3.12/site-packages/oslo_config/cfg.py:3245}}
Jun 08 17:38:47.888633 np0000002336 devstack@g-api.service[102103]: DEBUG glance.common.config [None req-7cca7218-827b-4584-b6d0-755e8b09840e None None] log_rotate_interval = 1 {{(pid=102103) log_opt_values /opt/stack/data/venv/lib/python3.12/site-packages/oslo_config/cfg.py:3245}}
Jun 08 17:38:47.888743 np0000002336 devstack@g-api.service[102103]: DEBUG glance.common.config [None req-7cca7218-827b-4584-b6d0-755e8b09840e None None] log_rotate_interval_type = days {{(pid=102103) log_opt_values /opt/stack/data/venv/lib/python3.12/site-packages/oslo_config/cfg.py:3245}}
Jun 08 17:38:47.888839 np0000002336 devstack@g-api.service[102103]: DEBUG glance.common.config [None req-7cca7218-827b-4584-b6d0-755e8b09840e None None] log_rotation_type = none {{(pid=102103) log_opt_values /opt/stack/data/venv/lib/python3.12/site-packages/oslo_config/cfg.py:3245}}
Jun 08 17:38:47.888927 np0000002336 devstack@g-api.service[102103]: DEBUG glance.common.config [None req-7cca7218-827b-4584-b6d0-755e8b09840e None None] logging_context_format_string = %(color)s%(levelname)s %(name)s [%(global_request_id)s %(request_id)s %(project_name)s %(user_name)s%(color)s] %(instance)s%(color)s%(message)s {{(pid=102103) log_opt_values /opt/stack/data/venv/lib/python3.12/site-packages/oslo_config/cfg.py:3245}}
Jun 08 17:38:47.888993 np0000002336 devstack@g-api.service[102103]: DEBUG glance.common.config [None req-7cca7218-827b-4584-b6d0-755e8b09840e None None] logging_debug_format_suffix = {{(pid=%(process)d) %(funcName)s %(pathname)s:%(lineno)d}} {{(pid=102103) log_opt_values /opt/stack/data/venv/lib/python3.12/site-packages/oslo_config/cfg.py:3245}}
Jun 08 17:38:47.889132 np0000002336 devstack@g-api.service[102103]: DEBUG glance.common.config [None req-7cca7218-827b-4584-b6d0-755e8b09840e None None] logging_default_format_string = %(color)s%(levelname)s %(name)s [-%(color)s] %(instance)s%(color)s%(message)s {{(pid=102103) log_opt_values /opt/stack/data/venv/lib/python3.12/site-packages/oslo_config/cfg.py:3245}}
Jun 08 17:38:47.889169 np0000002336 devstack@g-api.service[102103]: DEBUG glance.common.config [None req-7cca7218-827b-4584-b6d0-755e8b09840e None None] logging_exception_prefix = ERROR %(name)s %(instance)s {{(pid=102103) log_opt_values /opt/stack/data/venv/lib/python3.12/site-packages/oslo_config/cfg.py:3245}}
Jun 08 17:38:47.889238 np0000002336 devstack@g-api.service[102103]: DEBUG glance.common.config [None req-7cca7218-827b-4584-b6d0-755e8b09840e None None] logging_user_identity_format = %(user)s %(project)s %(domain)s %(system_scope)s %(user_domain)s %(project_domain)s {{(pid=102103) log_opt_values /opt/stack/data/venv/lib/python3.12/site-packages/oslo_config/cfg.py:3245}}
Jun 08 17:38:47.889330 np0000002336 devstack@g-api.service[102103]: DEBUG glance.common.config [None req-7cca7218-827b-4584-b6d0-755e8b09840e None None] max_header_line = 16384 {{(pid=102103) log_opt_values /opt/stack/data/venv/lib/python3.12/site-packages/oslo_config/cfg.py:3245}}
Jun 08 17:38:47.889416 np0000002336 devstack@g-api.service[102103]: DEBUG glance.common.config [None req-7cca7218-827b-4584-b6d0-755e8b09840e None None] max_logfile_count = 30 {{(pid=102103) log_opt_values /opt/stack/data/venv/lib/python3.12/site-packages/oslo_config/cfg.py:3245}}
Jun 08 17:38:47.889499 np0000002336 devstack@g-api.service[102103]: DEBUG glance.common.config [None req-7cca7218-827b-4584-b6d0-755e8b09840e None None] max_logfile_size_mb = 200 {{(pid=102103) log_opt_values /opt/stack/data/venv/lib/python3.12/site-packages/oslo_config/cfg.py:3245}}
Jun 08 17:38:47.889586 np0000002336 devstack@g-api.service[102103]: DEBUG glance.common.config [None req-7cca7218-827b-4584-b6d0-755e8b09840e None None] max_request_id_length = 64 {{(pid=102103) log_opt_values /opt/stack/data/venv/lib/python3.12/site-packages/oslo_config/cfg.py:3245}}
Jun 08 17:38:47.889667 np0000002336 devstack@g-api.service[102103]: DEBUG glance.common.config [None req-7cca7218-827b-4584-b6d0-755e8b09840e None None] metadata_encryption_key = **** {{(pid=102103) log_opt_values /opt/stack/data/venv/lib/python3.12/site-packages/oslo_config/cfg.py:3245}}
Jun 08 17:38:47.889767 np0000002336 devstack@g-api.service[102103]: DEBUG glance.common.config [None req-7cca7218-827b-4584-b6d0-755e8b09840e None None] node_staging_uri = file:///tmp/staging/ {{(pid=102103) log_opt_values /opt/stack/data/venv/lib/python3.12/site-packages/oslo_config/cfg.py:3245}}
Jun 08 17:38:47.889859 np0000002336 devstack@g-api.service[102103]: DEBUG glance.common.config [None req-7cca7218-827b-4584-b6d0-755e8b09840e None None] property_protection_file = None {{(pid=102103) log_opt_values /opt/stack/data/venv/lib/python3.12/site-packages/oslo_config/cfg.py:3245}}
Jun 08 17:38:47.889947 np0000002336 devstack@g-api.service[102103]: DEBUG glance.common.config [None req-7cca7218-827b-4584-b6d0-755e8b09840e None None] property_protection_rule_format = roles {{(pid=102103) log_opt_values /opt/stack/data/venv/lib/python3.12/site-packages/oslo_config/cfg.py:3245}}
Jun 08 17:38:47.890038 np0000002336 devstack@g-api.service[102103]: DEBUG glance.common.config [None req-7cca7218-827b-4584-b6d0-755e8b09840e None None] public_endpoint = https://10.4.3.63/image {{(pid=102103) log_opt_values /opt/stack/data/venv/lib/python3.12/site-packages/oslo_config/cfg.py:3245}}
Jun 08 17:38:47.890131 np0000002336 devstack@g-api.service[102103]: DEBUG glance.common.config [None req-7cca7218-827b-4584-b6d0-755e8b09840e None None] publish_errors = False {{(pid=102103) log_opt_values /opt/stack/data/venv/lib/python3.12/site-packages/oslo_config/cfg.py:3245}}
Jun 08 17:38:47.890214 np0000002336 devstack@g-api.service[102103]: DEBUG glance.common.config [None req-7cca7218-827b-4584-b6d0-755e8b09840e None None] pydev_worker_debug_host = None {{(pid=102103) log_opt_values /opt/stack/data/venv/lib/python3.12/site-packages/oslo_config/cfg.py:3245}}
Jun 08 17:38:47.890303 np0000002336 devstack@g-api.service[102103]: DEBUG glance.common.config [None req-7cca7218-827b-4584-b6d0-755e8b09840e None None] pydev_worker_debug_port = 5678 {{(pid=102103) log_opt_values /opt/stack/data/venv/lib/python3.12/site-packages/oslo_config/cfg.py:3245}}
Jun 08 17:38:47.890390 np0000002336 devstack@g-api.service[102103]: DEBUG glance.common.config [None req-7cca7218-827b-4584-b6d0-755e8b09840e None None] rate_limit_burst = 0 {{(pid=102103) log_opt_values /opt/stack/data/venv/lib/python3.12/site-packages/oslo_config/cfg.py:3245}}
Jun 08 17:38:47.890503 np0000002336 devstack@g-api.service[102103]: DEBUG glance.common.config [None req-7cca7218-827b-4584-b6d0-755e8b09840e None None] rate_limit_except_level = CRITICAL {{(pid=102103) log_opt_values /opt/stack/data/venv/lib/python3.12/site-packages/oslo_config/cfg.py:3245}}
Jun 08 17:38:47.890590 np0000002336 devstack@g-api.service[102103]: DEBUG glance.common.config [None req-7cca7218-827b-4584-b6d0-755e8b09840e None None] rate_limit_interval = 0 {{(pid=102103) log_opt_values /opt/stack/data/venv/lib/python3.12/site-packages/oslo_config/cfg.py:3245}}
Jun 08 17:38:47.890687 np0000002336 devstack@g-api.service[102103]: DEBUG glance.common.config [None req-7cca7218-827b-4584-b6d0-755e8b09840e None None] scrub_pool_size = 1 {{(pid=102103) log_opt_values /opt/stack/data/venv/lib/python3.12/site-packages/oslo_config/cfg.py:3245}}
Jun 08 17:38:47.890775 np0000002336 devstack@g-api.service[102103]: DEBUG glance.common.config [None req-7cca7218-827b-4584-b6d0-755e8b09840e None None] scrub_time = 0 {{(pid=102103) log_opt_values /opt/stack/data/venv/lib/python3.12/site-packages/oslo_config/cfg.py:3245}}
Jun 08 17:38:47.890854 np0000002336 devstack@g-api.service[102103]: DEBUG glance.common.config [None req-7cca7218-827b-4584-b6d0-755e8b09840e None None] shell_completion = None {{(pid=102103) log_opt_values /opt/stack/data/venv/lib/python3.12/site-packages/oslo_config/cfg.py:3245}}
Jun 08 17:38:47.890965 np0000002336 devstack@g-api.service[102103]: DEBUG glance.common.config [None req-7cca7218-827b-4584-b6d0-755e8b09840e None None] show_image_direct_url = False {{(pid=102103) log_opt_values /opt/stack/data/venv/lib/python3.12/site-packages/oslo_config/cfg.py:3245}}
Jun 08 17:38:47.891190 np0000002336 devstack@g-api.service[102103]: WARNING oslo_config.cfg [None req-7cca7218-827b-4584-b6d0-755e8b09840e None None] Deprecated: Option "show_multiple_locations" from group "DEFAULT" is deprecated for removal (Use of this option, deprecated since Newton, is a security risk and will be removed once we figure out a way to satisfy those use cases that currently require it. An earlier announcement that the same functionality can be achieved with greater granularity by using policies is incorrect. You cannot work around this option via policy configuration at the present time, though that is the direction we believe the fix will take. Please keep an eye on the Glance release notes to stay up to date on progress in addressing this issue.). Its value may be silently ignored in the future.
Jun 08 17:38:47.891290 np0000002336 devstack@g-api.service[102103]: DEBUG glance.common.config [None req-7cca7218-827b-4584-b6d0-755e8b09840e None None] show_multiple_locations = False {{(pid=102103) log_opt_values /opt/stack/data/venv/lib/python3.12/site-packages/oslo_config/cfg.py:3245}}
Jun 08 17:38:47.891396 np0000002336 devstack@g-api.service[102103]: DEBUG glance.common.config [None req-7cca7218-827b-4584-b6d0-755e8b09840e None None] syslog_log_facility = LOG_USER {{(pid=102103) log_opt_values /opt/stack/data/venv/lib/python3.12/site-packages/oslo_config/cfg.py:3245}}
Jun 08 17:38:47.891510 np0000002336 devstack@g-api.service[102103]: DEBUG glance.common.config [None req-7cca7218-827b-4584-b6d0-755e8b09840e None None] tcp_keepidle = 600 {{(pid=102103) log_opt_values /opt/stack/data/venv/lib/python3.12/site-packages/oslo_config/cfg.py:3245}}
Jun 08 17:38:47.891608 np0000002336 devstack@g-api.service[102103]: DEBUG glance.common.config [None req-7cca7218-827b-4584-b6d0-755e8b09840e None None] transport_url = **** {{(pid=102103) log_opt_values /opt/stack/data/venv/lib/python3.12/site-packages/oslo_config/cfg.py:3245}}
Jun 08 17:38:47.891705 np0000002336 devstack@g-api.service[102103]: DEBUG glance.common.config [None req-7cca7218-827b-4584-b6d0-755e8b09840e None None] use_journal = False {{(pid=102103) log_opt_values /opt/stack/data/venv/lib/python3.12/site-packages/oslo_config/cfg.py:3245}}
Jun 08 17:38:47.891788 np0000002336 devstack@g-api.service[102103]: DEBUG glance.common.config [None req-7cca7218-827b-4584-b6d0-755e8b09840e None None] use_json = False {{(pid=102103) log_opt_values /opt/stack/data/venv/lib/python3.12/site-packages/oslo_config/cfg.py:3245}}
Jun 08 17:38:47.891889 np0000002336 devstack@g-api.service[102103]: DEBUG glance.common.config [None req-7cca7218-827b-4584-b6d0-755e8b09840e None None] use_keystone_limits = True {{(pid=102103) log_opt_values /opt/stack/data/venv/lib/python3.12/site-packages/oslo_config/cfg.py:3245}}
Jun 08 17:38:47.891980 np0000002336 devstack@g-api.service[102103]: DEBUG glance.common.config [None req-7cca7218-827b-4584-b6d0-755e8b09840e None None] use_stderr = False {{(pid=102103) log_opt_values /opt/stack/data/venv/lib/python3.12/site-packages/oslo_config/cfg.py:3245}}
Jun 08 17:38:47.892071 np0000002336 devstack@g-api.service[102103]: DEBUG glance.common.config [None req-7cca7218-827b-4584-b6d0-755e8b09840e None None] use_syslog = False {{(pid=102103) log_opt_values /opt/stack/data/venv/lib/python3.12/site-packages/oslo_config/cfg.py:3245}}
Jun 08 17:38:47.892157 np0000002336 devstack@g-api.service[102103]: DEBUG glance.common.config [None req-7cca7218-827b-4584-b6d0-755e8b09840e None None] user_storage_quota = 0 {{(pid=102103) log_opt_values /opt/stack/data/venv/lib/python3.12/site-packages/oslo_config/cfg.py:3245}}
Jun 08 17:38:47.892245 np0000002336 devstack@g-api.service[102103]: DEBUG glance.common.config [None req-7cca7218-827b-4584-b6d0-755e8b09840e None None] worker_self_reference_url = http://127.0.0.1:60999 {{(pid=102103) log_opt_values /opt/stack/data/venv/lib/python3.12/site-packages/oslo_config/cfg.py:3245}}
Jun 08 17:38:47.892329 np0000002336 devstack@g-api.service[102103]: DEBUG glance.common.config [None req-7cca7218-827b-4584-b6d0-755e8b09840e None None] workers = None {{(pid=102103) log_opt_values /opt/stack/data/venv/lib/python3.12/site-packages/oslo_config/cfg.py:3245}}
Jun 08 17:38:47.892435 np0000002336 devstack@g-api.service[102103]: DEBUG glance.common.config [None req-7cca7218-827b-4584-b6d0-755e8b09840e None None] oslo_concurrency.disable_process_locking = False {{(pid=102103) log_opt_values /opt/stack/data/venv/lib/python3.12/site-packages/oslo_config/cfg.py:3256}}
Jun 08 17:38:47.892533 np0000002336 devstack@g-api.service[102103]: DEBUG glance.common.config [None req-7cca7218-827b-4584-b6d0-755e8b09840e None None] oslo_concurrency.lock_path = /opt/stack/data/glance/locks {{(pid=102103) log_opt_values /opt/stack/data/venv/lib/python3.12/site-packages/oslo_config/cfg.py:3256}}
Jun 08 17:38:47.892630 np0000002336 devstack@g-api.service[102103]: DEBUG glance.common.config [None req-7cca7218-827b-4584-b6d0-755e8b09840e None None] oslo_middleware.enable_proxy_headers_parsing = False {{(pid=102103) log_opt_values /opt/stack/data/venv/lib/python3.12/site-packages/oslo_config/cfg.py:3256}}
Jun 08 17:38:47.892739 np0000002336 devstack@g-api.service[102103]: DEBUG glance.common.config [None req-7cca7218-827b-4584-b6d0-755e8b09840e None None] oslo_middleware.http_basic_auth_user_file = /etc/htpasswd {{(pid=102103) log_opt_values /opt/stack/data/venv/lib/python3.12/site-packages/oslo_config/cfg.py:3256}}
Jun 08 17:38:47.892830 np0000002336 devstack@g-api.service[102103]: DEBUG glance.common.config [None req-7cca7218-827b-4584-b6d0-755e8b09840e None None] paste_deploy.config_file = None {{(pid=102103) log_opt_values /opt/stack/data/venv/lib/python3.12/site-packages/oslo_config/cfg.py:3256}}
Jun 08 17:38:47.892944 np0000002336 devstack@g-api.service[102103]: DEBUG glance.common.config [None req-7cca7218-827b-4584-b6d0-755e8b09840e None None] paste_deploy.flavor = keystone+cachemanagement {{(pid=102103) log_opt_values /opt/stack/data/venv/lib/python3.12/site-packages/oslo_config/cfg.py:3256}}
Jun 08 17:38:47.893077 np0000002336 devstack@g-api.service[102103]: DEBUG glance.common.config [None req-7cca7218-827b-4584-b6d0-755e8b09840e None None] image_format.container_formats = ['ami', 'ari', 'aki', 'bare', 'ovf', 'ova', 'docker', 'compressed'] {{(pid=102103) log_opt_values /opt/stack/data/venv/lib/python3.12/site-packages/oslo_config/cfg.py:3256}}
Jun 08 17:38:47.893201 np0000002336 devstack@g-api.service[102103]: DEBUG glance.common.config [None req-7cca7218-827b-4584-b6d0-755e8b09840e None None] image_format.disk_formats = ['ami', 'ari', 'aki', 'vhd', 'vhdx', 'vmdk', 'raw', 'qcow2', 'vdi', 'iso', 'ploop'] {{(pid=102103) log_opt_values /opt/stack/data/venv/lib/python3.12/site-packages/oslo_config/cfg.py:3256}}
Jun 08 17:38:47.893290 np0000002336 devstack@g-api.service[102103]: DEBUG glance.common.config [None req-7cca7218-827b-4584-b6d0-755e8b09840e None None] image_format.gpt_safety_checks_nonfatal = [] {{(pid=102103) log_opt_values /opt/stack/data/venv/lib/python3.12/site-packages/oslo_config/cfg.py:3256}}
Jun 08 17:38:47.893382 np0000002336 devstack@g-api.service[102103]: DEBUG glance.common.config [None req-7cca7218-827b-4584-b6d0-755e8b09840e None None] image_format.require_image_format_match = True {{(pid=102103) log_opt_values /opt/stack/data/venv/lib/python3.12/site-packages/oslo_config/cfg.py:3256}}
Jun 08 17:38:47.893541 np0000002336 devstack@g-api.service[102103]: DEBUG glance.common.config [None req-7cca7218-827b-4584-b6d0-755e8b09840e None None] image_format.vmdk_allowed_types = ['streamOptimized', 'monolithicSparse'] {{(pid=102103) log_opt_values /opt/stack/data/venv/lib/python3.12/site-packages/oslo_config/cfg.py:3256}}
Jun 08 17:38:47.893642 np0000002336 devstack@g-api.service[102103]: DEBUG glance.common.config [None req-7cca7218-827b-4584-b6d0-755e8b09840e None None] task.task_executor = taskflow {{(pid=102103) log_opt_values /opt/stack/data/venv/lib/python3.12/site-packages/oslo_config/cfg.py:3256}}
Jun 08 17:38:47.893744 np0000002336 devstack@g-api.service[102103]: DEBUG glance.common.config [None req-7cca7218-827b-4584-b6d0-755e8b09840e None None] task.task_time_to_live = 48 {{(pid=102103) log_opt_values /opt/stack/data/venv/lib/python3.12/site-packages/oslo_config/cfg.py:3256}}
Jun 08 17:38:47.893824 np0000002336 devstack@g-api.service[102103]: DEBUG glance.common.config [None req-7cca7218-827b-4584-b6d0-755e8b09840e None None] task.work_dir = None {{(pid=102103) log_opt_values /opt/stack/data/venv/lib/python3.12/site-packages/oslo_config/cfg.py:3256}}
Jun 08 17:38:47.893941 np0000002336 devstack@g-api.service[102103]: DEBUG glance.common.config [None req-7cca7218-827b-4584-b6d0-755e8b09840e None None] wsgi.python_interpreter = /opt/stack/data/venv/bin/python3 {{(pid=102103) log_opt_values /opt/stack/data/venv/lib/python3.12/site-packages/oslo_config/cfg.py:3256}}
Jun 08 17:38:47.894031 np0000002336 devstack@g-api.service[102103]: DEBUG glance.common.config [None req-7cca7218-827b-4584-b6d0-755e8b09840e None None] wsgi.task_pool_threads = 16 {{(pid=102103) log_opt_values /opt/stack/data/venv/lib/python3.12/site-packages/oslo_config/cfg.py:3256}}
Jun 08 17:38:47.894130 np0000002336 devstack@g-api.service[102103]: DEBUG glance.common.config [None req-7cca7218-827b-4584-b6d0-755e8b09840e None None] profiler.connection_string = messaging:// {{(pid=102103) log_opt_values /opt/stack/data/venv/lib/python3.12/site-packages/oslo_config/cfg.py:3256}}
Jun 08 17:38:47.894234 np0000002336 devstack@g-api.service[102103]: DEBUG glance.common.config [None req-7cca7218-827b-4584-b6d0-755e8b09840e None None] profiler.enabled = False {{(pid=102103) log_opt_values /opt/stack/data/venv/lib/python3.12/site-packages/oslo_config/cfg.py:3256}}
Jun 08 17:38:47.894327 np0000002336 devstack@g-api.service[102103]: DEBUG glance.common.config [None req-7cca7218-827b-4584-b6d0-755e8b09840e None None] profiler.es_doc_type = notification {{(pid=102103) log_opt_values /opt/stack/data/venv/lib/python3.12/site-packages/oslo_config/cfg.py:3256}}
Jun 08 17:38:47.894416 np0000002336 devstack@g-api.service[102103]: DEBUG glance.common.config [None req-7cca7218-827b-4584-b6d0-755e8b09840e None None] profiler.es_scroll_size = 10000 {{(pid=102103) log_opt_values /opt/stack/data/venv/lib/python3.12/site-packages/oslo_config/cfg.py:3256}}
Jun 08 17:38:47.894509 np0000002336 devstack@g-api.service[102103]: DEBUG glance.common.config [None req-7cca7218-827b-4584-b6d0-755e8b09840e None None] profiler.es_scroll_time = 2m {{(pid=102103) log_opt_values /opt/stack/data/venv/lib/python3.12/site-packages/oslo_config/cfg.py:3256}}
Jun 08 17:38:47.894595 np0000002336 devstack@g-api.service[102103]: DEBUG glance.common.config [None req-7cca7218-827b-4584-b6d0-755e8b09840e None None] profiler.filter_error_trace = False {{(pid=102103) log_opt_values /opt/stack/data/venv/lib/python3.12/site-packages/oslo_config/cfg.py:3256}}
