Jun 08 17:38:25.449419 np0000002336 nova-scheduler[95794]: DEBUG cotyledon.oslo_config_glue [-] oslo_limit.endpoint_id = None {{(pid=95794) log_opt_values /opt/stack/data/venv/lib/python3.12/site-packages/oslo_config/cfg.py:3256}}
Jun 08 17:38:25.449419 np0000002336 nova-scheduler[95794]: DEBUG cotyledon.oslo_config_glue [-] oslo_limit.endpoint_interface = public {{(pid=95794) log_opt_values /opt/stack/data/venv/lib/python3.12/site-packages/oslo_config/cfg.py:3256}}
Jun 08 17:38:25.449419 np0000002336 nova-scheduler[95794]: DEBUG cotyledon.oslo_config_glue [-] oslo_limit.endpoint_override = None {{(pid=95794) log_opt_values /opt/stack/data/venv/lib/python3.12/site-packages/oslo_config/cfg.py:3256}}
Jun 08 17:38:25.449720 np0000002336 nova-scheduler[95794]: DEBUG cotyledon.oslo_config_glue [-] oslo_limit.endpoint_region_name = None {{(pid=95794) log_opt_values /opt/stack/data/venv/lib/python3.12/site-packages/oslo_config/cfg.py:3256}}
Jun 08 17:38:25.449720 np0000002336 nova-scheduler[95794]: DEBUG cotyledon.oslo_config_glue [-] oslo_limit.endpoint_service_name = None {{(pid=95794) log_opt_values /opt/stack/data/venv/lib/python3.12/site-packages/oslo_config/cfg.py:3256}}
Jun 08 17:38:25.449720 np0000002336 nova-scheduler[95794]: DEBUG cotyledon.oslo_config_glue [-] oslo_limit.endpoint_service_type = None {{(pid=95794) log_opt_values /opt/stack/data/venv/lib/python3.12/site-packages/oslo_config/cfg.py:3256}}
Jun 08 17:38:25.449720 np0000002336 nova-scheduler[95794]: DEBUG cotyledon.oslo_config_glue [-] oslo_limit.insecure = False {{(pid=95794) log_opt_values /opt/stack/data/venv/lib/python3.12/site-packages/oslo_config/cfg.py:3256}}
Jun 08 17:38:25.449720 np0000002336 nova-scheduler[95794]: DEBUG cotyledon.oslo_config_glue [-] oslo_limit.keyfile = None {{(pid=95794) log_opt_values /opt/stack/data/venv/lib/python3.12/site-packages/oslo_config/cfg.py:3256}}
Jun 08 17:38:25.449720 np0000002336 nova-scheduler[95794]: DEBUG cotyledon.oslo_config_glue [-] oslo_limit.max_version = None {{(pid=95794) log_opt_values /opt/stack/data/venv/lib/python3.12/site-packages/oslo_config/cfg.py:3256}}
Jun 08 17:38:25.449720 np0000002336 nova-scheduler[95794]: DEBUG cotyledon.oslo_config_glue [-] oslo_limit.min_version = None {{(pid=95794) log_opt_values /opt/stack/data/venv/lib/python3.12/site-packages/oslo_config/cfg.py:3256}}
Jun 08 17:38:25.449720 np0000002336 nova-scheduler[95794]: DEBUG cotyledon.oslo_config_glue [-] oslo_limit.region_name = None {{(pid=95794) log_opt_values /opt/stack/data/venv/lib/python3.12/site-packages/oslo_config/cfg.py:3256}}
Jun 08 17:38:25.449720 np0000002336 nova-scheduler[95794]: DEBUG cotyledon.oslo_config_glue [-] oslo_limit.retriable_status_codes = None {{(pid=95794) log_opt_values /opt/stack/data/venv/lib/python3.12/site-packages/oslo_config/cfg.py:3256}}
Jun 08 17:38:25.450040 np0000002336 nova-scheduler[95794]: DEBUG cotyledon.oslo_config_glue [-] oslo_limit.service_name = None {{(pid=95794) log_opt_values /opt/stack/data/venv/lib/python3.12/site-packages/oslo_config/cfg.py:3256}}
Jun 08 17:38:25.450040 np0000002336 nova-scheduler[95794]: DEBUG cotyledon.oslo_config_glue [-] oslo_limit.service_type = None {{(pid=95794) log_opt_values /opt/stack/data/venv/lib/python3.12/site-packages/oslo_config/cfg.py:3256}}
Jun 08 17:38:25.450040 np0000002336 nova-scheduler[95794]: DEBUG cotyledon.oslo_config_glue [-] oslo_limit.split_loggers = False {{(pid=95794) log_opt_values /opt/stack/data/venv/lib/python3.12/site-packages/oslo_config/cfg.py:3256}}
Jun 08 17:38:25.450040 np0000002336 nova-scheduler[95794]: DEBUG cotyledon.oslo_config_glue [-] oslo_limit.status_code_retries = None {{(pid=95794) log_opt_values /opt/stack/data/venv/lib/python3.12/site-packages/oslo_config/cfg.py:3256}}
Jun 08 17:38:25.450040 np0000002336 nova-scheduler[95794]: DEBUG cotyledon.oslo_config_glue [-] oslo_limit.status_code_retry_delay = None {{(pid=95794) log_opt_values /opt/stack/data/venv/lib/python3.12/site-packages/oslo_config/cfg.py:3256}}
Jun 08 17:38:25.450040 np0000002336 nova-scheduler[95794]: DEBUG cotyledon.oslo_config_glue [-] oslo_limit.timeout = None {{(pid=95794) log_opt_values /opt/stack/data/venv/lib/python3.12/site-packages/oslo_config/cfg.py:3256}}
Jun 08 17:38:25.450040 np0000002336 nova-scheduler[95794]: DEBUG cotyledon.oslo_config_glue [-] oslo_limit.valid_interfaces = None {{(pid=95794) log_opt_values /opt/stack/data/venv/lib/python3.12/site-packages/oslo_config/cfg.py:3256}}
Jun 08 17:38:25.450040 np0000002336 nova-scheduler[95794]: DEBUG cotyledon.oslo_config_glue [-] oslo_limit.version = None {{(pid=95794) log_opt_values /opt/stack/data/venv/lib/python3.12/site-packages/oslo_config/cfg.py:3256}}
Jun 08 17:38:25.450040 np0000002336 nova-scheduler[95794]: DEBUG cotyledon.oslo_config_glue [-] oslo_reports.file_event_handler = None {{(pid=95794) log_opt_values /opt/stack/data/venv/lib/python3.12/site-packages/oslo_config/cfg.py:3256}}
Jun 08 17:38:25.450374 np0000002336 nova-scheduler[95794]: DEBUG cotyledon.oslo_config_glue [-] oslo_reports.file_event_handler_interval = 1 {{(pid=95794) log_opt_values /opt/stack/data/venv/lib/python3.12/site-packages/oslo_config/cfg.py:3256}}
Jun 08 17:38:25.450374 np0000002336 nova-scheduler[95794]: DEBUG cotyledon.oslo_config_glue [-] oslo_reports.log_dir = None {{(pid=95794) log_opt_values /opt/stack/data/venv/lib/python3.12/site-packages/oslo_config/cfg.py:3256}}
Jun 08 17:38:25.450374 np0000002336 nova-scheduler[95794]: DEBUG cotyledon.oslo_config_glue [-] ******************************************************************************** {{(pid=95794) log_opt_values /opt/stack/data/venv/lib/python3.12/site-packages/oslo_config/cfg.py:3263}}
Jun 08 17:38:25.450374 np0000002336 nova-scheduler[95794]: DEBUG cotyledon._service_worker [-] Run service ServiceWrapper(1) [95794] {{(pid=95794) wait_forever /opt/stack/data/venv/lib/python3.12/site-packages/cotyledon/_service_worker.py:218}}
Jun 08 17:38:25.450374 np0000002336 nova-scheduler[95794]: INFO nova.service [-] Starting scheduler node (version 33.1.0)
Jun 08 17:38:25.450374 np0000002336 nova-scheduler[95794]: INFO dbcounter [None req-4473da19-0078-428d-a94e-3cf62cfb3fe2 None None] Registered counter for database nova_cell0
Jun 08 17:38:25.468993 np0000002336 nova-scheduler[95787]: DEBUG oslo_db.sqlalchemy.engines [None req-20d6c8da-cff6-43fd-8002-bbc553798866 None None] MySQL server mode set to STRICT_TRANS_TABLES,STRICT_ALL_TABLES,NO_ZERO_IN_DATE,NO_ZERO_DATE,ERROR_FOR_DIVISION_BY_ZERO,TRADITIONAL,NO_ENGINE_SUBSTITUTION {{(pid=95787) _check_effective_sql_mode /opt/stack/data/venv/lib/python3.12/site-packages/oslo_db/sqlalchemy/engines.py:325}}
Jun 08 17:38:25.481325 np0000002336 nova-scheduler[95787]: DEBUG dbcounter [-] [95787] Writer thread running {{(pid=95787) stat_writer /opt/stack/data/venv/lib/python3.12/site-packages/dbcounter.py:102}}
Jun 08 17:38:25.490363 np0000002336 nova-scheduler[95794]: DEBUG oslo_db.sqlalchemy.engines [None req-4473da19-0078-428d-a94e-3cf62cfb3fe2 None None] MySQL server mode set to STRICT_TRANS_TABLES,STRICT_ALL_TABLES,NO_ZERO_IN_DATE,NO_ZERO_DATE,ERROR_FOR_DIVISION_BY_ZERO,TRADITIONAL,NO_ENGINE_SUBSTITUTION {{(pid=95794) _check_effective_sql_mode /opt/stack/data/venv/lib/python3.12/site-packages/oslo_db/sqlalchemy/engines.py:325}}
Jun 08 17:38:25.493677 np0000002336 nova-scheduler[95796]: DEBUG oslo_db.sqlalchemy.engines [None req-bbbc3258-3b65-43c3-879d-1566b534f47a None None] MySQL server mode set to STRICT_TRANS_TABLES,STRICT_ALL_TABLES,NO_ZERO_IN_DATE,NO_ZERO_DATE,ERROR_FOR_DIVISION_BY_ZERO,TRADITIONAL,NO_ENGINE_SUBSTITUTION {{(pid=95796) _check_effective_sql_mode /opt/stack/data/venv/lib/python3.12/site-packages/oslo_db/sqlalchemy/engines.py:325}}
Jun 08 17:38:25.497583 np0000002336 nova-scheduler[95787]: DEBUG nova.service [None req-20d6c8da-cff6-43fd-8002-bbc553798866 None None] Creating RPC server for service: nova-scheduler on topic: scheduler {{(pid=95787) start /opt/stack/nova/nova/service.py:195}}
Jun 08 17:38:25.500239 np0000002336 nova-scheduler[95794]: DEBUG dbcounter [-] [95794] Writer thread running {{(pid=95794) stat_writer /opt/stack/data/venv/lib/python3.12/site-packages/dbcounter.py:102}}
Jun 08 17:38:25.503348 np0000002336 nova-scheduler[95794]: DEBUG nova.service [None req-4473da19-0078-428d-a94e-3cf62cfb3fe2 None None] Creating RPC server for service: nova-scheduler on topic: scheduler {{(pid=95794) start /opt/stack/nova/nova/service.py:195}}
Jun 08 17:38:25.504514 np0000002336 nova-scheduler[95796]: DEBUG dbcounter [-] [95796] Writer thread running {{(pid=95796) stat_writer /opt/stack/data/venv/lib/python3.12/site-packages/dbcounter.py:102}}
Jun 08 17:38:25.507756 np0000002336 nova-scheduler[95796]: DEBUG nova.service [None req-bbbc3258-3b65-43c3-879d-1566b534f47a None None] Creating RPC server for service: nova-scheduler on topic: scheduler {{(pid=95796) start /opt/stack/nova/nova/service.py:195}}
Jun 08 17:38:25.525429 np0000002336 nova-scheduler[95794]: DEBUG nova.service [None req-4473da19-0078-428d-a94e-3cf62cfb3fe2 None None] Join ServiceGroup membership for this service scheduler {{(pid=95794) start /opt/stack/nova/nova/service.py:221}}
Jun 08 17:38:25.525603 np0000002336 nova-scheduler[95794]: DEBUG nova.servicegroup.drivers.db [None req-4473da19-0078-428d-a94e-3cf62cfb3fe2 None None] DB_Driver: join new ServiceGroup member np0000002336 to the scheduler group, service = {{(pid=95794) join /opt/stack/nova/nova/servicegroup/drivers/db.py:44}}
Jun 08 17:38:25.526482 np0000002336 nova-scheduler[95796]: DEBUG nova.service [None req-bbbc3258-3b65-43c3-879d-1566b534f47a None None] Join ServiceGroup membership for this service scheduler {{(pid=95796) start /opt/stack/nova/nova/service.py:221}}
Jun 08 17:38:25.526653 np0000002336 nova-scheduler[95796]: DEBUG nova.servicegroup.drivers.db [None req-bbbc3258-3b65-43c3-879d-1566b534f47a None None] DB_Driver: join new ServiceGroup member np0000002336 to the scheduler group, service = {{(pid=95796) join /opt/stack/nova/nova/servicegroup/drivers/db.py:44}}
Jun 08 17:38:25.532669 np0000002336 nova-scheduler[95787]: DEBUG nova.service [None req-20d6c8da-cff6-43fd-8002-bbc553798866 None None] Join ServiceGroup membership for this service scheduler {{(pid=95787) start /opt/stack/nova/nova/service.py:221}}
Jun 08 17:38:25.533041 np0000002336 nova-scheduler[95787]: DEBUG nova.servicegroup.drivers.db [None req-20d6c8da-cff6-43fd-8002-bbc553798866 None None] DB_Driver: join new ServiceGroup member np0000002336 to the scheduler group, service = {{(pid=95787) join /opt/stack/nova/nova/servicegroup/drivers/db.py:44}}
Jun 08 17:38:30.548300 np0000002336 nova-scheduler[95796]: DEBUG oslo.service.backend._threading.loopingcall [-] Fixed interval looping call 'nova.servicegroup.drivers.db.DbDriver._report_state' sleeping for 119.98 seconds {{(pid=95796) _run_loop /opt/stack/data/venv/lib/python3.12/site-packages/oslo_service/backend/_threading/loopingcall.py:125}}
Jun 08 17:38:30.549299 np0000002336 nova-scheduler[95787]: DEBUG oslo.service.backend._threading.loopingcall [-] Fixed interval looping call 'nova.servicegroup.drivers.db.DbDriver._report_state' sleeping for 119.99 seconds {{(pid=95787) _run_loop /opt/stack/data/venv/lib/python3.12/site-packages/oslo_service/backend/_threading/loopingcall.py:125}}
Jun 08 17:38:30.551011 np0000002336 nova-scheduler[95794]: DEBUG oslo.service.backend._threading.loopingcall [-] Fixed interval looping call 'nova.servicegroup.drivers.db.DbDriver._report_state' sleeping for 119.98 seconds {{(pid=95794) _run_loop /opt/stack/data/venv/lib/python3.12/site-packages/oslo_service/backend/_threading/loopingcall.py:125}}
Jun 08 17:38:34.081048 np0000002336 nova-scheduler[94580]: DEBUG dbcounter [-] [94580] Writing DB stats nova_api:SELECT=3 {{(pid=94580) stat_writer /opt/stack/data/venv/lib/python3.12/site-packages/dbcounter.py:115}}
Jun 08 17:38:34.219569 np0000002336 nova-scheduler[94580]: DEBUG dbcounter [-] [94580] Writing DB stats nova_cell1:SELECT=1 {{(pid=94580) stat_writer /opt/stack/data/venv/lib/python3.12/site-packages/dbcounter.py:115}}
Jun 08 17:38:34.223508 np0000002336 nova-scheduler[94580]: DEBUG dbcounter [-] [94580] Writing DB stats nova_cell0:SELECT=1 {{(pid=94580) stat_writer /opt/stack/data/venv/lib/python3.12/site-packages/dbcounter.py:115}}
Jun 08 17:38:34.528472 np0000002336 nova-scheduler[95796]: DEBUG oslo.service.backend._threading.loopingcall [None req-3eb59642-5dc6-49b4-b4cf-7adbd2f35096 None None] Dynamic interval looping call 'nova.service.Service.periodic_tasks' sleeping for 60.00 seconds {{(pid=95796) _run_loop /opt/stack/data/venv/lib/python3.12/site-packages/oslo_service/backend/_threading/loopingcall.py:125}}
Jun 08 17:38:40.544900 np0000002336 nova-scheduler[95796]: DEBUG dbcounter [-] [95796] Writing DB stats nova_cell0:SELECT=3,nova_cell0:UPDATE=1 {{(pid=95796) stat_writer /opt/stack/data/venv/lib/python3.12/site-packages/dbcounter.py:115}}
Jun 08 17:38:40.545972 np0000002336 nova-scheduler[95787]: DEBUG dbcounter [-] [95787] Writing DB stats nova_cell0:SELECT=4,nova_cell0:INSERT=1,nova_cell0:UPDATE=1 {{(pid=95787) stat_writer /opt/stack/data/venv/lib/python3.12/site-packages/dbcounter.py:115}}
Jun 08 17:38:40.547952 np0000002336 nova-scheduler[95794]: DEBUG dbcounter [-] [95794] Writing DB stats nova_cell0:SELECT=3,nova_cell0:UPDATE=1 {{(pid=95794) stat_writer /opt/stack/data/venv/lib/python3.12/site-packages/dbcounter.py:115}}
Jun 08 17:39:16.530723 np0000002336 nova-scheduler[95794]: DEBUG oslo.service.backend._threading.loopingcall [None req-acd83806-6cbf-4c19-8f48-9e7e327f9520 None None] Dynamic interval looping call 'nova.service.Service.periodic_tasks' sleeping for 60.00 seconds {{(pid=95794) _run_loop /opt/stack/data/venv/lib/python3.12/site-packages/oslo_service/backend/_threading/loopingcall.py:125}}
Jun 08 17:39:24.534955 np0000002336 nova-scheduler[95787]: DEBUG oslo.service.backend._threading.loopingcall [None req-ee196346-0bec-4c4f-9943-8a14f8344953 None None] Dynamic interval looping call 'nova.service.Service.periodic_tasks' sleeping for 60.00 seconds {{(pid=95787) _run_loop /opt/stack/data/venv/lib/python3.12/site-packages/oslo_service/backend/_threading/loopingcall.py:125}}
Jun 08 17:39:34.528891 np0000002336 nova-scheduler[95796]: DEBUG oslo.service.backend._threading.loopingcall [None req-3eb59642-5dc6-49b4-b4cf-7adbd2f35096 None None] Dynamic interval looping call 'nova.service.Service.periodic_tasks' sleeping for 60.00 seconds {{(pid=95796) _run_loop /opt/stack/data/venv/lib/python3.12/site-packages/oslo_service/backend/_threading/loopingcall.py:125}}
Jun 08 17:40:16.531288 np0000002336 nova-scheduler[95794]: DEBUG oslo.service.backend._threading.loopingcall [None req-acd83806-6cbf-4c19-8f48-9e7e327f9520 None None] Dynamic interval looping call 'nova.service.Service.periodic_tasks' sleeping for 60.00 seconds {{(pid=95794) _run_loop /opt/stack/data/venv/lib/python3.12/site-packages/oslo_service/backend/_threading/loopingcall.py:125}}
Jun 08 17:40:24.535460 np0000002336 nova-scheduler[95787]: DEBUG oslo.service.backend._threading.loopingcall [None req-ee196346-0bec-4c4f-9943-8a14f8344953 None None] Dynamic interval looping call 'nova.service.Service.periodic_tasks' sleeping for 60.00 seconds {{(pid=95787) _run_loop /opt/stack/data/venv/lib/python3.12/site-packages/oslo_service/backend/_threading/loopingcall.py:125}}
Jun 08 17:40:30.554318 np0000002336 nova-scheduler[95794]: DEBUG oslo.service.backend._threading.loopingcall [-] Fixed interval looping call 'nova.servicegroup.drivers.db.DbDriver._report_state' sleeping for 119.98 seconds {{(pid=95794) _run_loop /opt/stack/data/venv/lib/python3.12/site-packages/oslo_service/backend/_threading/loopingcall.py:125}}
Jun 08 17:40:30.554854 np0000002336 nova-scheduler[95796]: DEBUG oslo.service.backend._threading.loopingcall [-] Fixed interval looping call 'nova.servicegroup.drivers.db.DbDriver._report_state' sleeping for 119.97 seconds {{(pid=95796) _run_loop /opt/stack/data/venv/lib/python3.12/site-packages/oslo_service/backend/_threading/loopingcall.py:125}}
Jun 08 17:40:30.555825 np0000002336 nova-scheduler[95787]: DEBUG oslo.service.backend._threading.loopingcall [-] Fixed interval looping call 'nova.servicegroup.drivers.db.DbDriver._report_state' sleeping for 119.98 seconds {{(pid=95787) _run_loop /opt/stack/data/venv/lib/python3.12/site-packages/oslo_service/backend/_threading/loopingcall.py:125}}
Jun 08 17:40:34.529480 np0000002336 nova-scheduler[95796]: DEBUG oslo.service.backend._threading.loopingcall [None req-3eb59642-5dc6-49b4-b4cf-7adbd2f35096 None None] Dynamic interval looping call 'nova.service.Service.periodic_tasks' sleeping for 60.00 seconds {{(pid=95796) _run_loop /opt/stack/data/venv/lib/python3.12/site-packages/oslo_service/backend/_threading/loopingcall.py:125}}
Jun 08 17:40:40.532148 np0000002336 nova-scheduler[95796]: DEBUG dbcounter [-] [95796] Writing DB stats nova_cell0:SELECT=1,nova_cell0:UPDATE=1 {{(pid=95796) stat_writer /opt/stack/data/venv/lib/python3.12/site-packages/dbcounter.py:115}}
Jun 08 17:40:40.534556 np0000002336 nova-scheduler[95794]: DEBUG dbcounter [-] [95794] Writing DB stats nova_cell0:SELECT=1,nova_cell0:UPDATE=1 {{(pid=95794) stat_writer /opt/stack/data/venv/lib/python3.12/site-packages/dbcounter.py:115}}
Jun 08 17:40:40.542734 np0000002336 nova-scheduler[95787]: DEBUG dbcounter [-] [95787] Writing DB stats nova_cell0:SELECT=1,nova_cell0:UPDATE=1 {{(pid=95787) stat_writer /opt/stack/data/venv/lib/python3.12/site-packages/dbcounter.py:115}}
Jun 08 17:41:05.012356 np0000002336 nova-scheduler[95794]: DEBUG nova.scheduler.manager [None req-e4ec82dc-268d-4ec6-9da4-a94d6bdbbee8 tempest-DeleteServersTestJSON-1030694221 tempest-DeleteServersTestJSON-1030694221-project-member] Starting to schedule for instances: ['916afc89-a825-4735-864f-a10e97f9ccdd'] {{(pid=95794) select_destinations /opt/stack/nova/nova/scheduler/manager.py:210}}
Jun 08 17:41:05.013558 np0000002336 nova-scheduler[95794]: DEBUG nova.scheduler.request_filter [None req-e4ec82dc-268d-4ec6-9da4-a94d6bdbbee8 tempest-DeleteServersTestJSON-1030694221 tempest-DeleteServersTestJSON-1030694221-project-member] compute_status_filter request filter added forbidden trait COMPUTE_STATUS_DISABLED {{(pid=95794) compute_status_filter /opt/stack/nova/nova/scheduler/request_filter.py:253}}
Jun 08 17:41:05.013678 np0000002336 nova-scheduler[95794]: DEBUG nova.scheduler.request_filter [None req-e4ec82dc-268d-4ec6-9da4-a94d6bdbbee8 tempest-DeleteServersTestJSON-1030694221 tempest-DeleteServersTestJSON-1030694221-project-member] Request filter 'compute_status_filter' took 0.0 seconds {{(pid=95794) wrapper /opt/stack/nova/nova/scheduler/request_filter.py:46}}
Jun 08 17:41:05.013914 np0000002336 nova-scheduler[95794]: DEBUG nova.scheduler.request_filter [None req-e4ec82dc-268d-4ec6-9da4-a94d6bdbbee8 tempest-DeleteServersTestJSON-1030694221 tempest-DeleteServersTestJSON-1030694221-project-member] Request filter 'accelerators_filter' took 0.0 seconds {{(pid=95794) wrapper /opt/stack/nova/nova/scheduler/request_filter.py:46}}
Jun 08 17:41:05.014074 np0000002336 nova-scheduler[95794]: DEBUG nova.scheduler.request_filter [None req-e4ec82dc-268d-4ec6-9da4-a94d6bdbbee8 tempest-DeleteServersTestJSON-1030694221 tempest-DeleteServersTestJSON-1030694221-project-member] Request filter 'packed_virtqueue_filter' took 0.0 seconds {{(pid=95794) wrapper /opt/stack/nova/nova/scheduler/request_filter.py:46}}
Jun 08 17:41:05.014797 np0000002336 nova-scheduler[95794]: DEBUG nova.scheduler.request_filter [None req-e4ec82dc-268d-4ec6-9da4-a94d6bdbbee8 tempest-DeleteServersTestJSON-1030694221 tempest-DeleteServersTestJSON-1030694221-project-member] Request filter 'remote_managed_ports_filter' took 0.0 seconds {{(pid=95794) wrapper /opt/stack/nova/nova/scheduler/request_filter.py:46}}
Jun 08 17:41:05.015113 np0000002336 nova-scheduler[95794]: DEBUG nova.scheduler.request_filter [None req-e4ec82dc-268d-4ec6-9da4-a94d6bdbbee8 tempest-DeleteServersTestJSON-1030694221 tempest-DeleteServersTestJSON-1030694221-project-member] ephemeral_encryption_filter skipped {{(pid=95794) ephemeral_encryption_filter /opt/stack/nova/nova/scheduler/request_filter.py:426}}
Jun 08 17:41:05.015250 np0000002336 nova-scheduler[95794]: DEBUG nova.scheduler.request_filter [None req-e4ec82dc-268d-4ec6-9da4-a94d6bdbbee8 tempest-DeleteServersTestJSON-1030694221 tempest-DeleteServersTestJSON-1030694221-project-member] virtio_sound_filter skipped {{(pid=95794) virtio_sound_filter /opt/stack/nova/nova/scheduler/request_filter.py:460}}
Jun 08 17:41:05.015402 np0000002336 nova-scheduler[95794]: DEBUG nova.scheduler.request_filter [None req-e4ec82dc-268d-4ec6-9da4-a94d6bdbbee8 tempest-DeleteServersTestJSON-1030694221 tempest-DeleteServersTestJSON-1030694221-project-member] tpm_secret_security_filter skipped {{(pid=95794) tpm_secret_security_filter /opt/stack/nova/nova/scheduler/request_filter.py:477}}
Jun 08 17:41:05.548533 np0000002336 nova-scheduler[95794]: INFO nova.utils [None req-e4ec82dc-268d-4ec6-9da4-a94d6bdbbee8 tempest-DeleteServersTestJSON-1030694221 tempest-DeleteServersTestJSON-1030694221-project-member] The cell worker thread pool ForkProcess-2.cell_worker is initialized
Jun 08 17:41:05.548841 np0000002336 nova-scheduler[95794]: DEBUG oslo_concurrency.lockutils [None req-e4ec82dc-268d-4ec6-9da4-a94d6bdbbee8 tempest-DeleteServersTestJSON-1030694221 tempest-DeleteServersTestJSON-1030694221-project-member] Acquiring lock "39be1add-a7b5-480f-8cc6-559659bb0e70" by "nova.context.set_target_cell..get_or_set_cached_cell_and_set_connections" {{(pid=95794) inner /opt/stack/data/venv/lib/python3.12/site-packages/oslo_concurrency/lockutils.py:511}}
Jun 08 17:41:05.549034 np0000002336 nova-scheduler[95794]: DEBUG oslo_concurrency.lockutils [None req-e4ec82dc-268d-4ec6-9da4-a94d6bdbbee8 tempest-DeleteServersTestJSON-1030694221 tempest-DeleteServersTestJSON-1030694221-project-member] Lock "39be1add-a7b5-480f-8cc6-559659bb0e70" acquired by "nova.context.set_target_cell..get_or_set_cached_cell_and_set_connections" :: waited 0.000s {{(pid=95794) inner /opt/stack/data/venv/lib/python3.12/site-packages/oslo_concurrency/lockutils.py:524}}
Jun 08 17:41:05.550260 np0000002336 nova-scheduler[95794]: DEBUG oslo_concurrency.lockutils [None req-e4ec82dc-268d-4ec6-9da4-a94d6bdbbee8 tempest-DeleteServersTestJSON-1030694221 tempest-DeleteServersTestJSON-1030694221-project-member] Lock "39be1add-a7b5-480f-8cc6-559659bb0e70" "released" by "nova.context.set_target_cell..get_or_set_cached_cell_and_set_connections" :: held 0.001s {{(pid=95794) inner /opt/stack/data/venv/lib/python3.12/site-packages/oslo_concurrency/lockutils.py:543}}
Jun 08 17:41:05.553905 np0000002336 nova-scheduler[95794]: INFO dbcounter [None req-e4ec82dc-268d-4ec6-9da4-a94d6bdbbee8 tempest-DeleteServersTestJSON-1030694221 tempest-DeleteServersTestJSON-1030694221-project-member] Registered counter for database nova_cell1
Jun 08 17:41:05.592816 np0000002336 nova-scheduler[95794]: DEBUG oslo_db.sqlalchemy.engines [None req-e4ec82dc-268d-4ec6-9da4-a94d6bdbbee8 tempest-DeleteServersTestJSON-1030694221 tempest-DeleteServersTestJSON-1030694221-project-member] MySQL server mode set to STRICT_TRANS_TABLES,STRICT_ALL_TABLES,NO_ZERO_IN_DATE,NO_ZERO_DATE,ERROR_FOR_DIVISION_BY_ZERO,TRADITIONAL,NO_ENGINE_SUBSTITUTION {{(pid=95794) _check_effective_sql_mode /opt/stack/data/venv/lib/python3.12/site-packages/oslo_db/sqlalchemy/engines.py:325}}
Jun 08 17:41:05.599033 np0000002336 nova-scheduler[95794]: DEBUG dbcounter [-] [95794] Writer thread running {{(pid=95794) stat_writer /opt/stack/data/venv/lib/python3.12/site-packages/dbcounter.py:102}}
Jun 08 17:41:05.611172 np0000002336 nova-scheduler[95794]: DEBUG oslo_db.sqlalchemy.engines [None req-e4ec82dc-268d-4ec6-9da4-a94d6bdbbee8 tempest-DeleteServersTestJSON-1030694221 tempest-DeleteServersTestJSON-1030694221-project-member] Parent process 94580 forked (95794) with an open database connection, which is being discarded and recreated. {{(pid=95794) checkout /opt/stack/data/venv/lib/python3.12/site-packages/oslo_db/sqlalchemy/engines.py:402}}
Jun 08 17:41:05.659313 np0000002336 nova-scheduler[95794]: DEBUG dbcounter [-] [95794] Writer thread running {{(pid=95794) stat_writer /opt/stack/data/venv/lib/python3.12/site-packages/dbcounter.py:102}}
Jun 08 17:41:05.661892 np0000002336 nova-scheduler[95794]: DEBUG oslo_concurrency.lockutils [None req-e4ec82dc-268d-4ec6-9da4-a94d6bdbbee8 tempest-DeleteServersTestJSON-1030694221 tempest-DeleteServersTestJSON-1030694221-project-member] Acquiring lock "39be1add-a7b5-480f-8cc6-559659bb0e70" by "nova.context.set_target_cell..get_or_set_cached_cell_and_set_connections" {{(pid=95794) inner /opt/stack/data/venv/lib/python3.12/site-packages/oslo_concurrency/lockutils.py:511}}
Jun 08 17:41:05.662041 np0000002336 nova-scheduler[95794]: DEBUG oslo_concurrency.lockutils [None req-e4ec82dc-268d-4ec6-9da4-a94d6bdbbee8 tempest-DeleteServersTestJSON-1030694221 tempest-DeleteServersTestJSON-1030694221-project-member] Lock "39be1add-a7b5-480f-8cc6-559659bb0e70" acquired by "nova.context.set_target_cell..get_or_set_cached_cell_and_set_connections" :: waited 0.000s {{(pid=95794) inner /opt/stack/data/venv/lib/python3.12/site-packages/oslo_concurrency/lockutils.py:524}}
Jun 08 17:41:05.662147 np0000002336 nova-scheduler[95794]: DEBUG oslo_concurrency.lockutils [None req-e4ec82dc-268d-4ec6-9da4-a94d6bdbbee8 tempest-DeleteServersTestJSON-1030694221 tempest-DeleteServersTestJSON-1030694221-project-member] Lock "39be1add-a7b5-480f-8cc6-559659bb0e70" "released" by "nova.context.set_target_cell..get_or_set_cached_cell_and_set_connections" :: held 0.000s {{(pid=95794) inner /opt/stack/data/venv/lib/python3.12/site-packages/oslo_concurrency/lockutils.py:543}}
Jun 08 17:41:05.664690 np0000002336 nova-scheduler[95794]: DEBUG oslo_concurrency.lockutils [None req-e4ec82dc-268d-4ec6-9da4-a94d6bdbbee8 tempest-DeleteServersTestJSON-1030694221 tempest-DeleteServersTestJSON-1030694221-project-member] Acquiring lock "('np0000002336', 'np0000002336')" by "nova.scheduler.host_manager.HostState.update.._locked_update" {{(pid=95794) inner /opt/stack/data/venv/lib/python3.12/site-packages/oslo_concurrency/lockutils.py:511}}
Jun 08 17:41:05.664813 np0000002336 nova-scheduler[95794]: DEBUG oslo_concurrency.lockutils [None req-e4ec82dc-268d-4ec6-9da4-a94d6bdbbee8 tempest-DeleteServersTestJSON-1030694221 tempest-DeleteServersTestJSON-1030694221-project-member] Lock "('np0000002336', 'np0000002336')" acquired by "nova.scheduler.host_manager.HostState.update.._locked_update" :: waited 0.000s {{(pid=95794) inner /opt/stack/data/venv/lib/python3.12/site-packages/oslo_concurrency/lockutils.py:524}}
Jun 08 17:41:05.665657 np0000002336 nova-scheduler[95794]: DEBUG nova.scheduler.host_manager [None req-e4ec82dc-268d-4ec6-9da4-a94d6bdbbee8 tempest-DeleteServersTestJSON-1030694221 tempest-DeleteServersTestJSON-1030694221-project-member] Update host state from compute node: ComputeNode(cpu_allocation_ratio=4.0,cpu_info='{"arch": "x86_64", "model": "EPYC-Milan", "vendor": "AMD", "topology": {"cells": 1, "sockets": 12, "cores": 1, "threads": 1}, "maxphysaddr": {"mode": "emulate", "bits": 40}, "features": ["pni", "sse4a", "x2apic", "rdrand", "rdpid", "de", "stibp-always-on", "umip", "hypervisor", "nrip-save", "sse4.1", "wbnoinvd", "mca", "pku", "pause-filter", "abm", "amd-stibp", "amd-psfd", "mmxext", "smep", "avx2", "clflush", "fsgsbase", "cx8", "xsaveopt", "mce", "xsaves", "clwb", "no-nested-data-bp", "fxsr", "cr8legacy", "gds-no", "arch-capabilities", "cmp_legacy", "osvw", "nx", "lm", "tsc-scale", "lfence-always-serializing", "sha-ni", "invpcid", "ibpb", "popcnt", "tsc_adjust", "adx", "flushbyasid", "rdctl-no", "cx16", "mds-no", "v-vmsave-vmload", "bmi1", "vme", "bmi2", "pcid", "3dnowprefetch", "null-sel-clr-base", "sse2", "fsrm", "smap", "misalignsse", "pschange-mc-no", "perfctr_core", "cmov", "vgif", "lbrv", "clflushopt", "rdtscp", "pat", "ssse3", "sse", "vmcb-clean", "ssbd", "syscall", "msr", "apic", "f16c", "pclmuldq", "pse", "xsavec", "skip-l1dfl-vmentry", "erms", "mmx", "aes", "spec-ctrl", "pfthreshold", "fxsr_opt", "ibrs", "lahf_lm", "vaes", "sse4.2", "avx", "tsc", "fpu", "xgetbv1", "pdpe1gb", "clzero", "movbe", "arat", "fma", "pge", "topoext", "mtrr", "vpclmulqdq", "pse36", "virt-ssbd", "npt", "xsave", "svme-addr-chk", "tsc-deadline", "sep", "xsaveerptr", "pae", "svm", "rdseed", "amd-ssbd", "stibp"]}',created_at=2026-06-08T17:38:50Z,current_workload=0,deleted=False,deleted_at=None,disk_allocation_ratio=1.0,disk_available_least=74,free_disk_gb=95,free_ram_mb=23518,host='np0000002336',host_ip=10.4.3.63,hypervisor_hostname='np0000002336',hypervisor_type='QEMU',hypervisor_version=8002002,id=1,local_gb=95,local_gb_used=0,mapped=1,memory_mb=24030,memory_mb_used=512,metrics='[]',numa_topology='{"nova_object.name": "NUMATopology", "nova_object.namespace": "nova", "nova_object.version": "1.2", "nova_object.data": {"cells": [{"nova_object.name": "NUMACell", "nova_object.namespace": "nova", "nova_object.version": "1.5", "nova_object.data": {"id": 0, "cpuset": [0, 1, 2, 3, 4, 5, 6, 7, 8, 9, 10, 11], "pcpuset": [0, 1, 2, 3, 4, 5, 6, 7, 8, 9, 10, 11], "memory": 24030, "cpu_usage": 0, "memory_usage": 0, "pinned_cpus": [], "siblings": [[6], [2], [5], [11], [8], [4], [1], [7], [10], [0], [3], [9]], "mempages": [{"nova_object.name": "NUMAPagesTopology", "nova_object.namespace": "nova", "nova_object.version": "1.1", "nova_object.data": {"size_kb": 4, "total": 6151798, "used": 0, "reserved": 0}, "nova_object.changes": ["reserved", "used", "size_kb", "total"]}, {"nova_object.name": "NUMAPagesTopology", "nova_object.namespace": "nova", "nova_object.version": "1.1", "nova_object.data": {"size_kb": 2048, "total": 0, "used": 0, "reserved": 0}, "nova_object.changes": ["reserved", "used", "size_kb", "total"]}, {"nova_object.name": "NUMAPagesTopology", "nova_object.namespace": "nova", "nova_object.version": "1.1", "nova_object.data": {"size_kb": 1048576, "total": 0, "used": 0, "reserved": 0}, "nova_object.changes": ["reserved", "used", "size_kb", "total"]}], "network_metadata": {"nova_object.name": "NetworkMetadata", "nova_object.namespace": "nova", "nova_object.version": "1.0", "nova_object.data": {"physnets": [], "tunneled": false}, "nova_object.changes": ["tunneled", "physnets"]}, "socket": null}, "nova_object.changes": ["memory_usage", "network_metadata", "pcpuset", "mempages", "pinned_cpus", "cpu_usage", "memory", "socket", "siblings", "id", "cpuset"]}]}, "nova_object.changes": ["cells"]}',pci_device_pools=PciDevicePoolList,ram_allocation_ratio=1.0,running_vms=0,service_id=3,stats={failed_builds='0',uptime=' 17:40:35 up 30 min, 2 users, load average: 1.68, 1.58, 0.89
Jun 08 17:41:05.665657 np0000002336 nova-scheduler[95794]: '},supported_hv_specs=[HVSpec,HVSpec,HVSpec,HVSpec,HVSpec,HVSpec,HVSpec,HVSpec,HVSpec,HVSpec,HVSpec,HVSpec,HVSpec,HVSpec,HVSpec,HVSpec,HVSpec,HVSpec,HVSpec,HVSpec,HVSpec,HVSpec,HVSpec,HVSpec,HVSpec],updated_at=2026-06-08T17:40:38Z,uuid=1505a404-6aaa-499a-a678-bc631687b5a5,vcpus=12,vcpus_used=0) {{(pid=95794) _locked_update /opt/stack/nova/nova/scheduler/host_manager.py:168}}
Jun 08 17:41:05.666350 np0000002336 nova-scheduler[95794]: DEBUG nova.scheduler.host_manager [None req-e4ec82dc-268d-4ec6-9da4-a94d6bdbbee8 tempest-DeleteServersTestJSON-1030694221 tempest-DeleteServersTestJSON-1030694221-project-member] Update host state with aggregates: [] {{(pid=95794) _locked_update /opt/stack/nova/nova/scheduler/host_manager.py:171}}
Jun 08 17:41:05.666460 np0000002336 nova-scheduler[95794]: DEBUG nova.scheduler.host_manager [None req-e4ec82dc-268d-4ec6-9da4-a94d6bdbbee8 tempest-DeleteServersTestJSON-1030694221 tempest-DeleteServersTestJSON-1030694221-project-member] Update host state with service dict: {'id': 3, 'uuid': 'f4858a44-7023-450e-a7d3-e24a01b7640b', 'host': 'np0000002336', 'binary': 'nova-compute', 'topic': 'compute', 'report_count': 2, 'disabled': False, 'disabled_reason': None, 'last_seen_up': datetime.datetime(2026, 6, 8, 17, 40, 58, tzinfo=datetime.timezone.utc), 'forced_down': False, 'version': 72, 'created_at': datetime.datetime(2026, 6, 8, 17, 38, 48, tzinfo=datetime.timezone.utc), 'updated_at': datetime.datetime(2026, 6, 8, 17, 40, 58, tzinfo=datetime.timezone.utc), 'deleted_at': None, 'deleted': False} {{(pid=95794) _locked_update /opt/stack/nova/nova/scheduler/host_manager.py:174}}
Jun 08 17:41:05.666578 np0000002336 nova-scheduler[95794]: DEBUG nova.scheduler.host_manager [None req-e4ec82dc-268d-4ec6-9da4-a94d6bdbbee8 tempest-DeleteServersTestJSON-1030694221 tempest-DeleteServersTestJSON-1030694221-project-member] Update host state with instances: [] {{(pid=95794) _locked_update /opt/stack/nova/nova/scheduler/host_manager.py:177}}
Jun 08 17:41:05.666676 np0000002336 nova-scheduler[95794]: DEBUG oslo_concurrency.lockutils [None req-e4ec82dc-268d-4ec6-9da4-a94d6bdbbee8 tempest-DeleteServersTestJSON-1030694221 tempest-DeleteServersTestJSON-1030694221-project-member] Lock "('np0000002336', 'np0000002336')" "released" by "nova.scheduler.host_manager.HostState.update.._locked_update" :: held 0.002s {{(pid=95794) inner /opt/stack/data/venv/lib/python3.12/site-packages/oslo_concurrency/lockutils.py:543}}
Jun 08 17:41:05.667237 np0000002336 nova-scheduler[95794]: DEBUG nova.filters [None req-e4ec82dc-268d-4ec6-9da4-a94d6bdbbee8 tempest-DeleteServersTestJSON-1030694221 tempest-DeleteServersTestJSON-1030694221-project-member] Starting with 1 host(s) {{(pid=95794) get_filtered_objects /opt/stack/nova/nova/filters.py:70}}
Jun 08 17:41:05.667470 np0000002336 nova-scheduler[95794]: DEBUG nova.filters [None req-e4ec82dc-268d-4ec6-9da4-a94d6bdbbee8 tempest-DeleteServersTestJSON-1030694221 tempest-DeleteServersTestJSON-1030694221-project-member] Filter ComputeFilter returned 1 host(s) {{(pid=95794) get_filtered_objects /opt/stack/nova/nova/filters.py:102}}
Jun 08 17:41:05.667601 np0000002336 nova-scheduler[95794]: DEBUG nova.filters [None req-e4ec82dc-268d-4ec6-9da4-a94d6bdbbee8 tempest-DeleteServersTestJSON-1030694221 tempest-DeleteServersTestJSON-1030694221-project-member] Filter ComputeCapabilitiesFilter returned 1 host(s) {{(pid=95794) get_filtered_objects /opt/stack/nova/nova/filters.py:102}}
Jun 08 17:41:05.667781 np0000002336 nova-scheduler[95794]: DEBUG nova.filters [None req-e4ec82dc-268d-4ec6-9da4-a94d6bdbbee8 tempest-DeleteServersTestJSON-1030694221 tempest-DeleteServersTestJSON-1030694221-project-member] Filter ImagePropertiesFilter returned 1 host(s) {{(pid=95794) get_filtered_objects /opt/stack/nova/nova/filters.py:102}}
Jun 08 17:41:05.667898 np0000002336 nova-scheduler[95794]: DEBUG nova.filters [None req-e4ec82dc-268d-4ec6-9da4-a94d6bdbbee8 tempest-DeleteServersTestJSON-1030694221 tempest-DeleteServersTestJSON-1030694221-project-member] Filter ServerGroupAntiAffinityFilter returned 1 host(s) {{(pid=95794) get_filtered_objects /opt/stack/nova/nova/filters.py:102}}
Jun 08 17:41:05.668002 np0000002336 nova-scheduler[95794]: DEBUG nova.filters [None req-e4ec82dc-268d-4ec6-9da4-a94d6bdbbee8 tempest-DeleteServersTestJSON-1030694221 tempest-DeleteServersTestJSON-1030694221-project-member] Filter ServerGroupAffinityFilter returned 1 host(s) {{(pid=95794) get_filtered_objects /opt/stack/nova/nova/filters.py:102}}
Jun 08 17:41:05.668171 np0000002336 nova-scheduler[95794]: DEBUG nova.filters [None req-e4ec82dc-268d-4ec6-9da4-a94d6bdbbee8 tempest-DeleteServersTestJSON-1030694221 tempest-DeleteServersTestJSON-1030694221-project-member] Filter SameHostFilter returned 1 host(s) {{(pid=95794) get_filtered_objects /opt/stack/nova/nova/filters.py:102}}
Jun 08 17:41:05.668309 np0000002336 nova-scheduler[95794]: DEBUG nova.filters [None req-e4ec82dc-268d-4ec6-9da4-a94d6bdbbee8 tempest-DeleteServersTestJSON-1030694221 tempest-DeleteServersTestJSON-1030694221-project-member] Filter DifferentHostFilter returned 1 host(s) {{(pid=95794) get_filtered_objects /opt/stack/nova/nova/filters.py:102}}
Jun 08 17:41:05.668514 np0000002336 nova-scheduler[95794]: DEBUG nova.scheduler.manager [None req-e4ec82dc-268d-4ec6-9da4-a94d6bdbbee8 tempest-DeleteServersTestJSON-1030694221 tempest-DeleteServersTestJSON-1030694221-project-member] Filtered [(np0000002336, np0000002336) ram: 23518MB disk: 75776MB io_ops: 0 instances: 0, allocation_candidates: 1] {{(pid=95794) _get_sorted_hosts /opt/stack/nova/nova/scheduler/manager.py:743}}
Jun 08 17:41:05.668768 np0000002336 nova-scheduler[95794]: DEBUG nova.scheduler.manager [None req-e4ec82dc-268d-4ec6-9da4-a94d6bdbbee8 tempest-DeleteServersTestJSON-1030694221 tempest-DeleteServersTestJSON-1030694221-project-member] Weighed [WeighedHost [host: (np0000002336, np0000002336) ram: 23518MB disk: 75776MB io_ops: 0 instances: 0, allocation_candidates: 1, weight: 0.0]] {{(pid=95794) _get_sorted_hosts /opt/stack/nova/nova/scheduler/manager.py:765}}
Jun 08 17:41:05.669029 np0000002336 nova-scheduler[95794]: DEBUG nova.scheduler.utils [None req-e4ec82dc-268d-4ec6-9da4-a94d6bdbbee8 tempest-DeleteServersTestJSON-1030694221 tempest-DeleteServersTestJSON-1030694221-project-member] Attempting to claim resources in the placement API for instance 916afc89-a825-4735-864f-a10e97f9ccdd {{(pid=95794) claim_resources /opt/stack/nova/nova/scheduler/utils.py:1345}}
Jun 08 17:41:05.815678 np0000002336 nova-scheduler[95794]: DEBUG nova.scheduler.manager [None req-e4ec82dc-268d-4ec6-9da4-a94d6bdbbee8 tempest-DeleteServersTestJSON-1030694221 tempest-DeleteServersTestJSON-1030694221-project-member] [instance: 916afc89-a825-4735-864f-a10e97f9ccdd] Selected host: (np0000002336, np0000002336) ram: 23518MB disk: 75776MB io_ops: 0 instances: 0, allocation_candidates: 1 {{(pid=95794) _consume_selected_host /opt/stack/nova/nova/scheduler/manager.py:625}}
Jun 08 17:41:05.816027 np0000002336 nova-scheduler[95794]: DEBUG oslo_concurrency.lockutils [None req-e4ec82dc-268d-4ec6-9da4-a94d6bdbbee8 tempest-DeleteServersTestJSON-1030694221 tempest-DeleteServersTestJSON-1030694221-project-member] Acquiring lock "('np0000002336', 'np0000002336')" by "nova.scheduler.host_manager.HostState.consume_from_request.._locked" {{(pid=95794) inner /opt/stack/data/venv/lib/python3.12/site-packages/oslo_concurrency/lockutils.py:511}}
Jun 08 17:41:05.816206 np0000002336 nova-scheduler[95794]: DEBUG oslo_concurrency.lockutils [None req-e4ec82dc-268d-4ec6-9da4-a94d6bdbbee8 tempest-DeleteServersTestJSON-1030694221 tempest-DeleteServersTestJSON-1030694221-project-member] Lock "('np0000002336', 'np0000002336')" acquired by "nova.scheduler.host_manager.HostState.consume_from_request.._locked" :: waited 0.000s {{(pid=95794) inner /opt/stack/data/venv/lib/python3.12/site-packages/oslo_concurrency/lockutils.py:524}}
Jun 08 17:41:05.816432 np0000002336 nova-scheduler[95794]: DEBUG oslo_concurrency.lockutils [None req-e4ec82dc-268d-4ec6-9da4-a94d6bdbbee8 tempest-DeleteServersTestJSON-1030694221 tempest-DeleteServersTestJSON-1030694221-project-member] Lock "('np0000002336', 'np0000002336')" "released" by "nova.scheduler.host_manager.HostState.consume_from_request.._locked" :: held 0.000s {{(pid=95794) inner /opt/stack/data/venv/lib/python3.12/site-packages/oslo_concurrency/lockutils.py:543}}
Jun 08 17:41:13.437494 np0000002336 nova-scheduler[95796]: DEBUG nova.scheduler.manager [None req-270d6355-0724-4101-904d-28a5335ba0f5 tempest-ServerActionsTestOtherA-179428883 tempest-ServerActionsTestOtherA-179428883-project-member] Starting to schedule for instances: ['492393e7-83f1-4421-bbb6-1faae331fecb'] {{(pid=95796) select_destinations /opt/stack/nova/nova/scheduler/manager.py:210}}
Jun 08 17:41:13.438602 np0000002336 nova-scheduler[95796]: DEBUG nova.scheduler.request_filter [None req-270d6355-0724-4101-904d-28a5335ba0f5 tempest-ServerActionsTestOtherA-179428883 tempest-ServerActionsTestOtherA-179428883-project-member] compute_status_filter request filter added forbidden trait COMPUTE_STATUS_DISABLED {{(pid=95796) compute_status_filter /opt/stack/nova/nova/scheduler/request_filter.py:253}}
Jun 08 17:41:13.438602 np0000002336 nova-scheduler[95796]: DEBUG nova.scheduler.request_filter [None req-270d6355-0724-4101-904d-28a5335ba0f5 tempest-ServerActionsTestOtherA-179428883 tempest-ServerActionsTestOtherA-179428883-project-member] Request filter 'compute_status_filter' took 0.0 seconds {{(pid=95796) wrapper /opt/stack/nova/nova/scheduler/request_filter.py:46}}
Jun 08 17:41:13.438781 np0000002336 nova-scheduler[95796]: DEBUG nova.scheduler.request_filter [None req-270d6355-0724-4101-904d-28a5335ba0f5 tempest-ServerActionsTestOtherA-179428883 tempest-ServerActionsTestOtherA-179428883-project-member] Request filter 'accelerators_filter' took 0.0 seconds {{(pid=95796) wrapper /opt/stack/nova/nova/scheduler/request_filter.py:46}}
Jun 08 17:41:13.439042 np0000002336 nova-scheduler[95796]: DEBUG nova.scheduler.request_filter [None req-270d6355-0724-4101-904d-28a5335ba0f5 tempest-ServerActionsTestOtherA-179428883 tempest-ServerActionsTestOtherA-179428883-project-member] Request filter 'packed_virtqueue_filter' took 0.0 seconds {{(pid=95796) wrapper /opt/stack/nova/nova/scheduler/request_filter.py:46}}
Jun 08 17:41:13.439388 np0000002336 nova-scheduler[95796]: DEBUG nova.scheduler.request_filter [None req-270d6355-0724-4101-904d-28a5335ba0f5 tempest-ServerActionsTestOtherA-179428883 tempest-ServerActionsTestOtherA-179428883-project-member] Request filter 'remote_managed_ports_filter' took 0.0 seconds {{(pid=95796) wrapper /opt/stack/nova/nova/scheduler/request_filter.py:46}}
Jun 08 17:41:13.439612 np0000002336 nova-scheduler[95796]: DEBUG nova.scheduler.request_filter [None req-270d6355-0724-4101-904d-28a5335ba0f5 tempest-ServerActionsTestOtherA-179428883 tempest-ServerActionsTestOtherA-179428883-project-member] ephemeral_encryption_filter skipped {{(pid=95796) ephemeral_encryption_filter /opt/stack/nova/nova/scheduler/request_filter.py:426}}
Jun 08 17:41:13.439831 np0000002336 nova-scheduler[95796]: DEBUG nova.scheduler.request_filter [None req-270d6355-0724-4101-904d-28a5335ba0f5 tempest-ServerActionsTestOtherA-179428883 tempest-ServerActionsTestOtherA-179428883-project-member] virtio_sound_filter skipped {{(pid=95796) virtio_sound_filter /opt/stack/nova/nova/scheduler/request_filter.py:460}}
Jun 08 17:41:13.440570 np0000002336 nova-scheduler[95796]: DEBUG nova.scheduler.request_filter [None req-270d6355-0724-4101-904d-28a5335ba0f5 tempest-ServerActionsTestOtherA-179428883 tempest-ServerActionsTestOtherA-179428883-project-member] tpm_secret_security_filter skipped {{(pid=95796) tpm_secret_security_filter /opt/stack/nova/nova/scheduler/request_filter.py:477}}
Jun 08 17:41:13.570172 np0000002336 nova-scheduler[95796]: INFO nova.utils [None req-270d6355-0724-4101-904d-28a5335ba0f5 tempest-ServerActionsTestOtherA-179428883 tempest-ServerActionsTestOtherA-179428883-project-member] The cell worker thread pool ForkProcess-3.cell_worker is initialized
Jun 08 17:41:13.570534 np0000002336 nova-scheduler[95796]: DEBUG oslo_concurrency.lockutils [None req-270d6355-0724-4101-904d-28a5335ba0f5 tempest-ServerActionsTestOtherA-179428883 tempest-ServerActionsTestOtherA-179428883-project-member] Acquiring lock "39be1add-a7b5-480f-8cc6-559659bb0e70" by "nova.context.set_target_cell..get_or_set_cached_cell_and_set_connections" {{(pid=95796) inner /opt/stack/data/venv/lib/python3.12/site-packages/oslo_concurrency/lockutils.py:511}}
Jun 08 17:41:13.570725 np0000002336 nova-scheduler[95796]: DEBUG oslo_concurrency.lockutils [None req-270d6355-0724-4101-904d-28a5335ba0f5 tempest-ServerActionsTestOtherA-179428883 tempest-ServerActionsTestOtherA-179428883-project-member] Lock "39be1add-a7b5-480f-8cc6-559659bb0e70" acquired by "nova.context.set_target_cell..get_or_set_cached_cell_and_set_connections" :: waited 0.000s {{(pid=95796) inner /opt/stack/data/venv/lib/python3.12/site-packages/oslo_concurrency/lockutils.py:524}}
Jun 08 17:41:13.572028 np0000002336 nova-scheduler[95796]: DEBUG oslo_concurrency.lockutils [None req-270d6355-0724-4101-904d-28a5335ba0f5 tempest-ServerActionsTestOtherA-179428883 tempest-ServerActionsTestOtherA-179428883-project-member] Lock "39be1add-a7b5-480f-8cc6-559659bb0e70" "released" by "nova.context.set_target_cell..get_or_set_cached_cell_and_set_connections" :: held 0.001s {{(pid=95796) inner /opt/stack/data/venv/lib/python3.12/site-packages/oslo_concurrency/lockutils.py:543}}
Jun 08 17:41:13.574271 np0000002336 nova-scheduler[95796]: INFO dbcounter [None req-270d6355-0724-4101-904d-28a5335ba0f5 tempest-ServerActionsTestOtherA-179428883 tempest-ServerActionsTestOtherA-179428883-project-member] Registered counter for database nova_cell1
Jun 08 17:41:13.610260 np0000002336 nova-scheduler[95796]: DEBUG oslo_db.sqlalchemy.engines [None req-270d6355-0724-4101-904d-28a5335ba0f5 tempest-ServerActionsTestOtherA-179428883 tempest-ServerActionsTestOtherA-179428883-project-member] MySQL server mode set to STRICT_TRANS_TABLES,STRICT_ALL_TABLES,NO_ZERO_IN_DATE,NO_ZERO_DATE,ERROR_FOR_DIVISION_BY_ZERO,TRADITIONAL,NO_ENGINE_SUBSTITUTION {{(pid=95796) _check_effective_sql_mode /opt/stack/data/venv/lib/python3.12/site-packages/oslo_db/sqlalchemy/engines.py:325}}
Jun 08 17:41:13.616656 np0000002336 nova-scheduler[95796]: DEBUG dbcounter [-] [95796] Writer thread running {{(pid=95796) stat_writer /opt/stack/data/venv/lib/python3.12/site-packages/dbcounter.py:102}}
Jun 08 17:41:13.683479 np0000002336 nova-scheduler[95796]: DEBUG dbcounter [-] [95796] Writer thread running {{(pid=95796) stat_writer /opt/stack/data/venv/lib/python3.12/site-packages/dbcounter.py:102}}
Jun 08 17:41:13.686115 np0000002336 nova-scheduler[95796]: DEBUG oslo_concurrency.lockutils [None req-270d6355-0724-4101-904d-28a5335ba0f5 tempest-ServerActionsTestOtherA-179428883 tempest-ServerActionsTestOtherA-179428883-project-member] Acquiring lock "39be1add-a7b5-480f-8cc6-559659bb0e70" by "nova.context.set_target_cell..get_or_set_cached_cell_and_set_connections" {{(pid=95796) inner /opt/stack/data/venv/lib/python3.12/site-packages/oslo_concurrency/lockutils.py:511}}
Jun 08 17:41:13.686291 np0000002336 nova-scheduler[95796]: DEBUG oslo_concurrency.lockutils [None req-270d6355-0724-4101-904d-28a5335ba0f5 tempest-ServerActionsTestOtherA-179428883 tempest-ServerActionsTestOtherA-179428883-project-member] Lock "39be1add-a7b5-480f-8cc6-559659bb0e70" acquired by "nova.context.set_target_cell..get_or_set_cached_cell_and_set_connections" :: waited 0.000s {{(pid=95796) inner /opt/stack/data/venv/lib/python3.12/site-packages/oslo_concurrency/lockutils.py:524}}
Jun 08 17:41:13.686437 np0000002336 nova-scheduler[95796]: DEBUG oslo_concurrency.lockutils [None req-270d6355-0724-4101-904d-28a5335ba0f5 tempest-ServerActionsTestOtherA-179428883 tempest-ServerActionsTestOtherA-179428883-project-member] Lock "39be1add-a7b5-480f-8cc6-559659bb0e70" "released" by "nova.context.set_target_cell..get_or_set_cached_cell_and_set_connections" :: held 0.000s {{(pid=95796) inner /opt/stack/data/venv/lib/python3.12/site-packages/oslo_concurrency/lockutils.py:543}}
Jun 08 17:41:13.689664 np0000002336 nova-scheduler[95796]: DEBUG oslo_concurrency.lockutils [None req-270d6355-0724-4101-904d-28a5335ba0f5 tempest-ServerActionsTestOtherA-179428883 tempest-ServerActionsTestOtherA-179428883-project-member] Acquiring lock "('np0000002336', 'np0000002336')" by "nova.scheduler.host_manager.HostState.update.._locked_update" {{(pid=95796) inner /opt/stack/data/venv/lib/python3.12/site-packages/oslo_concurrency/lockutils.py:511}}
Jun 08 17:41:13.691145 np0000002336 nova-scheduler[95796]: DEBUG oslo_concurrency.lockutils [None req-270d6355-0724-4101-904d-28a5335ba0f5 tempest-ServerActionsTestOtherA-179428883 tempest-ServerActionsTestOtherA-179428883-project-member] Lock "('np0000002336', 'np0000002336')" acquired by "nova.scheduler.host_manager.HostState.update.._locked_update" :: waited 0.000s {{(pid=95796) inner /opt/stack/data/venv/lib/python3.12/site-packages/oslo_concurrency/lockutils.py:524}}
