Jun 08 17:38:01.218558 np0000002336 devstack@neutron-api.service[90045]: DEBUG oslo_concurrency.processutils [None req-30814285-a28f-4bb0-8319-00b1066211e9 None None] CMD "ovsdb-client transact ssl:10.4.3.63:6641 --timeout 180 -p /opt/stack/data/CA/int-ca/private/devstack-cert.key -c /opt/stack/data/CA/int-ca/devstack-cert.crt -C /opt/stack/data/CA/int-ca/ca-chain.pem ["OVN_Northbound", {"op": "wait", "timeout": 0, "table": "Port_Group", "where": [["name", "==", "pvlan_pg_drop"]], "until": "==", "rows": []}, {"op": "insert", "table": "ACL", "row": {"action": "drop", "direction": "to-lport", "match": "outport == @pvlan_pg_drop && ip", "priority": 1010}, "uuid-name": "pvlandroptoport"}, {"op": "insert", "table": "ACL", "row": {"action": "drop", "direction": "from-lport", "match": "inport == @pvlan_pg_drop && ip", "priority": 1010}, "uuid-name": "pvlandropfromport"}, {"op": "insert", "table": "Port_Group", "row": {"name": "pvlan_pg_drop", "acls": ["set", [["named-uuid", "pvlandroptoport"], ["named-uuid", "pvlandropfromport"]]]}}]" returned: 0 in 0.030s {{(pid=90045) execute /opt/stack/data/venv/lib/python3.12/site-packages/oslo_concurrency/processutils.py:468}}
Jun 08 17:38:01.220441 np0000002336 devstack@neutron-api.service[90045]: WSGI app 0 (mountpoint='') ready in 6 seconds on interpreter 0x7f0ddcaa3668 pid: 90045 (default app)
Jun 08 17:38:01.228617 np0000002336 devstack@neutron-api.service[90044]: DEBUG oslo_concurrency.processutils [None req-9e42c5ca-11fe-412d-a7e2-9913b9ae6294 None None] CMD "ovsdb-client transact ssl:10.4.3.63:6641 --timeout 180 -p /opt/stack/data/CA/int-ca/private/devstack-cert.key -c /opt/stack/data/CA/int-ca/devstack-cert.crt -C /opt/stack/data/CA/int-ca/ca-chain.pem ["OVN_Northbound", {"op": "wait", "timeout": 0, "table": "Port_Group", "where": [["name", "==", "pvlan_pg_drop"]], "until": "==", "rows": []}, {"op": "insert", "table": "ACL", "row": {"action": "drop", "direction": "to-lport", "match": "outport == @pvlan_pg_drop && ip", "priority": 1010}, "uuid-name": "pvlandroptoport"}, {"op": "insert", "table": "ACL", "row": {"action": "drop", "direction": "from-lport", "match": "inport == @pvlan_pg_drop && ip", "priority": 1010}, "uuid-name": "pvlandropfromport"}, {"op": "insert", "table": "Port_Group", "row": {"name": "pvlan_pg_drop", "acls": ["set", [["named-uuid", "pvlandroptoport"], ["named-uuid", "pvlandropfromport"]]]}}]" returned: 0 in 0.022s {{(pid=90044) execute /opt/stack/data/venv/lib/python3.12/site-packages/oslo_concurrency/processutils.py:468}}
Jun 08 17:38:01.230442 np0000002336 devstack@neutron-api.service[90044]: WSGI app 0 (mountpoint='') ready in 6 seconds on interpreter 0x7f0ddcaa3668 pid: 90044 (default app)
Jun 08 17:38:02.222231 np0000002336 devstack@neutron-api.service[90045]: DEBUG neutron.plugins.ml2.drivers.ovn.mech_driver.ovsdb.ovsdb_monitor [-] Hash Ring: Node 5b1a175ba9be5a3e9ada4a620e3473e1 (host: np0000002336) handling event "update" for row 9b4fe39a-8795-4637-872f-b30f07f6cbee (table: Connection) {{(pid=90045) notify /opt/stack/neutron/neutron/plugins/ml2/drivers/ovn/mech_driver/ovsdb/ovsdb_monitor.py:1015}}
Jun 08 17:38:02.225207 np0000002336 devstack@neutron-api.service[90043]: DEBUG neutron.common.ovn.hash_ring_manager [-] Allow caching, nodes 3>=3 {{(pid=90043) _wait_startup_before_caching /opt/stack/neutron/neutron/common/ovn/hash_ring_manager.py:65}}
Jun 08 17:38:02.225520 np0000002336 devstack@neutron-api.service[90043]: DEBUG neutron.plugins.ml2.drivers.ovn.mech_driver.ovsdb.ovsdb_monitor [-] Hash Ring: Node c5463345f4ae5f808ab45ad8a0bf381c (host: np0000002336) handling event "update" for row 9b4fe39a-8795-4637-872f-b30f07f6cbee (table: Connection) {{(pid=90043) notify /opt/stack/neutron/neutron/plugins/ml2/drivers/ovn/mech_driver/ovsdb/ovsdb_monitor.py:1015}}
Jun 08 17:38:04.724376 np0000002336 devstack@neutron-api.service[90045]: DEBUG neutron.plugins.ml2.drivers.ovn.mech_driver.ovsdb.ovsdb_monitor [-] Hash Ring: Node 5b1a175ba9be5a3e9ada4a620e3473e1 (host: np0000002336) handling event "update" for row 9b4fe39a-8795-4637-872f-b30f07f6cbee (table: Connection) {{(pid=90045) notify /opt/stack/neutron/neutron/plugins/ml2/drivers/ovn/mech_driver/ovsdb/ovsdb_monitor.py:1015}}
Jun 08 17:38:04.744338 np0000002336 devstack@neutron-api.service[90043]: DEBUG neutron.plugins.ml2.drivers.ovn.mech_driver.ovsdb.ovsdb_monitor [-] Hash Ring: Node c5463345f4ae5f808ab45ad8a0bf381c (host: np0000002336) handling event "update" for row 9b4fe39a-8795-4637-872f-b30f07f6cbee (table: Connection) {{(pid=90043) notify /opt/stack/neutron/neutron/plugins/ml2/drivers/ovn/mech_driver/ovsdb/ovsdb_monitor.py:1015}}
Jun 08 17:38:04.957970 np0000002336 devstack@neutron-api.service[90043]: DEBUG neutron.api.wsgi [None req-25c5c210-c15f-42e4-8c83-19233ae611d1 admin admin] Missing Content-Type {{(pid=90043) get_content_type /opt/stack/neutron/neutron/api/wsgi.py:80}}
Jun 08 17:38:04.958322 np0000002336 devstack@neutron-api.service[90043]: DEBUG neutron.api.wsgi [None req-25c5c210-c15f-42e4-8c83-19233ae611d1 admin admin] https://10.4.3.63/networking/v2.0/extensions returned with HTTP 200 {{(pid=90043) __call__ /opt/stack/neutron/neutron/api/wsgi.py:540}}
Jun 08 17:38:04.958644 np0000002336 devstack@neutron-api.service[90043]: [pid: 90043|app: 0|req: 2/2] 10.4.3.63 () {64 vars in 1285 bytes} [Mon Jun 8 17:38:04 2026] GET /networking/v2.0/extensions => generated 15873 bytes in 566 msecs (HTTP/1.1 200) 4 headers in 159 bytes (1 switches on core 0)
Jun 08 17:38:05.328338 np0000002336 devstack@neutron-api.service[90045]: DEBUG neutron.api.v2.base [None req-7733fbd9-f202-47dd-89ba-024f64d03167 admin admin] Request body: {'subnetpool': {'name': 'shared-default-subnetpool-v4', 'prefixes': ['10.1.0.0/20'], 'default_prefixlen': 26, 'is_default': True, 'shared': True}} {{(pid=90045) prepare_request_body /opt/stack/neutron/neutron/api/v2/base.py:727}}
Jun 08 17:38:05.522330 np0000002336 devstack@neutron-api.service[90045]: DEBUG neutron.policy [None req-7733fbd9-f202-47dd-89ba-024f64d03167 admin admin] Loaded default policies from ['neutron'] under neutron.policies entry points {{(pid=90045) register_rules /opt/stack/neutron/neutron/policy.py:65}}
Jun 08 17:38:05.658891 np0000002336 devstack@neutron-api.service[90045]: DEBUG neutron_lib.callbacks.manager [None req-7733fbd9-f202-47dd-89ba-024f64d03167 admin admin] Publish callbacks ['neutron.objects.securitygroup.RbacNeutronDbObjectMixin.validate_rbac_policy_change-1893854438137', 'neutron.objects.address_group.RbacNeutronDbObjectMixin.validate_rbac_policy_change-1893854428652', 'neutron.objects.network.RbacNeutronDbObjectMixin.validate_rbac_policy_change-1893854475334', 'neutron.objects.qos.policy.RbacNeutronDbObjectMixin.validate_rbac_policy_change-1893854462785', 'neutron.objects.subnetpool.RbacNeutronDbObjectMixin.validate_rbac_policy_change-1893854447630', 'neutron.objects.address_scope.RbacNeutronDbObjectMixin.validate_rbac_policy_change-1893854358758', 'neutron.plugins.ml2.plugin.External_net_db_mixin._process_ext_policy_create-208039', 'neutron.plugins.ml2.plugin.NeutronDbPluginV2.validate_network_rbac_policy_change-199123'] for rbac-policy (None), before_create {{(pid=90045) _notify_loop /opt/stack/data/venv/lib/python3.12/site-packages/neutron_lib/callbacks/manager.py:184}}
Jun 08 17:38:05.693960 np0000002336 devstack@neutron-api.service[90045]: DEBUG neutron_lib.callbacks.manager [None req-7733fbd9-f202-47dd-89ba-024f64d03167 admin admin] Publish callbacks [] for subnetpool (None), before_response {{(pid=90045) _notify_loop /opt/stack/data/venv/lib/python3.12/site-packages/neutron_lib/callbacks/manager.py:184}}
Jun 08 17:38:05.694424 np0000002336 devstack@neutron-api.service[90045]: [pid: 90045|app: 0|req: 1/3] 10.4.3.63 () {68 vars in 1329 bytes} [Mon Jun 8 17:38:05 2026] POST /networking/v2.0/subnetpools => generated 533 bytes in 457 msecs (HTTP/1.1 201) 4 headers in 162 bytes (1 switches on core 0)
Jun 08 17:38:05.984391 np0000002336 devstack@neutron-api.service[90044]: DEBUG neutron.api.v2.base [None req-9817af2f-4d7d-493a-9934-478ccf96ac28 admin admin] Request body: {'subnetpool': {'name': 'shared-default-subnetpool-v6', 'prefixes': ['fd75:051f:0d1c::/56'], 'default_prefixlen': 64, 'is_default': True, 'shared': True}} {{(pid=90044) prepare_request_body /opt/stack/neutron/neutron/api/v2/base.py:727}}
Jun 08 17:38:06.146464 np0000002336 devstack@neutron-api.service[90044]: DEBUG neutron.policy [None req-9817af2f-4d7d-493a-9934-478ccf96ac28 admin admin] Loaded default policies from ['neutron'] under neutron.policies entry points {{(pid=90044) register_rules /opt/stack/neutron/neutron/policy.py:65}}
Jun 08 17:38:06.258295 np0000002336 devstack@neutron-api.service[90044]: DEBUG neutron_lib.callbacks.manager [None req-9817af2f-4d7d-493a-9934-478ccf96ac28 admin admin] Publish callbacks ['neutron.objects.securitygroup.RbacNeutronDbObjectMixin.validate_rbac_policy_change-1893854438113', 'neutron.objects.address_group.RbacNeutronDbObjectMixin.validate_rbac_policy_change-1893854428479', 'neutron.objects.network.RbacNeutronDbObjectMixin.validate_rbac_policy_change-1893854475338', 'neutron.objects.qos.policy.RbacNeutronDbObjectMixin.validate_rbac_policy_change-1893854462805', 'neutron.objects.subnetpool.RbacNeutronDbObjectMixin.validate_rbac_policy_change-1893854370082', 'neutron.objects.address_scope.RbacNeutronDbObjectMixin.validate_rbac_policy_change-1893854372592', 'neutron.plugins.ml2.plugin.External_net_db_mixin._process_ext_policy_create-255330', 'neutron.plugins.ml2.plugin.NeutronDbPluginV2.validate_network_rbac_policy_change-250358'] for rbac-policy (None), before_create {{(pid=90044) _notify_loop /opt/stack/data/venv/lib/python3.12/site-packages/neutron_lib/callbacks/manager.py:184}}
Jun 08 17:38:06.288896 np0000002336 devstack@neutron-api.service[90044]: DEBUG neutron_lib.callbacks.manager [None req-9817af2f-4d7d-493a-9934-478ccf96ac28 admin admin] Publish callbacks [] for subnetpool (None), before_response {{(pid=90044) _notify_loop /opt/stack/data/venv/lib/python3.12/site-packages/neutron_lib/callbacks/manager.py:184}}
Jun 08 17:38:06.289346 np0000002336 devstack@neutron-api.service[90044]: [pid: 90044|app: 0|req: 1/4] 10.4.3.63 () {68 vars in 1329 bytes} [Mon Jun 8 17:38:05 2026] POST /networking/v2.0/subnetpools => generated 541 bytes in 390 msecs (HTTP/1.1 201) 4 headers in 162 bytes (1 switches on core 0)
Jun 08 17:38:06.503620 np0000002336 devstack@neutron-api.service[90043]: DEBUG neutron.api.v2.base [None req-2e6f9d84-e437-420b-9bd2-86c7e3fe353b admin admin] Request body: {'network': {'name': 'private', 'admin_state_up': True}} {{(pid=90043) prepare_request_body /opt/stack/neutron/neutron/api/v2/base.py:727}}
Jun 08 17:38:06.533352 np0000002336 devstack@neutron-api.service[90043]: DEBUG neutron.pecan_wsgi.hooks.quota_enforcement [None req-2e6f9d84-e437-420b-9bd2-86c7e3fe353b admin admin] Made reservation on behalf of 0753bba64b674e33b7c26fb32f1a016c for: {'network': 1} {{(pid=90043) before /opt/stack/neutron/neutron/pecan_wsgi/hooks/quota_enforcement.py:66}}
Jun 08 17:38:06.687800 np0000002336 devstack@neutron-api.service[90043]: DEBUG neutron.policy [None req-2e6f9d84-e437-420b-9bd2-86c7e3fe353b admin admin] Loaded default policies from ['neutron'] under neutron.policies entry points {{(pid=90043) register_rules /opt/stack/neutron/neutron/policy.py:65}}
Jun 08 17:38:06.766429 np0000002336 devstack@neutron-api.service[90043]: DEBUG neutron_lib.callbacks.manager [None req-2e6f9d84-e437-420b-9bd2-86c7e3fe353b admin admin] Publish callbacks ['neutron.plugins.ml2.plugin.SecurityGroupDbMixin._ensure_default_security_group_handler-1125967'] for network (None), before_create {{(pid=90043) _notify_loop /opt/stack/data/venv/lib/python3.12/site-packages/neutron_lib/callbacks/manager.py:184}}
Jun 08 17:38:06.783335 np0000002336 devstack@neutron-api.service[90043]: DEBUG neutron_lib.callbacks.manager [None req-2e6f9d84-e437-420b-9bd2-86c7e3fe353b admin admin] Publish callbacks [] for security_group (None), before_create {{(pid=90043) _notify_loop /opt/stack/data/venv/lib/python3.12/site-packages/neutron_lib/callbacks/manager.py:184}}
Jun 08 17:38:06.874056 np0000002336 devstack@neutron-api.service[90043]: DEBUG neutron_lib.callbacks.manager [None req-2e6f9d84-e437-420b-9bd2-86c7e3fe353b admin admin] Publish callbacks ['neutron.plugins.ml2.drivers.ovn.mech_driver.mech_driver.OVNMechanismDriver._create_security_group_precommit-3846762'] for security_group (2785369c-d0d3-457e-8a14-4a7065da896e), precommit_create {{(pid=90043) _notify_loop /opt/stack/data/venv/lib/python3.12/site-packages/neutron_lib/callbacks/manager.py:184}}
Jun 08 17:38:06.874212 np0000002336 devstack@neutron-api.service[90043]: DEBUG neutron.db.ovn_revision_numbers_db [None req-2e6f9d84-e437-420b-9bd2-86c7e3fe353b admin admin] create_initial_revision uuid=2785369c-d0d3-457e-8a14-4a7065da896e, type=security_groups, rev=-1 {{(pid=90043) create_initial_revision /opt/stack/neutron/neutron/db/ovn_revision_numbers_db.py:98}}
Jun 08 17:38:06.876538 np0000002336 devstack@neutron-api.service[90043]: DEBUG neutron.db.ovn_revision_numbers_db [None req-2e6f9d84-e437-420b-9bd2-86c7e3fe353b admin admin] create_initial_revision uuid=4a9ee4e4-bfee-4e9d-9752-aedfdb2fe896, type=security_group_rules, rev=-1 {{(pid=90043) create_initial_revision /opt/stack/neutron/neutron/db/ovn_revision_numbers_db.py:98}}
Jun 08 17:38:06.877589 np0000002336 devstack@neutron-api.service[90043]: DEBUG neutron.db.ovn_revision_numbers_db [None req-2e6f9d84-e437-420b-9bd2-86c7e3fe353b admin admin] create_initial_revision uuid=8bf07eab-212e-4c06-9b1b-39b3d90af5a3, type=security_group_rules, rev=-1 {{(pid=90043) create_initial_revision /opt/stack/neutron/neutron/db/ovn_revision_numbers_db.py:98}}
Jun 08 17:38:06.878480 np0000002336 devstack@neutron-api.service[90043]: DEBUG neutron.db.ovn_revision_numbers_db [None req-2e6f9d84-e437-420b-9bd2-86c7e3fe353b admin admin] create_initial_revision uuid=b3f65731-c776-4ac5-89e6-3fa3a858218e, type=security_group_rules, rev=-1 {{(pid=90043) create_initial_revision /opt/stack/neutron/neutron/db/ovn_revision_numbers_db.py:98}}
Jun 08 17:38:06.879314 np0000002336 devstack@neutron-api.service[90043]: DEBUG neutron.db.ovn_revision_numbers_db [None req-2e6f9d84-e437-420b-9bd2-86c7e3fe353b admin admin] create_initial_revision uuid=c202ecc5-dd3f-4af3-bd40-5241cf3c0478, type=security_group_rules, rev=-1 {{(pid=90043) create_initial_revision /opt/stack/neutron/neutron/db/ovn_revision_numbers_db.py:98}}
Jun 08 17:38:06.882099 np0000002336 devstack@neutron-api.service[90043]: DEBUG neutron_lib.callbacks.manager [None req-2e6f9d84-e437-420b-9bd2-86c7e3fe353b admin admin] Publish callbacks ['neutron.plugins.ml2.drivers.ovn.mech_driver.mech_driver.OVNMechanismDriver._create_security_group-3846752', 'neutron.plugins.ml2.ovo_rpc._ObjectChangeHandler.handle_event-1115157'] for security_group (2785369c-d0d3-457e-8a14-4a7065da896e), after_create {{(pid=90043) _notify_loop /opt/stack/data/venv/lib/python3.12/site-packages/neutron_lib/callbacks/manager.py:184}}
Jun 08 17:38:06.882663 np0000002336 devstack@neutron-api.service[90043]: DEBUG ovsdbapp.backend.ovs_idl.transaction [-] Running txn n=1 command(idx=0): PgAddCommand(_result=None, name=pg_2785369c_d0d3_457e_8a14_4a7065da896e, may_exist=False, columns={'acls': [], 'external_ids': {'neutron:security_group_id': '2785369c-d0d3-457e-8a14-4a7065da896e'}}) {{(pid=90043) do_commit /opt/stack/data/venv/lib/python3.12/site-packages/ovsdbapp/backend/ovs_idl/transaction.py:89}}
Jun 08 17:38:06.883487 np0000002336 devstack@neutron-api.service[90043]: DEBUG ovsdbapp.backend.ovs_idl.transaction [-] Running txn n=1 command(idx=1): PgAclAddCommand(_result=None, entity=pg_2785369c_d0d3_457e_8a14_4a7065da896e, direction=from-lport, priority=1002, match=inport == @pg_2785369c_d0d3_457e_8a14_4a7065da896e && ip4, action=allow-related, log=False, may_exist=True, severity=[], name=[], meter=[], external_ids={'neutron:security_group_rule_id': '4a9ee4e4-bfee-4e9d-9752-aedfdb2fe896'}) {{(pid=90043) do_commit /opt/stack/data/venv/lib/python3.12/site-packages/ovsdbapp/backend/ovs_idl/transaction.py:89}}
Jun 08 17:38:06.883767 np0000002336 devstack@neutron-api.service[90043]: DEBUG ovsdbapp.backend.ovs_idl.transaction [-] Running txn n=1 command(idx=2): PgAclAddCommand(_result=None, entity=pg_2785369c_d0d3_457e_8a14_4a7065da896e, direction=from-lport, priority=1002, match=inport == @pg_2785369c_d0d3_457e_8a14_4a7065da896e && ip6, action=allow-related, log=False, may_exist=True, severity=[], name=[], meter=[], external_ids={'neutron:security_group_rule_id': '8bf07eab-212e-4c06-9b1b-39b3d90af5a3'}) {{(pid=90043) do_commit /opt/stack/data/venv/lib/python3.12/site-packages/ovsdbapp/backend/ovs_idl/transaction.py:89}}
Jun 08 17:38:06.884020 np0000002336 devstack@neutron-api.service[90043]: DEBUG ovsdbapp.backend.ovs_idl.transaction [-] Running txn n=1 command(idx=3): PgAclAddCommand(_result=None, entity=pg_2785369c_d0d3_457e_8a14_4a7065da896e, direction=to-lport, priority=1002, match=outport == @pg_2785369c_d0d3_457e_8a14_4a7065da896e && ip6 && ip6.src == $pg_2785369c_d0d3_457e_8a14_4a7065da896e_ip6, action=allow-related, log=False, may_exist=True, severity=[], name=[], meter=[], external_ids={'neutron:security_group_rule_id': 'b3f65731-c776-4ac5-89e6-3fa3a858218e'}) {{(pid=90043) do_commit /opt/stack/data/venv/lib/python3.12/site-packages/ovsdbapp/backend/ovs_idl/transaction.py:89}}
Jun 08 17:38:06.884211 np0000002336 devstack@neutron-api.service[90043]: DEBUG ovsdbapp.backend.ovs_idl.transaction [-] Running txn n=1 command(idx=4): PgAclAddCommand(_result=None, entity=pg_2785369c_d0d3_457e_8a14_4a7065da896e, direction=to-lport, priority=1002, match=outport == @pg_2785369c_d0d3_457e_8a14_4a7065da896e && ip4 && ip4.src == $pg_2785369c_d0d3_457e_8a14_4a7065da896e_ip4, action=allow-related, log=False, may_exist=True, severity=[], name=[], meter=[], external_ids={'neutron:security_group_rule_id': 'c202ecc5-dd3f-4af3-bd40-5241cf3c0478'}) {{(pid=90043) do_commit /opt/stack/data/venv/lib/python3.12/site-packages/ovsdbapp/backend/ovs_idl/transaction.py:89}}
Jun 08 17:38:06.887796 np0000002336 devstack@neutron-api.service[90043]: DEBUG neutron.plugins.ml2.drivers.ovn.mech_driver.ovsdb.ovsdb_monitor [-] Hash Ring: Node c5463345f4ae5f808ab45ad8a0bf381c (host: np0000002336) handling event "create" for row 89d53603-9a37-4104-873f-b5ad576745d9 (table: ACL) {{(pid=90043) notify /opt/stack/neutron/neutron/plugins/ml2/drivers/ovn/mech_driver/ovsdb/ovsdb_monitor.py:1015}}
Jun 08 17:38:06.887961 np0000002336 devstack@neutron-api.service[90043]: DEBUG neutron.plugins.ml2.drivers.ovn.mech_driver.ovsdb.ovsdb_monitor [-] Hash Ring: Node c5463345f4ae5f808ab45ad8a0bf381c (host: np0000002336) handling event "create" for row 9a752fbd-1f4f-44d9-b51e-23646bee76ae (table: ACL) {{(pid=90043) notify /opt/stack/neutron/neutron/plugins/ml2/drivers/ovn/mech_driver/ovsdb/ovsdb_monitor.py:1015}}
Jun 08 17:38:06.887961 np0000002336 devstack@neutron-api.service[90043]: DEBUG neutron.plugins.ml2.drivers.ovn.mech_driver.ovsdb.ovsdb_monitor [-] Hash Ring: Node c5463345f4ae5f808ab45ad8a0bf381c (host: np0000002336) handling event "create" for row be5087cb-d606-4af8-adf5-014698078ef2 (table: ACL) {{(pid=90043) notify /opt/stack/neutron/neutron/plugins/ml2/drivers/ovn/mech_driver/ovsdb/ovsdb_monitor.py:1015}}
Jun 08 17:38:06.888164 np0000002336 devstack@neutron-api.service[90043]: DEBUG neutron.plugins.ml2.drivers.ovn.mech_driver.ovsdb.ovsdb_monitor [-] Hash Ring: Node c5463345f4ae5f808ab45ad8a0bf381c (host: np0000002336) handling event "create" for row c2ab40d9-2410-4804-95fc-68e897973e57 (table: ACL) {{(pid=90043) notify /opt/stack/neutron/neutron/plugins/ml2/drivers/ovn/mech_driver/ovsdb/ovsdb_monitor.py:1015}}
Jun 08 17:38:06.888164 np0000002336 devstack@neutron-api.service[90043]: DEBUG neutron.plugins.ml2.drivers.ovn.mech_driver.ovsdb.ovsdb_monitor [-] Hash Ring: Node c5463345f4ae5f808ab45ad8a0bf381c (host: np0000002336) handling event "create" for row ed88190f-6105-40f1-b045-f34cf05a59ff (table: Port_Group) {{(pid=90043) notify /opt/stack/neutron/neutron/plugins/ml2/drivers/ovn/mech_driver/ovsdb/ovsdb_monitor.py:1015}}
Jun 08 17:38:06.888417 np0000002336 devstack@neutron-api.service[90044]: DEBUG neutron.plugins.ml2.drivers.ovn.mech_driver.ovsdb.ovsdb_monitor [-] Hash Ring: Node ac266b918c9e531ca3776d7824fb5e55 (host: np0000002336) handling event "create" for row 89d53603-9a37-4104-873f-b5ad576745d9 (table: ACL) {{(pid=90044) notify /opt/stack/neutron/neutron/plugins/ml2/drivers/ovn/mech_driver/ovsdb/ovsdb_monitor.py:1015}}
Jun 08 17:38:06.888480 np0000002336 devstack@neutron-api.service[90045]: DEBUG neutron.plugins.ml2.drivers.ovn.mech_driver.ovsdb.ovsdb_monitor [-] Hash Ring: Node 5b1a175ba9be5a3e9ada4a620e3473e1 (host: np0000002336) handling event "create" for row c2ab40d9-2410-4804-95fc-68e897973e57 (table: ACL) {{(pid=90045) notify /opt/stack/neutron/neutron/plugins/ml2/drivers/ovn/mech_driver/ovsdb/ovsdb_monitor.py:1015}}
Jun 08 17:38:06.888778 np0000002336 devstack@neutron-api.service[90044]: DEBUG neutron.plugins.ml2.drivers.ovn.mech_driver.ovsdb.ovsdb_monitor [-] Hash Ring: Node ac266b918c9e531ca3776d7824fb5e55 (host: np0000002336) handling event "create" for row 9a752fbd-1f4f-44d9-b51e-23646bee76ae (table: ACL) {{(pid=90044) notify /opt/stack/neutron/neutron/plugins/ml2/drivers/ovn/mech_driver/ovsdb/ovsdb_monitor.py:1015}}
Jun 08 17:38:06.908115 np0000002336 devstack@neutron-api.service[90043]: INFO neutron.db.ovn_revision_numbers_db [None req-2e6f9d84-e437-420b-9bd2-86c7e3fe353b admin admin] Successfully bumped revision number for resource 2785369c-d0d3-457e-8a14-4a7065da896e (type: security_groups) to 1
Jun 08 17:38:06.918959 np0000002336 devstack@neutron-api.service[90043]: INFO neutron.db.ovn_revision_numbers_db [None req-2e6f9d84-e437-420b-9bd2-86c7e3fe353b admin admin] Successfully bumped revision number for resource 4a9ee4e4-bfee-4e9d-9752-aedfdb2fe896 (type: security_group_rules) to 0
Jun 08 17:38:06.927249 np0000002336 devstack@neutron-api.service[90043]: INFO neutron.db.ovn_revision_numbers_db [None req-2e6f9d84-e437-420b-9bd2-86c7e3fe353b admin admin] Successfully bumped revision number for resource 8bf07eab-212e-4c06-9b1b-39b3d90af5a3 (type: security_group_rules) to 0
Jun 08 17:38:06.935090 np0000002336 devstack@neutron-api.service[90043]: INFO neutron.db.ovn_revision_numbers_db [None req-2e6f9d84-e437-420b-9bd2-86c7e3fe353b admin admin] Successfully bumped revision number for resource b3f65731-c776-4ac5-89e6-3fa3a858218e (type: security_group_rules) to 0
Jun 08 17:38:06.945537 np0000002336 devstack@neutron-api.service[90043]: INFO neutron.db.ovn_revision_numbers_db [None req-2e6f9d84-e437-420b-9bd2-86c7e3fe353b admin admin] Successfully bumped revision number for resource c202ecc5-dd3f-4af3-bd40-5241cf3c0478 (type: security_group_rules) to 0
Jun 08 17:38:06.968760 np0000002336 devstack@neutron-api.service[90043]: DEBUG neutron.api.rpc.handlers.resources_rpc [None req-2e6f9d84-e437-420b-9bd2-86c7e3fe353b admin admin] Pushing event updated for resources: {'SecurityGroup': ['ID=2785369c-d0d3-457e-8a14-4a7065da896e,revision_number=1']} {{(pid=90043) push /opt/stack/neutron/neutron/api/rpc/handlers/resources_rpc.py:237}}
Jun 08 17:38:06.977223 np0000002336 devstack@neutron-api.service[90043]: DEBUG ovsdbapp.backend.ovs_idl.transaction [-] Running txn n=1 command(idx=0): CheckLivenessCommand(_result=None) {{(pid=90043) do_commit /opt/stack/data/venv/lib/python3.12/site-packages/ovsdbapp/backend/ovs_idl/transaction.py:89}}
Jun 08 17:38:06.978943 np0000002336 devstack@neutron-api.service[90043]: DEBUG neutron.plugins.ml2.drivers.ovn.mech_driver.ovsdb.ovsdb_monitor [-] Hash Ring: Node c5463345f4ae5f808ab45ad8a0bf381c (host: np0000002336) handling event "update" for row 923ea070-08ca-483e-a1ea-f5914ac99a04 (table: NB_Global) {{(pid=90043) notify /opt/stack/neutron/neutron/plugins/ml2/drivers/ovn/mech_driver/ovsdb/ovsdb_monitor.py:1015}}
Jun 08 17:38:06.979439 np0000002336 devstack@neutron-api.service[90045]: DEBUG neutron.plugins.ml2.drivers.ovn.mech_driver.ovsdb.ovsdb_monitor [-] Hash Ring: Node 5b1a175ba9be5a3e9ada4a620e3473e1 (host: np0000002336) handling event "update" for row 923ea070-08ca-483e-a1ea-f5914ac99a04 (table: NB_Global) {{(pid=90045) notify /opt/stack/neutron/neutron/plugins/ml2/drivers/ovn/mech_driver/ovsdb/ovsdb_monitor.py:1015}}
Jun 08 17:38:06.980054 np0000002336 devstack@neutron-api.service[90045]: DEBUG neutron.plugins.ml2.drivers.ovn.mech_driver.ovsdb.ovsdb_monitor [-] Hash Ring: Node 5b1a175ba9be5a3e9ada4a620e3473e1 (host: np0000002336) handling event "update" for row 923ea070-08ca-483e-a1ea-f5914ac99a04 (table: NB_Global) {{(pid=90045) notify /opt/stack/neutron/neutron/plugins/ml2/drivers/ovn/mech_driver/ovsdb/ovsdb_monitor.py:1015}}
Jun 08 17:38:06.980611 np0000002336 devstack@neutron-api.service[90045]: DEBUG neutron.plugins.ml2.drivers.ovn.mech_driver.ovsdb.ovsdb_monitor [-] Hash Ring: Node 5b1a175ba9be5a3e9ada4a620e3473e1 (host: np0000002336) handling event "update" for row 923ea070-08ca-483e-a1ea-f5914ac99a04 (table: NB_Global) {{(pid=90045) notify /opt/stack/neutron/neutron/plugins/ml2/drivers/ovn/mech_driver/ovsdb/ovsdb_monitor.py:1015}}
Jun 08 17:38:06.981117 np0000002336 devstack@neutron-api.service[90043]: DEBUG neutron.plugins.ml2.drivers.ovn.mech_driver.ovsdb.ovsdb_monitor [-] Hash Ring: Node c5463345f4ae5f808ab45ad8a0bf381c (host: np0000002336) handling event "update" for row 923ea070-08ca-483e-a1ea-f5914ac99a04 (table: NB_Global) {{(pid=90043) notify /opt/stack/neutron/neutron/plugins/ml2/drivers/ovn/mech_driver/ovsdb/ovsdb_monitor.py:1015}}
Jun 08 17:38:06.981919 np0000002336 devstack@neutron-api.service[90044]: DEBUG neutron.plugins.ml2.drivers.ovn.mech_driver.ovsdb.ovsdb_monitor [-] ChassisAgentWriteEvent : Matched Chassis_Private, update, None None {{(pid=90044) matches /opt/stack/neutron/neutron/plugins/ml2/drivers/ovn/mech_driver/ovsdb/ovsdb_monitor.py:64}}
Jun 08 17:38:06.982156 np0000002336 devstack@neutron-api.service[90043]: DEBUG neutron.plugins.ml2.drivers.ovn.mech_driver.ovsdb.ovsdb_monitor [-] Hash Ring: Node c5463345f4ae5f808ab45ad8a0bf381c (host: np0000002336) handling event "update" for row 923ea070-08ca-483e-a1ea-f5914ac99a04 (table: NB_Global) {{(pid=90043) notify /opt/stack/neutron/neutron/plugins/ml2/drivers/ovn/mech_driver/ovsdb/ovsdb_monitor.py:1015}}
Jun 08 17:38:06.982707 np0000002336 devstack@neutron-api.service[90045]: DEBUG neutron.plugins.ml2.drivers.ovn.mech_driver.ovsdb.ovsdb_monitor [-] ChassisAgentWriteEvent : Matched Chassis_Private, update, None None {{(pid=90045) matches /opt/stack/neutron/neutron/plugins/ml2/drivers/ovn/mech_driver/ovsdb/ovsdb_monitor.py:64}}
Jun 08 17:38:06.983288 np0000002336 devstack@neutron-api.service[90043]: DEBUG neutron.plugins.ml2.drivers.ovn.mech_driver.ovsdb.ovsdb_monitor [-] ChassisAgentWriteEvent : Matched Chassis_Private, update, None None {{(pid=90043) matches /opt/stack/neutron/neutron/plugins/ml2/drivers/ovn/mech_driver/ovsdb/ovsdb_monitor.py:64}}
Jun 08 17:38:06.983707 np0000002336 devstack@neutron-api.service[90045]: DEBUG neutron.plugins.ml2.drivers.ovn.mech_driver.ovsdb.ovsdb_monitor [-] Hash Ring: Node 5b1a175ba9be5a3e9ada4a620e3473e1 (host: np0000002336) handling event "update" for row 923ea070-08ca-483e-a1ea-f5914ac99a04 (table: NB_Global) {{(pid=90045) notify /opt/stack/neutron/neutron/plugins/ml2/drivers/ovn/mech_driver/ovsdb/ovsdb_monitor.py:1015}}
Jun 08 17:38:06.985070 np0000002336 devstack@neutron-api.service[90043]: DEBUG neutron.plugins.ml2.drivers.ovn.mech_driver.ovsdb.ovsdb_monitor [-] Hash Ring: Node c5463345f4ae5f808ab45ad8a0bf381c (host: np0000002336) handling event "update" for row 923ea070-08ca-483e-a1ea-f5914ac99a04 (table: NB_Global) {{(pid=90043) notify /opt/stack/neutron/neutron/plugins/ml2/drivers/ovn/mech_driver/ovsdb/ovsdb_monitor.py:1015}}
Jun 08 17:38:06.986618 np0000002336 devstack@neutron-api.service[90043]: DEBUG neutron.api.rpc.callbacks.version_manager [None req-2e6f9d84-e437-420b-9bd2-86c7e3fe353b admin admin] Tracked resource versions report:
Jun 08 17:38:06.986618 np0000002336 devstack@neutron-api.service[90043]: pushed versions:
Jun 08 17:38:06.986618 np0000002336 devstack@neutron-api.service[90043]: { 'AddressGroup': {'1.2'},
Jun 08 17:38:06.986618 np0000002336 devstack@neutron-api.service[90043]: 'Agent': {'1.1'},
Jun 08 17:38:06.986618 np0000002336 devstack@neutron-api.service[90043]: 'ConntrackHelper': {'1.0'},
Jun 08 17:38:06.986618 np0000002336 devstack@neutron-api.service[90043]: 'LocalIPAssociation': {'1.0'},
Jun 08 17:38:06.986618 np0000002336 devstack@neutron-api.service[90043]: 'Log': {'1.0'},
Jun 08 17:38:06.986618 np0000002336 devstack@neutron-api.service[90043]: 'NDPProxy': {'1.0'},
Jun 08 17:38:06.986618 np0000002336 devstack@neutron-api.service[90043]: 'Network': {'1.3'},
Jun 08 17:38:06.986618 np0000002336 devstack@neutron-api.service[90043]: 'Port': {'1.11'},
Jun 08 17:38:06.986618 np0000002336 devstack@neutron-api.service[90043]: 'PortForwarding': {'1.3'},
Jun 08 17:38:06.986618 np0000002336 devstack@neutron-api.service[90043]: 'QosPolicy': {'1.10'},
Jun 08 17:38:06.986618 np0000002336 devstack@neutron-api.service[90043]: 'SecurityGroup': {'1.6'},
Jun 08 17:38:06.986618 np0000002336 devstack@neutron-api.service[90043]: 'SecurityGroupRule': {'1.3'},
Jun 08 17:38:06.986618 np0000002336 devstack@neutron-api.service[90043]: 'SubPort': {'1.0'},
Jun 08 17:38:06.986618 np0000002336 devstack@neutron-api.service[90043]: 'Subnet': {'1.2'},
Jun 08 17:38:06.986618 np0000002336 devstack@neutron-api.service[90043]: 'Trunk': {'1.1'}}
Jun 08 17:38:06.986618 np0000002336 devstack@neutron-api.service[90043]: consumer versions:
Jun 08 17:38:06.986618 np0000002336 devstack@neutron-api.service[90043]: {OVN Controller Gateway agent@np0000002336: {}}
Jun 08 17:38:06.986618 np0000002336 devstack@neutron-api.service[90043]: {{(pid=90043) report /opt/stack/neutron/neutron/api/rpc/callbacks/version_manager.py:183}}
Jun 08 17:38:06.987350 np0000002336 devstack@neutron-api.service[90045]: DEBUG neutron.plugins.ml2.drivers.ovn.mech_driver.ovsdb.ovsdb_monitor [-] ChassisOVNAgentWriteEvent : Matched Chassis_Private, update, None None {{(pid=90045) matches /opt/stack/neutron/neutron/plugins/ml2/drivers/ovn/mech_driver/ovsdb/ovsdb_monitor.py:64}}
Jun 08 17:38:06.987776 np0000002336 devstack@neutron-api.service[90044]: DEBUG neutron.plugins.ml2.drivers.ovn.mech_driver.ovsdb.ovsdb_monitor [-] ChassisOVNAgentWriteEvent : Matched Chassis_Private, update, None None {{(pid=90044) matches /opt/stack/neutron/neutron/plugins/ml2/drivers/ovn/mech_driver/ovsdb/ovsdb_monitor.py:64}}
Jun 08 17:38:06.992224 np0000002336 devstack@neutron-api.service[90043]: DEBUG neutron.common.ovn.hash_ring_manager [-] Allow caching, nodes 3>=3 {{(pid=90043) _wait_startup_before_caching /opt/stack/neutron/neutron/common/ovn/hash_ring_manager.py:65}}
Jun 08 17:38:06.992381 np0000002336 devstack@neutron-api.service[90043]: DEBUG neutron.plugins.ml2.drivers.ovn.mech_driver.ovsdb.ovsdb_monitor [-] Hash Ring: Node c5463345f4ae5f808ab45ad8a0bf381c (host: np0000002336) handling event "update" for row 08df0c46-ff9f-4578-954f-38fbd47b4ee4 (table: Chassis_Private) {{(pid=90043) notify /opt/stack/neutron/neutron/plugins/ml2/drivers/ovn/mech_driver/ovsdb/ovsdb_monitor.py:1015}}
Jun 08 17:38:06.993427 np0000002336 devstack@neutron-api.service[90043]: DEBUG neutron.plugins.ml2.drivers.ovn.mech_driver.ovsdb.ovsdb_monitor [-] ChassisOVNAgentWriteEvent : Matched Chassis_Private, update, None None {{(pid=90043) matches /opt/stack/neutron/neutron/plugins/ml2/drivers/ovn/mech_driver/ovsdb/ovsdb_monitor.py:64}}
Jun 08 17:38:06.993696 np0000002336 devstack@neutron-api.service[90043]: DEBUG neutron.plugins.ml2.drivers.ovn.mech_driver.ovsdb.ovsdb_monitor [-] Hash Ring: Node c5463345f4ae5f808ab45ad8a0bf381c (host: np0000002336) handling event "update" for row 08df0c46-ff9f-4578-954f-38fbd47b4ee4 (table: Chassis_Private) {{(pid=90043) notify /opt/stack/neutron/neutron/plugins/ml2/drivers/ovn/mech_driver/ovsdb/ovsdb_monitor.py:1015}}
Jun 08 17:38:07.033832 np0000002336 devstack@neutron-api.service[90043]: DEBUG neutron.plugins.ml2.drivers.helpers [None req-2e6f9d84-e437-420b-9bd2-86c7e3fe353b admin admin] geneve segment allocate from pool success with {'geneve_vni': 57163} {{(pid=90043) allocate_partially_specified_segment /opt/stack/neutron/neutron/plugins/ml2/drivers/helpers.py:142}}
Jun 08 17:38:07.044766 np0000002336 devstack@neutron-api.service[90043]: DEBUG neutron_lib.callbacks.manager [None req-2e6f9d84-e437-420b-9bd2-86c7e3fe353b admin admin] Publish callbacks ['neutron.services.segments.db._add_segment_host_mapping_for_segment-8731087514554', 'neutron.plugins.ml2.plugin.Ml2Plugin._handle_segment_change-2818433'] for segment (a4fa9138-3cdd-4ed0-8c1d-236972d560e1), precommit_create {{(pid=90043) _notify_loop /opt/stack/data/venv/lib/python3.12/site-packages/neutron_lib/callbacks/manager.py:184}}
Jun 08 17:38:07.044953 np0000002336 devstack@neutron-api.service[90043]: INFO neutron.db.segments_db [None req-2e6f9d84-e437-420b-9bd2-86c7e3fe353b admin admin] Added segment a4fa9138-3cdd-4ed0-8c1d-236972d560e1 of type geneve for network 04fd15e2-1682-4e67-8a69-dfdd5b200e9d
Jun 08 17:38:07.081960 np0000002336 devstack@neutron-api.service[90043]: DEBUG neutron_lib.callbacks.manager [None req-2e6f9d84-e437-420b-9bd2-86c7e3fe353b admin admin] Publish callbacks ['neutron.services.auto_allocate.db._ensure_external_network_default_value_callback-8731085778204'] for network (04fd15e2-1682-4e67-8a69-dfdd5b200e9d), precommit_create {{(pid=90043) _notify_loop /opt/stack/data/venv/lib/python3.12/site-packages/neutron_lib/callbacks/manager.py:184}}
Jun 08 17:38:07.099744 np0000002336 devstack@neutron-api.service[90043]: DEBUG neutron.plugins.ml2.drivers.ovn.mech_driver.mech_driver [None req-2e6f9d84-e437-420b-9bd2-86c7e3fe353b admin admin] Validating network segment with type geneve, segmentation ID 57163, physical network None {{(pid=90043) _validate_network_segments /opt/stack/neutron/neutron/plugins/ml2/drivers/ovn/mech_driver/mech_driver.py:643}}
Jun 08 17:38:07.099905 np0000002336 devstack@neutron-api.service[90043]: DEBUG neutron.db.ovn_revision_numbers_db [None req-2e6f9d84-e437-420b-9bd2-86c7e3fe353b admin admin] create_initial_revision uuid=04fd15e2-1682-4e67-8a69-dfdd5b200e9d, type=networks, rev=-1 {{(pid=90043) create_initial_revision /opt/stack/neutron/neutron/db/ovn_revision_numbers_db.py:98}}
Jun 08 17:38:07.114839 np0000002336 devstack@neutron-api.service[90043]: DEBUG neutron_lib.callbacks.manager [None req-2e6f9d84-e437-420b-9bd2-86c7e3fe353b admin admin] Publish callbacks ['neutron.plugins.ml2.ovo_rpc._ObjectChangeHandler.handle_event-1115581'] for network (04fd15e2-1682-4e67-8a69-dfdd5b200e9d), after_create {{(pid=90043) _notify_loop /opt/stack/data/venv/lib/python3.12/site-packages/neutron_lib/callbacks/manager.py:184}}
Jun 08 17:38:07.164284 np0000002336 devstack@neutron-api.service[90043]: DEBUG neutron.api.rpc.handlers.resources_rpc [None req-2e6f9d84-e437-420b-9bd2-86c7e3fe353b admin admin] Pushing event updated for resources: {'Network': ['ID=04fd15e2-1682-4e67-8a69-dfdd5b200e9d,revision_number=1']} {{(pid=90043) push /opt/stack/neutron/neutron/api/rpc/handlers/resources_rpc.py:237}}
Jun 08 17:38:07.171335 np0000002336 devstack@neutron-api.service[90043]: DEBUG ovsdbapp.backend.ovs_idl.transaction [-] Running txn n=1 command(idx=0): AddNetworkCommand(_result=None, network_uuid=04fd15e2-1682-4e67-8a69-dfdd5b200e9d, may_exist=True, columns={'external_ids': {'neutron:network_name': 'private', 'neutron:mtu': '1372', 'neutron:revision_number': '1', 'neutron:availability_zone_hints': '', 'neutron:provnet-network-type': 'geneve'}, 'other_config': {'mcast_snoop': 'false', 'mcast_flood_unregistered': 'false', 'vlan-passthru': 'false'}}) {{(pid=90043) do_commit /opt/stack/data/venv/lib/python3.12/site-packages/ovsdbapp/backend/ovs_idl/transaction.py:89}}
Jun 08 17:38:07.171480 np0000002336 devstack@neutron-api.service[90043]: DEBUG neutron.common.ovn.utils [-] OVS persist_uuid supported=True {{(pid=90043) ovs_persist_uuid_supported /opt/stack/neutron/neutron/common/ovn/utils.py:1544}}
Jun 08 17:38:07.173913 np0000002336 devstack@neutron-api.service[90043]: DEBUG neutron.plugins.ml2.drivers.ovn.mech_driver.ovsdb.ovsdb_monitor [-] Hash Ring: Node c5463345f4ae5f808ab45ad8a0bf381c (host: np0000002336) handling event "create" for row 04fd15e2-1682-4e67-8a69-dfdd5b200e9d (table: Logical_Switch) {{(pid=90043) notify /opt/stack/neutron/neutron/plugins/ml2/drivers/ovn/mech_driver/ovsdb/ovsdb_monitor.py:1015}}
Jun 08 17:38:07.174033 np0000002336 devstack@neutron-api.service[90045]: DEBUG neutron.plugins.ml2.drivers.ovn.mech_driver.ovsdb.ovsdb_monitor [-] Hash Ring: Node 5b1a175ba9be5a3e9ada4a620e3473e1 (host: np0000002336) handling event "create" for row 04fd15e2-1682-4e67-8a69-dfdd5b200e9d (table: Logical_Switch) {{(pid=90045) notify /opt/stack/neutron/neutron/plugins/ml2/drivers/ovn/mech_driver/ovsdb/ovsdb_monitor.py:1015}}
Jun 08 17:38:07.179071 np0000002336 devstack@neutron-api.service[90044]: DEBUG neutron.plugins.ml2.drivers.ovn.mech_driver.ovsdb.ovsdb_monitor [-] Hash Ring: Node ac266b918c9e531ca3776d7824fb5e55 (host: np0000002336) handling event "create" for row 9dedc3db-18c6-4469-9706-b862c690d3f5 (table: Datapath_Binding) {{(pid=90044) notify /opt/stack/neutron/neutron/plugins/ml2/drivers/ovn/mech_driver/ovsdb/ovsdb_monitor.py:1015}}
Jun 08 17:38:07.184479 np0000002336 devstack@neutron-api.service[90043]: DEBUG neutron.plugins.ml2.drivers.ovn.mech_driver.ovsdb.ovsdb_monitor [-] Hash Ring: Node c5463345f4ae5f808ab45ad8a0bf381c (host: np0000002336) handling event "create" for row 9dedc3db-18c6-4469-9706-b862c690d3f5 (table: Datapath_Binding) {{(pid=90043) notify /opt/stack/neutron/neutron/plugins/ml2/drivers/ovn/mech_driver/ovsdb/ovsdb_monitor.py:1015}}
Jun 08 17:38:07.200179 np0000002336 devstack@neutron-api.service[90043]: INFO neutron.db.ovn_revision_numbers_db [None req-2e6f9d84-e437-420b-9bd2-86c7e3fe353b admin admin] Successfully bumped revision number for resource 04fd15e2-1682-4e67-8a69-dfdd5b200e9d (type: networks) to 1
Jun 08 17:38:07.252539 np0000002336 devstack@neutron-api.service[90043]: DEBUG neutron_lib.callbacks.manager [None req-2e6f9d84-e437-420b-9bd2-86c7e3fe353b admin admin] Publish callbacks ['neutron.plugins.ml2.plugin.SecurityGroupDbMixin._ensure_default_security_group_handler-1125967'] for port (None), before_create {{(pid=90043) _notify_loop /opt/stack/data/venv/lib/python3.12/site-packages/neutron_lib/callbacks/manager.py:184}}
Jun 08 17:38:07.356606 np0000002336 devstack@neutron-api.service[90043]: DEBUG neutron_lib.callbacks.manager [None req-2e6f9d84-e437-420b-9bd2-86c7e3fe353b admin admin] Publish callbacks ['neutron.plugins.ml2.drivers.ovn.mech_driver.mech_driver.OVNMechanismDriver._validate_allowed_address_pairs-3846898'] for allowed_address_pair (2ee5bd6f-352f-40ea-8e30-247327005d0a), before_create {{(pid=90043) _notify_loop /opt/stack/data/venv/lib/python3.12/site-packages/neutron_lib/callbacks/manager.py:184}}
Jun 08 17:38:07.357279 np0000002336 devstack@neutron-api.service[90043]: DEBUG neutron_lib.callbacks.manager [None req-2e6f9d84-e437-420b-9bd2-86c7e3fe353b admin admin] Publish callbacks [] for port (2ee5bd6f-352f-40ea-8e30-247327005d0a), precommit_create {{(pid=90043) _notify_loop /opt/stack/data/venv/lib/python3.12/site-packages/neutron_lib/callbacks/manager.py:184}}
Jun 08 17:38:07.357494 np0000002336 devstack@neutron-api.service[90043]: DEBUG neutron.plugins.ml2.drivers.ovn.mech_driver.mech_driver [None req-2e6f9d84-e437-420b-9bd2-86c7e3fe353b admin admin] No provisioning block for port 2ee5bd6f-352f-40ea-8e30-247327005d0a since it does not have a host {{(pid=90043) _is_port_provisioning_required /opt/stack/neutron/neutron/plugins/ml2/drivers/ovn/mech_driver/mech_driver.py:896}}
Jun 08 17:38:07.357623 np0000002336 devstack@neutron-api.service[90043]: DEBUG neutron.db.ovn_revision_numbers_db [None req-2e6f9d84-e437-420b-9bd2-86c7e3fe353b admin admin] create_initial_revision uuid=2ee5bd6f-352f-40ea-8e30-247327005d0a, type=ports, rev=-1 {{(pid=90043) create_initial_revision /opt/stack/neutron/neutron/db/ovn_revision_numbers_db.py:98}}
Jun 08 17:38:07.413212 np0000002336 devstack@neutron-api.service[90043]: DEBUG neutron_lib.callbacks.manager [None req-2e6f9d84-e437-420b-9bd2-86c7e3fe353b admin admin] Publish callbacks ['neutron.plugins.ml2.ovo_rpc._ObjectChangeHandler.handle_event-1115181'] for port (2ee5bd6f-352f-40ea-8e30-247327005d0a), after_create {{(pid=90043) _notify_loop /opt/stack/data/venv/lib/python3.12/site-packages/neutron_lib/callbacks/manager.py:184}}
Jun 08 17:38:07.466689 np0000002336 devstack@neutron-api.service[90043]: DEBUG neutron.api.rpc.handlers.resources_rpc [None req-2e6f9d84-e437-420b-9bd2-86c7e3fe353b admin admin] Pushing event updated for resources: {'Port': ['ID=2ee5bd6f-352f-40ea-8e30-247327005d0a,revision_number=1']} {{(pid=90043) push /opt/stack/neutron/neutron/api/rpc/handlers/resources_rpc.py:237}}
Jun 08 17:38:07.500803 np0000002336 devstack@neutron-api.service[90043]: DEBUG ovsdbapp.backend.ovs_idl.transaction [-] Running txn n=1 command(idx=0): AddLSwitchPortCommand(_result=None, lport=2ee5bd6f-352f-40ea-8e30-247327005d0a, lswitch=neutron-04fd15e2-1682-4e67-8a69-dfdd5b200e9d, may_exist=True, network_uuid=04fd15e2-1682-4e67-8a69-dfdd5b200e9d, columns={'addresses': ['fa:16:3e:d8:73:c3'], 'external_ids': {'neutron:port_name': '', 'neutron:device_id': 'ovnmeta-04fd15e2-1682-4e67-8a69-dfdd5b200e9d', 'neutron:project_id': '0753bba64b674e33b7c26fb32f1a016c', 'neutron:cidrs': '', 'neutron:device_owner': 'network:distributed', 'neutron:subnet_pool_addr_scope4': '', 'neutron:subnet_pool_addr_scope6': '', 'neutron:network_name': 'neutron-04fd15e2-1682-4e67-8a69-dfdd5b200e9d', 'neutron:security_group_ids': '', 'neutron:revision_number': '1', 'neutron:vnic_type': 'normal', 'neutron:port_capabilities': '', 'neutron:mtu': '1372'}, 'parent_name': [], 'tag': [], 'enabled': True, 'options': {}, 'type': 'localport', 'port_security': [], 'dhcpv4_options': [], 'dhcpv6_options': []}) {{(pid=90043) do_commit /opt/stack/data/venv/lib/python3.12/site-packages/ovsdbapp/backend/ovs_idl/transaction.py:89}}
Jun 08 17:38:07.501264 np0000002336 devstack@neutron-api.service[90043]: DEBUG ovsdbapp.backend.ovs_idl.transaction [-] Running txn n=1 command(idx=1): QoSDelCommand(_result=None, switch=neutron-04fd15e2-1682-4e67-8a69-dfdd5b200e9d, conditions=[('direction', '=', 'to-lport'), ('priority', '=', 2002), ('match', '=', 'outport == "2ee5bd6f-352f-40ea-8e30-247327005d0a"')], if_exists=True) {{(pid=90043) do_commit /opt/stack/data/venv/lib/python3.12/site-packages/ovsdbapp/backend/ovs_idl/transaction.py:89}}
Jun 08 17:38:07.501420 np0000002336 devstack@neutron-api.service[90043]: DEBUG ovsdbapp.backend.ovs_idl.transaction [-] Running txn n=1 command(idx=2): QoSDelCommand(_result=None, switch=neutron-04fd15e2-1682-4e67-8a69-dfdd5b200e9d, conditions=[('direction', '=', 'from-lport'), ('priority', '=', 2002), ('match', '=', 'inport == "2ee5bd6f-352f-40ea-8e30-247327005d0a"')], if_exists=True) {{(pid=90043) do_commit /opt/stack/data/venv/lib/python3.12/site-packages/ovsdbapp/backend/ovs_idl/transaction.py:89}}
Jun 08 17:38:07.503957 np0000002336 devstack@neutron-api.service[90043]: DEBUG neutron.plugins.ml2.drivers.ovn.mech_driver.ovsdb.ovsdb_monitor [-] Hash Ring: Node c5463345f4ae5f808ab45ad8a0bf381c (host: np0000002336) handling event "update" for row 04fd15e2-1682-4e67-8a69-dfdd5b200e9d (table: Logical_Switch) {{(pid=90043) notify /opt/stack/neutron/neutron/plugins/ml2/drivers/ovn/mech_driver/ovsdb/ovsdb_monitor.py:1015}}
Jun 08 17:38:07.504316 np0000002336 devstack@neutron-api.service[90045]: DEBUG neutron.plugins.ml2.drivers.ovn.mech_driver.ovsdb.ovsdb_monitor [-] Hash Ring: Node 5b1a175ba9be5a3e9ada4a620e3473e1 (host: np0000002336) handling event "update" for row 04fd15e2-1682-4e67-8a69-dfdd5b200e9d (table: Logical_Switch) {{(pid=90045) notify /opt/stack/neutron/neutron/plugins/ml2/drivers/ovn/mech_driver/ovsdb/ovsdb_monitor.py:1015}}
Jun 08 17:38:07.504453 np0000002336 devstack@neutron-api.service[90043]: DEBUG neutron.plugins.ml2.drivers.ovn.mech_driver.ovsdb.ovsdb_monitor [-] Hash Ring: Node c5463345f4ae5f808ab45ad8a0bf381c (host: np0000002336) handling event "create" for row d876aff8-9fad-44f9-b2df-8ca9e23b202b (table: Logical_Switch_Port) {{(pid=90043) notify /opt/stack/neutron/neutron/plugins/ml2/drivers/ovn/mech_driver/ovsdb/ovsdb_monitor.py:1015}}
Jun 08 17:38:07.504571 np0000002336 devstack@neutron-api.service[90045]: DEBUG neutron.plugins.ml2.drivers.ovn.mech_driver.ovsdb.ovsdb_monitor [-] Hash Ring: Node 5b1a175ba9be5a3e9ada4a620e3473e1 (host: np0000002336) handling event "create" for row d876aff8-9fad-44f9-b2df-8ca9e23b202b (table: Logical_Switch_Port) {{(pid=90045) notify /opt/stack/neutron/neutron/plugins/ml2/drivers/ovn/mech_driver/ovsdb/ovsdb_monitor.py:1015}}
Jun 08 17:38:07.505401 np0000002336 devstack@neutron-api.service[90045]: DEBUG ovsdbapp.backend.ovs_idl.event [-] Matched CREATE: LogicalSwitchPortCreateEvent(events=('create',), table='Logical_Switch_Port', conditions=[], old_conditions=None), priority=20 to row=Logical_Switch_Port(uuid=d876aff8-9fad-44f9-b2df-8ca9e23b202b, addresses=['fa:16:3e:d8:73:c3'], dhcpv4_options=[], dhcpv6_options=[], dynamic_addresses=[], enabled=True, external_ids={'neutron:cidrs': '', 'neutron:device_id': 'ovnmeta-04fd15e2-1682-4e67-8a69-dfdd5b200e9d', 'neutron:device_owner': 'network:distributed', 'neutron:mtu': '1372', 'neutron:network_name': 'neutron-04fd15e2-1682-4e67-8a69-dfdd5b200e9d', 'neutron:port_capabilities': '', 'neutron:port_name': '', 'neutron:project_id': '0753bba64b674e33b7c26fb32f1a016c', 'neutron:revision_number': '1', 'neutron:security_group_ids': '', 'neutron:subnet_pool_addr_scope4': '', 'neutron:subnet_pool_addr_scope6': '', 'neutron:vnic_type': 'normal'}, ha_chassis_group=[], mirror_rules=[], name='2ee5bd6f-352f-40ea-8e30-247327005d0a', options={}, parent_name=[], port_security=[], tag=[], tag_request=[], type='localport', up=[]) old= {{(pid=90045) matches /opt/stack/data/venv/lib/python3.12/site-packages/ovsdbapp/backend/ovs_idl/event.py:55}}
Jun 08 17:38:07.505517 np0000002336 devstack@neutron-api.service[90043]: DEBUG ovsdbapp.backend.ovs_idl.event [-] Matched CREATE: LogicalSwitchPortCreateEvent(events=('create',), table='Logical_Switch_Port', conditions=[], old_conditions=None), priority=20 to row=Logical_Switch_Port(uuid=d876aff8-9fad-44f9-b2df-8ca9e23b202b, addresses=['fa:16:3e:d8:73:c3'], dhcpv4_options=[], dhcpv6_options=[], dynamic_addresses=[], enabled=True, external_ids={'neutron:cidrs': '', 'neutron:device_id': 'ovnmeta-04fd15e2-1682-4e67-8a69-dfdd5b200e9d', 'neutron:device_owner': 'network:distributed', 'neutron:mtu': '1372', 'neutron:network_name': 'neutron-04fd15e2-1682-4e67-8a69-dfdd5b200e9d', 'neutron:port_capabilities': '', 'neutron:port_name': '', 'neutron:project_id': '0753bba64b674e33b7c26fb32f1a016c', 'neutron:revision_number': '1', 'neutron:security_group_ids': '', 'neutron:subnet_pool_addr_scope4': '', 'neutron:subnet_pool_addr_scope6': '', 'neutron:vnic_type': 'normal'}, ha_chassis_group=[], mirror_rules=[], name='2ee5bd6f-352f-40ea-8e30-247327005d0a', options={}, parent_name=[], port_security=[], tag=[], tag_request=[], type='localport', up=[]) old= {{(pid=90043) matches /opt/stack/data/venv/lib/python3.12/site-packages/ovsdbapp/backend/ovs_idl/event.py:55}}
Jun 08 17:38:07.507069 np0000002336 devstack@neutron-api.service[90045]: INFO neutron.plugins.ml2.drivers.ovn.mech_driver.mech_driver [-] OVN reports status down for port: 2ee5bd6f-352f-40ea-8e30-247327005d0a
Jun 08 17:38:07.507124 np0000002336 devstack@neutron-api.service[90043]: INFO neutron.plugins.ml2.drivers.ovn.mech_driver.mech_driver [-] OVN reports status down for port: 2ee5bd6f-352f-40ea-8e30-247327005d0a
Jun 08 17:38:07.508245 np0000002336 devstack@neutron-api.service[90043]: DEBUG neutron.plugins.ml2.drivers.ovn.mech_driver.ovsdb.ovsdb_monitor [-] Hash Ring: Node c5463345f4ae5f808ab45ad8a0bf381c (host: np0000002336) handling event "update" for row d876aff8-9fad-44f9-b2df-8ca9e23b202b (table: Logical_Switch_Port) {{(pid=90043) notify /opt/stack/neutron/neutron/plugins/ml2/drivers/ovn/mech_driver/ovsdb/ovsdb_monitor.py:1015}}
Jun 08 17:38:07.508312 np0000002336 devstack@neutron-api.service[90045]: DEBUG neutron.plugins.ml2.drivers.ovn.mech_driver.ovsdb.ovsdb_monitor [-] Hash Ring: Node 5b1a175ba9be5a3e9ada4a620e3473e1 (host: np0000002336) handling event "create" for row 9584a379-a8fa-4091-b0a0-9d99f9ef21d6 (table: Port_Binding) {{(pid=90045) notify /opt/stack/neutron/neutron/plugins/ml2/drivers/ovn/mech_driver/ovsdb/ovsdb_monitor.py:1015}}
Jun 08 17:38:07.508643 np0000002336 devstack@neutron-api.service[90045]: DEBUG neutron.plugins.ml2.drivers.ovn.mech_driver.ovsdb.ovsdb_monitor [-] Hash Ring: Node 5b1a175ba9be5a3e9ada4a620e3473e1 (host: np0000002336) handling event "update" for row d876aff8-9fad-44f9-b2df-8ca9e23b202b (table: Logical_Switch_Port) {{(pid=90045) notify /opt/stack/neutron/neutron/plugins/ml2/drivers/ovn/mech_driver/ovsdb/ovsdb_monitor.py:1015}}
Jun 08 17:38:07.509288 np0000002336 devstack@neutron-api.service[90043]: DEBUG neutron.plugins.ml2.drivers.ovn.mech_driver.ovsdb.ovsdb_monitor [-] Hash Ring: Node c5463345f4ae5f808ab45ad8a0bf381c (host: np0000002336) handling event "create" for row 9584a379-a8fa-4091-b0a0-9d99f9ef21d6 (table: Port_Binding) {{(pid=90043) notify /opt/stack/neutron/neutron/plugins/ml2/drivers/ovn/mech_driver/ovsdb/ovsdb_monitor.py:1015}}
