Jun 04 16:42:12.543795 np0000002168 devstack@g-api.service[102012]: DEBUG glance.api.middleware.version_negotiation [None req-9a8015dd-3126-4b52-b08b-3d59721dc998 tempest-TaggedBootDevicesTest_v242-1757927065 tempest-TaggedBootDevicesTest_v242-1757927065-project-member] Matched version: v2 {{(pid=102012) process_request /opt/stack/glance/glance/api/middleware/version_negotiation.py:69}}
Jun 04 16:42:12.543795 np0000002168 devstack@g-api.service[102012]: DEBUG glance.api.middleware.version_negotiation [None req-9a8015dd-3126-4b52-b08b-3d59721dc998 tempest-TaggedBootDevicesTest_v242-1757927065 tempest-TaggedBootDevicesTest_v242-1757927065-project-member] new path /v2/schemas/image {{(pid=102012) process_request /opt/stack/glance/glance/api/middleware/version_negotiation.py:70}}
Jun 04 16:42:12.545309 np0000002168 devstack@g-api.service[102012]: [pid: 102012|app: 0|req: 37/96] 127.0.0.1 () {44 vars in 1055 bytes} [Thu Jun 4 16:42:12 2026] GET /v2/schemas/image => generated 6083 bytes in 3 msecs (HTTP/1.1 200) 4 headers in 158 bytes (1 switches on core 0)
Jun 04 16:42:12.727976 np0000002168 devstack@g-api.service[102009]: DEBUG glance.location [None req-bf3c1de1-13c6-4543-89da-32e592d6b599 tempest-TestInstancesWithCinderVolumes-190611055 tempest-TestInstancesWithCinderVolumes-190611055-project-member] Enabling in-flight format inspection for qcow2 {{(pid=102009) set_data /opt/stack/glance/glance/location.py:616}}
Jun 04 16:42:12.728242 np0000002168 devstack@g-api.service[102009]: DEBUG glance_store.backend [None req-bf3c1de1-13c6-4543-89da-32e592d6b599 tempest-TestInstancesWithCinderVolumes-190611055 tempest-TestInstancesWithCinderVolumes-190611055-project-member] Attempting to import store swift {{(pid=102009) _load_store /opt/stack/data/venv/lib/python3.12/site-packages/glance_store/backend.py:215}}
Jun 04 16:42:12.730149 np0000002168 devstack@g-api.service[102009]: DEBUG glance_store.capabilities [None req-bf3c1de1-13c6-4543-89da-32e592d6b599 tempest-TestInstancesWithCinderVolumes-190611055 tempest-TestInstancesWithCinderVolumes-190611055-project-member] Store glance_store._drivers.swift.store.SingleTenantStore doesn't support updating dynamic storage capabilities. Please overwrite 'update_capabilities' method of the store to implement updating logics if needed. {{(pid=102009) update_capabilities /opt/stack/data/venv/lib/python3.12/site-packages/glance_store/capabilities.py:91}}
Jun 04 16:42:12.730270 np0000002168 devstack@g-api.service[102009]: DEBUG glance_store.driver [None req-bf3c1de1-13c6-4543-89da-32e592d6b599 tempest-TestInstancesWithCinderVolumes-190611055 tempest-TestInstancesWithCinderVolumes-190611055-project-member] Late loading location class glance_store._drivers.swift.store.StoreLocation {{(pid=102009) get_store_location_class /opt/stack/data/venv/lib/python3.12/site-packages/glance_store/driver.py:134}}
Jun 04 16:42:12.730535 np0000002168 devstack@g-api.service[102009]: DEBUG glance_store.location [None req-bf3c1de1-13c6-4543-89da-32e592d6b599 tempest-TestInstancesWithCinderVolumes-190611055 tempest-TestInstancesWithCinderVolumes-190611055-project-member] Registering scheme swift+https with {'store': , 'location_class': , 'store_entry': 'swift'} {{(pid=102009) register_scheme_map /opt/stack/data/venv/lib/python3.12/site-packages/glance_store/location.py:146}}
Jun 04 16:42:12.730666 np0000002168 devstack@g-api.service[102009]: DEBUG glance_store.location [None req-bf3c1de1-13c6-4543-89da-32e592d6b599 tempest-TestInstancesWithCinderVolumes-190611055 tempest-TestInstancesWithCinderVolumes-190611055-project-member] Registering scheme swift+https with {'store': , 'location_class': , 'store_entry': 'swift'} {{(pid=102009) register_scheme_map /opt/stack/data/venv/lib/python3.12/site-packages/glance_store/location.py:146}}
Jun 04 16:42:12.730803 np0000002168 devstack@g-api.service[102009]: DEBUG glance_store.location [None req-bf3c1de1-13c6-4543-89da-32e592d6b599 tempest-TestInstancesWithCinderVolumes-190611055 tempest-TestInstancesWithCinderVolumes-190611055-project-member] Registering scheme swift with {'store': , 'location_class': , 'store_entry': 'swift'} {{(pid=102009) register_scheme_map /opt/stack/data/venv/lib/python3.12/site-packages/glance_store/location.py:146}}
Jun 04 16:42:12.730935 np0000002168 devstack@g-api.service[102009]: DEBUG glance_store.location [None req-bf3c1de1-13c6-4543-89da-32e592d6b599 tempest-TestInstancesWithCinderVolumes-190611055 tempest-TestInstancesWithCinderVolumes-190611055-project-member] Registering scheme swift+https with {'store': , 'location_class': , 'store_entry': 'swift'} {{(pid=102009) register_scheme_map /opt/stack/data/venv/lib/python3.12/site-packages/glance_store/location.py:146}}
Jun 04 16:42:12.731046 np0000002168 devstack@g-api.service[102009]: DEBUG glance_store.location [None req-bf3c1de1-13c6-4543-89da-32e592d6b599 tempest-TestInstancesWithCinderVolumes-190611055 tempest-TestInstancesWithCinderVolumes-190611055-project-member] Registering scheme swift with {'store': , 'location_class': , 'store_entry': 'swift'} {{(pid=102009) register_scheme_map /opt/stack/data/venv/lib/python3.12/site-packages/glance_store/location.py:146}}
Jun 04 16:42:12.731159 np0000002168 devstack@g-api.service[102009]: DEBUG glance_store.location [None req-bf3c1de1-13c6-4543-89da-32e592d6b599 tempest-TestInstancesWithCinderVolumes-190611055 tempest-TestInstancesWithCinderVolumes-190611055-project-member] Registering scheme swift+http with {'store': , 'location_class': , 'store_entry': 'swift'} {{(pid=102009) register_scheme_map /opt/stack/data/venv/lib/python3.12/site-packages/glance_store/location.py:146}}
Jun 04 16:42:12.731276 np0000002168 devstack@g-api.service[102009]: DEBUG glance_store.location [None req-bf3c1de1-13c6-4543-89da-32e592d6b599 tempest-TestInstancesWithCinderVolumes-190611055 tempest-TestInstancesWithCinderVolumes-190611055-project-member] Registering scheme swift+https with {'store': , 'location_class': , 'store_entry': 'swift'} {{(pid=102009) register_scheme_map /opt/stack/data/venv/lib/python3.12/site-packages/glance_store/location.py:146}}
Jun 04 16:42:12.731411 np0000002168 devstack@g-api.service[102009]: DEBUG glance_store.location [None req-bf3c1de1-13c6-4543-89da-32e592d6b599 tempest-TestInstancesWithCinderVolumes-190611055 tempest-TestInstancesWithCinderVolumes-190611055-project-member] Registering scheme swift with {'store': , 'location_class': , 'store_entry': 'swift'} {{(pid=102009) register_scheme_map /opt/stack/data/venv/lib/python3.12/site-packages/glance_store/location.py:146}}
Jun 04 16:42:12.731522 np0000002168 devstack@g-api.service[102009]: DEBUG glance_store.location [None req-bf3c1de1-13c6-4543-89da-32e592d6b599 tempest-TestInstancesWithCinderVolumes-190611055 tempest-TestInstancesWithCinderVolumes-190611055-project-member] Registering scheme swift+http with {'store': , 'location_class': , 'store_entry': 'swift'} {{(pid=102009) register_scheme_map /opt/stack/data/venv/lib/python3.12/site-packages/glance_store/location.py:146}}
Jun 04 16:42:12.731613 np0000002168 devstack@g-api.service[102009]: DEBUG glance_store.location [None req-bf3c1de1-13c6-4543-89da-32e592d6b599 tempest-TestInstancesWithCinderVolumes-190611055 tempest-TestInstancesWithCinderVolumes-190611055-project-member] Registering scheme swift+config with {'store': , 'location_class': , 'store_entry': 'swift'} {{(pid=102009) register_scheme_map /opt/stack/data/venv/lib/python3.12/site-packages/glance_store/location.py:146}}
Jun 04 16:42:12.888495 np0000002168 devstack@g-api.service[102010]: [pid: 102010|app: 0|req: 32/97] 127.0.0.1 () {46 vars in 1055 bytes} [Thu Jun 4 16:42:12 2026] POST /v2/images => generated 1360 bytes in 843 msecs (HTTP/1.1 201) 6 headers in 316 bytes (1 switches on core 0)
Jun 04 16:42:13.007986 np0000002168 devstack@g-api.service[102012]: DEBUG glance.api.middleware.version_negotiation [None req-9a8015dd-3126-4b52-b08b-3d59721dc998 tempest-TaggedBootDevicesTest_v242-1757927065 tempest-TaggedBootDevicesTest_v242-1757927065-project-member] Determining version of request: GET /v2/images/08e15737-c743-42ac-be7f-7e2993ba7672 Accept: application/json {{(pid=102012) process_request /opt/stack/glance/glance/api/middleware/version_negotiation.py:44}}
Jun 04 16:42:13.008335 np0000002168 devstack@g-api.service[102012]: DEBUG glance.api.middleware.version_negotiation [None req-9a8015dd-3126-4b52-b08b-3d59721dc998 tempest-TaggedBootDevicesTest_v242-1757927065 tempest-TaggedBootDevicesTest_v242-1757927065-project-member] Using url versioning {{(pid=102012) process_request /opt/stack/glance/glance/api/middleware/version_negotiation.py:57}}
Jun 04 16:42:13.008335 np0000002168 devstack@g-api.service[102012]: DEBUG glance.api.middleware.version_negotiation [None req-9a8015dd-3126-4b52-b08b-3d59721dc998 tempest-TaggedBootDevicesTest_v242-1757927065 tempest-TaggedBootDevicesTest_v242-1757927065-project-member] Matched version: v2 {{(pid=102012) process_request /opt/stack/glance/glance/api/middleware/version_negotiation.py:69}}
Jun 04 16:42:13.008495 np0000002168 devstack@g-api.service[102012]: DEBUG glance.api.middleware.version_negotiation [None req-9a8015dd-3126-4b52-b08b-3d59721dc998 tempest-TaggedBootDevicesTest_v242-1757927065 tempest-TaggedBootDevicesTest_v242-1757927065-project-member] new path /v2/images/08e15737-c743-42ac-be7f-7e2993ba7672 {{(pid=102012) process_request /opt/stack/glance/glance/api/middleware/version_negotiation.py:70}}
Jun 04 16:42:13.027511 np0000002168 devstack@g-api.service[102012]: [pid: 102012|app: 0|req: 38/98] 127.0.0.1 () {40 vars in 838 bytes} [Thu Jun 4 16:42:13 2026] GET /v2/images/08e15737-c743-42ac-be7f-7e2993ba7672 => generated 1360 bytes in 19 msecs (HTTP/1.1 200) 4 headers in 158 bytes (1 switches on core 0)
Jun 04 16:42:13.049139 np0000002168 devstack@g-api.service[102010]: DEBUG glance.api.middleware.version_negotiation [None req-e29ba234-17a5-42f6-adef-9a6d99eae488 tempest-ServerBootFromVolumeStableRescueTest-2080144248 tempest-ServerBootFromVolumeStableRescueTest-2080144248-project-member] Determining version of request: GET /versions Accept: */* {{(pid=102010) process_request /opt/stack/glance/glance/api/middleware/version_negotiation.py:44}}
Jun 04 16:42:13.049139 np0000002168 devstack@g-api.service[102010]: [pid: 102010|app: 0|req: 33/99] 127.0.0.1 () {44 vars in 1039 bytes} [Thu Jun 4 16:42:13 2026] GET /versions => generated 1407 bytes in 1 msecs (HTTP/1.1 200) 3 headers in 92 bytes (1 switches on core 0)
Jun 04 16:42:13.066052 np0000002168 devstack@g-api.service[102012]: DEBUG glance.api.middleware.version_negotiation [None req-64dead7f-8e56-4894-bfbb-47df1963ea43 tempest-ServerBootFromVolumeStableRescueTest-2080144248 tempest-ServerBootFromVolumeStableRescueTest-2080144248-project-member] Determining version of request: GET /v2/images/5eb7bdc2-b851-4daa-9621-c0057e01e6d7/locations Accept: */* {{(pid=102012) process_request /opt/stack/glance/glance/api/middleware/version_negotiation.py:44}}
Jun 04 16:42:13.066204 np0000002168 devstack@g-api.service[102012]: DEBUG glance.api.middleware.version_negotiation [None req-64dead7f-8e56-4894-bfbb-47df1963ea43 tempest-ServerBootFromVolumeStableRescueTest-2080144248 tempest-ServerBootFromVolumeStableRescueTest-2080144248-project-member] Using url versioning {{(pid=102012) process_request /opt/stack/glance/glance/api/middleware/version_negotiation.py:57}}
Jun 04 16:42:13.066884 np0000002168 devstack@g-api.service[102012]: DEBUG glance.api.middleware.version_negotiation [None req-64dead7f-8e56-4894-bfbb-47df1963ea43 tempest-ServerBootFromVolumeStableRescueTest-2080144248 tempest-ServerBootFromVolumeStableRescueTest-2080144248-project-member] Matched version: v2 {{(pid=102012) process_request /opt/stack/glance/glance/api/middleware/version_negotiation.py:69}}
Jun 04 16:42:13.066884 np0000002168 devstack@g-api.service[102012]: DEBUG glance.api.middleware.version_negotiation [None req-64dead7f-8e56-4894-bfbb-47df1963ea43 tempest-ServerBootFromVolumeStableRescueTest-2080144248 tempest-ServerBootFromVolumeStableRescueTest-2080144248-project-member] new path /v2/images/5eb7bdc2-b851-4daa-9621-c0057e01e6d7/locations {{(pid=102012) process_request /opt/stack/glance/glance/api/middleware/version_negotiation.py:70}}
Jun 04 16:42:13.088621 np0000002168 devstack@g-api.service[102009]: DEBUG swiftclient [None req-bf3c1de1-13c6-4543-89da-32e592d6b599 tempest-TestInstancesWithCinderVolumes-190611055 tempest-TestInstancesWithCinderVolumes-190611055-project-member] REQ: curl -i https://10.4.3.240:8080/v1/AUTH_0e31ab66f0324ac1af54314e9da744df/glance -I -H "X-Auth-Token: gAAAAABqIarkJJA_..." {{(pid=102009) http_log /opt/stack/data/venv/lib/python3.12/site-packages/swiftclient/client.py:160}}
Jun 04 16:42:13.088621 np0000002168 devstack@g-api.service[102009]: DEBUG swiftclient [None req-bf3c1de1-13c6-4543-89da-32e592d6b599 tempest-TestInstancesWithCinderVolumes-190611055 tempest-TestInstancesWithCinderVolumes-190611055-project-member] RESP STATUS: 204 No Content {{(pid=102009) http_log /opt/stack/data/venv/lib/python3.12/site-packages/swiftclient/client.py:161}}
Jun 04 16:42:13.088878 np0000002168 devstack@g-api.service[102009]: DEBUG swiftclient [None req-bf3c1de1-13c6-4543-89da-32e592d6b599 tempest-TestInstancesWithCinderVolumes-190611055 tempest-TestInstancesWithCinderVolumes-190611055-project-member] RESP HEADERS: {'Date': 'Thu, 04 Jun 2026 16:42:13 GMT', 'Server': 'Apache/2.4.58 (Ubuntu)', 'Content-Type': 'text/plain; charset=utf-8', 'X-Container-Object-Count': '3', 'X-Container-Bytes-Used': '64356352', 'X-Timestamp': '1780591052.10125', 'Last-Modified': 'Thu, 04 Jun 2026 16:37:33 GMT', 'Accept-Ranges': 'bytes', 'X-Storage-Policy': 'Policy-0', 'X-Container-Sharding': 'False', 'Vary': 'Accept', 'X-Trans-Id': 'txcbe92ab3538a434c905df-006a21aae4', 'X-Openstack-Request-Id': 'txcbe92ab3538a434c905df-006a21aae4', 'Connection': 'close'} {{(pid=102009) http_log /opt/stack/data/venv/lib/python3.12/site-packages/swiftclient/client.py:162}}
Jun 04 16:42:13.088878 np0000002168 devstack@g-api.service[102009]: DEBUG glance_store._drivers.swift.store [None req-bf3c1de1-13c6-4543-89da-32e592d6b599 tempest-TestInstancesWithCinderVolumes-190611055 tempest-TestInstancesWithCinderVolumes-190611055-project-member] Adding image object '2c349cf7-f117-4db5-8d75-0f8411788017' to Swift {{(pid=102009) add /opt/stack/data/venv/lib/python3.12/site-packages/glance_store/_drivers/swift/store.py:970}}
Jun 04 16:42:13.089811 np0000002168 devstack@g-api.service[102009]: DEBUG glance_store._drivers.swift.store [None req-bf3c1de1-13c6-4543-89da-32e592d6b599 tempest-TestInstancesWithCinderVolumes-190611055 tempest-TestInstancesWithCinderVolumes-190611055-project-member] Cannot determine image size because it is either not provided in the request or chunked-transfer encoding is used. Adding image as a segmented object to Swift. {{(pid=102009) add /opt/stack/data/venv/lib/python3.12/site-packages/glance_store/_drivers/swift/store.py:994}}
Jun 04 16:42:13.100118 np0000002168 devstack@g-api.service[102009]: DEBUG oslo_utils.imageutils.format_inspector [None req-bf3c1de1-13c6-4543-89da-32e592d6b599 tempest-TestInstancesWithCinderVolumes-190611055 tempest-TestInstancesWithCinderVolumes-190611055-project-member] Format inspector for vmdk does not match, excluding from consideration (Signature KDMV not found: b'QFI\xfb') {{(pid=102009) _process_chunk /opt/stack/data/venv/lib/python3.12/site-packages/oslo_utils/imageutils/format_inspector.py:1758}}
Jun 04 16:42:13.104317 np0000002168 devstack@g-api.service[102009]: DEBUG oslo_utils.imageutils.format_inspector [None req-bf3c1de1-13c6-4543-89da-32e592d6b599 tempest-TestInstancesWithCinderVolumes-190611055 tempest-TestInstancesWithCinderVolumes-190611055-project-member] Format inspector for vhdx does not match, excluding from consideration (Region signature not found at 30000) {{(pid=102009) _process_chunk /opt/stack/data/venv/lib/python3.12/site-packages/oslo_utils/imageutils/format_inspector.py:1758}}
Jun 04 16:42:13.119386 np0000002168 devstack@g-api.service[102012]: [pid: 102012|app: 0|req: 39/100] 127.0.0.1 () {44 vars in 1135 bytes} [Thu Jun 4 16:42:13 2026] GET /v2/images/5eb7bdc2-b851-4daa-9621-c0057e01e6d7/locations => generated 92 bytes in 53 msecs (HTTP/1.1 200) 4 headers in 156 bytes (1 switches on core 0)
Jun 04 16:42:13.134807 np0000002168 devstack@g-api.service[102010]: DEBUG glance.api.middleware.version_negotiation [None req-e29ba234-17a5-42f6-adef-9a6d99eae488 tempest-ServerBootFromVolumeStableRescueTest-2080144248 tempest-ServerBootFromVolumeStableRescueTest-2080144248-project-member] Determining version of request: GET /v2/images/5eb7bdc2-b851-4daa-9621-c0057e01e6d7 Accept: */* {{(pid=102010) process_request /opt/stack/glance/glance/api/middleware/version_negotiation.py:44}}
Jun 04 16:42:13.136708 np0000002168 devstack@g-api.service[102010]: DEBUG glance.api.middleware.version_negotiation [None req-e29ba234-17a5-42f6-adef-9a6d99eae488 tempest-ServerBootFromVolumeStableRescueTest-2080144248 tempest-ServerBootFromVolumeStableRescueTest-2080144248-project-member] Using url versioning {{(pid=102010) process_request /opt/stack/glance/glance/api/middleware/version_negotiation.py:57}}
Jun 04 16:42:13.136884 np0000002168 devstack@g-api.service[102010]: DEBUG glance.api.middleware.version_negotiation [None req-e29ba234-17a5-42f6-adef-9a6d99eae488 tempest-ServerBootFromVolumeStableRescueTest-2080144248 tempest-ServerBootFromVolumeStableRescueTest-2080144248-project-member] Matched version: v2 {{(pid=102010) process_request /opt/stack/glance/glance/api/middleware/version_negotiation.py:69}}
Jun 04 16:42:13.137022 np0000002168 devstack@g-api.service[102010]: DEBUG glance.api.middleware.version_negotiation [None req-e29ba234-17a5-42f6-adef-9a6d99eae488 tempest-ServerBootFromVolumeStableRescueTest-2080144248 tempest-ServerBootFromVolumeStableRescueTest-2080144248-project-member] new path /v2/images/5eb7bdc2-b851-4daa-9621-c0057e01e6d7 {{(pid=102010) process_request /opt/stack/glance/glance/api/middleware/version_negotiation.py:70}}
Jun 04 16:42:13.153495 np0000002168 devstack@g-api.service[102010]: [pid: 102010|app: 0|req: 34/101] 127.0.0.1 () {44 vars in 1115 bytes} [Thu Jun 4 16:42:13 2026] GET /v2/images/5eb7bdc2-b851-4daa-9621-c0057e01e6d7 => generated 1044 bytes in 19 msecs (HTTP/1.1 200) 4 headers in 158 bytes (1 switches on core 0)
Jun 04 16:42:13.165928 np0000002168 devstack@g-api.service[102012]: DEBUG glance.api.middleware.version_negotiation [None req-9a8015dd-3126-4b52-b08b-3d59721dc998 service glance] Determining version of request: GET /v2/schemas/image Accept: */* {{(pid=102012) process_request /opt/stack/glance/glance/api/middleware/version_negotiation.py:44}}
Jun 04 16:42:13.165928 np0000002168 devstack@g-api.service[102012]: DEBUG glance.api.middleware.version_negotiation [None req-9a8015dd-3126-4b52-b08b-3d59721dc998 service glance] Using url versioning {{(pid=102012) process_request /opt/stack/glance/glance/api/middleware/version_negotiation.py:57}}
Jun 04 16:42:13.165928 np0000002168 devstack@g-api.service[102012]: DEBUG glance.api.middleware.version_negotiation [None req-9a8015dd-3126-4b52-b08b-3d59721dc998 service glance] Matched version: v2 {{(pid=102012) process_request /opt/stack/glance/glance/api/middleware/version_negotiation.py:69}}
Jun 04 16:42:13.165928 np0000002168 devstack@g-api.service[102012]: DEBUG glance.api.middleware.version_negotiation [None req-9a8015dd-3126-4b52-b08b-3d59721dc998 service glance] new path /v2/schemas/image {{(pid=102012) process_request /opt/stack/glance/glance/api/middleware/version_negotiation.py:70}}
Jun 04 16:42:13.175388 np0000002168 devstack@g-api.service[102012]: [pid: 102012|app: 0|req: 40/102] 127.0.0.1 () {44 vars in 1055 bytes} [Thu Jun 4 16:42:13 2026] GET /v2/schemas/image => generated 6083 bytes in 10 msecs (HTTP/1.1 200) 4 headers in 158 bytes (1 switches on core 0)
Jun 04 16:42:13.188378 np0000002168 devstack@g-api.service[102010]: DEBUG glance.api.middleware.version_negotiation [None req-9a8015dd-3126-4b52-b08b-3d59721dc998 tempest-TaggedBootDevicesTest_v242-1757927065 tempest-TaggedBootDevicesTest_v242-1757927065-project-member] Determining version of request: GET /v2/schemas/image Accept: */* {{(pid=102010) process_request /opt/stack/glance/glance/api/middleware/version_negotiation.py:44}}
Jun 04 16:42:13.188378 np0000002168 devstack@g-api.service[102010]: DEBUG glance.api.middleware.version_negotiation [None req-9a8015dd-3126-4b52-b08b-3d59721dc998 tempest-TaggedBootDevicesTest_v242-1757927065 tempest-TaggedBootDevicesTest_v242-1757927065-project-member] Using url versioning {{(pid=102010) process_request /opt/stack/glance/glance/api/middleware/version_negotiation.py:57}}
Jun 04 16:42:13.188378 np0000002168 devstack@g-api.service[102010]: DEBUG glance.api.middleware.version_negotiation [None req-9a8015dd-3126-4b52-b08b-3d59721dc998 tempest-TaggedBootDevicesTest_v242-1757927065 tempest-TaggedBootDevicesTest_v242-1757927065-project-member] Matched version: v2 {{(pid=102010) process_request /opt/stack/glance/glance/api/middleware/version_negotiation.py:69}}
Jun 04 16:42:13.188378 np0000002168 devstack@g-api.service[102010]: DEBUG glance.api.middleware.version_negotiation [None req-9a8015dd-3126-4b52-b08b-3d59721dc998 tempest-TaggedBootDevicesTest_v242-1757927065 tempest-TaggedBootDevicesTest_v242-1757927065-project-member] new path /v2/schemas/image {{(pid=102010) process_request /opt/stack/glance/glance/api/middleware/version_negotiation.py:70}}
Jun 04 16:42:13.190009 np0000002168 devstack@g-api.service[102010]: [pid: 102010|app: 0|req: 35/103] 127.0.0.1 () {44 vars in 1055 bytes} [Thu Jun 4 16:42:13 2026] GET /v2/schemas/image => generated 6083 bytes in 4 msecs (HTTP/1.1 200) 4 headers in 158 bytes (1 switches on core 0)
Jun 04 16:42:13.370978 np0000002168 devstack@g-api.service[102009]: DEBUG swiftclient [None req-bf3c1de1-13c6-4543-89da-32e592d6b599 tempest-TestInstancesWithCinderVolumes-190611055 tempest-TestInstancesWithCinderVolumes-190611055-project-member] REQ: curl -i https://10.4.3.240:8080/v1/AUTH_0e31ab66f0324ac1af54314e9da744df/glance/2c349cf7-f117-4db5-8d75-0f8411788017-00001 -X PUT -H "X-Auth-Token: gAAAAABqIarkJJA_..." {{(pid=102009) http_log /opt/stack/data/venv/lib/python3.12/site-packages/swiftclient/client.py:160}}
Jun 04 16:42:13.370978 np0000002168 devstack@g-api.service[102009]: DEBUG swiftclient [None req-bf3c1de1-13c6-4543-89da-32e592d6b599 tempest-TestInstancesWithCinderVolumes-190611055 tempest-TestInstancesWithCinderVolumes-190611055-project-member] RESP STATUS: 201 Created {{(pid=102009) http_log /opt/stack/data/venv/lib/python3.12/site-packages/swiftclient/client.py:161}}
Jun 04 16:42:13.370978 np0000002168 devstack@g-api.service[102009]: DEBUG swiftclient [None req-bf3c1de1-13c6-4543-89da-32e592d6b599 tempest-TestInstancesWithCinderVolumes-190611055 tempest-TestInstancesWithCinderVolumes-190611055-project-member] RESP HEADERS: {'Date': 'Thu, 04 Jun 2026 16:42:13 GMT', 'Server': 'Apache/2.4.58 (Ubuntu)', 'Content-Type': 'text/html; charset=UTF-8', 'Content-Length': '0', 'Etag': '87617e24a5e30cb3b87fda8c0764838f', 'Last-Modified': 'Thu, 04 Jun 2026 16:42:14 GMT', 'X-Trans-Id': 'txc1aea908602243a5abbcf-006a21aae5', 'X-Openstack-Request-Id': 'txc1aea908602243a5abbcf-006a21aae5', 'Connection': 'close'} {{(pid=102009) http_log /opt/stack/data/venv/lib/python3.12/site-packages/swiftclient/client.py:162}}
Jun 04 16:42:13.370978 np0000002168 devstack@g-api.service[102009]: DEBUG glance_store._drivers.swift.store [None req-bf3c1de1-13c6-4543-89da-32e592d6b599 tempest-TestInstancesWithCinderVolumes-190611055 tempest-TestInstancesWithCinderVolumes-190611055-project-member] Wrote chunk 2c349cf7-f117-4db5-8d75-0f8411788017-00001 (1/?) of length 21692416 to Swift returning MD5 of content: 87617e24a5e30cb3b87fda8c0764838f {{(pid=102009) add /opt/stack/data/venv/lib/python3.12/site-packages/glance_store/_drivers/swift/store.py:1059}}
Jun 04 16:42:13.371775 np0000002168 devstack@g-api.service[102009]: DEBUG glance_store._drivers.swift.store [None req-bf3c1de1-13c6-4543-89da-32e592d6b599 tempest-TestInstancesWithCinderVolumes-190611055 tempest-TestInstancesWithCinderVolumes-190611055-project-member] Not writing zero-length chunk. {{(pid=102009) add /opt/stack/data/venv/lib/python3.12/site-packages/glance_store/_drivers/swift/store.py:1028}}
Jun 04 16:42:13.405195 np0000002168 devstack@g-api.service[102009]: DEBUG swiftclient [None req-bf3c1de1-13c6-4543-89da-32e592d6b599 tempest-TestInstancesWithCinderVolumes-190611055 tempest-TestInstancesWithCinderVolumes-190611055-project-member] REQ: curl -i https://10.4.3.240:8080/v1/AUTH_0e31ab66f0324ac1af54314e9da744df/glance/2c349cf7-f117-4db5-8d75-0f8411788017 -X PUT -H "X-Object-Manifest: glance/2c349cf7-f117-4db5-8d75-0f8411788017-" -H "X-Auth-Token: gAAAAABqIarkJJA_..." -H "Content-Length: 0" {{(pid=102009) http_log /opt/stack/data/venv/lib/python3.12/site-packages/swiftclient/client.py:160}}
Jun 04 16:42:13.405482 np0000002168 devstack@g-api.service[102009]: DEBUG swiftclient [None req-bf3c1de1-13c6-4543-89da-32e592d6b599 tempest-TestInstancesWithCinderVolumes-190611055 tempest-TestInstancesWithCinderVolumes-190611055-project-member] RESP STATUS: 201 Created {{(pid=102009) http_log /opt/stack/data/venv/lib/python3.12/site-packages/swiftclient/client.py:161}}
Jun 04 16:42:13.405836 np0000002168 devstack@g-api.service[102009]: DEBUG swiftclient [None req-bf3c1de1-13c6-4543-89da-32e592d6b599 tempest-TestInstancesWithCinderVolumes-190611055 tempest-TestInstancesWithCinderVolumes-190611055-project-member] RESP HEADERS: {'Date': 'Thu, 04 Jun 2026 16:42:13 GMT', 'Server': 'Apache/2.4.58 (Ubuntu)', 'Content-Type': 'text/html; charset=UTF-8', 'Content-Length': '0', 'Etag': 'd41d8cd98f00b204e9800998ecf8427e', 'Last-Modified': 'Thu, 04 Jun 2026 16:42:14 GMT', 'X-Trans-Id': 'tx3fe1a24782084d79861b9-006a21aae5', 'X-Openstack-Request-Id': 'tx3fe1a24782084d79861b9-006a21aae5', 'Connection': 'close'} {{(pid=102009) http_log /opt/stack/data/venv/lib/python3.12/site-packages/swiftclient/client.py:162}}
Jun 04 16:42:13.406618 np0000002168 devstack@g-api.service[102009]: INFO glance.location [None req-bf3c1de1-13c6-4543-89da-32e592d6b599 tempest-TestInstancesWithCinderVolumes-190611055 tempest-TestInstancesWithCinderVolumes-190611055-project-member] Image format matched and virtual size computed: 117440512
Jun 04 16:42:13.437417 np0000002168 devstack@g-api.service[102009]: DEBUG glance_store.backend [None req-bf3c1de1-13c6-4543-89da-32e592d6b599 tempest-TestInstancesWithCinderVolumes-190611055 tempest-TestInstancesWithCinderVolumes-190611055-project-member] Attempting to import store swift {{(pid=102009) _load_store /opt/stack/data/venv/lib/python3.12/site-packages/glance_store/backend.py:215}}
Jun 04 16:42:13.438597 np0000002168 devstack@g-api.service[102009]: DEBUG glance_store.capabilities [None req-bf3c1de1-13c6-4543-89da-32e592d6b599 tempest-TestInstancesWithCinderVolumes-190611055 tempest-TestInstancesWithCinderVolumes-190611055-project-member] Store glance_store._drivers.swift.store.SingleTenantStore doesn't support updating dynamic storage capabilities. Please overwrite 'update_capabilities' method of the store to implement updating logics if needed. {{(pid=102009) update_capabilities /opt/stack/data/venv/lib/python3.12/site-packages/glance_store/capabilities.py:91}}
Jun 04 16:42:13.438597 np0000002168 devstack@g-api.service[102009]: DEBUG glance_store.driver [None req-bf3c1de1-13c6-4543-89da-32e592d6b599 tempest-TestInstancesWithCinderVolumes-190611055 tempest-TestInstancesWithCinderVolumes-190611055-project-member] Late loading location class glance_store._drivers.swift.store.StoreLocation {{(pid=102009) get_store_location_class /opt/stack/data/venv/lib/python3.12/site-packages/glance_store/driver.py:134}}
Jun 04 16:42:13.438597 np0000002168 devstack@g-api.service[102009]: DEBUG glance_store.location [None req-bf3c1de1-13c6-4543-89da-32e592d6b599 tempest-TestInstancesWithCinderVolumes-190611055 tempest-TestInstancesWithCinderVolumes-190611055-project-member] Registering scheme swift+https with {'store': , 'location_class': , 'store_entry': 'swift'} {{(pid=102009) register_scheme_map /opt/stack/data/venv/lib/python3.12/site-packages/glance_store/location.py:146}}
Jun 04 16:42:13.438597 np0000002168 devstack@g-api.service[102009]: DEBUG glance_store.location [None req-bf3c1de1-13c6-4543-89da-32e592d6b599 tempest-TestInstancesWithCinderVolumes-190611055 tempest-TestInstancesWithCinderVolumes-190611055-project-member] Registering scheme swift+https with {'store': , 'location_class': , 'store_entry': 'swift'} {{(pid=102009) register_scheme_map /opt/stack/data/venv/lib/python3.12/site-packages/glance_store/location.py:146}}
Jun 04 16:42:13.438883 np0000002168 devstack@g-api.service[102009]: DEBUG glance_store.location [None req-bf3c1de1-13c6-4543-89da-32e592d6b599 tempest-TestInstancesWithCinderVolumes-190611055 tempest-TestInstancesWithCinderVolumes-190611055-project-member] Registering scheme swift with {'store': , 'location_class': , 'store_entry': 'swift'} {{(pid=102009) register_scheme_map /opt/stack/data/venv/lib/python3.12/site-packages/glance_store/location.py:146}}
Jun 04 16:42:13.438883 np0000002168 devstack@g-api.service[102009]: DEBUG glance_store.location [None req-bf3c1de1-13c6-4543-89da-32e592d6b599 tempest-TestInstancesWithCinderVolumes-190611055 tempest-TestInstancesWithCinderVolumes-190611055-project-member] Registering scheme swift+https with {'store': , 'location_class': , 'store_entry': 'swift'} {{(pid=102009) register_scheme_map /opt/stack/data/venv/lib/python3.12/site-packages/glance_store/location.py:146}}
Jun 04 16:42:13.438883 np0000002168 devstack@g-api.service[102009]: DEBUG glance_store.location [None req-bf3c1de1-13c6-4543-89da-32e592d6b599 tempest-TestInstancesWithCinderVolumes-190611055 tempest-TestInstancesWithCinderVolumes-190611055-project-member] Registering scheme swift with {'store': , 'location_class': , 'store_entry': 'swift'} {{(pid=102009) register_scheme_map /opt/stack/data/venv/lib/python3.12/site-packages/glance_store/location.py:146}}
Jun 04 16:42:13.439024 np0000002168 devstack@g-api.service[102009]: DEBUG glance_store.location [None req-bf3c1de1-13c6-4543-89da-32e592d6b599 tempest-TestInstancesWithCinderVolumes-190611055 tempest-TestInstancesWithCinderVolumes-190611055-project-member] Registering scheme swift+http with {'store': , 'location_class': , 'store_entry': 'swift'} {{(pid=102009) register_scheme_map /opt/stack/data/venv/lib/python3.12/site-packages/glance_store/location.py:146}}
Jun 04 16:42:13.439024 np0000002168 devstack@g-api.service[102009]: DEBUG glance_store.location [None req-bf3c1de1-13c6-4543-89da-32e592d6b599 tempest-TestInstancesWithCinderVolumes-190611055 tempest-TestInstancesWithCinderVolumes-190611055-project-member] Registering scheme swift+https with {'store': , 'location_class': , 'store_entry': 'swift'} {{(pid=102009) register_scheme_map /opt/stack/data/venv/lib/python3.12/site-packages/glance_store/location.py:146}}
Jun 04 16:42:13.439117 np0000002168 devstack@g-api.service[102009]: DEBUG glance_store.location [None req-bf3c1de1-13c6-4543-89da-32e592d6b599 tempest-TestInstancesWithCinderVolumes-190611055 tempest-TestInstancesWithCinderVolumes-190611055-project-member] Registering scheme swift with {'store': , 'location_class': , 'store_entry': 'swift'} {{(pid=102009) register_scheme_map /opt/stack/data/venv/lib/python3.12/site-packages/glance_store/location.py:146}}
Jun 04 16:42:13.439117 np0000002168 devstack@g-api.service[102009]: DEBUG glance_store.location [None req-bf3c1de1-13c6-4543-89da-32e592d6b599 tempest-TestInstancesWithCinderVolumes-190611055 tempest-TestInstancesWithCinderVolumes-190611055-project-member] Registering scheme swift+http with {'store': , 'location_class': , 'store_entry': 'swift'} {{(pid=102009) register_scheme_map /opt/stack/data/venv/lib/python3.12/site-packages/glance_store/location.py:146}}
Jun 04 16:42:13.439197 np0000002168 devstack@g-api.service[102009]: DEBUG glance_store.location [None req-bf3c1de1-13c6-4543-89da-32e592d6b599 tempest-TestInstancesWithCinderVolumes-190611055 tempest-TestInstancesWithCinderVolumes-190611055-project-member] Registering scheme swift+config with {'store': , 'location_class': , 'store_entry': 'swift'} {{(pid=102009) register_scheme_map /opt/stack/data/venv/lib/python3.12/site-packages/glance_store/location.py:146}}
Jun 04 16:42:13.439501 np0000002168 devstack@g-api.service[102009]: DEBUG glance_store.backend [None req-bf3c1de1-13c6-4543-89da-32e592d6b599 tempest-TestInstancesWithCinderVolumes-190611055 tempest-TestInstancesWithCinderVolumes-190611055-project-member] Skipping store.set_acls... not implemented. {{(pid=102009) set_acls /opt/stack/data/venv/lib/python3.12/site-packages/glance_store/backend.py:507}}
Jun 04 16:42:13.442602 np0000002168 devstack@g-api.service[102009]: [pid: 102009|app: 0|req: 29/104] 127.0.0.1 () {40 vars in 858 bytes} [Thu Jun 4 16:42:11 2026] PUT /v2/images/2c349cf7-f117-4db5-8d75-0f8411788017/file => generated 0 bytes in 2042 msecs (HTTP/1.1 204) 4 headers in 171 bytes (1 switches on core 0)
Jun 04 16:42:14.039261 np0000002168 devstack@g-api.service[102012]: DEBUG glance.api.middleware.version_negotiation [None req-9a8015dd-3126-4b52-b08b-3d59721dc998 tempest-TaggedBootDevicesTest_v242-1757927065 tempest-TaggedBootDevicesTest_v242-1757927065-project-member] Determining version of request: GET /v2/images/08e15737-c743-42ac-be7f-7e2993ba7672 Accept: application/json {{(pid=102012) process_request /opt/stack/glance/glance/api/middleware/version_negotiation.py:44}}
Jun 04 16:42:14.039261 np0000002168 devstack@g-api.service[102012]: DEBUG glance.api.middleware.version_negotiation [None req-9a8015dd-3126-4b52-b08b-3d59721dc998 tempest-TaggedBootDevicesTest_v242-1757927065 tempest-TaggedBootDevicesTest_v242-1757927065-project-member] Using url versioning {{(pid=102012) process_request /opt/stack/glance/glance/api/middleware/version_negotiation.py:57}}
Jun 04 16:42:14.039811 np0000002168 devstack@g-api.service[102012]: DEBUG glance.api.middleware.version_negotiation [None req-9a8015dd-3126-4b52-b08b-3d59721dc998 tempest-TaggedBootDevicesTest_v242-1757927065 tempest-TaggedBootDevicesTest_v242-1757927065-project-member] Matched version: v2 {{(pid=102012) process_request /opt/stack/glance/glance/api/middleware/version_negotiation.py:69}}
Jun 04 16:42:14.039811 np0000002168 devstack@g-api.service[102012]: DEBUG glance.api.middleware.version_negotiation [None req-9a8015dd-3126-4b52-b08b-3d59721dc998 tempest-TaggedBootDevicesTest_v242-1757927065 tempest-TaggedBootDevicesTest_v242-1757927065-project-member] new path /v2/images/08e15737-c743-42ac-be7f-7e2993ba7672 {{(pid=102012) process_request /opt/stack/glance/glance/api/middleware/version_negotiation.py:70}}
Jun 04 16:42:14.058222 np0000002168 devstack@g-api.service[102012]: [pid: 102012|app: 0|req: 41/105] 127.0.0.1 () {40 vars in 838 bytes} [Thu Jun 4 16:42:14 2026] GET /v2/images/08e15737-c743-42ac-be7f-7e2993ba7672 => generated 1360 bytes in 19 msecs (HTTP/1.1 200) 4 headers in 158 bytes (1 switches on core 0)
Jun 04 16:42:14.138930 np0000002168 devstack@g-api.service[102010]: DEBUG glance.api.middleware.version_negotiation [None req-9a8015dd-3126-4b52-b08b-3d59721dc998 tempest-TaggedBootDevicesTest_v242-1757927065 tempest-TaggedBootDevicesTest_v242-1757927065-project-member] Determining version of request: GET /v2/images/2c349cf7-f117-4db5-8d75-0f8411788017 Accept: application/json {{(pid=102010) process_request /opt/stack/glance/glance/api/middleware/version_negotiation.py:44}}
Jun 04 16:42:14.139233 np0000002168 devstack@g-api.service[102010]: DEBUG glance.api.middleware.version_negotiation [None req-9a8015dd-3126-4b52-b08b-3d59721dc998 tempest-TaggedBootDevicesTest_v242-1757927065 tempest-TaggedBootDevicesTest_v242-1757927065-project-member] Using url versioning {{(pid=102010) process_request /opt/stack/glance/glance/api/middleware/version_negotiation.py:57}}
Jun 04 16:42:14.139378 np0000002168 devstack@g-api.service[102010]: DEBUG glance.api.middleware.version_negotiation [None req-9a8015dd-3126-4b52-b08b-3d59721dc998 tempest-TaggedBootDevicesTest_v242-1757927065 tempest-TaggedBootDevicesTest_v242-1757927065-project-member] Matched version: v2 {{(pid=102010) process_request /opt/stack/glance/glance/api/middleware/version_negotiation.py:69}}
Jun 04 16:42:14.139533 np0000002168 devstack@g-api.service[102010]: DEBUG glance.api.middleware.version_negotiation [None req-9a8015dd-3126-4b52-b08b-3d59721dc998 tempest-TaggedBootDevicesTest_v242-1757927065 tempest-TaggedBootDevicesTest_v242-1757927065-project-member] new path /v2/images/2c349cf7-f117-4db5-8d75-0f8411788017 {{(pid=102010) process_request /opt/stack/glance/glance/api/middleware/version_negotiation.py:70}}
Jun 04 16:42:14.154176 np0000002168 devstack@g-api.service[102010]: [pid: 102010|app: 0|req: 36/106] 127.0.0.1 () {40 vars in 838 bytes} [Thu Jun 4 16:42:14 2026] GET /v2/images/2c349cf7-f117-4db5-8d75-0f8411788017 => generated 811 bytes in 15 msecs (HTTP/1.1 200) 4 headers in 157 bytes (1 switches on core 0)
Jun 04 16:42:14.262440 np0000002168 devstack@g-api.service[102009]: DEBUG glance.api.middleware.version_negotiation [None req-bf3c1de1-13c6-4543-89da-32e592d6b599 tempest-TestInstancesWithCinderVolumes-190611055 tempest-TestInstancesWithCinderVolumes-190611055-project-member] Determining version of request: GET /v2/images/2c349cf7-f117-4db5-8d75-0f8411788017 Accept: */* {{(pid=102009) process_request /opt/stack/glance/glance/api/middleware/version_negotiation.py:44}}
Jun 04 16:42:14.262830 np0000002168 devstack@g-api.service[102009]: DEBUG glance.api.middleware.version_negotiation [None req-bf3c1de1-13c6-4543-89da-32e592d6b599 tempest-TestInstancesWithCinderVolumes-190611055 tempest-TestInstancesWithCinderVolumes-190611055-project-member] Using url versioning {{(pid=102009) process_request /opt/stack/glance/glance/api/middleware/version_negotiation.py:57}}
Jun 04 16:42:14.262830 np0000002168 devstack@g-api.service[102009]: DEBUG glance.api.middleware.version_negotiation [None req-bf3c1de1-13c6-4543-89da-32e592d6b599 tempest-TestInstancesWithCinderVolumes-190611055 tempest-TestInstancesWithCinderVolumes-190611055-project-member] Matched version: v2 {{(pid=102009) process_request /opt/stack/glance/glance/api/middleware/version_negotiation.py:69}}
Jun 04 16:42:14.262891 np0000002168 devstack@g-api.service[102009]: DEBUG glance.api.middleware.version_negotiation [None req-bf3c1de1-13c6-4543-89da-32e592d6b599 tempest-TestInstancesWithCinderVolumes-190611055 tempest-TestInstancesWithCinderVolumes-190611055-project-member] new path /v2/images/2c349cf7-f117-4db5-8d75-0f8411788017 {{(pid=102009) process_request /opt/stack/glance/glance/api/middleware/version_negotiation.py:70}}
Jun 04 16:42:14.326497 np0000002168 devstack@g-api.service[102009]: [pid: 102009|app: 0|req: 30/107] 127.0.0.1 () {44 vars in 1115 bytes} [Thu Jun 4 16:42:14 2026] GET /v2/images/2c349cf7-f117-4db5-8d75-0f8411788017 => generated 811 bytes in 65 msecs (HTTP/1.1 200) 4 headers in 157 bytes (1 switches on core 0)
Jun 04 16:42:14.337967 np0000002168 devstack@g-api.service[102012]: DEBUG glance.api.middleware.version_negotiation [None req-c228cc57-b278-4e62-ab46-f62c564da5cf tempest-ServerBootFromVolumeStableRescueTest-2080144248 tempest-ServerBootFromVolumeStableRescueTest-2080144248-project-member] Determining version of request: GET /v2/schemas/image Accept: */* {{(pid=102012) process_request /opt/stack/glance/glance/api/middleware/version_negotiation.py:44}}
Jun 04 16:42:14.338275 np0000002168 devstack@g-api.service[102012]: DEBUG glance.api.middleware.version_negotiation [None req-c228cc57-b278-4e62-ab46-f62c564da5cf tempest-ServerBootFromVolumeStableRescueTest-2080144248 tempest-ServerBootFromVolumeStableRescueTest-2080144248-project-member] Using url versioning {{(pid=102012) process_request /opt/stack/glance/glance/api/middleware/version_negotiation.py:57}}
Jun 04 16:42:14.338667 np0000002168 devstack@g-api.service[102012]: DEBUG glance.api.middleware.version_negotiation [None req-c228cc57-b278-4e62-ab46-f62c564da5cf tempest-ServerBootFromVolumeStableRescueTest-2080144248 tempest-ServerBootFromVolumeStableRescueTest-2080144248-project-member] Matched version: v2 {{(pid=102012) process_request /opt/stack/glance/glance/api/middleware/version_negotiation.py:69}}
Jun 04 16:42:14.339067 np0000002168 devstack@g-api.service[102012]: DEBUG glance.api.middleware.version_negotiation [None req-c228cc57-b278-4e62-ab46-f62c564da5cf tempest-ServerBootFromVolumeStableRescueTest-2080144248 tempest-ServerBootFromVolumeStableRescueTest-2080144248-project-member] new path /v2/schemas/image {{(pid=102012) process_request /opt/stack/glance/glance/api/middleware/version_negotiation.py:70}}
Jun 04 16:42:14.343535 np0000002168 devstack@g-api.service[102012]: [pid: 102012|app: 0|req: 42/108] 127.0.0.1 () {44 vars in 1055 bytes} [Thu Jun 4 16:42:14 2026] GET /v2/schemas/image => generated 6083 bytes in 5 msecs (HTTP/1.1 200) 4 headers in 158 bytes (1 switches on core 0)
Jun 04 16:42:14.357630 np0000002168 devstack@g-api.service[102010]: DEBUG glance.api.middleware.version_negotiation [None req-7e4c48ec-cf1e-4c85-ba77-b77023f61b3d tempest-TestInstancesWithCinderVolumes-190611055 tempest-TestInstancesWithCinderVolumes-190611055-project-member] Determining version of request: GET /v2/schemas/image Accept: */* {{(pid=102010) process_request /opt/stack/glance/glance/api/middleware/version_negotiation.py:44}}
Jun 04 16:42:14.357765 np0000002168 devstack@g-api.service[102010]: DEBUG glance.api.middleware.version_negotiation [None req-7e4c48ec-cf1e-4c85-ba77-b77023f61b3d tempest-TestInstancesWithCinderVolumes-190611055 tempest-TestInstancesWithCinderVolumes-190611055-project-member] Using url versioning {{(pid=102010) process_request /opt/stack/glance/glance/api/middleware/version_negotiation.py:57}}
Jun 04 16:42:14.357925 np0000002168 devstack@g-api.service[102010]: DEBUG glance.api.middleware.version_negotiation [None req-7e4c48ec-cf1e-4c85-ba77-b77023f61b3d tempest-TestInstancesWithCinderVolumes-190611055 tempest-TestInstancesWithCinderVolumes-190611055-project-member] Matched version: v2 {{(pid=102010) process_request /opt/stack/glance/glance/api/middleware/version_negotiation.py:69}}
Jun 04 16:42:14.358065 np0000002168 devstack@g-api.service[102010]: DEBUG glance.api.middleware.version_negotiation [None req-7e4c48ec-cf1e-4c85-ba77-b77023f61b3d tempest-TestInstancesWithCinderVolumes-190611055 tempest-TestInstancesWithCinderVolumes-190611055-project-member] new path /v2/schemas/image {{(pid=102010) process_request /opt/stack/glance/glance/api/middleware/version_negotiation.py:70}}
Jun 04 16:42:14.360649 np0000002168 devstack@g-api.service[102010]: [pid: 102010|app: 0|req: 37/109] 127.0.0.1 () {44 vars in 1055 bytes} [Thu Jun 4 16:42:14 2026] GET /v2/schemas/image => generated 6083 bytes in 3 msecs (HTTP/1.1 200) 4 headers in 158 bytes (1 switches on core 0)
Jun 04 16:42:14.377699 np0000002168 devstack@g-api.service[102009]: DEBUG glance.api.middleware.version_negotiation [None req-e264347f-42f1-43f9-9dd4-a610387cc46a tempest-TestInstancesWithCinderVolumes-190611055 tempest-TestInstancesWithCinderVolumes-190611055-project-member] Determining version of request: GET /v2/images/2c349cf7-f117-4db5-8d75-0f8411788017 Accept: */* {{(pid=102009) process_request /opt/stack/glance/glance/api/middleware/version_negotiation.py:44}}
Jun 04 16:42:14.377845 np0000002168 devstack@g-api.service[102009]: DEBUG glance.api.middleware.version_negotiation [None req-e264347f-42f1-43f9-9dd4-a610387cc46a tempest-TestInstancesWithCinderVolumes-190611055 tempest-TestInstancesWithCinderVolumes-190611055-project-member] Using url versioning {{(pid=102009) process_request /opt/stack/glance/glance/api/middleware/version_negotiation.py:57}}
Jun 04 16:42:14.378005 np0000002168 devstack@g-api.service[102009]: DEBUG glance.api.middleware.version_negotiation [None req-e264347f-42f1-43f9-9dd4-a610387cc46a tempest-TestInstancesWithCinderVolumes-190611055 tempest-TestInstancesWithCinderVolumes-190611055-project-member] Matched version: v2 {{(pid=102009) process_request /opt/stack/glance/glance/api/middleware/version_negotiation.py:69}}
Jun 04 16:42:14.378134 np0000002168 devstack@g-api.service[102009]: DEBUG glance.api.middleware.version_negotiation [None req-e264347f-42f1-43f9-9dd4-a610387cc46a tempest-TestInstancesWithCinderVolumes-190611055 tempest-TestInstancesWithCinderVolumes-190611055-project-member] new path /v2/images/2c349cf7-f117-4db5-8d75-0f8411788017 {{(pid=102009) process_request /opt/stack/glance/glance/api/middleware/version_negotiation.py:70}}
Jun 04 16:42:14.397834 np0000002168 devstack@g-api.service[102009]: [pid: 102009|app: 0|req: 31/110] 127.0.0.1 () {44 vars in 1115 bytes} [Thu Jun 4 16:42:14 2026] GET /v2/images/2c349cf7-f117-4db5-8d75-0f8411788017 => generated 811 bytes in 20 msecs (HTTP/1.1 200) 4 headers in 157 bytes (1 switches on core 0)
Jun 04 16:42:14.408333 np0000002168 devstack@g-api.service[102012]: DEBUG glance.api.middleware.version_negotiation [None req-e264347f-42f1-43f9-9dd4-a610387cc46a tempest-TestInstancesWithCinderVolumes-190611055 tempest-TestInstancesWithCinderVolumes-190611055-project-member] Determining version of request: GET /v2/schemas/image Accept: */* {{(pid=102012) process_request /opt/stack/glance/glance/api/middleware/version_negotiation.py:44}}
Jun 04 16:42:14.409068 np0000002168 devstack@g-api.service[102012]: DEBUG glance.api.middleware.version_negotiation [None req-e264347f-42f1-43f9-9dd4-a610387cc46a tempest-TestInstancesWithCinderVolumes-190611055 tempest-TestInstancesWithCinderVolumes-190611055-project-member] Using url versioning {{(pid=102012) process_request /opt/stack/glance/glance/api/middleware/version_negotiation.py:57}}
Jun 04 16:42:14.409068 np0000002168 devstack@g-api.service[102012]: DEBUG glance.api.middleware.version_negotiation [None req-e264347f-42f1-43f9-9dd4-a610387cc46a tempest-TestInstancesWithCinderVolumes-190611055 tempest-TestInstancesWithCinderVolumes-190611055-project-member] Matched version: v2 {{(pid=102012) process_request /opt/stack/glance/glance/api/middleware/version_negotiation.py:69}}
Jun 04 16:42:14.410094 np0000002168 devstack@g-api.service[102012]: DEBUG glance.api.middleware.version_negotiation [None req-e264347f-42f1-43f9-9dd4-a610387cc46a tempest-TestInstancesWithCinderVolumes-190611055 tempest-TestInstancesWithCinderVolumes-190611055-project-member] new path /v2/schemas/image {{(pid=102012) process_request /opt/stack/glance/glance/api/middleware/version_negotiation.py:70}}
Jun 04 16:42:14.413261 np0000002168 devstack@g-api.service[102012]: [pid: 102012|app: 0|req: 43/111] 127.0.0.1 () {44 vars in 1055 bytes} [Thu Jun 4 16:42:14 2026] GET /v2/schemas/image => generated 6083 bytes in 5 msecs (HTTP/1.1 200) 4 headers in 158 bytes (1 switches on core 0)
Jun 04 16:42:14.429005 np0000002168 devstack@g-api.service[102010]: DEBUG glance.api.middleware.version_negotiation [None req-e264347f-42f1-43f9-9dd4-a610387cc46a tempest-TestInstancesWithCinderVolumes-190611055 tempest-TestInstancesWithCinderVolumes-190611055-project-member] Determining version of request: GET /v2/schemas/image Accept: */* {{(pid=102010) process_request /opt/stack/glance/glance/api/middleware/version_negotiation.py:44}}
Jun 04 16:42:14.429789 np0000002168 devstack@g-api.service[102010]: DEBUG glance.api.middleware.version_negotiation [None req-e264347f-42f1-43f9-9dd4-a610387cc46a tempest-TestInstancesWithCinderVolumes-190611055 tempest-TestInstancesWithCinderVolumes-190611055-project-member] Using url versioning {{(pid=102010) process_request /opt/stack/glance/glance/api/middleware/version_negotiation.py:57}}
Jun 04 16:42:14.431273 np0000002168 devstack@g-api.service[102010]: DEBUG glance.api.middleware.version_negotiation [None req-e264347f-42f1-43f9-9dd4-a610387cc46a tempest-TestInstancesWithCinderVolumes-190611055 tempest-TestInstancesWithCinderVolumes-190611055-project-member] Matched version: v2 {{(pid=102010) process_request /opt/stack/glance/glance/api/middleware/version_negotiation.py:69}}
Jun 04 16:42:14.431273 np0000002168 devstack@g-api.service[102010]: DEBUG glance.api.middleware.version_negotiation [None req-e264347f-42f1-43f9-9dd4-a610387cc46a tempest-TestInstancesWithCinderVolumes-190611055 tempest-TestInstancesWithCinderVolumes-190611055-project-member] new path /v2/schemas/image {{(pid=102010) process_request /opt/stack/glance/glance/api/middleware/version_negotiation.py:70}}
Jun 04 16:42:14.438368 np0000002168 devstack@g-api.service[102010]: [pid: 102010|app: 0|req: 38/112] 127.0.0.1 () {44 vars in 1055 bytes} [Thu Jun 4 16:42:14 2026] GET /v2/schemas/image => generated 6083 bytes in 8 msecs (HTTP/1.1 200) 4 headers in 158 bytes (1 switches on core 0)
Jun 04 16:42:14.471030 np0000002168 devstack@g-api.service[102009]: DEBUG glance.api.middleware.version_negotiation [None req-e264347f-42f1-43f9-9dd4-a610387cc46a tempest-TestInstancesWithCinderVolumes-190611055 tempest-TestInstancesWithCinderVolumes-190611055-project-member] Determining version of request: GET /v2/images/2c349cf7-f117-4db5-8d75-0f8411788017 Accept: */* {{(pid=102009) process_request /opt/stack/glance/glance/api/middleware/version_negotiation.py:44}}
Jun 04 16:42:14.471229 np0000002168 devstack@g-api.service[102009]: DEBUG glance.api.middleware.version_negotiation [None req-e264347f-42f1-43f9-9dd4-a610387cc46a tempest-TestInstancesWithCinderVolumes-190611055 tempest-TestInstancesWithCinderVolumes-190611055-project-member] Using url versioning {{(pid=102009) process_request /opt/stack/glance/glance/api/middleware/version_negotiation.py:57}}
