Jun 04 16:37:02.587805 np0000002168 nova-scheduler[95695]: DEBUG cotyledon.oslo_config_glue [-] oslo_limit.endpoint_id = None {{(pid=95695) log_opt_values /opt/stack/data/venv/lib/python3.12/site-packages/oslo_config/cfg.py:3256}}
Jun 04 16:37:02.587805 np0000002168 nova-scheduler[95695]: DEBUG cotyledon.oslo_config_glue [-] oslo_limit.endpoint_interface = public {{(pid=95695) log_opt_values /opt/stack/data/venv/lib/python3.12/site-packages/oslo_config/cfg.py:3256}}
Jun 04 16:37:02.587805 np0000002168 nova-scheduler[95695]: DEBUG cotyledon.oslo_config_glue [-] oslo_limit.endpoint_override = None {{(pid=95695) log_opt_values /opt/stack/data/venv/lib/python3.12/site-packages/oslo_config/cfg.py:3256}}
Jun 04 16:37:02.587805 np0000002168 nova-scheduler[95695]: DEBUG cotyledon.oslo_config_glue [-] oslo_limit.endpoint_region_name = None {{(pid=95695) log_opt_values /opt/stack/data/venv/lib/python3.12/site-packages/oslo_config/cfg.py:3256}}
Jun 04 16:37:02.587805 np0000002168 nova-scheduler[95695]: DEBUG cotyledon.oslo_config_glue [-] oslo_limit.endpoint_service_name = None {{(pid=95695) log_opt_values /opt/stack/data/venv/lib/python3.12/site-packages/oslo_config/cfg.py:3256}}
Jun 04 16:37:02.587805 np0000002168 nova-scheduler[95695]: DEBUG cotyledon.oslo_config_glue [-] oslo_limit.endpoint_service_type = None {{(pid=95695) log_opt_values /opt/stack/data/venv/lib/python3.12/site-packages/oslo_config/cfg.py:3256}}
Jun 04 16:37:02.587805 np0000002168 nova-scheduler[95695]: DEBUG cotyledon.oslo_config_glue [-] oslo_limit.insecure = False {{(pid=95695) log_opt_values /opt/stack/data/venv/lib/python3.12/site-packages/oslo_config/cfg.py:3256}}
Jun 04 16:37:02.588119 np0000002168 nova-scheduler[95695]: DEBUG cotyledon.oslo_config_glue [-] oslo_limit.keyfile = None {{(pid=95695) log_opt_values /opt/stack/data/venv/lib/python3.12/site-packages/oslo_config/cfg.py:3256}}
Jun 04 16:37:02.588119 np0000002168 nova-scheduler[95695]: DEBUG cotyledon.oslo_config_glue [-] oslo_limit.max_version = None {{(pid=95695) log_opt_values /opt/stack/data/venv/lib/python3.12/site-packages/oslo_config/cfg.py:3256}}
Jun 04 16:37:02.588119 np0000002168 nova-scheduler[95695]: DEBUG cotyledon.oslo_config_glue [-] oslo_limit.min_version = None {{(pid=95695) log_opt_values /opt/stack/data/venv/lib/python3.12/site-packages/oslo_config/cfg.py:3256}}
Jun 04 16:37:02.588119 np0000002168 nova-scheduler[95695]: DEBUG cotyledon.oslo_config_glue [-] oslo_limit.region_name = None {{(pid=95695) log_opt_values /opt/stack/data/venv/lib/python3.12/site-packages/oslo_config/cfg.py:3256}}
Jun 04 16:37:02.588119 np0000002168 nova-scheduler[95695]: DEBUG cotyledon.oslo_config_glue [-] oslo_limit.retriable_status_codes = None {{(pid=95695) log_opt_values /opt/stack/data/venv/lib/python3.12/site-packages/oslo_config/cfg.py:3256}}
Jun 04 16:37:02.588119 np0000002168 nova-scheduler[95695]: DEBUG cotyledon.oslo_config_glue [-] oslo_limit.service_name = None {{(pid=95695) log_opt_values /opt/stack/data/venv/lib/python3.12/site-packages/oslo_config/cfg.py:3256}}
Jun 04 16:37:02.588119 np0000002168 nova-scheduler[95695]: DEBUG cotyledon.oslo_config_glue [-] oslo_limit.service_type = None {{(pid=95695) log_opt_values /opt/stack/data/venv/lib/python3.12/site-packages/oslo_config/cfg.py:3256}}
Jun 04 16:37:02.588119 np0000002168 nova-scheduler[95695]: DEBUG cotyledon.oslo_config_glue [-] oslo_limit.split_loggers = False {{(pid=95695) log_opt_values /opt/stack/data/venv/lib/python3.12/site-packages/oslo_config/cfg.py:3256}}
Jun 04 16:37:02.588119 np0000002168 nova-scheduler[95695]: DEBUG cotyledon.oslo_config_glue [-] oslo_limit.status_code_retries = None {{(pid=95695) log_opt_values /opt/stack/data/venv/lib/python3.12/site-packages/oslo_config/cfg.py:3256}}
Jun 04 16:37:02.588508 np0000002168 nova-scheduler[95695]: DEBUG cotyledon.oslo_config_glue [-] oslo_limit.status_code_retry_delay = None {{(pid=95695) log_opt_values /opt/stack/data/venv/lib/python3.12/site-packages/oslo_config/cfg.py:3256}}
Jun 04 16:37:02.588508 np0000002168 nova-scheduler[95695]: DEBUG cotyledon.oslo_config_glue [-] oslo_limit.timeout = None {{(pid=95695) log_opt_values /opt/stack/data/venv/lib/python3.12/site-packages/oslo_config/cfg.py:3256}}
Jun 04 16:37:02.588508 np0000002168 nova-scheduler[95695]: DEBUG cotyledon.oslo_config_glue [-] oslo_limit.valid_interfaces = None {{(pid=95695) log_opt_values /opt/stack/data/venv/lib/python3.12/site-packages/oslo_config/cfg.py:3256}}
Jun 04 16:37:02.588508 np0000002168 nova-scheduler[95695]: DEBUG cotyledon.oslo_config_glue [-] oslo_limit.version = None {{(pid=95695) log_opt_values /opt/stack/data/venv/lib/python3.12/site-packages/oslo_config/cfg.py:3256}}
Jun 04 16:37:02.588508 np0000002168 nova-scheduler[95695]: DEBUG cotyledon.oslo_config_glue [-] oslo_reports.file_event_handler = None {{(pid=95695) log_opt_values /opt/stack/data/venv/lib/python3.12/site-packages/oslo_config/cfg.py:3256}}
Jun 04 16:37:02.588508 np0000002168 nova-scheduler[95695]: DEBUG cotyledon.oslo_config_glue [-] oslo_reports.file_event_handler_interval = 1 {{(pid=95695) log_opt_values /opt/stack/data/venv/lib/python3.12/site-packages/oslo_config/cfg.py:3256}}
Jun 04 16:37:02.588508 np0000002168 nova-scheduler[95695]: DEBUG cotyledon.oslo_config_glue [-] oslo_reports.log_dir = None {{(pid=95695) log_opt_values /opt/stack/data/venv/lib/python3.12/site-packages/oslo_config/cfg.py:3256}}
Jun 04 16:37:02.588508 np0000002168 nova-scheduler[95695]: DEBUG cotyledon.oslo_config_glue [-] ******************************************************************************** {{(pid=95695) log_opt_values /opt/stack/data/venv/lib/python3.12/site-packages/oslo_config/cfg.py:3263}}
Jun 04 16:37:02.588508 np0000002168 nova-scheduler[95695]: DEBUG cotyledon._service_worker [-] Run service ServiceWrapper(2) [95695] {{(pid=95695) wait_forever /opt/stack/data/venv/lib/python3.12/site-packages/cotyledon/_service_worker.py:218}}
Jun 04 16:37:02.588824 np0000002168 nova-scheduler[95695]: INFO nova.service [-] Starting scheduler node (version 33.1.0)
Jun 04 16:37:02.588824 np0000002168 nova-scheduler[95695]: INFO dbcounter [None req-5100548c-3d10-48ae-8b15-14a5b2084dd8 None None] Registered counter for database nova_cell0
Jun 04 16:37:02.589781 np0000002168 nova-scheduler[95691]: DEBUG oslo_db.sqlalchemy.engines [None req-812fb182-77f1-466a-ac29-2f10938e37de None None] MySQL server mode set to STRICT_TRANS_TABLES,STRICT_ALL_TABLES,NO_ZERO_IN_DATE,NO_ZERO_DATE,ERROR_FOR_DIVISION_BY_ZERO,TRADITIONAL,NO_ENGINE_SUBSTITUTION {{(pid=95691) _check_effective_sql_mode /opt/stack/data/venv/lib/python3.12/site-packages/oslo_db/sqlalchemy/engines.py:325}}
Jun 04 16:37:02.603376 np0000002168 nova-scheduler[95691]: DEBUG dbcounter [-] [95691] Writer thread running {{(pid=95691) stat_writer /opt/stack/data/venv/lib/python3.12/site-packages/dbcounter.py:102}}
Jun 04 16:37:02.620460 np0000002168 nova-scheduler[95693]: DEBUG oslo_db.sqlalchemy.engines [None req-e8ded376-888f-44e4-b427-b9e2b4405d2d None None] MySQL server mode set to STRICT_TRANS_TABLES,STRICT_ALL_TABLES,NO_ZERO_IN_DATE,NO_ZERO_DATE,ERROR_FOR_DIVISION_BY_ZERO,TRADITIONAL,NO_ENGINE_SUBSTITUTION {{(pid=95693) _check_effective_sql_mode /opt/stack/data/venv/lib/python3.12/site-packages/oslo_db/sqlalchemy/engines.py:325}}
Jun 04 16:37:02.623544 np0000002168 nova-scheduler[95691]: DEBUG nova.service [None req-812fb182-77f1-466a-ac29-2f10938e37de None None] Creating RPC server for service: nova-scheduler on topic: scheduler {{(pid=95691) start /opt/stack/nova/nova/service.py:195}}
Jun 04 16:37:02.624346 np0000002168 nova-scheduler[95695]: DEBUG oslo_db.sqlalchemy.engines [None req-5100548c-3d10-48ae-8b15-14a5b2084dd8 None None] MySQL server mode set to STRICT_TRANS_TABLES,STRICT_ALL_TABLES,NO_ZERO_IN_DATE,NO_ZERO_DATE,ERROR_FOR_DIVISION_BY_ZERO,TRADITIONAL,NO_ENGINE_SUBSTITUTION {{(pid=95695) _check_effective_sql_mode /opt/stack/data/venv/lib/python3.12/site-packages/oslo_db/sqlalchemy/engines.py:325}}
Jun 04 16:37:02.634398 np0000002168 nova-scheduler[95693]: DEBUG dbcounter [-] [95693] Writer thread running {{(pid=95693) stat_writer /opt/stack/data/venv/lib/python3.12/site-packages/dbcounter.py:102}}
Jun 04 16:37:02.634848 np0000002168 nova-scheduler[95695]: DEBUG dbcounter [-] [95695] Writer thread running {{(pid=95695) stat_writer /opt/stack/data/venv/lib/python3.12/site-packages/dbcounter.py:102}}
Jun 04 16:37:02.636835 np0000002168 nova-scheduler[95693]: DEBUG nova.service [None req-e8ded376-888f-44e4-b427-b9e2b4405d2d None None] Creating RPC server for service: nova-scheduler on topic: scheduler {{(pid=95693) start /opt/stack/nova/nova/service.py:195}}
Jun 04 16:37:02.638230 np0000002168 nova-scheduler[95695]: DEBUG nova.service [None req-5100548c-3d10-48ae-8b15-14a5b2084dd8 None None] Creating RPC server for service: nova-scheduler on topic: scheduler {{(pid=95695) start /opt/stack/nova/nova/service.py:195}}
Jun 04 16:37:02.666934 np0000002168 nova-scheduler[95695]: DEBUG nova.service [None req-5100548c-3d10-48ae-8b15-14a5b2084dd8 None None] Join ServiceGroup membership for this service scheduler {{(pid=95695) start /opt/stack/nova/nova/service.py:221}}
Jun 04 16:37:02.667174 np0000002168 nova-scheduler[95691]: DEBUG nova.service [None req-812fb182-77f1-466a-ac29-2f10938e37de None None] Join ServiceGroup membership for this service scheduler {{(pid=95691) start /opt/stack/nova/nova/service.py:221}}
Jun 04 16:37:02.667252 np0000002168 nova-scheduler[95695]: DEBUG nova.servicegroup.drivers.db [None req-5100548c-3d10-48ae-8b15-14a5b2084dd8 None None] DB_Driver: join new ServiceGroup member np0000002168 to the scheduler group, service = {{(pid=95695) join /opt/stack/nova/nova/servicegroup/drivers/db.py:44}}
Jun 04 16:37:02.667445 np0000002168 nova-scheduler[95691]: DEBUG nova.servicegroup.drivers.db [None req-812fb182-77f1-466a-ac29-2f10938e37de None None] DB_Driver: join new ServiceGroup member np0000002168 to the scheduler group, service = {{(pid=95691) join /opt/stack/nova/nova/servicegroup/drivers/db.py:44}}
Jun 04 16:37:02.671312 np0000002168 nova-scheduler[95693]: DEBUG nova.service [None req-e8ded376-888f-44e4-b427-b9e2b4405d2d None None] Join ServiceGroup membership for this service scheduler {{(pid=95693) start /opt/stack/nova/nova/service.py:221}}
Jun 04 16:37:02.671602 np0000002168 nova-scheduler[95693]: DEBUG nova.servicegroup.drivers.db [None req-e8ded376-888f-44e4-b427-b9e2b4405d2d None None] DB_Driver: join new ServiceGroup member np0000002168 to the scheduler group, service = {{(pid=95693) join /opt/stack/nova/nova/servicegroup/drivers/db.py:44}}
Jun 04 16:37:07.688430 np0000002168 nova-scheduler[95691]: DEBUG oslo.service.backend._threading.loopingcall [-] Fixed interval looping call 'nova.servicegroup.drivers.db.DbDriver._report_state' sleeping for 119.98 seconds {{(pid=95691) _run_loop /opt/stack/data/venv/lib/python3.12/site-packages/oslo_service/backend/_threading/loopingcall.py:125}}
Jun 04 16:37:07.691397 np0000002168 nova-scheduler[95695]: DEBUG oslo.service.backend._threading.loopingcall [-] Fixed interval looping call 'nova.servicegroup.drivers.db.DbDriver._report_state' sleeping for 119.99 seconds {{(pid=95695) _run_loop /opt/stack/data/venv/lib/python3.12/site-packages/oslo_service/backend/_threading/loopingcall.py:125}}
Jun 04 16:37:07.693973 np0000002168 nova-scheduler[95693]: DEBUG oslo.service.backend._threading.loopingcall [-] Fixed interval looping call 'nova.servicegroup.drivers.db.DbDriver._report_state' sleeping for 119.98 seconds {{(pid=95693) _run_loop /opt/stack/data/venv/lib/python3.12/site-packages/oslo_service/backend/_threading/loopingcall.py:125}}
Jun 04 16:37:11.190328 np0000002168 nova-scheduler[94500]: DEBUG dbcounter [-] [94500] Writing DB stats nova_api:SELECT=3 {{(pid=94500) stat_writer /opt/stack/data/venv/lib/python3.12/site-packages/dbcounter.py:115}}
Jun 04 16:37:11.323564 np0000002168 nova-scheduler[94500]: DEBUG dbcounter [-] [94500] Writing DB stats nova_cell1:SELECT=1 {{(pid=94500) stat_writer /opt/stack/data/venv/lib/python3.12/site-packages/dbcounter.py:115}}
Jun 04 16:37:11.334858 np0000002168 nova-scheduler[94500]: DEBUG dbcounter [-] [94500] Writing DB stats nova_cell0:SELECT=1 {{(pid=94500) stat_writer /opt/stack/data/venv/lib/python3.12/site-packages/dbcounter.py:115}}
Jun 04 16:37:17.682002 np0000002168 nova-scheduler[95691]: DEBUG dbcounter [-] [95691] Writing DB stats nova_cell0:SELECT=4,nova_cell0:INSERT=1,nova_cell0:UPDATE=1 {{(pid=95691) stat_writer /opt/stack/data/venv/lib/python3.12/site-packages/dbcounter.py:115}}
Jun 04 16:37:17.689879 np0000002168 nova-scheduler[95695]: DEBUG dbcounter [-] [95695] Writing DB stats nova_cell0:SELECT=3,nova_cell0:UPDATE=1 {{(pid=95695) stat_writer /opt/stack/data/venv/lib/python3.12/site-packages/dbcounter.py:115}}
Jun 04 16:37:17.693952 np0000002168 nova-scheduler[95693]: DEBUG dbcounter [-] [95693] Writing DB stats nova_cell0:SELECT=3,nova_cell0:UPDATE=1 {{(pid=95693) stat_writer /opt/stack/data/venv/lib/python3.12/site-packages/dbcounter.py:115}}
Jun 04 16:37:36.671084 np0000002168 nova-scheduler[95691]: DEBUG oslo.service.backend._threading.loopingcall [None req-a2427660-f58d-4d25-86be-cf5b68858351 None None] Dynamic interval looping call 'nova.service.Service.periodic_tasks' sleeping for 60.00 seconds {{(pid=95691) _run_loop /opt/stack/data/venv/lib/python3.12/site-packages/oslo_service/backend/_threading/loopingcall.py:125}}
Jun 04 16:37:42.677854 np0000002168 nova-scheduler[95695]: DEBUG oslo.service.backend._threading.loopingcall [None req-6db0ec63-6201-4471-a9f5-79d07c80f188 None None] Dynamic interval looping call 'nova.service.Service.periodic_tasks' sleeping for 60.00 seconds {{(pid=95695) _run_loop /opt/stack/data/venv/lib/python3.12/site-packages/oslo_service/backend/_threading/loopingcall.py:125}}
Jun 04 16:38:01.677710 np0000002168 nova-scheduler[95693]: DEBUG oslo.service.backend._threading.loopingcall [None req-3c27f9ed-8b4f-4319-a5e3-7bc9cd4cd3dc None None] Dynamic interval looping call 'nova.service.Service.periodic_tasks' sleeping for 60.00 seconds {{(pid=95693) _run_loop /opt/stack/data/venv/lib/python3.12/site-packages/oslo_service/backend/_threading/loopingcall.py:125}}
Jun 04 16:38:36.671576 np0000002168 nova-scheduler[95691]: DEBUG oslo.service.backend._threading.loopingcall [None req-a2427660-f58d-4d25-86be-cf5b68858351 None None] Dynamic interval looping call 'nova.service.Service.periodic_tasks' sleeping for 60.00 seconds {{(pid=95691) _run_loop /opt/stack/data/venv/lib/python3.12/site-packages/oslo_service/backend/_threading/loopingcall.py:125}}
Jun 04 16:38:42.678386 np0000002168 nova-scheduler[95695]: DEBUG oslo.service.backend._threading.loopingcall [None req-6db0ec63-6201-4471-a9f5-79d07c80f188 None None] Dynamic interval looping call 'nova.service.Service.periodic_tasks' sleeping for 60.00 seconds {{(pid=95695) _run_loop /opt/stack/data/venv/lib/python3.12/site-packages/oslo_service/backend/_threading/loopingcall.py:125}}
Jun 04 16:39:01.678201 np0000002168 nova-scheduler[95693]: DEBUG oslo.service.backend._threading.loopingcall [None req-3c27f9ed-8b4f-4319-a5e3-7bc9cd4cd3dc None None] Dynamic interval looping call 'nova.service.Service.periodic_tasks' sleeping for 60.00 seconds {{(pid=95693) _run_loop /opt/stack/data/venv/lib/python3.12/site-packages/oslo_service/backend/_threading/loopingcall.py:125}}
Jun 04 16:39:07.674482 np0000002168 nova-scheduler[95691]: DEBUG oslo.service.backend._threading.loopingcall [-] Fixed interval looping call 'nova.servicegroup.drivers.db.DbDriver._report_state' sleeping for 119.99 seconds {{(pid=95691) _run_loop /opt/stack/data/venv/lib/python3.12/site-packages/oslo_service/backend/_threading/loopingcall.py:125}}
Jun 04 16:39:07.677423 np0000002168 nova-scheduler[95693]: DEBUG oslo.service.backend._threading.loopingcall [-] Fixed interval looping call 'nova.servicegroup.drivers.db.DbDriver._report_state' sleeping for 120.00 seconds {{(pid=95693) _run_loop /opt/stack/data/venv/lib/python3.12/site-packages/oslo_service/backend/_threading/loopingcall.py:125}}
Jun 04 16:39:07.685420 np0000002168 nova-scheduler[95695]: DEBUG oslo.service.backend._threading.loopingcall [-] Fixed interval looping call 'nova.servicegroup.drivers.db.DbDriver._report_state' sleeping for 120.00 seconds {{(pid=95695) _run_loop /opt/stack/data/venv/lib/python3.12/site-packages/oslo_service/backend/_threading/loopingcall.py:125}}
Jun 04 16:39:17.671803 np0000002168 nova-scheduler[95691]: DEBUG dbcounter [-] [95691] Writing DB stats nova_cell0:SELECT=1,nova_cell0:UPDATE=1 {{(pid=95691) stat_writer /opt/stack/data/venv/lib/python3.12/site-packages/dbcounter.py:115}}
Jun 04 16:39:17.675761 np0000002168 nova-scheduler[95693]: DEBUG dbcounter [-] [95693] Writing DB stats nova_cell0:SELECT=1 {{(pid=95693) stat_writer /opt/stack/data/venv/lib/python3.12/site-packages/dbcounter.py:115}}
Jun 04 16:39:17.684135 np0000002168 nova-scheduler[95695]: DEBUG dbcounter [-] [95695] Writing DB stats nova_cell0:SELECT=1 {{(pid=95695) stat_writer /opt/stack/data/venv/lib/python3.12/site-packages/dbcounter.py:115}}
Jun 04 16:39:36.673004 np0000002168 nova-scheduler[95691]: DEBUG oslo.service.backend._threading.loopingcall [None req-a2427660-f58d-4d25-86be-cf5b68858351 None None] Dynamic interval looping call 'nova.service.Service.periodic_tasks' sleeping for 60.00 seconds {{(pid=95691) _run_loop /opt/stack/data/venv/lib/python3.12/site-packages/oslo_service/backend/_threading/loopingcall.py:125}}
Jun 04 16:39:42.679151 np0000002168 nova-scheduler[95695]: DEBUG oslo.service.backend._threading.loopingcall [None req-6db0ec63-6201-4471-a9f5-79d07c80f188 None None] Dynamic interval looping call 'nova.service.Service.periodic_tasks' sleeping for 60.00 seconds {{(pid=95695) _run_loop /opt/stack/data/venv/lib/python3.12/site-packages/oslo_service/backend/_threading/loopingcall.py:125}}
Jun 04 16:39:43.328582 np0000002168 nova-scheduler[95695]: DEBUG nova.scheduler.manager [None req-7a802b4d-6ee8-407d-b84a-952495a9bd3a tempest-DeleteServersTestJSON-591603901 tempest-DeleteServersTestJSON-591603901-project-member] Starting to schedule for instances: ['3471e3cc-3e33-4e55-a60f-fbf5121e3401'] {{(pid=95695) select_destinations /opt/stack/nova/nova/scheduler/manager.py:210}}
Jun 04 16:39:43.332032 np0000002168 nova-scheduler[95695]: DEBUG nova.scheduler.request_filter [None req-7a802b4d-6ee8-407d-b84a-952495a9bd3a tempest-DeleteServersTestJSON-591603901 tempest-DeleteServersTestJSON-591603901-project-member] compute_status_filter request filter added forbidden trait COMPUTE_STATUS_DISABLED {{(pid=95695) compute_status_filter /opt/stack/nova/nova/scheduler/request_filter.py:253}}
Jun 04 16:39:43.332508 np0000002168 nova-scheduler[95695]: DEBUG nova.scheduler.request_filter [None req-7a802b4d-6ee8-407d-b84a-952495a9bd3a tempest-DeleteServersTestJSON-591603901 tempest-DeleteServersTestJSON-591603901-project-member] Request filter 'compute_status_filter' took 0.0 seconds {{(pid=95695) wrapper /opt/stack/nova/nova/scheduler/request_filter.py:46}}
Jun 04 16:39:43.332825 np0000002168 nova-scheduler[95695]: DEBUG nova.scheduler.request_filter [None req-7a802b4d-6ee8-407d-b84a-952495a9bd3a tempest-DeleteServersTestJSON-591603901 tempest-DeleteServersTestJSON-591603901-project-member] Request filter 'accelerators_filter' took 0.0 seconds {{(pid=95695) wrapper /opt/stack/nova/nova/scheduler/request_filter.py:46}}
Jun 04 16:39:43.333090 np0000002168 nova-scheduler[95695]: DEBUG nova.scheduler.request_filter [None req-7a802b4d-6ee8-407d-b84a-952495a9bd3a tempest-DeleteServersTestJSON-591603901 tempest-DeleteServersTestJSON-591603901-project-member] Request filter 'packed_virtqueue_filter' took 0.0 seconds {{(pid=95695) wrapper /opt/stack/nova/nova/scheduler/request_filter.py:46}}
Jun 04 16:39:43.333521 np0000002168 nova-scheduler[95695]: DEBUG nova.scheduler.request_filter [None req-7a802b4d-6ee8-407d-b84a-952495a9bd3a tempest-DeleteServersTestJSON-591603901 tempest-DeleteServersTestJSON-591603901-project-member] Request filter 'remote_managed_ports_filter' took 0.0 seconds {{(pid=95695) wrapper /opt/stack/nova/nova/scheduler/request_filter.py:46}}
Jun 04 16:39:43.333730 np0000002168 nova-scheduler[95695]: DEBUG nova.scheduler.request_filter [None req-7a802b4d-6ee8-407d-b84a-952495a9bd3a tempest-DeleteServersTestJSON-591603901 tempest-DeleteServersTestJSON-591603901-project-member] ephemeral_encryption_filter skipped {{(pid=95695) ephemeral_encryption_filter /opt/stack/nova/nova/scheduler/request_filter.py:426}}
Jun 04 16:39:43.333938 np0000002168 nova-scheduler[95695]: DEBUG nova.scheduler.request_filter [None req-7a802b4d-6ee8-407d-b84a-952495a9bd3a tempest-DeleteServersTestJSON-591603901 tempest-DeleteServersTestJSON-591603901-project-member] virtio_sound_filter skipped {{(pid=95695) virtio_sound_filter /opt/stack/nova/nova/scheduler/request_filter.py:460}}
Jun 04 16:39:43.334248 np0000002168 nova-scheduler[95695]: DEBUG nova.scheduler.request_filter [None req-7a802b4d-6ee8-407d-b84a-952495a9bd3a tempest-DeleteServersTestJSON-591603901 tempest-DeleteServersTestJSON-591603901-project-member] tpm_secret_security_filter skipped {{(pid=95695) tpm_secret_security_filter /opt/stack/nova/nova/scheduler/request_filter.py:477}}
Jun 04 16:39:44.029395 np0000002168 nova-scheduler[95695]: INFO nova.utils [None req-7a802b4d-6ee8-407d-b84a-952495a9bd3a tempest-DeleteServersTestJSON-591603901 tempest-DeleteServersTestJSON-591603901-project-member] The cell worker thread pool ForkProcess-3.cell_worker is initialized
Jun 04 16:39:44.029395 np0000002168 nova-scheduler[95695]: DEBUG oslo_concurrency.lockutils [None req-7a802b4d-6ee8-407d-b84a-952495a9bd3a tempest-DeleteServersTestJSON-591603901 tempest-DeleteServersTestJSON-591603901-project-member] Acquiring lock "6b352a52-51cd-44c8-bb27-2db28c0675c9" by "nova.context.set_target_cell..get_or_set_cached_cell_and_set_connections" {{(pid=95695) inner /opt/stack/data/venv/lib/python3.12/site-packages/oslo_concurrency/lockutils.py:511}}
Jun 04 16:39:44.029395 np0000002168 nova-scheduler[95695]: DEBUG oslo_concurrency.lockutils [None req-7a802b4d-6ee8-407d-b84a-952495a9bd3a tempest-DeleteServersTestJSON-591603901 tempest-DeleteServersTestJSON-591603901-project-member] Lock "6b352a52-51cd-44c8-bb27-2db28c0675c9" acquired by "nova.context.set_target_cell..get_or_set_cached_cell_and_set_connections" :: waited 0.000s {{(pid=95695) inner /opt/stack/data/venv/lib/python3.12/site-packages/oslo_concurrency/lockutils.py:524}}
Jun 04 16:39:44.029395 np0000002168 nova-scheduler[95695]: DEBUG oslo_concurrency.lockutils [None req-7a802b4d-6ee8-407d-b84a-952495a9bd3a tempest-DeleteServersTestJSON-591603901 tempest-DeleteServersTestJSON-591603901-project-member] Lock "6b352a52-51cd-44c8-bb27-2db28c0675c9" "released" by "nova.context.set_target_cell..get_or_set_cached_cell_and_set_connections" :: held 0.001s {{(pid=95695) inner /opt/stack/data/venv/lib/python3.12/site-packages/oslo_concurrency/lockutils.py:543}}
Jun 04 16:39:44.031466 np0000002168 nova-scheduler[95695]: INFO dbcounter [None req-7a802b4d-6ee8-407d-b84a-952495a9bd3a tempest-DeleteServersTestJSON-591603901 tempest-DeleteServersTestJSON-591603901-project-member] Registered counter for database nova_cell1
Jun 04 16:39:44.094845 np0000002168 nova-scheduler[95695]: DEBUG oslo_db.sqlalchemy.engines [None req-7a802b4d-6ee8-407d-b84a-952495a9bd3a tempest-DeleteServersTestJSON-591603901 tempest-DeleteServersTestJSON-591603901-project-member] MySQL server mode set to STRICT_TRANS_TABLES,STRICT_ALL_TABLES,NO_ZERO_IN_DATE,NO_ZERO_DATE,ERROR_FOR_DIVISION_BY_ZERO,TRADITIONAL,NO_ENGINE_SUBSTITUTION {{(pid=95695) _check_effective_sql_mode /opt/stack/data/venv/lib/python3.12/site-packages/oslo_db/sqlalchemy/engines.py:325}}
Jun 04 16:39:44.103862 np0000002168 nova-scheduler[95695]: DEBUG dbcounter [-] [95695] Writer thread running {{(pid=95695) stat_writer /opt/stack/data/venv/lib/python3.12/site-packages/dbcounter.py:102}}
Jun 04 16:39:44.118591 np0000002168 nova-scheduler[95695]: DEBUG oslo_db.sqlalchemy.engines [None req-7a802b4d-6ee8-407d-b84a-952495a9bd3a tempest-DeleteServersTestJSON-591603901 tempest-DeleteServersTestJSON-591603901-project-member] Parent process 94500 forked (95695) with an open database connection, which is being discarded and recreated. {{(pid=95695) checkout /opt/stack/data/venv/lib/python3.12/site-packages/oslo_db/sqlalchemy/engines.py:402}}
Jun 04 16:39:44.167216 np0000002168 nova-scheduler[95695]: DEBUG dbcounter [-] [95695] Writer thread running {{(pid=95695) stat_writer /opt/stack/data/venv/lib/python3.12/site-packages/dbcounter.py:102}}
Jun 04 16:39:44.170311 np0000002168 nova-scheduler[95695]: DEBUG oslo_concurrency.lockutils [None req-7a802b4d-6ee8-407d-b84a-952495a9bd3a tempest-DeleteServersTestJSON-591603901 tempest-DeleteServersTestJSON-591603901-project-member] Acquiring lock "6b352a52-51cd-44c8-bb27-2db28c0675c9" by "nova.context.set_target_cell..get_or_set_cached_cell_and_set_connections" {{(pid=95695) inner /opt/stack/data/venv/lib/python3.12/site-packages/oslo_concurrency/lockutils.py:511}}
Jun 04 16:39:44.170564 np0000002168 nova-scheduler[95695]: DEBUG oslo_concurrency.lockutils [None req-7a802b4d-6ee8-407d-b84a-952495a9bd3a tempest-DeleteServersTestJSON-591603901 tempest-DeleteServersTestJSON-591603901-project-member] Lock "6b352a52-51cd-44c8-bb27-2db28c0675c9" acquired by "nova.context.set_target_cell..get_or_set_cached_cell_and_set_connections" :: waited 0.000s {{(pid=95695) inner /opt/stack/data/venv/lib/python3.12/site-packages/oslo_concurrency/lockutils.py:524}}
Jun 04 16:39:44.170736 np0000002168 nova-scheduler[95695]: DEBUG oslo_concurrency.lockutils [None req-7a802b4d-6ee8-407d-b84a-952495a9bd3a tempest-DeleteServersTestJSON-591603901 tempest-DeleteServersTestJSON-591603901-project-member] Lock "6b352a52-51cd-44c8-bb27-2db28c0675c9" "released" by "nova.context.set_target_cell..get_or_set_cached_cell_and_set_connections" :: held 0.000s {{(pid=95695) inner /opt/stack/data/venv/lib/python3.12/site-packages/oslo_concurrency/lockutils.py:543}}
Jun 04 16:39:44.176589 np0000002168 nova-scheduler[95695]: DEBUG oslo_concurrency.lockutils [None req-7a802b4d-6ee8-407d-b84a-952495a9bd3a tempest-DeleteServersTestJSON-591603901 tempest-DeleteServersTestJSON-591603901-project-member] Acquiring lock "('np0000002168', 'np0000002168')" by "nova.scheduler.host_manager.HostState.update.._locked_update" {{(pid=95695) inner /opt/stack/data/venv/lib/python3.12/site-packages/oslo_concurrency/lockutils.py:511}}
Jun 04 16:39:44.176842 np0000002168 nova-scheduler[95695]: DEBUG oslo_concurrency.lockutils [None req-7a802b4d-6ee8-407d-b84a-952495a9bd3a tempest-DeleteServersTestJSON-591603901 tempest-DeleteServersTestJSON-591603901-project-member] Lock "('np0000002168', 'np0000002168')" acquired by "nova.scheduler.host_manager.HostState.update.._locked_update" :: waited 0.000s {{(pid=95695) inner /opt/stack/data/venv/lib/python3.12/site-packages/oslo_concurrency/lockutils.py:524}}
Jun 04 16:39:44.178123 np0000002168 nova-scheduler[95695]: DEBUG nova.scheduler.host_manager [None req-7a802b4d-6ee8-407d-b84a-952495a9bd3a tempest-DeleteServersTestJSON-591603901 tempest-DeleteServersTestJSON-591603901-project-member] Update host state from compute node: ComputeNode(cpu_allocation_ratio=4.0,cpu_info='{"arch": "x86_64", "model": "EPYC-Milan", "vendor": "AMD", "topology": {"cells": 1, "sockets": 12, "cores": 1, "threads": 1}, "maxphysaddr": {"mode": "emulate", "bits": 40}, "features": ["fma", "x2apic", "osvw", "adx", "flushbyasid", "v-vmsave-vmload", "rdtscp", "f16c", "clflush", "xsaveopt", "lahf_lm", "virt-ssbd", "ssbd", "clwb", "aes", "wbnoinvd", "rdctl-no", "pse", "nx", "fsgsbase", "ibrs", "lm", "perfctr_core", "amd-stibp", "gds-no", "mmxext", "avx", "pfthreshold", "vmcb-clean", "popcnt", "sse2", "sse4.1", "sep", "vaes", "mmx", "xsaveerptr", "pge", "amd-ssbd", "stibp", "xsaves", "3dnowprefetch", "xsave", "tsc_adjust", "pdpe1gb", "pku", "sse4.2", "amd-psfd", "syscall", "cx16", "spec-ctrl", "cmov", "pse36", "mce", "sse", "smep", "pni", "tsc-scale", "clzero", "lbrv", "rdpid", "mtrr", "ibpb", "hypervisor", "umip", "cr8legacy", "invpcid", "avx2", "pcid", "xgetbv1", "nrip-save", "pschange-mc-no", "bmi2", "rdseed", "fxsr_opt", "mca", "pause-filter", "arat", "pclmuldq", "fpu", "abm", "sse4a", "svme-addr-chk", "npt", "stibp-always-on", "fsrm", "msr", "erms", "mds-no", "de", "cmp_legacy", "vpclmulqdq", "apic", "cx8", "movbe", "clflushopt", "arch-capabilities", "smap", "pae", "skip-l1dfl-vmentry", "misalignsse", "no-nested-data-bp", "rdrand", "topoext", "pat", "tsc", "ssse3", "null-sel-clr-base", "sha-ni", "fxsr", "xsavec", "tsc-deadline", "svm", "bmi1", "vme", "vgif", "lfence-always-serializing"]}',created_at=2026-06-04T16:37:27Z,current_workload=0,deleted=False,deleted_at=None,disk_allocation_ratio=1.0,disk_available_least=74,free_disk_gb=95,free_ram_mb=23518,host='np0000002168',host_ip=10.4.3.240,hypervisor_hostname='np0000002168',hypervisor_type='QEMU',hypervisor_version=8002002,id=1,local_gb=95,local_gb_used=0,mapped=1,memory_mb=24030,memory_mb_used=512,metrics='[]',numa_topology='{"nova_object.name": "NUMATopology", "nova_object.namespace": "nova", "nova_object.version": "1.2", "nova_object.data": {"cells": [{"nova_object.name": "NUMACell", "nova_object.namespace": "nova", "nova_object.version": "1.5", "nova_object.data": {"id": 0, "cpuset": [0, 1, 2, 3, 4, 5, 6, 7, 8, 9, 10, 11], "pcpuset": [0, 1, 2, 3, 4, 5, 6, 7, 8, 9, 10, 11], "memory": 24030, "cpu_usage": 0, "memory_usage": 0, "pinned_cpus": [], "siblings": [[6], [2], [5], [11], [8], [4], [1], [7], [10], [0], [3], [9]], "mempages": [{"nova_object.name": "NUMAPagesTopology", "nova_object.namespace": "nova", "nova_object.version": "1.1", "nova_object.data": {"size_kb": 4, "total": 6151797, "used": 0, "reserved": 0}, "nova_object.changes": ["reserved", "size_kb", "used", "total"]}, {"nova_object.name": "NUMAPagesTopology", "nova_object.namespace": "nova", "nova_object.version": "1.1", "nova_object.data": {"size_kb": 2048, "total": 0, "used": 0, "reserved": 0}, "nova_object.changes": ["reserved", "size_kb", "used", "total"]}, {"nova_object.name": "NUMAPagesTopology", "nova_object.namespace": "nova", "nova_object.version": "1.1", "nova_object.data": {"size_kb": 1048576, "total": 0, "used": 0, "reserved": 0}, "nova_object.changes": ["reserved", "size_kb", "used", "total"]}], "network_metadata": {"nova_object.name": "NetworkMetadata", "nova_object.namespace": "nova", "nova_object.version": "1.0", "nova_object.data": {"physnets": [], "tunneled": false}, "nova_object.changes": ["physnets", "tunneled"]}, "socket": null}, "nova_object.changes": ["memory_usage", "network_metadata", "pcpuset", "mempages", "socket", "siblings", "memory", "id", "pinned_cpus", "cpuset", "cpu_usage"]}]}, "nova_object.changes": ["cells"]}',pci_device_pools=PciDevicePoolList,ram_allocation_ratio=1.0,running_vms=0,service_id=2,stats={failed_builds='0',uptime=' 16:39:13 up 27 min, 2 users, load average: 1.40, 1.36, 0.82
Jun 04 16:39:44.178123 np0000002168 nova-scheduler[95695]: '},supported_hv_specs=[HVSpec,HVSpec,HVSpec,HVSpec,HVSpec,HVSpec,HVSpec,HVSpec,HVSpec,HVSpec,HVSpec,HVSpec,HVSpec,HVSpec,HVSpec,HVSpec,HVSpec,HVSpec,HVSpec,HVSpec,HVSpec,HVSpec,HVSpec,HVSpec,HVSpec],updated_at=2026-06-04T16:39:15Z,uuid=3b12f3aa-7151-47a4-8968-817366e20991,vcpus=12,vcpus_used=0) {{(pid=95695) _locked_update /opt/stack/nova/nova/scheduler/host_manager.py:168}}
Jun 04 16:39:44.178889 np0000002168 nova-scheduler[95695]: DEBUG nova.scheduler.host_manager [None req-7a802b4d-6ee8-407d-b84a-952495a9bd3a tempest-DeleteServersTestJSON-591603901 tempest-DeleteServersTestJSON-591603901-project-member] Update host state with aggregates: [] {{(pid=95695) _locked_update /opt/stack/nova/nova/scheduler/host_manager.py:171}}
Jun 04 16:39:44.179014 np0000002168 nova-scheduler[95695]: DEBUG nova.scheduler.host_manager [None req-7a802b4d-6ee8-407d-b84a-952495a9bd3a tempest-DeleteServersTestJSON-591603901 tempest-DeleteServersTestJSON-591603901-project-member] Update host state with service dict: {'id': 2, 'uuid': '4f6a7706-98f2-4b88-a95a-8c5a9d78cd8b', 'host': 'np0000002168', 'binary': 'nova-compute', 'topic': 'compute', 'report_count': 2, 'disabled': False, 'disabled_reason': None, 'last_seen_up': datetime.datetime(2026, 6, 4, 16, 39, 36, tzinfo=datetime.timezone.utc), 'forced_down': False, 'version': 72, 'created_at': datetime.datetime(2026, 6, 4, 16, 37, 26, tzinfo=datetime.timezone.utc), 'updated_at': datetime.datetime(2026, 6, 4, 16, 39, 36, tzinfo=datetime.timezone.utc), 'deleted_at': None, 'deleted': False} {{(pid=95695) _locked_update /opt/stack/nova/nova/scheduler/host_manager.py:174}}
Jun 04 16:39:44.179129 np0000002168 nova-scheduler[95695]: DEBUG nova.scheduler.host_manager [None req-7a802b4d-6ee8-407d-b84a-952495a9bd3a tempest-DeleteServersTestJSON-591603901 tempest-DeleteServersTestJSON-591603901-project-member] Update host state with instances: [] {{(pid=95695) _locked_update /opt/stack/nova/nova/scheduler/host_manager.py:177}}
Jun 04 16:39:44.179235 np0000002168 nova-scheduler[95695]: DEBUG oslo_concurrency.lockutils [None req-7a802b4d-6ee8-407d-b84a-952495a9bd3a tempest-DeleteServersTestJSON-591603901 tempest-DeleteServersTestJSON-591603901-project-member] Lock "('np0000002168', 'np0000002168')" "released" by "nova.scheduler.host_manager.HostState.update.._locked_update" :: held 0.003s {{(pid=95695) inner /opt/stack/data/venv/lib/python3.12/site-packages/oslo_concurrency/lockutils.py:543}}
Jun 04 16:39:44.179970 np0000002168 nova-scheduler[95695]: DEBUG nova.filters [None req-7a802b4d-6ee8-407d-b84a-952495a9bd3a tempest-DeleteServersTestJSON-591603901 tempest-DeleteServersTestJSON-591603901-project-member] Starting with 1 host(s) {{(pid=95695) get_filtered_objects /opt/stack/nova/nova/filters.py:70}}
Jun 04 16:39:44.180159 np0000002168 nova-scheduler[95695]: DEBUG nova.filters [None req-7a802b4d-6ee8-407d-b84a-952495a9bd3a tempest-DeleteServersTestJSON-591603901 tempest-DeleteServersTestJSON-591603901-project-member] Filter ComputeFilter returned 1 host(s) {{(pid=95695) get_filtered_objects /opt/stack/nova/nova/filters.py:102}}
Jun 04 16:39:44.180521 np0000002168 nova-scheduler[95695]: DEBUG nova.filters [None req-7a802b4d-6ee8-407d-b84a-952495a9bd3a tempest-DeleteServersTestJSON-591603901 tempest-DeleteServersTestJSON-591603901-project-member] Filter ComputeCapabilitiesFilter returned 1 host(s) {{(pid=95695) get_filtered_objects /opt/stack/nova/nova/filters.py:102}}
Jun 04 16:39:44.180521 np0000002168 nova-scheduler[95695]: DEBUG nova.filters [None req-7a802b4d-6ee8-407d-b84a-952495a9bd3a tempest-DeleteServersTestJSON-591603901 tempest-DeleteServersTestJSON-591603901-project-member] Filter ImagePropertiesFilter returned 1 host(s) {{(pid=95695) get_filtered_objects /opt/stack/nova/nova/filters.py:102}}
Jun 04 16:39:44.180650 np0000002168 nova-scheduler[95695]: DEBUG nova.filters [None req-7a802b4d-6ee8-407d-b84a-952495a9bd3a tempest-DeleteServersTestJSON-591603901 tempest-DeleteServersTestJSON-591603901-project-member] Filter ServerGroupAntiAffinityFilter returned 1 host(s) {{(pid=95695) get_filtered_objects /opt/stack/nova/nova/filters.py:102}}
Jun 04 16:39:44.180841 np0000002168 nova-scheduler[95695]: DEBUG nova.filters [None req-7a802b4d-6ee8-407d-b84a-952495a9bd3a tempest-DeleteServersTestJSON-591603901 tempest-DeleteServersTestJSON-591603901-project-member] Filter ServerGroupAffinityFilter returned 1 host(s) {{(pid=95695) get_filtered_objects /opt/stack/nova/nova/filters.py:102}}
Jun 04 16:39:44.180841 np0000002168 nova-scheduler[95695]: DEBUG nova.filters [None req-7a802b4d-6ee8-407d-b84a-952495a9bd3a tempest-DeleteServersTestJSON-591603901 tempest-DeleteServersTestJSON-591603901-project-member] Filter SameHostFilter returned 1 host(s) {{(pid=95695) get_filtered_objects /opt/stack/nova/nova/filters.py:102}}
Jun 04 16:39:44.180925 np0000002168 nova-scheduler[95695]: DEBUG nova.filters [None req-7a802b4d-6ee8-407d-b84a-952495a9bd3a tempest-DeleteServersTestJSON-591603901 tempest-DeleteServersTestJSON-591603901-project-member] Filter DifferentHostFilter returned 1 host(s) {{(pid=95695) get_filtered_objects /opt/stack/nova/nova/filters.py:102}}
Jun 04 16:39:44.181040 np0000002168 nova-scheduler[95695]: DEBUG nova.scheduler.manager [None req-7a802b4d-6ee8-407d-b84a-952495a9bd3a tempest-DeleteServersTestJSON-591603901 tempest-DeleteServersTestJSON-591603901-project-member] Filtered [(np0000002168, np0000002168) ram: 23518MB disk: 75776MB io_ops: 0 instances: 0, allocation_candidates: 1] {{(pid=95695) _get_sorted_hosts /opt/stack/nova/nova/scheduler/manager.py:743}}
Jun 04 16:39:44.181220 np0000002168 nova-scheduler[95695]: DEBUG nova.scheduler.manager [None req-7a802b4d-6ee8-407d-b84a-952495a9bd3a tempest-DeleteServersTestJSON-591603901 tempest-DeleteServersTestJSON-591603901-project-member] Weighed [WeighedHost [host: (np0000002168, np0000002168) ram: 23518MB disk: 75776MB io_ops: 0 instances: 0, allocation_candidates: 1, weight: 0.0]] {{(pid=95695) _get_sorted_hosts /opt/stack/nova/nova/scheduler/manager.py:765}}
Jun 04 16:39:44.181649 np0000002168 nova-scheduler[95695]: DEBUG nova.scheduler.utils [None req-7a802b4d-6ee8-407d-b84a-952495a9bd3a tempest-DeleteServersTestJSON-591603901 tempest-DeleteServersTestJSON-591603901-project-member] Attempting to claim resources in the placement API for instance 3471e3cc-3e33-4e55-a60f-fbf5121e3401 {{(pid=95695) claim_resources /opt/stack/nova/nova/scheduler/utils.py:1345}}
Jun 04 16:39:44.355270 np0000002168 nova-scheduler[95695]: DEBUG nova.scheduler.manager [None req-7a802b4d-6ee8-407d-b84a-952495a9bd3a tempest-DeleteServersTestJSON-591603901 tempest-DeleteServersTestJSON-591603901-project-member] [instance: 3471e3cc-3e33-4e55-a60f-fbf5121e3401] Selected host: (np0000002168, np0000002168) ram: 23518MB disk: 75776MB io_ops: 0 instances: 0, allocation_candidates: 1 {{(pid=95695) _consume_selected_host /opt/stack/nova/nova/scheduler/manager.py:625}}
Jun 04 16:39:44.355562 np0000002168 nova-scheduler[95695]: DEBUG oslo_concurrency.lockutils [None req-7a802b4d-6ee8-407d-b84a-952495a9bd3a tempest-DeleteServersTestJSON-591603901 tempest-DeleteServersTestJSON-591603901-project-member] Acquiring lock "('np0000002168', 'np0000002168')" by "nova.scheduler.host_manager.HostState.consume_from_request.._locked" {{(pid=95695) inner /opt/stack/data/venv/lib/python3.12/site-packages/oslo_concurrency/lockutils.py:511}}
Jun 04 16:39:44.355714 np0000002168 nova-scheduler[95695]: DEBUG oslo_concurrency.lockutils [None req-7a802b4d-6ee8-407d-b84a-952495a9bd3a tempest-DeleteServersTestJSON-591603901 tempest-DeleteServersTestJSON-591603901-project-member] Lock "('np0000002168', 'np0000002168')" acquired by "nova.scheduler.host_manager.HostState.consume_from_request.._locked" :: waited 0.000s {{(pid=95695) inner /opt/stack/data/venv/lib/python3.12/site-packages/oslo_concurrency/lockutils.py:524}}
Jun 04 16:39:44.355883 np0000002168 nova-scheduler[95695]: DEBUG oslo_concurrency.lockutils [None req-7a802b4d-6ee8-407d-b84a-952495a9bd3a tempest-DeleteServersTestJSON-591603901 tempest-DeleteServersTestJSON-591603901-project-member] Lock "('np0000002168', 'np0000002168')" "released" by "nova.scheduler.host_manager.HostState.consume_from_request.._locked" :: held 0.000s {{(pid=95695) inner /opt/stack/data/venv/lib/python3.12/site-packages/oslo_concurrency/lockutils.py:543}}
Jun 04 16:39:47.236010 np0000002168 nova-scheduler[95691]: DEBUG nova.scheduler.manager [None req-d93a681d-d25b-4836-b3cc-8b5b2637ac95 tempest-ServerActionsTestOtherB-1273334052 tempest-ServerActionsTestOtherB-1273334052-project-member] Starting to schedule for instances: ['f4a8d35c-1432-4c01-8152-9b96377aea76'] {{(pid=95691) select_destinations /opt/stack/nova/nova/scheduler/manager.py:210}}
Jun 04 16:39:47.239148 np0000002168 nova-scheduler[95691]: DEBUG nova.scheduler.request_filter [None req-d93a681d-d25b-4836-b3cc-8b5b2637ac95 tempest-ServerActionsTestOtherB-1273334052 tempest-ServerActionsTestOtherB-1273334052-project-member] compute_status_filter request filter added forbidden trait COMPUTE_STATUS_DISABLED {{(pid=95691) compute_status_filter /opt/stack/nova/nova/scheduler/request_filter.py:253}}
Jun 04 16:39:47.239327 np0000002168 nova-scheduler[95691]: DEBUG nova.scheduler.request_filter [None req-d93a681d-d25b-4836-b3cc-8b5b2637ac95 tempest-ServerActionsTestOtherB-1273334052 tempest-ServerActionsTestOtherB-1273334052-project-member] Request filter 'compute_status_filter' took 0.0 seconds {{(pid=95691) wrapper /opt/stack/nova/nova/scheduler/request_filter.py:46}}
Jun 04 16:39:47.239637 np0000002168 nova-scheduler[95691]: DEBUG nova.scheduler.request_filter [None req-d93a681d-d25b-4836-b3cc-8b5b2637ac95 tempest-ServerActionsTestOtherB-1273334052 tempest-ServerActionsTestOtherB-1273334052-project-member] Request filter 'accelerators_filter' took 0.0 seconds {{(pid=95691) wrapper /opt/stack/nova/nova/scheduler/request_filter.py:46}}
Jun 04 16:39:47.239992 np0000002168 nova-scheduler[95691]: DEBUG nova.scheduler.request_filter [None req-d93a681d-d25b-4836-b3cc-8b5b2637ac95 tempest-ServerActionsTestOtherB-1273334052 tempest-ServerActionsTestOtherB-1273334052-project-member] Request filter 'packed_virtqueue_filter' took 0.0 seconds {{(pid=95691) wrapper /opt/stack/nova/nova/scheduler/request_filter.py:46}}
Jun 04 16:39:47.240342 np0000002168 nova-scheduler[95691]: DEBUG nova.scheduler.request_filter [None req-d93a681d-d25b-4836-b3cc-8b5b2637ac95 tempest-ServerActionsTestOtherB-1273334052 tempest-ServerActionsTestOtherB-1273334052-project-member] Request filter 'remote_managed_ports_filter' took 0.0 seconds {{(pid=95691) wrapper /opt/stack/nova/nova/scheduler/request_filter.py:46}}
Jun 04 16:39:47.240527 np0000002168 nova-scheduler[95691]: DEBUG nova.scheduler.request_filter [None req-d93a681d-d25b-4836-b3cc-8b5b2637ac95 tempest-ServerActionsTestOtherB-1273334052 tempest-ServerActionsTestOtherB-1273334052-project-member] ephemeral_encryption_filter skipped {{(pid=95691) ephemeral_encryption_filter /opt/stack/nova/nova/scheduler/request_filter.py:426}}
Jun 04 16:39:47.240692 np0000002168 nova-scheduler[95691]: DEBUG nova.scheduler.request_filter [None req-d93a681d-d25b-4836-b3cc-8b5b2637ac95 tempest-ServerActionsTestOtherB-1273334052 tempest-ServerActionsTestOtherB-1273334052-project-member] virtio_sound_filter skipped {{(pid=95691) virtio_sound_filter /opt/stack/nova/nova/scheduler/request_filter.py:460}}
Jun 04 16:39:47.241073 np0000002168 nova-scheduler[95691]: DEBUG nova.scheduler.request_filter [None req-d93a681d-d25b-4836-b3cc-8b5b2637ac95 tempest-ServerActionsTestOtherB-1273334052 tempest-ServerActionsTestOtherB-1273334052-project-member] tpm_secret_security_filter skipped {{(pid=95691) tpm_secret_security_filter /opt/stack/nova/nova/scheduler/request_filter.py:477}}
Jun 04 16:39:47.375067 np0000002168 nova-scheduler[95691]: INFO nova.utils [None req-d93a681d-d25b-4836-b3cc-8b5b2637ac95 tempest-ServerActionsTestOtherB-1273334052 tempest-ServerActionsTestOtherB-1273334052-project-member] The cell worker thread pool ForkProcess-1.cell_worker is initialized
Jun 04 16:39:47.375067 np0000002168 nova-scheduler[95691]: DEBUG oslo_concurrency.lockutils [None req-d93a681d-d25b-4836-b3cc-8b5b2637ac95 tempest-ServerActionsTestOtherB-1273334052 tempest-ServerActionsTestOtherB-1273334052-project-member] Acquiring lock "6b352a52-51cd-44c8-bb27-2db28c0675c9" by "nova.context.set_target_cell..get_or_set_cached_cell_and_set_connections" {{(pid=95691) inner /opt/stack/data/venv/lib/python3.12/site-packages/oslo_concurrency/lockutils.py:511}}
Jun 04 16:39:47.375463 np0000002168 nova-scheduler[95691]: DEBUG oslo_concurrency.lockutils [None req-d93a681d-d25b-4836-b3cc-8b5b2637ac95 tempest-ServerActionsTestOtherB-1273334052 tempest-ServerActionsTestOtherB-1273334052-project-member] Lock "6b352a52-51cd-44c8-bb27-2db28c0675c9" acquired by "nova.context.set_target_cell..get_or_set_cached_cell_and_set_connections" :: waited 0.000s {{(pid=95691) inner /opt/stack/data/venv/lib/python3.12/site-packages/oslo_concurrency/lockutils.py:524}}
Jun 04 16:39:47.377418 np0000002168 nova-scheduler[95691]: DEBUG oslo_concurrency.lockutils [None req-d93a681d-d25b-4836-b3cc-8b5b2637ac95 tempest-ServerActionsTestOtherB-1273334052 tempest-ServerActionsTestOtherB-1273334052-project-member] Lock "6b352a52-51cd-44c8-bb27-2db28c0675c9" "released" by "nova.context.set_target_cell..get_or_set_cached_cell_and_set_connections" :: held 0.002s {{(pid=95691) inner /opt/stack/data/venv/lib/python3.12/site-packages/oslo_concurrency/lockutils.py:543}}
Jun 04 16:39:47.380395 np0000002168 nova-scheduler[95691]: INFO dbcounter [None req-d93a681d-d25b-4836-b3cc-8b5b2637ac95 tempest-ServerActionsTestOtherB-1273334052 tempest-ServerActionsTestOtherB-1273334052-project-member] Registered counter for database nova_cell1
Jun 04 16:39:47.430371 np0000002168 nova-scheduler[95691]: DEBUG oslo_db.sqlalchemy.engines [None req-d93a681d-d25b-4836-b3cc-8b5b2637ac95 tempest-ServerActionsTestOtherB-1273334052 tempest-ServerActionsTestOtherB-1273334052-project-member] MySQL server mode set to STRICT_TRANS_TABLES,STRICT_ALL_TABLES,NO_ZERO_IN_DATE,NO_ZERO_DATE,ERROR_FOR_DIVISION_BY_ZERO,TRADITIONAL,NO_ENGINE_SUBSTITUTION {{(pid=95691) _check_effective_sql_mode /opt/stack/data/venv/lib/python3.12/site-packages/oslo_db/sqlalchemy/engines.py:325}}
Jun 04 16:39:47.437601 np0000002168 nova-scheduler[95691]: DEBUG dbcounter [-] [95691] Writer thread running {{(pid=95691) stat_writer /opt/stack/data/venv/lib/python3.12/site-packages/dbcounter.py:102}}
Jun 04 16:39:47.513553 np0000002168 nova-scheduler[95691]: DEBUG dbcounter [-] [95691] Writer thread running {{(pid=95691) stat_writer /opt/stack/data/venv/lib/python3.12/site-packages/dbcounter.py:102}}
Jun 04 16:39:47.518155 np0000002168 nova-scheduler[95691]: DEBUG oslo_concurrency.lockutils [None req-d93a681d-d25b-4836-b3cc-8b5b2637ac95 tempest-ServerActionsTestOtherB-1273334052 tempest-ServerActionsTestOtherB-1273334052-project-member] Acquiring lock "6b352a52-51cd-44c8-bb27-2db28c0675c9" by "nova.context.set_target_cell..get_or_set_cached_cell_and_set_connections" {{(pid=95691) inner /opt/stack/data/venv/lib/python3.12/site-packages/oslo_concurrency/lockutils.py:511}}
Jun 04 16:39:47.518155 np0000002168 nova-scheduler[95691]: DEBUG oslo_concurrency.lockutils [None req-d93a681d-d25b-4836-b3cc-8b5b2637ac95 tempest-ServerActionsTestOtherB-1273334052 tempest-ServerActionsTestOtherB-1273334052-project-member] Lock "6b352a52-51cd-44c8-bb27-2db28c0675c9" acquired by "nova.context.set_target_cell..get_or_set_cached_cell_and_set_connections" :: waited 0.000s {{(pid=95691) inner /opt/stack/data/venv/lib/python3.12/site-packages/oslo_concurrency/lockutils.py:524}}
Jun 04 16:39:47.518155 np0000002168 nova-scheduler[95691]: DEBUG oslo_concurrency.lockutils [None req-d93a681d-d25b-4836-b3cc-8b5b2637ac95 tempest-ServerActionsTestOtherB-1273334052 tempest-ServerActionsTestOtherB-1273334052-project-member] Lock "6b352a52-51cd-44c8-bb27-2db28c0675c9" "released" by "nova.context.set_target_cell..get_or_set_cached_cell_and_set_connections" :: held 0.000s {{(pid=95691) inner /opt/stack/data/venv/lib/python3.12/site-packages/oslo_concurrency/lockutils.py:543}}
Jun 04 16:39:47.523057 np0000002168 nova-scheduler[95691]: DEBUG oslo_concurrency.lockutils [None req-d93a681d-d25b-4836-b3cc-8b5b2637ac95 tempest-ServerActionsTestOtherB-1273334052 tempest-ServerActionsTestOtherB-1273334052-project-member] Acquiring lock "('np0000002168', 'np0000002168')" by "nova.scheduler.host_manager.HostState.update.._locked_update" {{(pid=95691) inner /opt/stack/data/venv/lib/python3.12/site-packages/oslo_concurrency/lockutils.py:511}}
Jun 04 16:39:47.523257 np0000002168 nova-scheduler[95691]: DEBUG oslo_concurrency.lockutils [None req-d93a681d-d25b-4836-b3cc-8b5b2637ac95 tempest-ServerActionsTestOtherB-1273334052 tempest-ServerActionsTestOtherB-1273334052-project-member] Lock "('np0000002168', 'np0000002168')" acquired by "nova.scheduler.host_manager.HostState.update.._locked_update" :: waited 0.000s {{(pid=95691) inner /opt/stack/data/venv/lib/python3.12/site-packages/oslo_concurrency/lockutils.py:524}}
