Jun 03 07:17:26.029749 np0000002024 nova-scheduler[95816]: DEBUG cotyledon.oslo_config_glue [-] oslo_limit.endpoint_id = None {{(pid=95816) log_opt_values /opt/stack/data/venv/lib/python3.12/site-packages/oslo_config/cfg.py:3256}}
Jun 03 07:17:26.029805 np0000002024 nova-scheduler[95816]: DEBUG cotyledon.oslo_config_glue [-] oslo_limit.endpoint_interface = public {{(pid=95816) log_opt_values /opt/stack/data/venv/lib/python3.12/site-packages/oslo_config/cfg.py:3256}}
Jun 03 07:17:26.029870 np0000002024 nova-scheduler[95816]: DEBUG cotyledon.oslo_config_glue [-] oslo_limit.endpoint_override = None {{(pid=95816) log_opt_values /opt/stack/data/venv/lib/python3.12/site-packages/oslo_config/cfg.py:3256}}
Jun 03 07:17:26.029932 np0000002024 nova-scheduler[95816]: DEBUG cotyledon.oslo_config_glue [-] oslo_limit.endpoint_region_name = None {{(pid=95816) log_opt_values /opt/stack/data/venv/lib/python3.12/site-packages/oslo_config/cfg.py:3256}}
Jun 03 07:17:26.029999 np0000002024 nova-scheduler[95816]: DEBUG cotyledon.oslo_config_glue [-] oslo_limit.endpoint_service_name = None {{(pid=95816) log_opt_values /opt/stack/data/venv/lib/python3.12/site-packages/oslo_config/cfg.py:3256}}
Jun 03 07:17:26.030061 np0000002024 nova-scheduler[95816]: DEBUG cotyledon.oslo_config_glue [-] oslo_limit.endpoint_service_type = None {{(pid=95816) log_opt_values /opt/stack/data/venv/lib/python3.12/site-packages/oslo_config/cfg.py:3256}}
Jun 03 07:17:26.030134 np0000002024 nova-scheduler[95816]: DEBUG cotyledon.oslo_config_glue [-] oslo_limit.insecure = False {{(pid=95816) log_opt_values /opt/stack/data/venv/lib/python3.12/site-packages/oslo_config/cfg.py:3256}}
Jun 03 07:17:26.030207 np0000002024 nova-scheduler[95816]: DEBUG cotyledon.oslo_config_glue [-] oslo_limit.keyfile = None {{(pid=95816) log_opt_values /opt/stack/data/venv/lib/python3.12/site-packages/oslo_config/cfg.py:3256}}
Jun 03 07:17:26.030274 np0000002024 nova-scheduler[95816]: DEBUG cotyledon.oslo_config_glue [-] oslo_limit.max_version = None {{(pid=95816) log_opt_values /opt/stack/data/venv/lib/python3.12/site-packages/oslo_config/cfg.py:3256}}
Jun 03 07:17:26.030318 np0000002024 nova-scheduler[95816]: DEBUG cotyledon.oslo_config_glue [-] oslo_limit.min_version = None {{(pid=95816) log_opt_values /opt/stack/data/venv/lib/python3.12/site-packages/oslo_config/cfg.py:3256}}
Jun 03 07:17:26.030390 np0000002024 nova-scheduler[95816]: DEBUG cotyledon.oslo_config_glue [-] oslo_limit.region_name = None {{(pid=95816) log_opt_values /opt/stack/data/venv/lib/python3.12/site-packages/oslo_config/cfg.py:3256}}
Jun 03 07:17:26.030434 np0000002024 nova-scheduler[95816]: DEBUG cotyledon.oslo_config_glue [-] oslo_limit.retriable_status_codes = None {{(pid=95816) log_opt_values /opt/stack/data/venv/lib/python3.12/site-packages/oslo_config/cfg.py:3256}}
Jun 03 07:17:26.030478 np0000002024 nova-scheduler[95816]: DEBUG cotyledon.oslo_config_glue [-] oslo_limit.service_name = None {{(pid=95816) log_opt_values /opt/stack/data/venv/lib/python3.12/site-packages/oslo_config/cfg.py:3256}}
Jun 03 07:17:26.030522 np0000002024 nova-scheduler[95816]: DEBUG cotyledon.oslo_config_glue [-] oslo_limit.service_type = None {{(pid=95816) log_opt_values /opt/stack/data/venv/lib/python3.12/site-packages/oslo_config/cfg.py:3256}}
Jun 03 07:17:26.030522 np0000002024 nova-scheduler[95816]: DEBUG cotyledon.oslo_config_glue [-] oslo_limit.split_loggers = False {{(pid=95816) log_opt_values /opt/stack/data/venv/lib/python3.12/site-packages/oslo_config/cfg.py:3256}}
Jun 03 07:17:26.030588 np0000002024 nova-scheduler[95816]: DEBUG cotyledon.oslo_config_glue [-] oslo_limit.status_code_retries = None {{(pid=95816) log_opt_values /opt/stack/data/venv/lib/python3.12/site-packages/oslo_config/cfg.py:3256}}
Jun 03 07:17:26.030630 np0000002024 nova-scheduler[95816]: DEBUG cotyledon.oslo_config_glue [-] oslo_limit.status_code_retry_delay = None {{(pid=95816) log_opt_values /opt/stack/data/venv/lib/python3.12/site-packages/oslo_config/cfg.py:3256}}
Jun 03 07:17:26.030666 np0000002024 nova-scheduler[95816]: DEBUG cotyledon.oslo_config_glue [-] oslo_limit.timeout = None {{(pid=95816) log_opt_values /opt/stack/data/venv/lib/python3.12/site-packages/oslo_config/cfg.py:3256}}
Jun 03 07:17:26.030704 np0000002024 nova-scheduler[95816]: DEBUG cotyledon.oslo_config_glue [-] oslo_limit.valid_interfaces = None {{(pid=95816) log_opt_values /opt/stack/data/venv/lib/python3.12/site-packages/oslo_config/cfg.py:3256}}
Jun 03 07:17:26.030742 np0000002024 nova-scheduler[95816]: DEBUG cotyledon.oslo_config_glue [-] oslo_limit.version = None {{(pid=95816) log_opt_values /opt/stack/data/venv/lib/python3.12/site-packages/oslo_config/cfg.py:3256}}
Jun 03 07:17:26.030794 np0000002024 nova-scheduler[95816]: DEBUG cotyledon.oslo_config_glue [-] oslo_reports.file_event_handler = None {{(pid=95816) log_opt_values /opt/stack/data/venv/lib/python3.12/site-packages/oslo_config/cfg.py:3256}}
Jun 03 07:17:26.030842 np0000002024 nova-scheduler[95816]: DEBUG cotyledon.oslo_config_glue [-] oslo_reports.file_event_handler_interval = 1 {{(pid=95816) log_opt_values /opt/stack/data/venv/lib/python3.12/site-packages/oslo_config/cfg.py:3256}}
Jun 03 07:17:26.030889 np0000002024 nova-scheduler[95816]: DEBUG cotyledon.oslo_config_glue [-] oslo_reports.log_dir = None {{(pid=95816) log_opt_values /opt/stack/data/venv/lib/python3.12/site-packages/oslo_config/cfg.py:3256}}
Jun 03 07:17:26.030889 np0000002024 nova-scheduler[95816]: DEBUG cotyledon.oslo_config_glue [-] ******************************************************************************** {{(pid=95816) log_opt_values /opt/stack/data/venv/lib/python3.12/site-packages/oslo_config/cfg.py:3263}}
Jun 03 07:17:26.031053 np0000002024 nova-scheduler[95816]: DEBUG cotyledon._service_worker [-] Run service ServiceWrapper(2) [95816] {{(pid=95816) wait_forever /opt/stack/data/venv/lib/python3.12/site-packages/cotyledon/_service_worker.py:218}}
Jun 03 07:17:26.032709 np0000002024 nova-scheduler[95816]: INFO nova.service [-] Starting scheduler node (version 33.1.0)
Jun 03 07:17:26.037944 np0000002024 nova-scheduler[95816]: INFO dbcounter [None req-cdc50e66-57b8-432a-a8b6-6a2b4dfeff7e None None] Registered counter for database nova_cell0
Jun 03 07:17:26.044215 np0000002024 nova-scheduler[95814]: DEBUG oslo_db.sqlalchemy.engines [None req-a6aa2518-28f4-4c27-9cd2-e59b6496867b None None] MySQL server mode set to STRICT_TRANS_TABLES,STRICT_ALL_TABLES,NO_ZERO_IN_DATE,NO_ZERO_DATE,ERROR_FOR_DIVISION_BY_ZERO,TRADITIONAL,NO_ENGINE_SUBSTITUTION {{(pid=95814) _check_effective_sql_mode /opt/stack/data/venv/lib/python3.12/site-packages/oslo_db/sqlalchemy/engines.py:325}}
Jun 03 07:17:26.048518 np0000002024 nova-scheduler[95812]: DEBUG oslo_db.sqlalchemy.engines [None req-477c485c-b45f-4c53-9f4a-80d1e62c14ca None None] MySQL server mode set to STRICT_TRANS_TABLES,STRICT_ALL_TABLES,NO_ZERO_IN_DATE,NO_ZERO_DATE,ERROR_FOR_DIVISION_BY_ZERO,TRADITIONAL,NO_ENGINE_SUBSTITUTION {{(pid=95812) _check_effective_sql_mode /opt/stack/data/venv/lib/python3.12/site-packages/oslo_db/sqlalchemy/engines.py:325}}
Jun 03 07:17:26.056539 np0000002024 nova-scheduler[95814]: DEBUG dbcounter [-] [95814] Writer thread running {{(pid=95814) stat_writer /opt/stack/data/venv/lib/python3.12/site-packages/dbcounter.py:102}}
Jun 03 07:17:26.058594 np0000002024 nova-scheduler[95812]: DEBUG dbcounter [-] [95812] Writer thread running {{(pid=95812) stat_writer /opt/stack/data/venv/lib/python3.12/site-packages/dbcounter.py:102}}
Jun 03 07:17:26.072036 np0000002024 nova-scheduler[95812]: DEBUG nova.service [None req-477c485c-b45f-4c53-9f4a-80d1e62c14ca None None] Creating RPC server for service: nova-scheduler on topic: scheduler {{(pid=95812) start /opt/stack/nova/nova/service.py:195}}
Jun 03 07:17:26.077462 np0000002024 nova-scheduler[95814]: DEBUG nova.service [None req-a6aa2518-28f4-4c27-9cd2-e59b6496867b None None] Creating RPC server for service: nova-scheduler on topic: scheduler {{(pid=95814) start /opt/stack/nova/nova/service.py:195}}
Jun 03 07:17:26.079338 np0000002024 nova-scheduler[95816]: DEBUG oslo_db.sqlalchemy.engines [None req-cdc50e66-57b8-432a-a8b6-6a2b4dfeff7e None None] MySQL server mode set to STRICT_TRANS_TABLES,STRICT_ALL_TABLES,NO_ZERO_IN_DATE,NO_ZERO_DATE,ERROR_FOR_DIVISION_BY_ZERO,TRADITIONAL,NO_ENGINE_SUBSTITUTION {{(pid=95816) _check_effective_sql_mode /opt/stack/data/venv/lib/python3.12/site-packages/oslo_db/sqlalchemy/engines.py:325}}
Jun 03 07:17:26.090043 np0000002024 nova-scheduler[95816]: DEBUG dbcounter [-] [95816] Writer thread running {{(pid=95816) stat_writer /opt/stack/data/venv/lib/python3.12/site-packages/dbcounter.py:102}}
Jun 03 07:17:26.093277 np0000002024 nova-scheduler[95816]: DEBUG nova.service [None req-cdc50e66-57b8-432a-a8b6-6a2b4dfeff7e None None] Creating RPC server for service: nova-scheduler on topic: scheduler {{(pid=95816) start /opt/stack/nova/nova/service.py:195}}
Jun 03 07:17:26.096087 np0000002024 nova-scheduler[95812]: DEBUG nova.service [None req-477c485c-b45f-4c53-9f4a-80d1e62c14ca None None] Join ServiceGroup membership for this service scheduler {{(pid=95812) start /opt/stack/nova/nova/service.py:221}}
Jun 03 07:17:26.096260 np0000002024 nova-scheduler[95812]: DEBUG nova.servicegroup.drivers.db [None req-477c485c-b45f-4c53-9f4a-80d1e62c14ca None None] DB_Driver: join new ServiceGroup member np0000002024 to the scheduler group, service = {{(pid=95812) join /opt/stack/nova/nova/servicegroup/drivers/db.py:44}}
Jun 03 07:17:26.100644 np0000002024 nova-scheduler[95814]: DEBUG nova.service [None req-a6aa2518-28f4-4c27-9cd2-e59b6496867b None None] Join ServiceGroup membership for this service scheduler {{(pid=95814) start /opt/stack/nova/nova/service.py:221}}
Jun 03 07:17:26.100889 np0000002024 nova-scheduler[95814]: DEBUG nova.servicegroup.drivers.db [None req-a6aa2518-28f4-4c27-9cd2-e59b6496867b None None] DB_Driver: join new ServiceGroup member np0000002024 to the scheduler group, service = {{(pid=95814) join /opt/stack/nova/nova/servicegroup/drivers/db.py:44}}
Jun 03 07:17:26.108716 np0000002024 nova-scheduler[95816]: DEBUG nova.service [None req-cdc50e66-57b8-432a-a8b6-6a2b4dfeff7e None None] Join ServiceGroup membership for this service scheduler {{(pid=95816) start /opt/stack/nova/nova/service.py:221}}
Jun 03 07:17:26.108884 np0000002024 nova-scheduler[95816]: DEBUG nova.servicegroup.drivers.db [None req-cdc50e66-57b8-432a-a8b6-6a2b4dfeff7e None None] DB_Driver: join new ServiceGroup member np0000002024 to the scheduler group, service = {{(pid=95816) join /opt/stack/nova/nova/servicegroup/drivers/db.py:44}}
Jun 03 07:17:31.122342 np0000002024 nova-scheduler[95814]: DEBUG oslo.service.backend._threading.loopingcall [-] Fixed interval looping call 'nova.servicegroup.drivers.db.DbDriver._report_state' sleeping for 119.98 seconds {{(pid=95814) _run_loop /opt/stack/data/venv/lib/python3.12/site-packages/oslo_service/backend/_threading/loopingcall.py:125}}
Jun 03 07:17:31.122677 np0000002024 nova-scheduler[95812]: DEBUG oslo.service.backend._threading.loopingcall [-] Fixed interval looping call 'nova.servicegroup.drivers.db.DbDriver._report_state' sleeping for 119.98 seconds {{(pid=95812) _run_loop /opt/stack/data/venv/lib/python3.12/site-packages/oslo_service/backend/_threading/loopingcall.py:125}}
Jun 03 07:17:31.123275 np0000002024 nova-scheduler[95816]: DEBUG oslo.service.backend._threading.loopingcall [-] Fixed interval looping call 'nova.servicegroup.drivers.db.DbDriver._report_state' sleeping for 119.99 seconds {{(pid=95816) _run_loop /opt/stack/data/venv/lib/python3.12/site-packages/oslo_service/backend/_threading/loopingcall.py:125}}
Jun 03 07:17:34.099096 np0000002024 nova-scheduler[95812]: DEBUG oslo.service.backend._threading.loopingcall [None req-3f167ba6-90e3-4a67-b787-3151ab2050b0 None None] Dynamic interval looping call 'nova.service.Service.periodic_tasks' sleeping for 60.00 seconds {{(pid=95812) _run_loop /opt/stack/data/venv/lib/python3.12/site-packages/oslo_service/backend/_threading/loopingcall.py:125}}
Jun 03 07:17:34.628220 np0000002024 nova-scheduler[94547]: DEBUG dbcounter [-] [94547] Writing DB stats nova_api:SELECT=3 {{(pid=94547) stat_writer /opt/stack/data/venv/lib/python3.12/site-packages/dbcounter.py:115}}
Jun 03 07:17:34.776104 np0000002024 nova-scheduler[94547]: DEBUG dbcounter [-] [94547] Writing DB stats nova_cell1:SELECT=1 {{(pid=94547) stat_writer /opt/stack/data/venv/lib/python3.12/site-packages/dbcounter.py:115}}
Jun 03 07:17:34.780435 np0000002024 nova-scheduler[94547]: DEBUG dbcounter [-] [94547] Writing DB stats nova_cell0:SELECT=1 {{(pid=94547) stat_writer /opt/stack/data/venv/lib/python3.12/site-packages/dbcounter.py:115}}
Jun 03 07:17:41.112196 np0000002024 nova-scheduler[95812]: DEBUG dbcounter [-] [95812] Writing DB stats nova_cell0:SELECT=4,nova_cell0:INSERT=1,nova_cell0:UPDATE=1 {{(pid=95812) stat_writer /opt/stack/data/venv/lib/python3.12/site-packages/dbcounter.py:115}}
Jun 03 07:17:41.113641 np0000002024 nova-scheduler[95814]: DEBUG dbcounter [-] [95814] Writing DB stats nova_cell0:SELECT=5,nova_cell0:INSERT=1,nova_cell0:UPDATE=1 {{(pid=95814) stat_writer /opt/stack/data/venv/lib/python3.12/site-packages/dbcounter.py:115}}
Jun 03 07:17:41.120710 np0000002024 nova-scheduler[95816]: DEBUG dbcounter [-] [95816] Writing DB stats nova_cell0:SELECT=3 {{(pid=95816) stat_writer /opt/stack/data/venv/lib/python3.12/site-packages/dbcounter.py:115}}
Jun 03 07:17:53.103338 np0000002024 nova-scheduler[95814]: DEBUG oslo.service.backend._threading.loopingcall [None req-96e7a14b-9fb9-46c7-875c-5d283f893647 None None] Dynamic interval looping call 'nova.service.Service.periodic_tasks' sleeping for 60.00 seconds {{(pid=95814) _run_loop /opt/stack/data/venv/lib/python3.12/site-packages/oslo_service/backend/_threading/loopingcall.py:125}}
Jun 03 07:17:54.113581 np0000002024 nova-scheduler[95816]: DEBUG oslo.service.backend._threading.loopingcall [None req-9693c02b-fee4-4b35-9d3a-66362e2acab0 None None] Dynamic interval looping call 'nova.service.Service.periodic_tasks' sleeping for 60.00 seconds {{(pid=95816) _run_loop /opt/stack/data/venv/lib/python3.12/site-packages/oslo_service/backend/_threading/loopingcall.py:125}}
Jun 03 07:18:34.099827 np0000002024 nova-scheduler[95812]: DEBUG oslo.service.backend._threading.loopingcall [None req-3f167ba6-90e3-4a67-b787-3151ab2050b0 None None] Dynamic interval looping call 'nova.service.Service.periodic_tasks' sleeping for 60.00 seconds {{(pid=95812) _run_loop /opt/stack/data/venv/lib/python3.12/site-packages/oslo_service/backend/_threading/loopingcall.py:125}}
Jun 03 07:18:53.104011 np0000002024 nova-scheduler[95814]: DEBUG oslo.service.backend._threading.loopingcall [None req-96e7a14b-9fb9-46c7-875c-5d283f893647 None None] Dynamic interval looping call 'nova.service.Service.periodic_tasks' sleeping for 60.00 seconds {{(pid=95814) _run_loop /opt/stack/data/venv/lib/python3.12/site-packages/oslo_service/backend/_threading/loopingcall.py:125}}
Jun 03 07:18:54.114165 np0000002024 nova-scheduler[95816]: DEBUG oslo.service.backend._threading.loopingcall [None req-9693c02b-fee4-4b35-9d3a-66362e2acab0 None None] Dynamic interval looping call 'nova.service.Service.periodic_tasks' sleeping for 60.00 seconds {{(pid=95816) _run_loop /opt/stack/data/venv/lib/python3.12/site-packages/oslo_service/backend/_threading/loopingcall.py:125}}
Jun 03 07:19:31.110274 np0000002024 nova-scheduler[95812]: DEBUG oslo.service.backend._threading.loopingcall [-] Fixed interval looping call 'nova.servicegroup.drivers.db.DbDriver._report_state' sleeping for 119.99 seconds {{(pid=95812) _run_loop /opt/stack/data/venv/lib/python3.12/site-packages/oslo_service/backend/_threading/loopingcall.py:125}}
Jun 03 07:19:31.110842 np0000002024 nova-scheduler[95814]: DEBUG oslo.service.backend._threading.loopingcall [-] Fixed interval looping call 'nova.servicegroup.drivers.db.DbDriver._report_state' sleeping for 119.99 seconds {{(pid=95814) _run_loop /opt/stack/data/venv/lib/python3.12/site-packages/oslo_service/backend/_threading/loopingcall.py:125}}
Jun 03 07:19:31.116741 np0000002024 nova-scheduler[95816]: DEBUG oslo.service.backend._threading.loopingcall [-] Fixed interval looping call 'nova.servicegroup.drivers.db.DbDriver._report_state' sleeping for 120.00 seconds {{(pid=95816) _run_loop /opt/stack/data/venv/lib/python3.12/site-packages/oslo_service/backend/_threading/loopingcall.py:125}}
Jun 03 07:19:34.100338 np0000002024 nova-scheduler[95812]: DEBUG oslo.service.backend._threading.loopingcall [None req-3f167ba6-90e3-4a67-b787-3151ab2050b0 None None] Dynamic interval looping call 'nova.service.Service.periodic_tasks' sleeping for 60.00 seconds {{(pid=95812) _run_loop /opt/stack/data/venv/lib/python3.12/site-packages/oslo_service/backend/_threading/loopingcall.py:125}}
Jun 03 07:19:41.107028 np0000002024 nova-scheduler[95814]: DEBUG dbcounter [-] [95814] Writing DB stats nova_cell0:SELECT=1,nova_cell0:UPDATE=1 {{(pid=95814) stat_writer /opt/stack/data/venv/lib/python3.12/site-packages/dbcounter.py:115}}
Jun 03 07:19:41.108690 np0000002024 nova-scheduler[95812]: DEBUG dbcounter [-] [95812] Writing DB stats nova_cell0:SELECT=1,nova_cell0:UPDATE=1 {{(pid=95812) stat_writer /opt/stack/data/venv/lib/python3.12/site-packages/dbcounter.py:115}}
Jun 03 07:19:41.115062 np0000002024 nova-scheduler[95816]: DEBUG dbcounter [-] [95816] Writing DB stats nova_cell0:SELECT=1 {{(pid=95816) stat_writer /opt/stack/data/venv/lib/python3.12/site-packages/dbcounter.py:115}}
Jun 03 07:19:53.104560 np0000002024 nova-scheduler[95814]: DEBUG oslo.service.backend._threading.loopingcall [None req-96e7a14b-9fb9-46c7-875c-5d283f893647 None None] Dynamic interval looping call 'nova.service.Service.periodic_tasks' sleeping for 60.00 seconds {{(pid=95814) _run_loop /opt/stack/data/venv/lib/python3.12/site-packages/oslo_service/backend/_threading/loopingcall.py:125}}
Jun 03 07:19:54.114653 np0000002024 nova-scheduler[95816]: DEBUG oslo.service.backend._threading.loopingcall [None req-9693c02b-fee4-4b35-9d3a-66362e2acab0 None None] Dynamic interval looping call 'nova.service.Service.periodic_tasks' sleeping for 60.00 seconds {{(pid=95816) _run_loop /opt/stack/data/venv/lib/python3.12/site-packages/oslo_service/backend/_threading/loopingcall.py:125}}
Jun 03 07:20:08.620231 np0000002024 nova-scheduler[95812]: DEBUG nova.scheduler.manager [None req-c7d2ae73-8e4e-4168-9aef-c87f8bb3dce0 tempest-DeleteServersTestJSON-1459262530 tempest-DeleteServersTestJSON-1459262530-project-member] Starting to schedule for instances: ['a82d4333-8b69-4ae9-8fa1-db07a23fbf29'] {{(pid=95812) select_destinations /opt/stack/nova/nova/scheduler/manager.py:210}}
Jun 03 07:20:08.620718 np0000002024 nova-scheduler[95812]: DEBUG nova.scheduler.request_filter [None req-c7d2ae73-8e4e-4168-9aef-c87f8bb3dce0 tempest-DeleteServersTestJSON-1459262530 tempest-DeleteServersTestJSON-1459262530-project-member] compute_status_filter request filter added forbidden trait COMPUTE_STATUS_DISABLED {{(pid=95812) compute_status_filter /opt/stack/nova/nova/scheduler/request_filter.py:253}}
Jun 03 07:20:08.620853 np0000002024 nova-scheduler[95812]: DEBUG nova.scheduler.request_filter [None req-c7d2ae73-8e4e-4168-9aef-c87f8bb3dce0 tempest-DeleteServersTestJSON-1459262530 tempest-DeleteServersTestJSON-1459262530-project-member] Request filter 'compute_status_filter' took 0.0 seconds {{(pid=95812) wrapper /opt/stack/nova/nova/scheduler/request_filter.py:46}}
Jun 03 07:20:08.621086 np0000002024 nova-scheduler[95812]: DEBUG nova.scheduler.request_filter [None req-c7d2ae73-8e4e-4168-9aef-c87f8bb3dce0 tempest-DeleteServersTestJSON-1459262530 tempest-DeleteServersTestJSON-1459262530-project-member] Request filter 'accelerators_filter' took 0.0 seconds {{(pid=95812) wrapper /opt/stack/nova/nova/scheduler/request_filter.py:46}}
Jun 03 07:20:08.621246 np0000002024 nova-scheduler[95812]: DEBUG nova.scheduler.request_filter [None req-c7d2ae73-8e4e-4168-9aef-c87f8bb3dce0 tempest-DeleteServersTestJSON-1459262530 tempest-DeleteServersTestJSON-1459262530-project-member] Request filter 'packed_virtqueue_filter' took 0.0 seconds {{(pid=95812) wrapper /opt/stack/nova/nova/scheduler/request_filter.py:46}}
Jun 03 07:20:08.622190 np0000002024 nova-scheduler[95812]: DEBUG nova.scheduler.request_filter [None req-c7d2ae73-8e4e-4168-9aef-c87f8bb3dce0 tempest-DeleteServersTestJSON-1459262530 tempest-DeleteServersTestJSON-1459262530-project-member] Request filter 'remote_managed_ports_filter' took 0.0 seconds {{(pid=95812) wrapper /opt/stack/nova/nova/scheduler/request_filter.py:46}}
Jun 03 07:20:08.622360 np0000002024 nova-scheduler[95812]: DEBUG nova.scheduler.request_filter [None req-c7d2ae73-8e4e-4168-9aef-c87f8bb3dce0 tempest-DeleteServersTestJSON-1459262530 tempest-DeleteServersTestJSON-1459262530-project-member] ephemeral_encryption_filter skipped {{(pid=95812) ephemeral_encryption_filter /opt/stack/nova/nova/scheduler/request_filter.py:426}}
Jun 03 07:20:08.622510 np0000002024 nova-scheduler[95812]: DEBUG nova.scheduler.request_filter [None req-c7d2ae73-8e4e-4168-9aef-c87f8bb3dce0 tempest-DeleteServersTestJSON-1459262530 tempest-DeleteServersTestJSON-1459262530-project-member] virtio_sound_filter skipped {{(pid=95812) virtio_sound_filter /opt/stack/nova/nova/scheduler/request_filter.py:460}}
Jun 03 07:20:08.622628 np0000002024 nova-scheduler[95812]: DEBUG nova.scheduler.request_filter [None req-c7d2ae73-8e4e-4168-9aef-c87f8bb3dce0 tempest-DeleteServersTestJSON-1459262530 tempest-DeleteServersTestJSON-1459262530-project-member] tpm_secret_security_filter skipped {{(pid=95812) tpm_secret_security_filter /opt/stack/nova/nova/scheduler/request_filter.py:477}}
Jun 03 07:20:09.288395 np0000002024 nova-scheduler[95812]: INFO nova.utils [None req-c7d2ae73-8e4e-4168-9aef-c87f8bb3dce0 tempest-DeleteServersTestJSON-1459262530 tempest-DeleteServersTestJSON-1459262530-project-member] The cell worker thread pool ForkProcess-1.cell_worker is initialized
Jun 03 07:20:09.288789 np0000002024 nova-scheduler[95812]: DEBUG oslo_concurrency.lockutils [None req-c7d2ae73-8e4e-4168-9aef-c87f8bb3dce0 tempest-DeleteServersTestJSON-1459262530 tempest-DeleteServersTestJSON-1459262530-project-member] Acquiring lock "1ad46fe1-c5a7-4d5e-a08c-6a15099feac3" by "nova.context.set_target_cell..get_or_set_cached_cell_and_set_connections" {{(pid=95812) inner /opt/stack/data/venv/lib/python3.12/site-packages/oslo_concurrency/lockutils.py:511}}
Jun 03 07:20:09.288995 np0000002024 nova-scheduler[95812]: DEBUG oslo_concurrency.lockutils [None req-c7d2ae73-8e4e-4168-9aef-c87f8bb3dce0 tempest-DeleteServersTestJSON-1459262530 tempest-DeleteServersTestJSON-1459262530-project-member] Lock "1ad46fe1-c5a7-4d5e-a08c-6a15099feac3" acquired by "nova.context.set_target_cell..get_or_set_cached_cell_and_set_connections" :: waited 0.000s {{(pid=95812) inner /opt/stack/data/venv/lib/python3.12/site-packages/oslo_concurrency/lockutils.py:524}}
Jun 03 07:20:09.290419 np0000002024 nova-scheduler[95812]: DEBUG oslo_concurrency.lockutils [None req-c7d2ae73-8e4e-4168-9aef-c87f8bb3dce0 tempest-DeleteServersTestJSON-1459262530 tempest-DeleteServersTestJSON-1459262530-project-member] Lock "1ad46fe1-c5a7-4d5e-a08c-6a15099feac3" "released" by "nova.context.set_target_cell..get_or_set_cached_cell_and_set_connections" :: held 0.001s {{(pid=95812) inner /opt/stack/data/venv/lib/python3.12/site-packages/oslo_concurrency/lockutils.py:543}}
Jun 03 07:20:09.293452 np0000002024 nova-scheduler[95812]: INFO dbcounter [None req-c7d2ae73-8e4e-4168-9aef-c87f8bb3dce0 tempest-DeleteServersTestJSON-1459262530 tempest-DeleteServersTestJSON-1459262530-project-member] Registered counter for database nova_cell1
Jun 03 07:20:09.335962 np0000002024 nova-scheduler[95812]: DEBUG oslo_db.sqlalchemy.engines [None req-c7d2ae73-8e4e-4168-9aef-c87f8bb3dce0 tempest-DeleteServersTestJSON-1459262530 tempest-DeleteServersTestJSON-1459262530-project-member] MySQL server mode set to STRICT_TRANS_TABLES,STRICT_ALL_TABLES,NO_ZERO_IN_DATE,NO_ZERO_DATE,ERROR_FOR_DIVISION_BY_ZERO,TRADITIONAL,NO_ENGINE_SUBSTITUTION {{(pid=95812) _check_effective_sql_mode /opt/stack/data/venv/lib/python3.12/site-packages/oslo_db/sqlalchemy/engines.py:325}}
Jun 03 07:20:09.342674 np0000002024 nova-scheduler[95812]: DEBUG dbcounter [-] [95812] Writer thread running {{(pid=95812) stat_writer /opt/stack/data/venv/lib/python3.12/site-packages/dbcounter.py:102}}
Jun 03 07:20:09.355127 np0000002024 nova-scheduler[95812]: DEBUG oslo_db.sqlalchemy.engines [None req-c7d2ae73-8e4e-4168-9aef-c87f8bb3dce0 tempest-DeleteServersTestJSON-1459262530 tempest-DeleteServersTestJSON-1459262530-project-member] Parent process 94547 forked (95812) with an open database connection, which is being discarded and recreated. {{(pid=95812) checkout /opt/stack/data/venv/lib/python3.12/site-packages/oslo_db/sqlalchemy/engines.py:402}}
Jun 03 07:20:09.412042 np0000002024 nova-scheduler[95812]: DEBUG dbcounter [-] [95812] Writer thread running {{(pid=95812) stat_writer /opt/stack/data/venv/lib/python3.12/site-packages/dbcounter.py:102}}
Jun 03 07:20:09.416737 np0000002024 nova-scheduler[95812]: DEBUG oslo_concurrency.lockutils [None req-c7d2ae73-8e4e-4168-9aef-c87f8bb3dce0 tempest-DeleteServersTestJSON-1459262530 tempest-DeleteServersTestJSON-1459262530-project-member] Acquiring lock "1ad46fe1-c5a7-4d5e-a08c-6a15099feac3" by "nova.context.set_target_cell..get_or_set_cached_cell_and_set_connections" {{(pid=95812) inner /opt/stack/data/venv/lib/python3.12/site-packages/oslo_concurrency/lockutils.py:511}}
Jun 03 07:20:09.416985 np0000002024 nova-scheduler[95812]: DEBUG oslo_concurrency.lockutils [None req-c7d2ae73-8e4e-4168-9aef-c87f8bb3dce0 tempest-DeleteServersTestJSON-1459262530 tempest-DeleteServersTestJSON-1459262530-project-member] Lock "1ad46fe1-c5a7-4d5e-a08c-6a15099feac3" acquired by "nova.context.set_target_cell..get_or_set_cached_cell_and_set_connections" :: waited 0.000s {{(pid=95812) inner /opt/stack/data/venv/lib/python3.12/site-packages/oslo_concurrency/lockutils.py:524}}
Jun 03 07:20:09.417181 np0000002024 nova-scheduler[95812]: DEBUG oslo_concurrency.lockutils [None req-c7d2ae73-8e4e-4168-9aef-c87f8bb3dce0 tempest-DeleteServersTestJSON-1459262530 tempest-DeleteServersTestJSON-1459262530-project-member] Lock "1ad46fe1-c5a7-4d5e-a08c-6a15099feac3" "released" by "nova.context.set_target_cell..get_or_set_cached_cell_and_set_connections" :: held 0.000s {{(pid=95812) inner /opt/stack/data/venv/lib/python3.12/site-packages/oslo_concurrency/lockutils.py:543}}
Jun 03 07:20:09.422183 np0000002024 nova-scheduler[95812]: DEBUG oslo_concurrency.lockutils [None req-c7d2ae73-8e4e-4168-9aef-c87f8bb3dce0 tempest-DeleteServersTestJSON-1459262530 tempest-DeleteServersTestJSON-1459262530-project-member] Acquiring lock "('np0000002024', 'np0000002024')" by "nova.scheduler.host_manager.HostState.update.._locked_update" {{(pid=95812) inner /opt/stack/data/venv/lib/python3.12/site-packages/oslo_concurrency/lockutils.py:511}}
Jun 03 07:20:09.422488 np0000002024 nova-scheduler[95812]: DEBUG oslo_concurrency.lockutils [None req-c7d2ae73-8e4e-4168-9aef-c87f8bb3dce0 tempest-DeleteServersTestJSON-1459262530 tempest-DeleteServersTestJSON-1459262530-project-member] Lock "('np0000002024', 'np0000002024')" acquired by "nova.scheduler.host_manager.HostState.update.._locked_update" :: waited 0.001s {{(pid=95812) inner /opt/stack/data/venv/lib/python3.12/site-packages/oslo_concurrency/lockutils.py:524}}
Jun 03 07:20:09.426459 np0000002024 nova-scheduler[95812]: DEBUG nova.scheduler.host_manager [None req-c7d2ae73-8e4e-4168-9aef-c87f8bb3dce0 tempest-DeleteServersTestJSON-1459262530 tempest-DeleteServersTestJSON-1459262530-project-member] Update host state from compute node: ComputeNode(cpu_allocation_ratio=4.0,cpu_info='{"arch": "x86_64", "model": "EPYC-Milan", "vendor": "AMD", "topology": {"cells": 1, "sockets": 12, "cores": 1, "threads": 1}, "maxphysaddr": {"mode": "emulate", "bits": 40}, "features": ["no-nested-data-bp", "mmx", "mds-no", "sse4.1", "vgif", "clflush", "pause-filter", "pfthreshold", "misalignsse", "ibpb", "syscall", "xsavec", "pku", "pschange-mc-no", "pae", "cr8legacy", "cmp_legacy", "smep", "msr", "rdctl-no", "tsc_adjust", "spec-ctrl", "sse4.2", "smap", "svm", "amd-psfd", "osvw", "fpu", "lfence-always-serializing", "fxsr", "invpcid", "bmi2", "svme-addr-chk", "erms", "mtrr", "wbnoinvd", "vpclmulqdq", "rdpid", "sep", "pat", "clflushopt", "npt", "gds-no", "mca", "popcnt", "xsaveerptr", "fsgsbase", "clzero", "pse36", "movbe", "avx", "sse", "mce", "xsave", "lahf_lm", "topoext", "3dnowprefetch", "lbrv", "arch-capabilities", "f16c", "amd-stibp", "fsrm", "cmov", "pdpe1gb", "perfctr_core", "xgetbv1", "mmxext", "v-vmsave-vmload", "nx", "skip-l1dfl-vmentry", "tsc", "rdrand", "hypervisor", "ibrs", "flushbyasid", "rdseed", "sha-ni", "lm", "umip", "xsaveopt", "sse2", "avx2", "pge", "aes", "arat", "apic", "adx", "de", "x2apic", "fma", "bmi1", "pse", "tsc-deadline", "cx8", "abm", "pclmuldq", "fxsr_opt", "pni", "virt-ssbd", "cx16", "stibp", "rdtscp", "clwb", "null-sel-clr-base", "amd-ssbd", "pcid", "tsc-scale", "vaes", "stibp-always-on", "nrip-save", "vme", "xsaves", "vmcb-clean", "ssbd", "sse4a", "ssse3"]}',created_at=2026-06-03T07:17:51Z,current_workload=0,deleted=False,deleted_at=None,disk_allocation_ratio=1.0,disk_available_least=74,free_disk_gb=95,free_ram_mb=23518,host='np0000002024',host_ip=10.4.3.8,hypervisor_hostname='np0000002024',hypervisor_type='QEMU',hypervisor_version=8002002,id=1,local_gb=95,local_gb_used=0,mapped=1,memory_mb=24030,memory_mb_used=512,metrics='[]',numa_topology='{"nova_object.name": "NUMATopology", "nova_object.namespace": "nova", "nova_object.version": "1.2", "nova_object.data": {"cells": [{"nova_object.name": "NUMACell", "nova_object.namespace": "nova", "nova_object.version": "1.5", "nova_object.data": {"id": 0, "cpuset": [0, 1, 2, 3, 4, 5, 6, 7, 8, 9, 10, 11], "pcpuset": [0, 1, 2, 3, 4, 5, 6, 7, 8, 9, 10, 11], "memory": 24030, "cpu_usage": 0, "memory_usage": 0, "pinned_cpus": [], "siblings": [[6], [2], [5], [11], [8], [4], [1], [7], [10], [0], [3], [9]], "mempages": [{"nova_object.name": "NUMAPagesTopology", "nova_object.namespace": "nova", "nova_object.version": "1.1", "nova_object.data": {"size_kb": 4, "total": 6151798, "used": 0, "reserved": 0}, "nova_object.changes": ["size_kb", "used", "total", "reserved"]}, {"nova_object.name": "NUMAPagesTopology", "nova_object.namespace": "nova", "nova_object.version": "1.1", "nova_object.data": {"size_kb": 2048, "total": 0, "used": 0, "reserved": 0}, "nova_object.changes": ["size_kb", "used", "total", "reserved"]}, {"nova_object.name": "NUMAPagesTopology", "nova_object.namespace": "nova", "nova_object.version": "1.1", "nova_object.data": {"size_kb": 1048576, "total": 0, "used": 0, "reserved": 0}, "nova_object.changes": ["size_kb", "used", "total", "reserved"]}], "network_metadata": {"nova_object.name": "NetworkMetadata", "nova_object.namespace": "nova", "nova_object.version": "1.0", "nova_object.data": {"physnets": [], "tunneled": false}, "nova_object.changes": ["physnets", "tunneled"]}, "socket": null}, "nova_object.changes": ["memory", "pcpuset", "pinned_cpus", "memory_usage", "cpuset", "socket", "cpu_usage", "network_metadata", "mempages", "id", "siblings"]}]}, "nova_object.changes": ["cells"]}',pci_device_pools=PciDevicePoolList,ram_allocation_ratio=1.0,running_vms=0,service_id=3,stats={failed_builds='0',uptime=' 07:19:36 up 28 min, 2 users, load average: 1.48, 1.53, 0.88
Jun 03 07:20:09.426459 np0000002024 nova-scheduler[95812]: '},supported_hv_specs=[HVSpec,HVSpec,HVSpec,HVSpec,HVSpec,HVSpec,HVSpec,HVSpec,HVSpec,HVSpec,HVSpec,HVSpec,HVSpec,HVSpec,HVSpec,HVSpec,HVSpec,HVSpec,HVSpec,HVSpec,HVSpec,HVSpec,HVSpec,HVSpec,HVSpec],updated_at=2026-06-03T07:19:39Z,uuid=76735886-e5c8-4cc4-9137-35d6cc7a9917,vcpus=12,vcpus_used=0) {{(pid=95812) _locked_update /opt/stack/nova/nova/scheduler/host_manager.py:168}}
Jun 03 07:20:09.426707 np0000002024 nova-scheduler[95812]: DEBUG nova.scheduler.host_manager [None req-c7d2ae73-8e4e-4168-9aef-c87f8bb3dce0 tempest-DeleteServersTestJSON-1459262530 tempest-DeleteServersTestJSON-1459262530-project-member] Update host state with aggregates: [] {{(pid=95812) _locked_update /opt/stack/nova/nova/scheduler/host_manager.py:171}}
Jun 03 07:20:09.427143 np0000002024 nova-scheduler[95812]: DEBUG nova.scheduler.host_manager [None req-c7d2ae73-8e4e-4168-9aef-c87f8bb3dce0 tempest-DeleteServersTestJSON-1459262530 tempest-DeleteServersTestJSON-1459262530-project-member] Update host state with service dict: {'id': 3, 'uuid': '7373d08c-c266-4e73-aace-dee7bd2cedf7', 'host': 'np0000002024', 'binary': 'nova-compute', 'topic': 'compute', 'report_count': 2, 'disabled': False, 'disabled_reason': None, 'last_seen_up': datetime.datetime(2026, 6, 3, 7, 20, tzinfo=datetime.timezone.utc), 'forced_down': False, 'version': 72, 'created_at': datetime.datetime(2026, 6, 3, 7, 17, 50, tzinfo=datetime.timezone.utc), 'updated_at': datetime.datetime(2026, 6, 3, 7, 20, tzinfo=datetime.timezone.utc), 'deleted_at': None, 'deleted': False} {{(pid=95812) _locked_update /opt/stack/nova/nova/scheduler/host_manager.py:174}}
Jun 03 07:20:09.427671 np0000002024 nova-scheduler[95812]: DEBUG nova.scheduler.host_manager [None req-c7d2ae73-8e4e-4168-9aef-c87f8bb3dce0 tempest-DeleteServersTestJSON-1459262530 tempest-DeleteServersTestJSON-1459262530-project-member] Update host state with instances: [] {{(pid=95812) _locked_update /opt/stack/nova/nova/scheduler/host_manager.py:177}}
Jun 03 07:20:09.427942 np0000002024 nova-scheduler[95812]: DEBUG oslo_concurrency.lockutils [None req-c7d2ae73-8e4e-4168-9aef-c87f8bb3dce0 tempest-DeleteServersTestJSON-1459262530 tempest-DeleteServersTestJSON-1459262530-project-member] Lock "('np0000002024', 'np0000002024')" "released" by "nova.scheduler.host_manager.HostState.update.._locked_update" :: held 0.005s {{(pid=95812) inner /opt/stack/data/venv/lib/python3.12/site-packages/oslo_concurrency/lockutils.py:543}}
Jun 03 07:20:09.429072 np0000002024 nova-scheduler[95812]: DEBUG nova.filters [None req-c7d2ae73-8e4e-4168-9aef-c87f8bb3dce0 tempest-DeleteServersTestJSON-1459262530 tempest-DeleteServersTestJSON-1459262530-project-member] Starting with 1 host(s) {{(pid=95812) get_filtered_objects /opt/stack/nova/nova/filters.py:70}}
Jun 03 07:20:09.429156 np0000002024 nova-scheduler[95812]: DEBUG nova.filters [None req-c7d2ae73-8e4e-4168-9aef-c87f8bb3dce0 tempest-DeleteServersTestJSON-1459262530 tempest-DeleteServersTestJSON-1459262530-project-member] Filter ComputeFilter returned 1 host(s) {{(pid=95812) get_filtered_objects /opt/stack/nova/nova/filters.py:102}}
Jun 03 07:20:09.429678 np0000002024 nova-scheduler[95812]: DEBUG nova.filters [None req-c7d2ae73-8e4e-4168-9aef-c87f8bb3dce0 tempest-DeleteServersTestJSON-1459262530 tempest-DeleteServersTestJSON-1459262530-project-member] Filter ComputeCapabilitiesFilter returned 1 host(s) {{(pid=95812) get_filtered_objects /opt/stack/nova/nova/filters.py:102}}
Jun 03 07:20:09.429678 np0000002024 nova-scheduler[95812]: DEBUG nova.filters [None req-c7d2ae73-8e4e-4168-9aef-c87f8bb3dce0 tempest-DeleteServersTestJSON-1459262530 tempest-DeleteServersTestJSON-1459262530-project-member] Filter ImagePropertiesFilter returned 1 host(s) {{(pid=95812) get_filtered_objects /opt/stack/nova/nova/filters.py:102}}
Jun 03 07:20:09.429678 np0000002024 nova-scheduler[95812]: DEBUG nova.filters [None req-c7d2ae73-8e4e-4168-9aef-c87f8bb3dce0 tempest-DeleteServersTestJSON-1459262530 tempest-DeleteServersTestJSON-1459262530-project-member] Filter ServerGroupAntiAffinityFilter returned 1 host(s) {{(pid=95812) get_filtered_objects /opt/stack/nova/nova/filters.py:102}}
Jun 03 07:20:09.429822 np0000002024 nova-scheduler[95812]: DEBUG nova.filters [None req-c7d2ae73-8e4e-4168-9aef-c87f8bb3dce0 tempest-DeleteServersTestJSON-1459262530 tempest-DeleteServersTestJSON-1459262530-project-member] Filter ServerGroupAffinityFilter returned 1 host(s) {{(pid=95812) get_filtered_objects /opt/stack/nova/nova/filters.py:102}}
Jun 03 07:20:09.429988 np0000002024 nova-scheduler[95812]: DEBUG nova.filters [None req-c7d2ae73-8e4e-4168-9aef-c87f8bb3dce0 tempest-DeleteServersTestJSON-1459262530 tempest-DeleteServersTestJSON-1459262530-project-member] Filter SameHostFilter returned 1 host(s) {{(pid=95812) get_filtered_objects /opt/stack/nova/nova/filters.py:102}}
Jun 03 07:20:09.430068 np0000002024 nova-scheduler[95812]: DEBUG nova.filters [None req-c7d2ae73-8e4e-4168-9aef-c87f8bb3dce0 tempest-DeleteServersTestJSON-1459262530 tempest-DeleteServersTestJSON-1459262530-project-member] Filter DifferentHostFilter returned 1 host(s) {{(pid=95812) get_filtered_objects /opt/stack/nova/nova/filters.py:102}}
Jun 03 07:20:09.430200 np0000002024 nova-scheduler[95812]: DEBUG nova.scheduler.manager [None req-c7d2ae73-8e4e-4168-9aef-c87f8bb3dce0 tempest-DeleteServersTestJSON-1459262530 tempest-DeleteServersTestJSON-1459262530-project-member] Filtered [(np0000002024, np0000002024) ram: 23518MB disk: 75776MB io_ops: 0 instances: 0, allocation_candidates: 1] {{(pid=95812) _get_sorted_hosts /opt/stack/nova/nova/scheduler/manager.py:743}}
Jun 03 07:20:09.430400 np0000002024 nova-scheduler[95812]: DEBUG nova.scheduler.manager [None req-c7d2ae73-8e4e-4168-9aef-c87f8bb3dce0 tempest-DeleteServersTestJSON-1459262530 tempest-DeleteServersTestJSON-1459262530-project-member] Weighed [WeighedHost [host: (np0000002024, np0000002024) ram: 23518MB disk: 75776MB io_ops: 0 instances: 0, allocation_candidates: 1, weight: 0.0]] {{(pid=95812) _get_sorted_hosts /opt/stack/nova/nova/scheduler/manager.py:765}}
Jun 03 07:20:09.430572 np0000002024 nova-scheduler[95812]: DEBUG nova.scheduler.utils [None req-c7d2ae73-8e4e-4168-9aef-c87f8bb3dce0 tempest-DeleteServersTestJSON-1459262530 tempest-DeleteServersTestJSON-1459262530-project-member] Attempting to claim resources in the placement API for instance a82d4333-8b69-4ae9-8fa1-db07a23fbf29 {{(pid=95812) claim_resources /opt/stack/nova/nova/scheduler/utils.py:1345}}
Jun 03 07:20:09.594919 np0000002024 nova-scheduler[95812]: DEBUG nova.scheduler.manager [None req-c7d2ae73-8e4e-4168-9aef-c87f8bb3dce0 tempest-DeleteServersTestJSON-1459262530 tempest-DeleteServersTestJSON-1459262530-project-member] [instance: a82d4333-8b69-4ae9-8fa1-db07a23fbf29] Selected host: (np0000002024, np0000002024) ram: 23518MB disk: 75776MB io_ops: 0 instances: 0, allocation_candidates: 1 {{(pid=95812) _consume_selected_host /opt/stack/nova/nova/scheduler/manager.py:625}}
Jun 03 07:20:09.595220 np0000002024 nova-scheduler[95812]: DEBUG oslo_concurrency.lockutils [None req-c7d2ae73-8e4e-4168-9aef-c87f8bb3dce0 tempest-DeleteServersTestJSON-1459262530 tempest-DeleteServersTestJSON-1459262530-project-member] Acquiring lock "('np0000002024', 'np0000002024')" by "nova.scheduler.host_manager.HostState.consume_from_request.._locked" {{(pid=95812) inner /opt/stack/data/venv/lib/python3.12/site-packages/oslo_concurrency/lockutils.py:511}}
Jun 03 07:20:09.595883 np0000002024 nova-scheduler[95812]: DEBUG oslo_concurrency.lockutils [None req-c7d2ae73-8e4e-4168-9aef-c87f8bb3dce0 tempest-DeleteServersTestJSON-1459262530 tempest-DeleteServersTestJSON-1459262530-project-member] Lock "('np0000002024', 'np0000002024')" acquired by "nova.scheduler.host_manager.HostState.consume_from_request.._locked" :: waited 0.000s {{(pid=95812) inner /opt/stack/data/venv/lib/python3.12/site-packages/oslo_concurrency/lockutils.py:524}}
Jun 03 07:20:09.595883 np0000002024 nova-scheduler[95812]: DEBUG oslo_concurrency.lockutils [None req-c7d2ae73-8e4e-4168-9aef-c87f8bb3dce0 tempest-DeleteServersTestJSON-1459262530 tempest-DeleteServersTestJSON-1459262530-project-member] Lock "('np0000002024', 'np0000002024')" "released" by "nova.scheduler.host_manager.HostState.consume_from_request.._locked" :: held 0.000s {{(pid=95812) inner /opt/stack/data/venv/lib/python3.12/site-packages/oslo_concurrency/lockutils.py:543}}
Jun 03 07:20:18.927956 np0000002024 nova-scheduler[95814]: DEBUG nova.scheduler.manager [None req-f7c63573-fef1-4930-951d-764588bd954c tempest-ServerActionsTestOtherA-439072919 tempest-ServerActionsTestOtherA-439072919-project-member] Starting to schedule for instances: ['7f2a9725-23e4-4864-949b-13dadcc5601c'] {{(pid=95814) select_destinations /opt/stack/nova/nova/scheduler/manager.py:210}}
Jun 03 07:20:18.928720 np0000002024 nova-scheduler[95814]: DEBUG nova.scheduler.request_filter [None req-f7c63573-fef1-4930-951d-764588bd954c tempest-ServerActionsTestOtherA-439072919 tempest-ServerActionsTestOtherA-439072919-project-member] compute_status_filter request filter added forbidden trait COMPUTE_STATUS_DISABLED {{(pid=95814) compute_status_filter /opt/stack/nova/nova/scheduler/request_filter.py:253}}
Jun 03 07:20:18.928907 np0000002024 nova-scheduler[95814]: DEBUG nova.scheduler.request_filter [None req-f7c63573-fef1-4930-951d-764588bd954c tempest-ServerActionsTestOtherA-439072919 tempest-ServerActionsTestOtherA-439072919-project-member] Request filter 'compute_status_filter' took 0.0 seconds {{(pid=95814) wrapper /opt/stack/nova/nova/scheduler/request_filter.py:46}}
Jun 03 07:20:18.929205 np0000002024 nova-scheduler[95814]: DEBUG nova.scheduler.request_filter [None req-f7c63573-fef1-4930-951d-764588bd954c tempest-ServerActionsTestOtherA-439072919 tempest-ServerActionsTestOtherA-439072919-project-member] Request filter 'accelerators_filter' took 0.0 seconds {{(pid=95814) wrapper /opt/stack/nova/nova/scheduler/request_filter.py:46}}
Jun 03 07:20:18.929479 np0000002024 nova-scheduler[95814]: DEBUG nova.scheduler.request_filter [None req-f7c63573-fef1-4930-951d-764588bd954c tempest-ServerActionsTestOtherA-439072919 tempest-ServerActionsTestOtherA-439072919-project-member] Request filter 'packed_virtqueue_filter' took 0.0 seconds {{(pid=95814) wrapper /opt/stack/nova/nova/scheduler/request_filter.py:46}}
Jun 03 07:20:18.929925 np0000002024 nova-scheduler[95814]: DEBUG nova.scheduler.request_filter [None req-f7c63573-fef1-4930-951d-764588bd954c tempest-ServerActionsTestOtherA-439072919 tempest-ServerActionsTestOtherA-439072919-project-member] Request filter 'remote_managed_ports_filter' took 0.0 seconds {{(pid=95814) wrapper /opt/stack/nova/nova/scheduler/request_filter.py:46}}
Jun 03 07:20:18.932526 np0000002024 nova-scheduler[95814]: DEBUG nova.scheduler.request_filter [None req-f7c63573-fef1-4930-951d-764588bd954c tempest-ServerActionsTestOtherA-439072919 tempest-ServerActionsTestOtherA-439072919-project-member] ephemeral_encryption_filter skipped {{(pid=95814) ephemeral_encryption_filter /opt/stack/nova/nova/scheduler/request_filter.py:426}}
Jun 03 07:20:18.932972 np0000002024 nova-scheduler[95814]: DEBUG nova.scheduler.request_filter [None req-f7c63573-fef1-4930-951d-764588bd954c tempest-ServerActionsTestOtherA-439072919 tempest-ServerActionsTestOtherA-439072919-project-member] virtio_sound_filter skipped {{(pid=95814) virtio_sound_filter /opt/stack/nova/nova/scheduler/request_filter.py:460}}
Jun 03 07:20:18.933155 np0000002024 nova-scheduler[95814]: DEBUG nova.scheduler.request_filter [None req-f7c63573-fef1-4930-951d-764588bd954c tempest-ServerActionsTestOtherA-439072919 tempest-ServerActionsTestOtherA-439072919-project-member] tpm_secret_security_filter skipped {{(pid=95814) tpm_secret_security_filter /opt/stack/nova/nova/scheduler/request_filter.py:477}}
Jun 03 07:20:19.083722 np0000002024 nova-scheduler[95814]: INFO nova.utils [None req-f7c63573-fef1-4930-951d-764588bd954c tempest-ServerActionsTestOtherA-439072919 tempest-ServerActionsTestOtherA-439072919-project-member] The cell worker thread pool ForkProcess-2.cell_worker is initialized
Jun 03 07:20:19.083722 np0000002024 nova-scheduler[95814]: DEBUG oslo_concurrency.lockutils [None req-f7c63573-fef1-4930-951d-764588bd954c tempest-ServerActionsTestOtherA-439072919 tempest-ServerActionsTestOtherA-439072919-project-member] Acquiring lock "1ad46fe1-c5a7-4d5e-a08c-6a15099feac3" by "nova.context.set_target_cell..get_or_set_cached_cell_and_set_connections" {{(pid=95814) inner /opt/stack/data/venv/lib/python3.12/site-packages/oslo_concurrency/lockutils.py:511}}
Jun 03 07:20:19.083722 np0000002024 nova-scheduler[95814]: DEBUG oslo_concurrency.lockutils [None req-f7c63573-fef1-4930-951d-764588bd954c tempest-ServerActionsTestOtherA-439072919 tempest-ServerActionsTestOtherA-439072919-project-member] Lock "1ad46fe1-c5a7-4d5e-a08c-6a15099feac3" acquired by "nova.context.set_target_cell..get_or_set_cached_cell_and_set_connections" :: waited 0.000s {{(pid=95814) inner /opt/stack/data/venv/lib/python3.12/site-packages/oslo_concurrency/lockutils.py:524}}
Jun 03 07:20:19.083722 np0000002024 nova-scheduler[95814]: DEBUG oslo_concurrency.lockutils [None req-f7c63573-fef1-4930-951d-764588bd954c tempest-ServerActionsTestOtherA-439072919 tempest-ServerActionsTestOtherA-439072919-project-member] Lock "1ad46fe1-c5a7-4d5e-a08c-6a15099feac3" "released" by "nova.context.set_target_cell..get_or_set_cached_cell_and_set_connections" :: held 0.001s {{(pid=95814) inner /opt/stack/data/venv/lib/python3.12/site-packages/oslo_concurrency/lockutils.py:543}}
Jun 03 07:20:19.085610 np0000002024 nova-scheduler[95814]: INFO dbcounter [None req-f7c63573-fef1-4930-951d-764588bd954c tempest-ServerActionsTestOtherA-439072919 tempest-ServerActionsTestOtherA-439072919-project-member] Registered counter for database nova_cell1
Jun 03 07:20:19.128131 np0000002024 nova-scheduler[95814]: DEBUG oslo_db.sqlalchemy.engines [None req-f7c63573-fef1-4930-951d-764588bd954c tempest-ServerActionsTestOtherA-439072919 tempest-ServerActionsTestOtherA-439072919-project-member] MySQL server mode set to STRICT_TRANS_TABLES,STRICT_ALL_TABLES,NO_ZERO_IN_DATE,NO_ZERO_DATE,ERROR_FOR_DIVISION_BY_ZERO,TRADITIONAL,NO_ENGINE_SUBSTITUTION {{(pid=95814) _check_effective_sql_mode /opt/stack/data/venv/lib/python3.12/site-packages/oslo_db/sqlalchemy/engines.py:325}}
Jun 03 07:20:19.133404 np0000002024 nova-scheduler[95814]: DEBUG dbcounter [-] [95814] Writer thread running {{(pid=95814) stat_writer /opt/stack/data/venv/lib/python3.12/site-packages/dbcounter.py:102}}
Jun 03 07:20:19.191099 np0000002024 nova-scheduler[95814]: DEBUG dbcounter [-] [95814] Writer thread running {{(pid=95814) stat_writer /opt/stack/data/venv/lib/python3.12/site-packages/dbcounter.py:102}}
Jun 03 07:20:19.195640 np0000002024 nova-scheduler[95814]: DEBUG oslo_concurrency.lockutils [None req-f7c63573-fef1-4930-951d-764588bd954c tempest-ServerActionsTestOtherA-439072919 tempest-ServerActionsTestOtherA-439072919-project-member] Acquiring lock "1ad46fe1-c5a7-4d5e-a08c-6a15099feac3" by "nova.context.set_target_cell..get_or_set_cached_cell_and_set_connections" {{(pid=95814) inner /opt/stack/data/venv/lib/python3.12/site-packages/oslo_concurrency/lockutils.py:511}}
Jun 03 07:20:19.195830 np0000002024 nova-scheduler[95814]: DEBUG oslo_concurrency.lockutils [None req-f7c63573-fef1-4930-951d-764588bd954c tempest-ServerActionsTestOtherA-439072919 tempest-ServerActionsTestOtherA-439072919-project-member] Lock "1ad46fe1-c5a7-4d5e-a08c-6a15099feac3" acquired by "nova.context.set_target_cell..get_or_set_cached_cell_and_set_connections" :: waited 0.000s {{(pid=95814) inner /opt/stack/data/venv/lib/python3.12/site-packages/oslo_concurrency/lockutils.py:524}}
Jun 03 07:20:19.196004 np0000002024 nova-scheduler[95814]: DEBUG oslo_concurrency.lockutils [None req-f7c63573-fef1-4930-951d-764588bd954c tempest-ServerActionsTestOtherA-439072919 tempest-ServerActionsTestOtherA-439072919-project-member] Lock "1ad46fe1-c5a7-4d5e-a08c-6a15099feac3" "released" by "nova.context.set_target_cell..get_or_set_cached_cell_and_set_connections" :: held 0.000s {{(pid=95814) inner /opt/stack/data/venv/lib/python3.12/site-packages/oslo_concurrency/lockutils.py:543}}
Jun 03 07:20:19.202993 np0000002024 nova-scheduler[95814]: DEBUG oslo_concurrency.lockutils [None req-f7c63573-fef1-4930-951d-764588bd954c tempest-ServerActionsTestOtherA-439072919 tempest-ServerActionsTestOtherA-439072919-project-member] Acquiring lock "('np0000002024', 'np0000002024')" by "nova.scheduler.host_manager.HostState.update.._locked_update" {{(pid=95814) inner /opt/stack/data/venv/lib/python3.12/site-packages/oslo_concurrency/lockutils.py:511}}
Jun 03 07:20:19.203163 np0000002024 nova-scheduler[95814]: DEBUG oslo_concurrency.lockutils [None req-f7c63573-fef1-4930-951d-764588bd954c tempest-ServerActionsTestOtherA-439072919 tempest-ServerActionsTestOtherA-439072919-project-member] Lock "('np0000002024', 'np0000002024')" acquired by "nova.scheduler.host_manager.HostState.update.._locked_update" :: waited 0.000s {{(pid=95814) inner /opt/stack/data/venv/lib/python3.12/site-packages/oslo_concurrency/lockutils.py:524}}
