Jun 23 18:42:20.840658 np0000003482 nova-scheduler[96149]: DEBUG cotyledon.oslo_config_glue [-] profiler.es_scroll_time = 2m {{(pid=96149) log_opt_values /opt/stack/data/venv/lib/python3.12/site-packages/oslo_config/cfg.py:3253}}
Jun 23 18:42:20.840658 np0000003482 nova-scheduler[96149]: DEBUG cotyledon.oslo_config_glue [-] profiler.filter_error_trace = False {{(pid=96149) log_opt_values /opt/stack/data/venv/lib/python3.12/site-packages/oslo_config/cfg.py:3253}}
Jun 23 18:42:20.840658 np0000003482 nova-scheduler[96149]: DEBUG cotyledon.oslo_config_glue [-] profiler.hmac_keys = **** {{(pid=96149) log_opt_values /opt/stack/data/venv/lib/python3.12/site-packages/oslo_config/cfg.py:3253}}
Jun 23 18:42:20.840658 np0000003482 nova-scheduler[96149]: DEBUG cotyledon.oslo_config_glue [-] profiler.sentinel_service_name = mymaster {{(pid=96149) log_opt_values /opt/stack/data/venv/lib/python3.12/site-packages/oslo_config/cfg.py:3253}}
Jun 23 18:42:20.840658 np0000003482 nova-scheduler[96149]: DEBUG cotyledon.oslo_config_glue [-] profiler.socket_timeout = 0.1 {{(pid=96149) log_opt_values /opt/stack/data/venv/lib/python3.12/site-packages/oslo_config/cfg.py:3253}}
Jun 23 18:42:20.840658 np0000003482 nova-scheduler[96149]: DEBUG cotyledon.oslo_config_glue [-] profiler.trace_requests = False {{(pid=96149) log_opt_values /opt/stack/data/venv/lib/python3.12/site-packages/oslo_config/cfg.py:3253}}
Jun 23 18:42:20.840658 np0000003482 nova-scheduler[96149]: DEBUG cotyledon.oslo_config_glue [-] profiler.trace_sqlalchemy = False {{(pid=96149) log_opt_values /opt/stack/data/venv/lib/python3.12/site-packages/oslo_config/cfg.py:3253}}
Jun 23 18:42:20.840658 np0000003482 nova-scheduler[96149]: DEBUG cotyledon.oslo_config_glue [-] profiler_jaeger.process_tags = {} {{(pid=96149) log_opt_values /opt/stack/data/venv/lib/python3.12/site-packages/oslo_config/cfg.py:3253}}
Jun 23 18:42:20.840658 np0000003482 nova-scheduler[96149]: DEBUG cotyledon.oslo_config_glue [-] profiler_jaeger.service_name_prefix = None {{(pid=96149) log_opt_values /opt/stack/data/venv/lib/python3.12/site-packages/oslo_config/cfg.py:3253}}
Jun 23 18:42:20.840827 np0000003482 nova-scheduler[96149]: DEBUG cotyledon.oslo_config_glue [-] profiler_otlp.service_name_prefix = None {{(pid=96149) log_opt_values /opt/stack/data/venv/lib/python3.12/site-packages/oslo_config/cfg.py:3253}}
Jun 23 18:42:20.840827 np0000003482 nova-scheduler[96149]: DEBUG cotyledon.oslo_config_glue [-] oslo_messaging_rabbit.amqp_auto_delete = False {{(pid=96149) log_opt_values /opt/stack/data/venv/lib/python3.12/site-packages/oslo_config/cfg.py:3253}}
Jun 23 18:42:20.840827 np0000003482 nova-scheduler[96149]: DEBUG cotyledon.oslo_config_glue [-] oslo_messaging_rabbit.amqp_durable_queues = False {{(pid=96149) log_opt_values /opt/stack/data/venv/lib/python3.12/site-packages/oslo_config/cfg.py:3253}}
Jun 23 18:42:20.840827 np0000003482 nova-scheduler[96149]: DEBUG cotyledon.oslo_config_glue [-] oslo_messaging_rabbit.conn_pool_min_size = 2 {{(pid=96149) log_opt_values /opt/stack/data/venv/lib/python3.12/site-packages/oslo_config/cfg.py:3253}}
Jun 23 18:42:20.840827 np0000003482 nova-scheduler[96149]: DEBUG cotyledon.oslo_config_glue [-] oslo_messaging_rabbit.conn_pool_ttl = 1200 {{(pid=96149) log_opt_values /opt/stack/data/venv/lib/python3.12/site-packages/oslo_config/cfg.py:3253}}
Jun 23 18:42:20.840827 np0000003482 nova-scheduler[96149]: DEBUG cotyledon.oslo_config_glue [-] oslo_messaging_rabbit.direct_mandatory_flag = True {{(pid=96149) log_opt_values /opt/stack/data/venv/lib/python3.12/site-packages/oslo_config/cfg.py:3253}}
Jun 23 18:42:20.840827 np0000003482 nova-scheduler[96149]: DEBUG cotyledon.oslo_config_glue [-] oslo_messaging_rabbit.enable_cancel_on_failover = False {{(pid=96149) log_opt_values /opt/stack/data/venv/lib/python3.12/site-packages/oslo_config/cfg.py:3253}}
Jun 23 18:42:20.840827 np0000003482 nova-scheduler[96149]: DEBUG cotyledon.oslo_config_glue [-] oslo_messaging_rabbit.heartbeat_rate = 3 {{(pid=96149) log_opt_values /opt/stack/data/venv/lib/python3.12/site-packages/oslo_config/cfg.py:3253}}
Jun 23 18:42:20.840827 np0000003482 nova-scheduler[96149]: DEBUG cotyledon.oslo_config_glue [-] oslo_messaging_rabbit.heartbeat_timeout_threshold = 60 {{(pid=96149) log_opt_values /opt/stack/data/venv/lib/python3.12/site-packages/oslo_config/cfg.py:3253}}
Jun 23 18:42:20.840985 np0000003482 nova-scheduler[96149]: DEBUG cotyledon.oslo_config_glue [-] oslo_messaging_rabbit.hostname = np0000003482 {{(pid=96149) log_opt_values /opt/stack/data/venv/lib/python3.12/site-packages/oslo_config/cfg.py:3253}}
Jun 23 18:42:20.840985 np0000003482 nova-scheduler[96149]: DEBUG cotyledon.oslo_config_glue [-] oslo_messaging_rabbit.kombu_compression = None {{(pid=96149) log_opt_values /opt/stack/data/venv/lib/python3.12/site-packages/oslo_config/cfg.py:3253}}
Jun 23 18:42:20.840985 np0000003482 nova-scheduler[96149]: DEBUG cotyledon.oslo_config_glue [-] oslo_messaging_rabbit.kombu_failover_strategy = round-robin {{(pid=96149) log_opt_values /opt/stack/data/venv/lib/python3.12/site-packages/oslo_config/cfg.py:3253}}
Jun 23 18:42:20.840985 np0000003482 nova-scheduler[96149]: DEBUG cotyledon.oslo_config_glue [-] oslo_messaging_rabbit.kombu_missing_consumer_retry_timeout = 60 {{(pid=96149) log_opt_values /opt/stack/data/venv/lib/python3.12/site-packages/oslo_config/cfg.py:3253}}
Jun 23 18:42:20.840985 np0000003482 nova-scheduler[96149]: DEBUG cotyledon.oslo_config_glue [-] oslo_messaging_rabbit.kombu_reconnect_delay = 1.0 {{(pid=96149) log_opt_values /opt/stack/data/venv/lib/python3.12/site-packages/oslo_config/cfg.py:3253}}
Jun 23 18:42:20.840985 np0000003482 nova-scheduler[96149]: DEBUG cotyledon.oslo_config_glue [-] oslo_messaging_rabbit.kombu_reconnect_splay = 0.0 {{(pid=96149) log_opt_values /opt/stack/data/venv/lib/python3.12/site-packages/oslo_config/cfg.py:3253}}
Jun 23 18:42:20.840985 np0000003482 nova-scheduler[96149]: DEBUG cotyledon.oslo_config_glue [-] oslo_messaging_rabbit.processname = nova-scheduler {{(pid=96149) log_opt_values /opt/stack/data/venv/lib/python3.12/site-packages/oslo_config/cfg.py:3253}}
Jun 23 18:42:20.840985 np0000003482 nova-scheduler[96149]: DEBUG cotyledon.oslo_config_glue [-] oslo_messaging_rabbit.rabbit_ha_queues = False {{(pid=96149) log_opt_values /opt/stack/data/venv/lib/python3.12/site-packages/oslo_config/cfg.py:3253}}
Jun 23 18:42:20.840985 np0000003482 nova-scheduler[96149]: DEBUG cotyledon.oslo_config_glue [-] oslo_messaging_rabbit.rabbit_interval_max = 30 {{(pid=96149) log_opt_values /opt/stack/data/venv/lib/python3.12/site-packages/oslo_config/cfg.py:3253}}
Jun 23 18:42:20.841176 np0000003482 nova-scheduler[96149]: DEBUG cotyledon.oslo_config_glue [-] oslo_messaging_rabbit.rabbit_login_method = AMQPLAIN {{(pid=96149) log_opt_values /opt/stack/data/venv/lib/python3.12/site-packages/oslo_config/cfg.py:3253}}
Jun 23 18:42:20.841176 np0000003482 nova-scheduler[96149]: DEBUG cotyledon.oslo_config_glue [-] oslo_messaging_rabbit.rabbit_qos_prefetch_count = 0 {{(pid=96149) log_opt_values /opt/stack/data/venv/lib/python3.12/site-packages/oslo_config/cfg.py:3253}}
Jun 23 18:42:20.841176 np0000003482 nova-scheduler[96149]: DEBUG cotyledon.oslo_config_glue [-] oslo_messaging_rabbit.rabbit_quorum_delivery_limit = 0 {{(pid=96149) log_opt_values /opt/stack/data/venv/lib/python3.12/site-packages/oslo_config/cfg.py:3253}}
Jun 23 18:42:20.841176 np0000003482 nova-scheduler[96149]: DEBUG cotyledon.oslo_config_glue [-] oslo_messaging_rabbit.rabbit_quorum_max_memory_bytes = 0 {{(pid=96149) log_opt_values /opt/stack/data/venv/lib/python3.12/site-packages/oslo_config/cfg.py:3253}}
Jun 23 18:42:20.841176 np0000003482 nova-scheduler[96149]: DEBUG cotyledon.oslo_config_glue [-] oslo_messaging_rabbit.rabbit_quorum_max_memory_length = 0 {{(pid=96149) log_opt_values /opt/stack/data/venv/lib/python3.12/site-packages/oslo_config/cfg.py:3253}}
Jun 23 18:42:20.841176 np0000003482 nova-scheduler[96149]: DEBUG cotyledon.oslo_config_glue [-] oslo_messaging_rabbit.rabbit_quorum_queue = False {{(pid=96149) log_opt_values /opt/stack/data/venv/lib/python3.12/site-packages/oslo_config/cfg.py:3253}}
Jun 23 18:42:20.841176 np0000003482 nova-scheduler[96149]: DEBUG cotyledon.oslo_config_glue [-] oslo_messaging_rabbit.rabbit_retry_backoff = 2 {{(pid=96149) log_opt_values /opt/stack/data/venv/lib/python3.12/site-packages/oslo_config/cfg.py:3253}}
Jun 23 18:42:20.841176 np0000003482 nova-scheduler[96149]: DEBUG cotyledon.oslo_config_glue [-] oslo_messaging_rabbit.rabbit_retry_interval = 1 {{(pid=96149) log_opt_values /opt/stack/data/venv/lib/python3.12/site-packages/oslo_config/cfg.py:3253}}
Jun 23 18:42:20.841176 np0000003482 nova-scheduler[96149]: DEBUG cotyledon.oslo_config_glue [-] oslo_messaging_rabbit.rabbit_stream_fanout = False {{(pid=96149) log_opt_values /opt/stack/data/venv/lib/python3.12/site-packages/oslo_config/cfg.py:3253}}
Jun 23 18:42:20.841353 np0000003482 nova-scheduler[96149]: DEBUG cotyledon.oslo_config_glue [-] oslo_messaging_rabbit.rabbit_transient_queues_ttl = 1800 {{(pid=96149) log_opt_values /opt/stack/data/venv/lib/python3.12/site-packages/oslo_config/cfg.py:3253}}
Jun 23 18:42:20.841353 np0000003482 nova-scheduler[96149]: DEBUG cotyledon.oslo_config_glue [-] oslo_messaging_rabbit.rabbit_transient_quorum_queue = False {{(pid=96149) log_opt_values /opt/stack/data/venv/lib/python3.12/site-packages/oslo_config/cfg.py:3253}}
Jun 23 18:42:20.841353 np0000003482 nova-scheduler[96149]: DEBUG cotyledon.oslo_config_glue [-] oslo_messaging_rabbit.rpc_conn_pool_size = 30 {{(pid=96149) log_opt_values /opt/stack/data/venv/lib/python3.12/site-packages/oslo_config/cfg.py:3253}}
Jun 23 18:42:20.841353 np0000003482 nova-scheduler[96149]: DEBUG cotyledon.oslo_config_glue [-] oslo_messaging_rabbit.ssl = False {{(pid=96149) log_opt_values /opt/stack/data/venv/lib/python3.12/site-packages/oslo_config/cfg.py:3253}}
Jun 23 18:42:20.841353 np0000003482 nova-scheduler[96149]: DEBUG cotyledon.oslo_config_glue [-] oslo_messaging_rabbit.ssl_ca_file = {{(pid=96149) log_opt_values /opt/stack/data/venv/lib/python3.12/site-packages/oslo_config/cfg.py:3253}}
Jun 23 18:42:20.841353 np0000003482 nova-scheduler[96149]: DEBUG cotyledon.oslo_config_glue [-] oslo_messaging_rabbit.ssl_cert_file = {{(pid=96149) log_opt_values /opt/stack/data/venv/lib/python3.12/site-packages/oslo_config/cfg.py:3253}}
Jun 23 18:42:20.841353 np0000003482 nova-scheduler[96149]: DEBUG cotyledon.oslo_config_glue [-] oslo_messaging_rabbit.ssl_enforce_fips_mode = False {{(pid=96149) log_opt_values /opt/stack/data/venv/lib/python3.12/site-packages/oslo_config/cfg.py:3253}}
Jun 23 18:42:20.841353 np0000003482 nova-scheduler[96149]: DEBUG cotyledon.oslo_config_glue [-] oslo_messaging_rabbit.ssl_enforce_hostname_verification = True {{(pid=96149) log_opt_values /opt/stack/data/venv/lib/python3.12/site-packages/oslo_config/cfg.py:3253}}
Jun 23 18:42:20.841353 np0000003482 nova-scheduler[96149]: DEBUG cotyledon.oslo_config_glue [-] oslo_messaging_rabbit.ssl_key_file = {{(pid=96149) log_opt_values /opt/stack/data/venv/lib/python3.12/site-packages/oslo_config/cfg.py:3253}}
Jun 23 18:42:20.841524 np0000003482 nova-scheduler[96149]: DEBUG cotyledon.oslo_config_glue [-] oslo_messaging_rabbit.ssl_version = {{(pid=96149) log_opt_values /opt/stack/data/venv/lib/python3.12/site-packages/oslo_config/cfg.py:3253}}
Jun 23 18:42:20.841524 np0000003482 nova-scheduler[96149]: DEBUG cotyledon.oslo_config_glue [-] oslo_messaging_rabbit.use_queue_manager = False {{(pid=96149) log_opt_values /opt/stack/data/venv/lib/python3.12/site-packages/oslo_config/cfg.py:3253}}
Jun 23 18:42:20.841524 np0000003482 nova-scheduler[96149]: DEBUG cotyledon.oslo_config_glue [-] oslo_messaging_notifications.driver = ['messagingv2'] {{(pid=96149) log_opt_values /opt/stack/data/venv/lib/python3.12/site-packages/oslo_config/cfg.py:3253}}
Jun 23 18:42:20.841524 np0000003482 nova-scheduler[96149]: DEBUG cotyledon.oslo_config_glue [-] oslo_messaging_notifications.retry = -1 {{(pid=96149) log_opt_values /opt/stack/data/venv/lib/python3.12/site-packages/oslo_config/cfg.py:3253}}
Jun 23 18:42:20.841524 np0000003482 nova-scheduler[96149]: DEBUG cotyledon.oslo_config_glue [-] oslo_messaging_notifications.topics = ['notifications'] {{(pid=96149) log_opt_values /opt/stack/data/venv/lib/python3.12/site-packages/oslo_config/cfg.py:3253}}
Jun 23 18:42:20.841524 np0000003482 nova-scheduler[96149]: DEBUG cotyledon.oslo_config_glue [-] oslo_messaging_notifications.transport_url = **** {{(pid=96149) log_opt_values /opt/stack/data/venv/lib/python3.12/site-packages/oslo_config/cfg.py:3253}}
Jun 23 18:42:20.841524 np0000003482 nova-scheduler[96149]: DEBUG cotyledon.oslo_config_glue [-] oslo_limit.auth_section = None {{(pid=96149) log_opt_values /opt/stack/data/venv/lib/python3.12/site-packages/oslo_config/cfg.py:3253}}
Jun 23 18:42:20.841524 np0000003482 nova-scheduler[96149]: DEBUG cotyledon.oslo_config_glue [-] oslo_limit.auth_type = None {{(pid=96149) log_opt_values /opt/stack/data/venv/lib/python3.12/site-packages/oslo_config/cfg.py:3253}}
Jun 23 18:42:20.841524 np0000003482 nova-scheduler[96149]: DEBUG cotyledon.oslo_config_glue [-] oslo_limit.cafile = None {{(pid=96149) log_opt_values /opt/stack/data/venv/lib/python3.12/site-packages/oslo_config/cfg.py:3253}}
Jun 23 18:42:20.841732 np0000003482 nova-scheduler[96149]: DEBUG cotyledon.oslo_config_glue [-] oslo_limit.certfile = None {{(pid=96149) log_opt_values /opt/stack/data/venv/lib/python3.12/site-packages/oslo_config/cfg.py:3253}}
Jun 23 18:42:20.841732 np0000003482 nova-scheduler[96149]: DEBUG cotyledon.oslo_config_glue [-] oslo_limit.collect_timing = False {{(pid=96149) log_opt_values /opt/stack/data/venv/lib/python3.12/site-packages/oslo_config/cfg.py:3253}}
Jun 23 18:42:20.841732 np0000003482 nova-scheduler[96149]: DEBUG cotyledon.oslo_config_glue [-] oslo_limit.connect_retries = None {{(pid=96149) log_opt_values /opt/stack/data/venv/lib/python3.12/site-packages/oslo_config/cfg.py:3253}}
Jun 23 18:42:20.841732 np0000003482 nova-scheduler[96149]: DEBUG cotyledon.oslo_config_glue [-] oslo_limit.connect_retry_delay = None {{(pid=96149) log_opt_values /opt/stack/data/venv/lib/python3.12/site-packages/oslo_config/cfg.py:3253}}
Jun 23 18:42:20.841732 np0000003482 nova-scheduler[96149]: DEBUG cotyledon.oslo_config_glue [-] oslo_limit.endpoint_id = None {{(pid=96149) log_opt_values /opt/stack/data/venv/lib/python3.12/site-packages/oslo_config/cfg.py:3253}}
Jun 23 18:42:20.841732 np0000003482 nova-scheduler[96149]: DEBUG cotyledon.oslo_config_glue [-] oslo_limit.endpoint_interface = public {{(pid=96149) log_opt_values /opt/stack/data/venv/lib/python3.12/site-packages/oslo_config/cfg.py:3253}}
Jun 23 18:42:20.841732 np0000003482 nova-scheduler[96149]: DEBUG cotyledon.oslo_config_glue [-] oslo_limit.endpoint_override = None {{(pid=96149) log_opt_values /opt/stack/data/venv/lib/python3.12/site-packages/oslo_config/cfg.py:3253}}
Jun 23 18:42:20.841732 np0000003482 nova-scheduler[96149]: DEBUG cotyledon.oslo_config_glue [-] oslo_limit.endpoint_region_name = None {{(pid=96149) log_opt_values /opt/stack/data/venv/lib/python3.12/site-packages/oslo_config/cfg.py:3253}}
Jun 23 18:42:20.841732 np0000003482 nova-scheduler[96149]: DEBUG cotyledon.oslo_config_glue [-] oslo_limit.endpoint_service_name = None {{(pid=96149) log_opt_values /opt/stack/data/venv/lib/python3.12/site-packages/oslo_config/cfg.py:3253}}
Jun 23 18:42:20.842009 np0000003482 nova-scheduler[96149]: DEBUG cotyledon.oslo_config_glue [-] oslo_limit.endpoint_service_type = None {{(pid=96149) log_opt_values /opt/stack/data/venv/lib/python3.12/site-packages/oslo_config/cfg.py:3253}}
Jun 23 18:42:20.842009 np0000003482 nova-scheduler[96149]: DEBUG cotyledon.oslo_config_glue [-] oslo_limit.insecure = False {{(pid=96149) log_opt_values /opt/stack/data/venv/lib/python3.12/site-packages/oslo_config/cfg.py:3253}}
Jun 23 18:42:20.842009 np0000003482 nova-scheduler[96149]: DEBUG cotyledon.oslo_config_glue [-] oslo_limit.keyfile = None {{(pid=96149) log_opt_values /opt/stack/data/venv/lib/python3.12/site-packages/oslo_config/cfg.py:3253}}
Jun 23 18:42:20.842009 np0000003482 nova-scheduler[96149]: DEBUG cotyledon.oslo_config_glue [-] oslo_limit.max_version = None {{(pid=96149) log_opt_values /opt/stack/data/venv/lib/python3.12/site-packages/oslo_config/cfg.py:3253}}
Jun 23 18:42:20.842009 np0000003482 nova-scheduler[96149]: DEBUG cotyledon.oslo_config_glue [-] oslo_limit.min_version = None {{(pid=96149) log_opt_values /opt/stack/data/venv/lib/python3.12/site-packages/oslo_config/cfg.py:3253}}
Jun 23 18:42:20.842009 np0000003482 nova-scheduler[96149]: DEBUG cotyledon.oslo_config_glue [-] oslo_limit.region_name = None {{(pid=96149) log_opt_values /opt/stack/data/venv/lib/python3.12/site-packages/oslo_config/cfg.py:3253}}
Jun 23 18:42:20.842009 np0000003482 nova-scheduler[96149]: DEBUG cotyledon.oslo_config_glue [-] oslo_limit.retriable_status_codes = None {{(pid=96149) log_opt_values /opt/stack/data/venv/lib/python3.12/site-packages/oslo_config/cfg.py:3253}}
Jun 23 18:42:20.842009 np0000003482 nova-scheduler[96149]: DEBUG cotyledon.oslo_config_glue [-] oslo_limit.service_name = None {{(pid=96149) log_opt_values /opt/stack/data/venv/lib/python3.12/site-packages/oslo_config/cfg.py:3253}}
Jun 23 18:42:20.842009 np0000003482 nova-scheduler[96149]: DEBUG cotyledon.oslo_config_glue [-] oslo_limit.service_type = None {{(pid=96149) log_opt_values /opt/stack/data/venv/lib/python3.12/site-packages/oslo_config/cfg.py:3253}}
Jun 23 18:42:20.842317 np0000003482 nova-scheduler[96149]: DEBUG cotyledon.oslo_config_glue [-] oslo_limit.split_loggers = False {{(pid=96149) log_opt_values /opt/stack/data/venv/lib/python3.12/site-packages/oslo_config/cfg.py:3253}}
Jun 23 18:42:20.842317 np0000003482 nova-scheduler[96149]: DEBUG cotyledon.oslo_config_glue [-] oslo_limit.status_code_retries = None {{(pid=96149) log_opt_values /opt/stack/data/venv/lib/python3.12/site-packages/oslo_config/cfg.py:3253}}
Jun 23 18:42:20.842317 np0000003482 nova-scheduler[96149]: DEBUG cotyledon.oslo_config_glue [-] oslo_limit.status_code_retry_delay = None {{(pid=96149) log_opt_values /opt/stack/data/venv/lib/python3.12/site-packages/oslo_config/cfg.py:3253}}
Jun 23 18:42:20.842317 np0000003482 nova-scheduler[96149]: DEBUG cotyledon.oslo_config_glue [-] oslo_limit.timeout = None {{(pid=96149) log_opt_values /opt/stack/data/venv/lib/python3.12/site-packages/oslo_config/cfg.py:3253}}
Jun 23 18:42:20.842317 np0000003482 nova-scheduler[96149]: DEBUG cotyledon.oslo_config_glue [-] oslo_limit.valid_interfaces = None {{(pid=96149) log_opt_values /opt/stack/data/venv/lib/python3.12/site-packages/oslo_config/cfg.py:3253}}
Jun 23 18:42:20.842317 np0000003482 nova-scheduler[96149]: DEBUG cotyledon.oslo_config_glue [-] oslo_limit.version = None {{(pid=96149) log_opt_values /opt/stack/data/venv/lib/python3.12/site-packages/oslo_config/cfg.py:3253}}
Jun 23 18:42:20.842317 np0000003482 nova-scheduler[96149]: DEBUG cotyledon.oslo_config_glue [-] oslo_reports.file_event_handler = None {{(pid=96149) log_opt_values /opt/stack/data/venv/lib/python3.12/site-packages/oslo_config/cfg.py:3253}}
Jun 23 18:42:20.842317 np0000003482 nova-scheduler[96149]: DEBUG cotyledon.oslo_config_glue [-] oslo_reports.file_event_handler_interval = 1 {{(pid=96149) log_opt_values /opt/stack/data/venv/lib/python3.12/site-packages/oslo_config/cfg.py:3253}}
Jun 23 18:42:20.842317 np0000003482 nova-scheduler[96149]: DEBUG cotyledon.oslo_config_glue [-] oslo_reports.log_dir = None {{(pid=96149) log_opt_values /opt/stack/data/venv/lib/python3.12/site-packages/oslo_config/cfg.py:3253}}
Jun 23 18:42:20.842602 np0000003482 nova-scheduler[96149]: DEBUG cotyledon.oslo_config_glue [-] ******************************************************************************** {{(pid=96149) log_opt_values /opt/stack/data/venv/lib/python3.12/site-packages/oslo_config/cfg.py:3260}}
Jun 23 18:42:20.842602 np0000003482 nova-scheduler[96149]: DEBUG cotyledon._service_worker [-] Run service ServiceWrapper(3) [96149] {{(pid=96149) wait_forever /opt/stack/data/venv/lib/python3.12/site-packages/cotyledon/_service_worker.py:218}}
Jun 23 18:42:20.842677 np0000003482 nova-scheduler[96145]: DEBUG oslo_db.sqlalchemy.engines [None req-36d5be60-4732-4081-aa6a-0ac702785a3f None None] MySQL server mode set to STRICT_TRANS_TABLES,STRICT_ALL_TABLES,NO_ZERO_IN_DATE,NO_ZERO_DATE,ERROR_FOR_DIVISION_BY_ZERO,TRADITIONAL,NO_ENGINE_SUBSTITUTION {{(pid=96145) _check_effective_sql_mode /opt/stack/data/venv/lib/python3.12/site-packages/oslo_db/sqlalchemy/engines.py:325}}
Jun 23 18:42:20.842728 np0000003482 nova-scheduler[96149]: INFO nova.service [-] Starting scheduler node (version 33.1.0)
Jun 23 18:42:20.842773 np0000003482 nova-scheduler[96147]: DEBUG oslo_db.sqlalchemy.engines [None req-4e9ff5a0-8e98-46e0-8887-d3e3457726a1 None None] MySQL server mode set to STRICT_TRANS_TABLES,STRICT_ALL_TABLES,NO_ZERO_IN_DATE,NO_ZERO_DATE,ERROR_FOR_DIVISION_BY_ZERO,TRADITIONAL,NO_ENGINE_SUBSTITUTION {{(pid=96147) _check_effective_sql_mode /opt/stack/data/venv/lib/python3.12/site-packages/oslo_db/sqlalchemy/engines.py:325}}
Jun 23 18:42:20.842823 np0000003482 nova-scheduler[96149]: INFO dbcounter [None req-e0e459f1-8bfa-40ed-9042-a20d78120e69 None None] Registered counter for database nova_cell0
Jun 23 18:42:20.842862 np0000003482 nova-scheduler[96145]: DEBUG dbcounter [-] [96145] Writer thread running {{(pid=96145) stat_writer /opt/stack/data/venv/lib/python3.12/site-packages/dbcounter.py:102}}
Jun 23 18:42:20.842888 np0000003482 nova-scheduler[96139]: DEBUG oslo_db.sqlalchemy.engines [None req-186f3129-d40e-4d28-a6cb-a025f9ebf8a9 None None] MySQL server mode set to STRICT_TRANS_TABLES,STRICT_ALL_TABLES,NO_ZERO_IN_DATE,NO_ZERO_DATE,ERROR_FOR_DIVISION_BY_ZERO,TRADITIONAL,NO_ENGINE_SUBSTITUTION {{(pid=96139) _check_effective_sql_mode /opt/stack/data/venv/lib/python3.12/site-packages/oslo_db/sqlalchemy/engines.py:325}}
Jun 23 18:42:20.845556 np0000003482 nova-scheduler[96147]: DEBUG dbcounter [-] [96147] Writer thread running {{(pid=96147) stat_writer /opt/stack/data/venv/lib/python3.12/site-packages/dbcounter.py:102}}
Jun 23 18:42:20.851533 np0000003482 nova-scheduler[96139]: DEBUG dbcounter [-] [96139] Writer thread running {{(pid=96139) stat_writer /opt/stack/data/venv/lib/python3.12/site-packages/dbcounter.py:102}}
Jun 23 18:42:20.854553 np0000003482 nova-scheduler[96145]: DEBUG nova.service [None req-36d5be60-4732-4081-aa6a-0ac702785a3f None None] Creating RPC server for service: nova-scheduler on topic: scheduler {{(pid=96145) start /opt/stack/nova/nova/service.py:196}}
Jun 23 18:42:20.865146 np0000003482 nova-scheduler[96147]: DEBUG nova.service [None req-4e9ff5a0-8e98-46e0-8887-d3e3457726a1 None None] Creating RPC server for service: nova-scheduler on topic: scheduler {{(pid=96147) start /opt/stack/nova/nova/service.py:196}}
Jun 23 18:42:20.867072 np0000003482 nova-scheduler[96139]: DEBUG nova.service [None req-186f3129-d40e-4d28-a6cb-a025f9ebf8a9 None None] Creating RPC server for service: nova-scheduler on topic: scheduler {{(pid=96139) start /opt/stack/nova/nova/service.py:196}}
Jun 23 18:42:20.875217 np0000003482 nova-scheduler[96149]: DEBUG oslo_db.sqlalchemy.engines [None req-e0e459f1-8bfa-40ed-9042-a20d78120e69 None None] MySQL server mode set to STRICT_TRANS_TABLES,STRICT_ALL_TABLES,NO_ZERO_IN_DATE,NO_ZERO_DATE,ERROR_FOR_DIVISION_BY_ZERO,TRADITIONAL,NO_ENGINE_SUBSTITUTION {{(pid=96149) _check_effective_sql_mode /opt/stack/data/venv/lib/python3.12/site-packages/oslo_db/sqlalchemy/engines.py:325}}
Jun 23 18:42:20.876446 np0000003482 nova-scheduler[96145]: DEBUG nova.service [None req-36d5be60-4732-4081-aa6a-0ac702785a3f None None] Join ServiceGroup membership for this service scheduler {{(pid=96145) start /opt/stack/nova/nova/service.py:222}}
Jun 23 18:42:20.876648 np0000003482 nova-scheduler[96145]: DEBUG nova.servicegroup.drivers.db [None req-36d5be60-4732-4081-aa6a-0ac702785a3f None None] DB_Driver: join new ServiceGroup member np0000003482 to the scheduler group, service = {{(pid=96145) join /opt/stack/nova/nova/servicegroup/drivers/db.py:44}}
Jun 23 18:42:20.885607 np0000003482 nova-scheduler[96147]: DEBUG nova.service [None req-4e9ff5a0-8e98-46e0-8887-d3e3457726a1 None None] Join ServiceGroup membership for this service scheduler {{(pid=96147) start /opt/stack/nova/nova/service.py:222}}
Jun 23 18:42:20.885792 np0000003482 nova-scheduler[96147]: DEBUG nova.servicegroup.drivers.db [None req-4e9ff5a0-8e98-46e0-8887-d3e3457726a1 None None] DB_Driver: join new ServiceGroup member np0000003482 to the scheduler group, service = {{(pid=96147) join /opt/stack/nova/nova/servicegroup/drivers/db.py:44}}
Jun 23 18:42:20.885842 np0000003482 nova-scheduler[96139]: DEBUG nova.service [None req-186f3129-d40e-4d28-a6cb-a025f9ebf8a9 None None] Join ServiceGroup membership for this service scheduler {{(pid=96139) start /opt/stack/nova/nova/service.py:222}}
Jun 23 18:42:20.886059 np0000003482 nova-scheduler[96139]: DEBUG nova.servicegroup.drivers.db [None req-186f3129-d40e-4d28-a6cb-a025f9ebf8a9 None None] DB_Driver: join new ServiceGroup member np0000003482 to the scheduler group, service = {{(pid=96139) join /opt/stack/nova/nova/servicegroup/drivers/db.py:44}}
Jun 23 18:42:20.886218 np0000003482 nova-scheduler[96149]: DEBUG dbcounter [-] [96149] Writer thread running {{(pid=96149) stat_writer /opt/stack/data/venv/lib/python3.12/site-packages/dbcounter.py:102}}
Jun 23 18:42:20.889898 np0000003482 nova-scheduler[96149]: DEBUG nova.service [None req-e0e459f1-8bfa-40ed-9042-a20d78120e69 None None] Creating RPC server for service: nova-scheduler on topic: scheduler {{(pid=96149) start /opt/stack/nova/nova/service.py:196}}
Jun 23 18:42:20.907688 np0000003482 nova-scheduler[96149]: DEBUG nova.service [None req-e0e459f1-8bfa-40ed-9042-a20d78120e69 None None] Join ServiceGroup membership for this service scheduler {{(pid=96149) start /opt/stack/nova/nova/service.py:222}}
Jun 23 18:42:20.907955 np0000003482 nova-scheduler[96149]: DEBUG nova.servicegroup.drivers.db [None req-e0e459f1-8bfa-40ed-9042-a20d78120e69 None None] DB_Driver: join new ServiceGroup member np0000003482 to the scheduler group, service = {{(pid=96149) join /opt/stack/nova/nova/servicegroup/drivers/db.py:44}}
Jun 23 18:42:22.887854 np0000003482 nova-scheduler[96147]: DEBUG oslo.service.backend._threading.loopingcall [None req-ab8c9fdd-99a7-419c-8dba-e7b31ba1e8e5 None None] Dynamic interval looping call 'nova.service.Service.periodic_tasks' sleeping for 60.00 seconds {{(pid=96147) _run_loop /opt/stack/data/venv/lib/python3.12/site-packages/oslo_service/backend/_threading/loopingcall.py:125}}
Jun 23 18:42:25.898750 np0000003482 nova-scheduler[96145]: DEBUG oslo.service.backend._threading.loopingcall [-] Fixed interval looping call 'nova.servicegroup.drivers.db.DbDriver._report_state' sleeping for 119.98 seconds {{(pid=96145) _run_loop /opt/stack/data/venv/lib/python3.12/site-packages/oslo_service/backend/_threading/loopingcall.py:125}}
Jun 23 18:42:25.899324 np0000003482 nova-scheduler[96139]: DEBUG oslo.service.backend._threading.loopingcall [-] Fixed interval looping call 'nova.servicegroup.drivers.db.DbDriver._report_state' sleeping for 119.99 seconds {{(pid=96139) _run_loop /opt/stack/data/venv/lib/python3.12/site-packages/oslo_service/backend/_threading/loopingcall.py:125}}
Jun 23 18:42:25.901531 np0000003482 nova-scheduler[96147]: DEBUG oslo.service.backend._threading.loopingcall [-] Fixed interval looping call 'nova.servicegroup.drivers.db.DbDriver._report_state' sleeping for 119.99 seconds {{(pid=96147) _run_loop /opt/stack/data/venv/lib/python3.12/site-packages/oslo_service/backend/_threading/loopingcall.py:125}}
Jun 23 18:42:25.925254 np0000003482 nova-scheduler[96149]: DEBUG oslo.service.backend._threading.loopingcall [-] Fixed interval looping call 'nova.servicegroup.drivers.db.DbDriver._report_state' sleeping for 119.98 seconds {{(pid=96149) _run_loop /opt/stack/data/venv/lib/python3.12/site-packages/oslo_service/backend/_threading/loopingcall.py:125}}
Jun 23 18:42:29.425411 np0000003482 nova-scheduler[94867]: DEBUG dbcounter [-] [94867] Writing DB stats nova_api:SELECT=3 {{(pid=94867) stat_writer /opt/stack/data/venv/lib/python3.12/site-packages/dbcounter.py:115}}
Jun 23 18:42:29.564199 np0000003482 nova-scheduler[94867]: DEBUG dbcounter [-] [94867] Writing DB stats nova_cell0:SELECT=1 {{(pid=94867) stat_writer /opt/stack/data/venv/lib/python3.12/site-packages/dbcounter.py:115}}
Jun 23 18:42:29.568568 np0000003482 nova-scheduler[94867]: DEBUG dbcounter [-] [94867] Writing DB stats nova_cell1:SELECT=1 {{(pid=94867) stat_writer /opt/stack/data/venv/lib/python3.12/site-packages/dbcounter.py:115}}
Jun 23 18:42:35.890761 np0000003482 nova-scheduler[96145]: DEBUG dbcounter [-] [96145] Writing DB stats nova_cell0:SELECT=4,nova_cell0:INSERT=1,nova_cell0:UPDATE=1 {{(pid=96145) stat_writer /opt/stack/data/venv/lib/python3.12/site-packages/dbcounter.py:115}}
Jun 23 18:42:35.897395 np0000003482 nova-scheduler[96139]: DEBUG dbcounter [-] [96139] Writing DB stats nova_cell0:SELECT=4,nova_cell0:INSERT=1,nova_cell0:UPDATE=1 {{(pid=96139) stat_writer /opt/stack/data/venv/lib/python3.12/site-packages/dbcounter.py:115}}
Jun 23 18:42:35.902298 np0000003482 nova-scheduler[96147]: DEBUG dbcounter [-] [96147] Writing DB stats nova_cell0:SELECT=5,nova_cell0:INSERT=1,nova_cell0:UPDATE=1 {{(pid=96147) stat_writer /opt/stack/data/venv/lib/python3.12/site-packages/dbcounter.py:115}}
Jun 23 18:42:35.921219 np0000003482 nova-scheduler[96149]: DEBUG dbcounter [-] [96149] Writing DB stats nova_cell0:SELECT=3 {{(pid=96149) stat_writer /opt/stack/data/venv/lib/python3.12/site-packages/dbcounter.py:115}}
Jun 23 18:42:37.879987 np0000003482 nova-scheduler[96145]: DEBUG oslo.service.backend._threading.loopingcall [None req-53db540d-5d0a-47b1-9c8e-783b8b1868d7 None None] Dynamic interval looping call 'nova.service.Service.periodic_tasks' sleeping for 60.00 seconds {{(pid=96145) _run_loop /opt/stack/data/venv/lib/python3.12/site-packages/oslo_service/backend/_threading/loopingcall.py:125}}
Jun 23 18:42:56.888605 np0000003482 nova-scheduler[96139]: DEBUG oslo.service.backend._threading.loopingcall [None req-7da86636-2fe0-425a-ad8f-68929e286140 None None] Dynamic interval looping call 'nova.service.Service.periodic_tasks' sleeping for 60.00 seconds {{(pid=96139) _run_loop /opt/stack/data/venv/lib/python3.12/site-packages/oslo_service/backend/_threading/loopingcall.py:125}}
Jun 23 18:43:09.909751 np0000003482 nova-scheduler[96149]: DEBUG oslo.service.backend._threading.loopingcall [None req-d910d3e4-5189-4ce8-a1fd-faba546089ac None None] Dynamic interval looping call 'nova.service.Service.periodic_tasks' sleeping for 60.00 seconds {{(pid=96149) _run_loop /opt/stack/data/venv/lib/python3.12/site-packages/oslo_service/backend/_threading/loopingcall.py:125}}
Jun 23 18:43:22.888421 np0000003482 nova-scheduler[96147]: DEBUG oslo.service.backend._threading.loopingcall [None req-ab8c9fdd-99a7-419c-8dba-e7b31ba1e8e5 None None] Dynamic interval looping call 'nova.service.Service.periodic_tasks' sleeping for 60.00 seconds {{(pid=96147) _run_loop /opt/stack/data/venv/lib/python3.12/site-packages/oslo_service/backend/_threading/loopingcall.py:125}}
Jun 23 18:43:37.880411 np0000003482 nova-scheduler[96145]: DEBUG oslo.service.backend._threading.loopingcall [None req-53db540d-5d0a-47b1-9c8e-783b8b1868d7 None None] Dynamic interval looping call 'nova.service.Service.periodic_tasks' sleeping for 60.00 seconds {{(pid=96145) _run_loop /opt/stack/data/venv/lib/python3.12/site-packages/oslo_service/backend/_threading/loopingcall.py:125}}
Jun 23 18:43:56.889152 np0000003482 nova-scheduler[96139]: DEBUG oslo.service.backend._threading.loopingcall [None req-7da86636-2fe0-425a-ad8f-68929e286140 None None] Dynamic interval looping call 'nova.service.Service.periodic_tasks' sleeping for 60.00 seconds {{(pid=96139) _run_loop /opt/stack/data/venv/lib/python3.12/site-packages/oslo_service/backend/_threading/loopingcall.py:125}}
Jun 23 18:44:09.910230 np0000003482 nova-scheduler[96149]: DEBUG oslo.service.backend._threading.loopingcall [None req-d910d3e4-5189-4ce8-a1fd-faba546089ac None None] Dynamic interval looping call 'nova.service.Service.periodic_tasks' sleeping for 60.00 seconds {{(pid=96149) _run_loop /opt/stack/data/venv/lib/python3.12/site-packages/oslo_service/backend/_threading/loopingcall.py:125}}
Jun 23 18:44:22.888835 np0000003482 nova-scheduler[96147]: DEBUG oslo.service.backend._threading.loopingcall [None req-ab8c9fdd-99a7-419c-8dba-e7b31ba1e8e5 None None] Dynamic interval looping call 'nova.service.Service.periodic_tasks' sleeping for 60.00 seconds {{(pid=96147) _run_loop /opt/stack/data/venv/lib/python3.12/site-packages/oslo_service/backend/_threading/loopingcall.py:125}}
Jun 23 18:44:25.884565 np0000003482 nova-scheduler[96145]: DEBUG oslo.service.backend._threading.loopingcall [-] Fixed interval looping call 'nova.servicegroup.drivers.db.DbDriver._report_state' sleeping for 119.99 seconds {{(pid=96145) _run_loop /opt/stack/data/venv/lib/python3.12/site-packages/oslo_service/backend/_threading/loopingcall.py:125}}
Jun 23 18:44:25.893046 np0000003482 nova-scheduler[96139]: DEBUG oslo.service.backend._threading.loopingcall [-] Fixed interval looping call 'nova.servicegroup.drivers.db.DbDriver._report_state' sleeping for 120.00 seconds {{(pid=96139) _run_loop /opt/stack/data/venv/lib/python3.12/site-packages/oslo_service/backend/_threading/loopingcall.py:125}}
Jun 23 18:44:25.894836 np0000003482 nova-scheduler[96147]: DEBUG oslo.service.backend._threading.loopingcall [-] Fixed interval looping call 'nova.servicegroup.drivers.db.DbDriver._report_state' sleeping for 120.00 seconds {{(pid=96147) _run_loop /opt/stack/data/venv/lib/python3.12/site-packages/oslo_service/backend/_threading/loopingcall.py:125}}
Jun 23 18:44:25.908337 np0000003482 nova-scheduler[96149]: DEBUG oslo.service.backend._threading.loopingcall [-] Fixed interval looping call 'nova.servicegroup.drivers.db.DbDriver._report_state' sleeping for 120.00 seconds {{(pid=96149) _run_loop /opt/stack/data/venv/lib/python3.12/site-packages/oslo_service/backend/_threading/loopingcall.py:125}}
Jun 23 18:44:35.882195 np0000003482 nova-scheduler[96145]: DEBUG dbcounter [-] [96145] Writing DB stats nova_cell0:SELECT=1,nova_cell0:UPDATE=1 {{(pid=96145) stat_writer /opt/stack/data/venv/lib/python3.12/site-packages/dbcounter.py:115}}
Jun 23 18:44:35.891413 np0000003482 nova-scheduler[96139]: DEBUG dbcounter [-] [96139] Writing DB stats nova_cell0:SELECT=1 {{(pid=96139) stat_writer /opt/stack/data/venv/lib/python3.12/site-packages/dbcounter.py:115}}
Jun 23 18:44:35.893444 np0000003482 nova-scheduler[96147]: DEBUG dbcounter [-] [96147] Writing DB stats nova_cell0:SELECT=1 {{(pid=96147) stat_writer /opt/stack/data/venv/lib/python3.12/site-packages/dbcounter.py:115}}
Jun 23 18:44:35.907105 np0000003482 nova-scheduler[96149]: DEBUG dbcounter [-] [96149] Writing DB stats nova_cell0:SELECT=1 {{(pid=96149) stat_writer /opt/stack/data/venv/lib/python3.12/site-packages/dbcounter.py:115}}
Jun 23 18:44:37.880876 np0000003482 nova-scheduler[96145]: DEBUG oslo.service.backend._threading.loopingcall [None req-53db540d-5d0a-47b1-9c8e-783b8b1868d7 None None] Dynamic interval looping call 'nova.service.Service.periodic_tasks' sleeping for 60.00 seconds {{(pid=96145) _run_loop /opt/stack/data/venv/lib/python3.12/site-packages/oslo_service/backend/_threading/loopingcall.py:125}}
Jun 23 18:44:39.328485 np0000003482 nova-scheduler[96145]: DEBUG nova.scheduler.manager [None req-55fe0ca8-b9e6-4dc7-bfbc-7888c4306829 tempest-DeleteServersTestJSON-148355129 tempest-DeleteServersTestJSON-148355129-project-member] Starting to schedule for instances: ['b7d95334-6c53-4909-950f-8ac7edf217aa'] {{(pid=96145) select_destinations /opt/stack/nova/nova/scheduler/manager.py:210}}
Jun 23 18:44:39.329635 np0000003482 nova-scheduler[96145]: DEBUG nova.scheduler.request_filter [None req-55fe0ca8-b9e6-4dc7-bfbc-7888c4306829 tempest-DeleteServersTestJSON-148355129 tempest-DeleteServersTestJSON-148355129-project-member] compute_status_filter request filter added forbidden trait COMPUTE_STATUS_DISABLED {{(pid=96145) compute_status_filter /opt/stack/nova/nova/scheduler/request_filter.py:253}}
Jun 23 18:44:39.329763 np0000003482 nova-scheduler[96145]: DEBUG nova.scheduler.request_filter [None req-55fe0ca8-b9e6-4dc7-bfbc-7888c4306829 tempest-DeleteServersTestJSON-148355129 tempest-DeleteServersTestJSON-148355129-project-member] Request filter 'compute_status_filter' took 0.0 seconds {{(pid=96145) wrapper /opt/stack/nova/nova/scheduler/request_filter.py:46}}
Jun 23 18:44:39.329973 np0000003482 nova-scheduler[96145]: DEBUG nova.scheduler.request_filter [None req-55fe0ca8-b9e6-4dc7-bfbc-7888c4306829 tempest-DeleteServersTestJSON-148355129 tempest-DeleteServersTestJSON-148355129-project-member] Request filter 'accelerators_filter' took 0.0 seconds {{(pid=96145) wrapper /opt/stack/nova/nova/scheduler/request_filter.py:46}}
Jun 23 18:44:39.330556 np0000003482 nova-scheduler[96145]: DEBUG nova.scheduler.request_filter [None req-55fe0ca8-b9e6-4dc7-bfbc-7888c4306829 tempest-DeleteServersTestJSON-148355129 tempest-DeleteServersTestJSON-148355129-project-member] Request filter 'packed_virtqueue_filter' took 0.0 seconds {{(pid=96145) wrapper /opt/stack/nova/nova/scheduler/request_filter.py:46}}
Jun 23 18:44:39.330899 np0000003482 nova-scheduler[96145]: DEBUG nova.scheduler.request_filter [None req-55fe0ca8-b9e6-4dc7-bfbc-7888c4306829 tempest-DeleteServersTestJSON-148355129 tempest-DeleteServersTestJSON-148355129-project-member] Request filter 'remote_managed_ports_filter' took 0.0 seconds {{(pid=96145) wrapper /opt/stack/nova/nova/scheduler/request_filter.py:46}}
Jun 23 18:44:39.331105 np0000003482 nova-scheduler[96145]: DEBUG nova.scheduler.request_filter [None req-55fe0ca8-b9e6-4dc7-bfbc-7888c4306829 tempest-DeleteServersTestJSON-148355129 tempest-DeleteServersTestJSON-148355129-project-member] ephemeral_encryption_filter skipped {{(pid=96145) ephemeral_encryption_filter /opt/stack/nova/nova/scheduler/request_filter.py:426}}
Jun 23 18:44:39.331282 np0000003482 nova-scheduler[96145]: DEBUG nova.scheduler.request_filter [None req-55fe0ca8-b9e6-4dc7-bfbc-7888c4306829 tempest-DeleteServersTestJSON-148355129 tempest-DeleteServersTestJSON-148355129-project-member] virtio_sound_filter skipped {{(pid=96145) virtio_sound_filter /opt/stack/nova/nova/scheduler/request_filter.py:460}}
Jun 23 18:44:39.331477 np0000003482 nova-scheduler[96145]: DEBUG nova.scheduler.request_filter [None req-55fe0ca8-b9e6-4dc7-bfbc-7888c4306829 tempest-DeleteServersTestJSON-148355129 tempest-DeleteServersTestJSON-148355129-project-member] tpm_secret_security_filter skipped {{(pid=96145) tpm_secret_security_filter /opt/stack/nova/nova/scheduler/request_filter.py:477}}
Jun 23 18:44:39.906663 np0000003482 nova-scheduler[96145]: INFO nova.utils [None req-55fe0ca8-b9e6-4dc7-bfbc-7888c4306829 tempest-DeleteServersTestJSON-148355129 tempest-DeleteServersTestJSON-148355129-project-member] The cell worker thread pool ForkProcess-2.cell_worker is initialized
Jun 23 18:44:39.907116 np0000003482 nova-scheduler[96145]: DEBUG oslo_concurrency.lockutils [None req-55fe0ca8-b9e6-4dc7-bfbc-7888c4306829 tempest-DeleteServersTestJSON-148355129 tempest-DeleteServersTestJSON-148355129-project-member] Acquiring lock "251a3954-1419-47d1-8e81-8874fc6409e4" by "nova.context.set_target_cell..get_or_set_cached_cell_and_set_connections" {{(pid=96145) inner /opt/stack/data/venv/lib/python3.12/site-packages/oslo_concurrency/lockutils.py:511}}
Jun 23 18:44:39.907457 np0000003482 nova-scheduler[96145]: DEBUG oslo_concurrency.lockutils [None req-55fe0ca8-b9e6-4dc7-bfbc-7888c4306829 tempest-DeleteServersTestJSON-148355129 tempest-DeleteServersTestJSON-148355129-project-member] Lock "251a3954-1419-47d1-8e81-8874fc6409e4" acquired by "nova.context.set_target_cell..get_or_set_cached_cell_and_set_connections" :: waited 0.000s {{(pid=96145) inner /opt/stack/data/venv/lib/python3.12/site-packages/oslo_concurrency/lockutils.py:524}}
Jun 23 18:44:39.909279 np0000003482 nova-scheduler[96145]: DEBUG oslo_concurrency.lockutils [None req-55fe0ca8-b9e6-4dc7-bfbc-7888c4306829 tempest-DeleteServersTestJSON-148355129 tempest-DeleteServersTestJSON-148355129-project-member] Lock "251a3954-1419-47d1-8e81-8874fc6409e4" "released" by "nova.context.set_target_cell..get_or_set_cached_cell_and_set_connections" :: held 0.002s {{(pid=96145) inner /opt/stack/data/venv/lib/python3.12/site-packages/oslo_concurrency/lockutils.py:543}}
Jun 23 18:44:39.911549 np0000003482 nova-scheduler[96145]: INFO dbcounter [None req-55fe0ca8-b9e6-4dc7-bfbc-7888c4306829 tempest-DeleteServersTestJSON-148355129 tempest-DeleteServersTestJSON-148355129-project-member] Registered counter for database nova_cell1
Jun 23 18:44:39.949821 np0000003482 nova-scheduler[96145]: DEBUG oslo_db.sqlalchemy.engines [None req-55fe0ca8-b9e6-4dc7-bfbc-7888c4306829 tempest-DeleteServersTestJSON-148355129 tempest-DeleteServersTestJSON-148355129-project-member] MySQL server mode set to STRICT_TRANS_TABLES,STRICT_ALL_TABLES,NO_ZERO_IN_DATE,NO_ZERO_DATE,ERROR_FOR_DIVISION_BY_ZERO,TRADITIONAL,NO_ENGINE_SUBSTITUTION {{(pid=96145) _check_effective_sql_mode /opt/stack/data/venv/lib/python3.12/site-packages/oslo_db/sqlalchemy/engines.py:325}}
Jun 23 18:44:39.953993 np0000003482 nova-scheduler[96145]: DEBUG dbcounter [-] [96145] Writer thread running {{(pid=96145) stat_writer /opt/stack/data/venv/lib/python3.12/site-packages/dbcounter.py:102}}
Jun 23 18:44:39.966298 np0000003482 nova-scheduler[96145]: DEBUG oslo_db.sqlalchemy.engines [None req-55fe0ca8-b9e6-4dc7-bfbc-7888c4306829 tempest-DeleteServersTestJSON-148355129 tempest-DeleteServersTestJSON-148355129-project-member] Parent process 94867 forked (96145) with an open database connection, which is being discarded and recreated. {{(pid=96145) checkout /opt/stack/data/venv/lib/python3.12/site-packages/oslo_db/sqlalchemy/engines.py:402}}
Jun 23 18:44:40.017440 np0000003482 nova-scheduler[96145]: DEBUG dbcounter [-] [96145] Writer thread running {{(pid=96145) stat_writer /opt/stack/data/venv/lib/python3.12/site-packages/dbcounter.py:102}}
Jun 23 18:44:40.020137 np0000003482 nova-scheduler[96145]: DEBUG oslo_concurrency.lockutils [None req-55fe0ca8-b9e6-4dc7-bfbc-7888c4306829 tempest-DeleteServersTestJSON-148355129 tempest-DeleteServersTestJSON-148355129-project-member] Acquiring lock "251a3954-1419-47d1-8e81-8874fc6409e4" by "nova.context.set_target_cell..get_or_set_cached_cell_and_set_connections" {{(pid=96145) inner /opt/stack/data/venv/lib/python3.12/site-packages/oslo_concurrency/lockutils.py:511}}
Jun 23 18:44:40.020280 np0000003482 nova-scheduler[96145]: DEBUG oslo_concurrency.lockutils [None req-55fe0ca8-b9e6-4dc7-bfbc-7888c4306829 tempest-DeleteServersTestJSON-148355129 tempest-DeleteServersTestJSON-148355129-project-member] Lock "251a3954-1419-47d1-8e81-8874fc6409e4" acquired by "nova.context.set_target_cell..get_or_set_cached_cell_and_set_connections" :: waited 0.000s {{(pid=96145) inner /opt/stack/data/venv/lib/python3.12/site-packages/oslo_concurrency/lockutils.py:524}}
Jun 23 18:44:40.020415 np0000003482 nova-scheduler[96145]: DEBUG oslo_concurrency.lockutils [None req-55fe0ca8-b9e6-4dc7-bfbc-7888c4306829 tempest-DeleteServersTestJSON-148355129 tempest-DeleteServersTestJSON-148355129-project-member] Lock "251a3954-1419-47d1-8e81-8874fc6409e4" "released" by "nova.context.set_target_cell..get_or_set_cached_cell_and_set_connections" :: held 0.000s {{(pid=96145) inner /opt/stack/data/venv/lib/python3.12/site-packages/oslo_concurrency/lockutils.py:543}}
Jun 23 18:44:40.026096 np0000003482 nova-scheduler[96145]: DEBUG oslo_concurrency.lockutils [None req-55fe0ca8-b9e6-4dc7-bfbc-7888c4306829 tempest-DeleteServersTestJSON-148355129 tempest-DeleteServersTestJSON-148355129-project-member] Acquiring lock "('np0000003482', 'np0000003482')" by "nova.scheduler.host_manager.HostState.update.._locked_update" {{(pid=96145) inner /opt/stack/data/venv/lib/python3.12/site-packages/oslo_concurrency/lockutils.py:511}}
Jun 23 18:44:40.026211 np0000003482 nova-scheduler[96145]: DEBUG oslo_concurrency.lockutils [None req-55fe0ca8-b9e6-4dc7-bfbc-7888c4306829 tempest-DeleteServersTestJSON-148355129 tempest-DeleteServersTestJSON-148355129-project-member] Lock "('np0000003482', 'np0000003482')" acquired by "nova.scheduler.host_manager.HostState.update.._locked_update" :: waited 0.000s {{(pid=96145) inner /opt/stack/data/venv/lib/python3.12/site-packages/oslo_concurrency/lockutils.py:524}}
Jun 23 18:44:40.027403 np0000003482 nova-scheduler[96145]: DEBUG nova.scheduler.host_manager [None req-55fe0ca8-b9e6-4dc7-bfbc-7888c4306829 tempest-DeleteServersTestJSON-148355129 tempest-DeleteServersTestJSON-148355129-project-member] Update host state from compute node: ComputeNode(cpu_allocation_ratio=4.0,cpu_info='{"arch": "x86_64", "model": "EPYC-Milan", "vendor": "AMD", "topology": {"cells": 1, "sockets": 16, "cores": 1, "threads": 1}, "maxphysaddr": {"mode": "emulate", "bits": 40}, "features": ["mca", "abm", "pschange-mc-no", "cmp_legacy", "virt-ssbd", "wbnoinvd", "cx8", "svme-addr-chk", "fsrm", "amd-stibp", "lahf_lm", "spec-ctrl", "bmi2", "svm", "tsc", "vme", "sse2", "cx16", "lm", "nx", "hypervisor", "arat", "pku", "stibp", "pse36", "tsc-deadline", "sep", "stibp-always-on", "gds-no", "lbrv", "no-nested-data-bp", "erms", "nrip-save", "v-vmsave-vmload", "xsavec", "de", "pfthreshold", "vaes", "msr", "fxsr", "topoext", "fxsr_opt", "pni", "vgif", "pclmuldq", "rdseed", "arch-capabilities", "ssse3", "osvw", "clwb", "skip-l1dfl-vmentry", "mds-no", "mce", "pdpe1gb", "popcnt", "sse", "tsc_adjust", "npt", "pat", "f16c", "fpu", "avx", "rdctl-no", "amd-ssbd", "xsaveerptr", "lfence-always-serializing", "movbe", "ibrs", "mmx", "cmov", "fma", "aes", "clflushopt", "null-sel-clr-base", "pse", "smep", "amd-psfd", "pae", "vmcb-clean", "pge", "smap", "bmi1", "xgetbv1", "rdtscp", "xsaves", "misalignsse", "cr8legacy", "syscall", "rdpid", "clflush", "avx2", "mmxext", "sse4a", "sha-ni", "pcid", "umip", "fsgsbase", "ibpb", "mtrr", "sse4.2", "flushbyasid", "3dnowprefetch", "pause-filter", "clzero", "tsc-scale", "xsaveopt", "rdrand", "x2apic", "vpclmulqdq", "apic", "ssbd", "sse4.1", "adx", "invpcid", "xsave", "perfctr_core"]}',created_at=2026-06-23T18:42:45Z,current_workload=0,deleted=False,deleted_at=None,disk_allocation_ratio=1.0,disk_available_least=74,free_disk_gb=95,free_ram_mb=63789,host='np0000003482',host_ip=10.4.3.26,hypervisor_hostname='np0000003482',hypervisor_type='QEMU',hypervisor_version=8002002,id=1,local_gb=95,local_gb_used=0,mapped=1,memory_mb=64301,memory_mb_used=512,metrics='[]',numa_topology='{"nova_object.name": "NUMATopology", "nova_object.namespace": "nova", "nova_object.version": "1.2", "nova_object.data": {"cells": [{"nova_object.name": "NUMACell", "nova_object.namespace": "nova", "nova_object.version": "1.5", "nova_object.data": {"id": 0, "cpuset": [0, 1, 2, 3, 4, 5, 6, 7, 8, 9, 10, 11, 12, 13, 14, 15], "pcpuset": [0, 1, 2, 3, 4, 5, 6, 7, 8, 9, 10, 11, 12, 13, 14, 15], "memory": 64301, "cpu_usage": 0, "memory_usage": 0, "pinned_cpus": [], "siblings": [[6], [12], [2], [15], [5], [11], [8], [14], [4], [1], [7], [10], [0], [13], [3], [9]], "mempages": [{"nova_object.name": "NUMAPagesTopology", "nova_object.namespace": "nova", "nova_object.version": "1.1", "nova_object.data": {"size_kb": 4, "total": 16461068, "used": 0, "reserved": 0}, "nova_object.changes": ["total", "reserved", "used", "size_kb"]}, {"nova_object.name": "NUMAPagesTopology", "nova_object.namespace": "nova", "nova_object.version": "1.1", "nova_object.data": {"size_kb": 2048, "total": 0, "used": 0, "reserved": 0}, "nova_object.changes": ["total", "reserved", "used", "size_kb"]}, {"nova_object.name": "NUMAPagesTopology", "nova_object.namespace": "nova", "nova_object.version": "1.1", "nova_object.data": {"size_kb": 1048576, "total": 0, "used": 0, "reserved": 0}, "nova_object.changes": ["total", "reserved", "used", "size_kb"]}], "network_metadata": {"nova_object.name": "NetworkMetadata", "nova_object.namespace": "nova", "nova_object.version": "1.0", "nova_object.data": {"physnets": [], "tunneled": false}, "nova_object.changes": ["physnets", "tunneled"]}, "socket": null}, "nova_object.changes": ["memory_usage", "id", "siblings", "memory", "cpu_usage", "network_metadata", "socket", "cpuset", "pinned_cpus", "pcpuset", "mempages"]}]}, "nova_object.changes": ["cells"]}',pci_device_pools=PciDevicePoolList,ram_allocation_ratio=1.0,running_vms=0,service_id=3,stats={failed_builds='0',uptime=' 18:44:31 up 24 min, 2 users, load average: 1.43, 1.36, 0.77
Jun 23 18:44:40.027403 np0000003482 nova-scheduler[96145]: '},supported_hv_specs=[HVSpec,HVSpec,HVSpec,HVSpec,HVSpec,HVSpec,HVSpec,HVSpec,HVSpec,HVSpec,HVSpec,HVSpec,HVSpec,HVSpec,HVSpec,HVSpec,HVSpec,HVSpec,HVSpec,HVSpec,HVSpec,HVSpec,HVSpec,HVSpec,HVSpec],updated_at=2026-06-23T18:44:33Z,uuid=0a0098ea-6b7d-43a2-9f76-7e900d8c42a6,vcpus=16,vcpus_used=0) {{(pid=96145) _locked_update /opt/stack/nova/nova/scheduler/host_manager.py:168}}
Jun 23 18:44:40.027895 np0000003482 nova-scheduler[96145]: DEBUG nova.scheduler.host_manager [None req-55fe0ca8-b9e6-4dc7-bfbc-7888c4306829 tempest-DeleteServersTestJSON-148355129 tempest-DeleteServersTestJSON-148355129-project-member] Update host state with aggregates: [] {{(pid=96145) _locked_update /opt/stack/nova/nova/scheduler/host_manager.py:171}}
