May 26 05:00:48.563376 np0000001388 devstack@g-api.service[101991]: DEBUG glance.api.middleware.version_negotiation [None req-2af6f996-401e-4c9f-9b9b-d5432cc84fc4 tempest-VolumesExtendTest-1920368198 tempest-VolumesExtendTest-1920368198-project-member] Matched version: v2 {{(pid=101991) process_request /opt/stack/glance/glance/api/middleware/version_negotiation.py:69}}
May 26 05:00:48.563376 np0000001388 devstack@g-api.service[101991]: DEBUG glance.api.middleware.version_negotiation [None req-2af6f996-401e-4c9f-9b9b-d5432cc84fc4 tempest-VolumesExtendTest-1920368198 tempest-VolumesExtendTest-1920368198-project-member] new path /v2/images/eb1b37ef-ecaa-41a5-b927-a074eae64cb1 {{(pid=101991) process_request /opt/stack/glance/glance/api/middleware/version_negotiation.py:70}}
May 26 05:00:48.572056 np0000001388 devstack@g-api.service[101992]: WARNING glance.api.v2.images [None req-7f2bef92-ea93-4a74-863c-22d55da8e4b1 tempest-ServerBootFromVolumeStableRescueTest-343983155 tempest-ServerBootFromVolumeStableRescueTest-343983155-project-member] After upload to backend, deletion of staged image data has failed because it cannot be found at /tmp/staging//b58eb172-4352-4e34-83e0-6f41cd499d52
May 26 05:00:48.572737 np0000001388 devstack@g-api.service[101991]: [pid: 101991|app: 0|req: 67/208] 127.0.0.1 () {44 vars in 1115 bytes} [Tue May 26 05:00:48 2026] GET /v2/images/eb1b37ef-ecaa-41a5-b927-a074eae64cb1 => generated 1044 bytes in 10 msecs (HTTP/1.1 200) 4 headers in 158 bytes (1 switches on core 0)
May 26 05:00:48.572872 np0000001388 devstack@g-api.service[101992]: DEBUG glance_store.backend [None req-7f2bef92-ea93-4a74-863c-22d55da8e4b1 tempest-ServerBootFromVolumeStableRescueTest-343983155 tempest-ServerBootFromVolumeStableRescueTest-343983155-project-member] Attempting to import store swift {{(pid=101992) _load_store /opt/stack/data/venv/lib/python3.12/site-packages/glance_store/backend.py:215}}
May 26 05:00:48.574692 np0000001388 devstack@g-api.service[101992]: DEBUG glance_store.capabilities [None req-7f2bef92-ea93-4a74-863c-22d55da8e4b1 tempest-ServerBootFromVolumeStableRescueTest-343983155 tempest-ServerBootFromVolumeStableRescueTest-343983155-project-member] Store glance_store._drivers.swift.store.SingleTenantStore doesn't support updating dynamic storage capabilities. Please overwrite 'update_capabilities' method of the store to implement updating logics if needed. {{(pid=101992) update_capabilities /opt/stack/data/venv/lib/python3.12/site-packages/glance_store/capabilities.py:91}}
May 26 05:00:48.574802 np0000001388 devstack@g-api.service[101992]: DEBUG glance_store.driver [None req-7f2bef92-ea93-4a74-863c-22d55da8e4b1 tempest-ServerBootFromVolumeStableRescueTest-343983155 tempest-ServerBootFromVolumeStableRescueTest-343983155-project-member] Late loading location class glance_store._drivers.swift.store.StoreLocation {{(pid=101992) get_store_location_class /opt/stack/data/venv/lib/python3.12/site-packages/glance_store/driver.py:134}}
May 26 05:00:48.574902 np0000001388 devstack@g-api.service[101992]: DEBUG glance_store.location [None req-7f2bef92-ea93-4a74-863c-22d55da8e4b1 tempest-ServerBootFromVolumeStableRescueTest-343983155 tempest-ServerBootFromVolumeStableRescueTest-343983155-project-member] Registering scheme swift+https with {'store': , 'location_class': , 'store_entry': 'swift'} {{(pid=101992) register_scheme_map /opt/stack/data/venv/lib/python3.12/site-packages/glance_store/location.py:146}}
May 26 05:00:48.574977 np0000001388 devstack@g-api.service[101992]: DEBUG glance_store.location [None req-7f2bef92-ea93-4a74-863c-22d55da8e4b1 tempest-ServerBootFromVolumeStableRescueTest-343983155 tempest-ServerBootFromVolumeStableRescueTest-343983155-project-member] Registering scheme swift+https with {'store': , 'location_class': , 'store_entry': 'swift'} {{(pid=101992) register_scheme_map /opt/stack/data/venv/lib/python3.12/site-packages/glance_store/location.py:146}}
May 26 05:00:48.575170 np0000001388 devstack@g-api.service[101992]: DEBUG glance_store.location [None req-7f2bef92-ea93-4a74-863c-22d55da8e4b1 tempest-ServerBootFromVolumeStableRescueTest-343983155 tempest-ServerBootFromVolumeStableRescueTest-343983155-project-member] Registering scheme swift with {'store': , 'location_class': , 'store_entry': 'swift'} {{(pid=101992) register_scheme_map /opt/stack/data/venv/lib/python3.12/site-packages/glance_store/location.py:146}}
May 26 05:00:48.575335 np0000001388 devstack@g-api.service[101992]: DEBUG glance_store.location [None req-7f2bef92-ea93-4a74-863c-22d55da8e4b1 tempest-ServerBootFromVolumeStableRescueTest-343983155 tempest-ServerBootFromVolumeStableRescueTest-343983155-project-member] Registering scheme swift+https with {'store': , 'location_class': , 'store_entry': 'swift'} {{(pid=101992) register_scheme_map /opt/stack/data/venv/lib/python3.12/site-packages/glance_store/location.py:146}}
May 26 05:00:48.575528 np0000001388 devstack@g-api.service[101992]: DEBUG glance_store.location [None req-7f2bef92-ea93-4a74-863c-22d55da8e4b1 tempest-ServerBootFromVolumeStableRescueTest-343983155 tempest-ServerBootFromVolumeStableRescueTest-343983155-project-member] Registering scheme swift with {'store': , 'location_class': , 'store_entry': 'swift'} {{(pid=101992) register_scheme_map /opt/stack/data/venv/lib/python3.12/site-packages/glance_store/location.py:146}}
May 26 05:00:48.575680 np0000001388 devstack@g-api.service[101992]: DEBUG glance_store.location [None req-7f2bef92-ea93-4a74-863c-22d55da8e4b1 tempest-ServerBootFromVolumeStableRescueTest-343983155 tempest-ServerBootFromVolumeStableRescueTest-343983155-project-member] Registering scheme swift+http with {'store': , 'location_class': , 'store_entry': 'swift'} {{(pid=101992) register_scheme_map /opt/stack/data/venv/lib/python3.12/site-packages/glance_store/location.py:146}}
May 26 05:00:48.575803 np0000001388 devstack@g-api.service[101992]: DEBUG glance_store.location [None req-7f2bef92-ea93-4a74-863c-22d55da8e4b1 tempest-ServerBootFromVolumeStableRescueTest-343983155 tempest-ServerBootFromVolumeStableRescueTest-343983155-project-member] Registering scheme swift+https with {'store': , 'location_class': , 'store_entry': 'swift'} {{(pid=101992) register_scheme_map /opt/stack/data/venv/lib/python3.12/site-packages/glance_store/location.py:146}}
May 26 05:00:48.575971 np0000001388 devstack@g-api.service[101992]: DEBUG glance_store.location [None req-7f2bef92-ea93-4a74-863c-22d55da8e4b1 tempest-ServerBootFromVolumeStableRescueTest-343983155 tempest-ServerBootFromVolumeStableRescueTest-343983155-project-member] Registering scheme swift with {'store': , 'location_class': , 'store_entry': 'swift'} {{(pid=101992) register_scheme_map /opt/stack/data/venv/lib/python3.12/site-packages/glance_store/location.py:146}}
May 26 05:00:48.576234 np0000001388 devstack@g-api.service[101992]: DEBUG glance_store.location [None req-7f2bef92-ea93-4a74-863c-22d55da8e4b1 tempest-ServerBootFromVolumeStableRescueTest-343983155 tempest-ServerBootFromVolumeStableRescueTest-343983155-project-member] Registering scheme swift+http with {'store': , 'location_class': , 'store_entry': 'swift'} {{(pid=101992) register_scheme_map /opt/stack/data/venv/lib/python3.12/site-packages/glance_store/location.py:146}}
May 26 05:00:48.576414 np0000001388 devstack@g-api.service[101992]: DEBUG glance_store.location [None req-7f2bef92-ea93-4a74-863c-22d55da8e4b1 tempest-ServerBootFromVolumeStableRescueTest-343983155 tempest-ServerBootFromVolumeStableRescueTest-343983155-project-member] Registering scheme swift+config with {'store': , 'location_class': , 'store_entry': 'swift'} {{(pid=101992) register_scheme_map /opt/stack/data/venv/lib/python3.12/site-packages/glance_store/location.py:146}}
May 26 05:00:48.577337 np0000001388 devstack@g-api.service[101992]: DEBUG keystoneclient.auth.identity.v3.base [None req-7f2bef92-ea93-4a74-863c-22d55da8e4b1 tempest-ServerBootFromVolumeStableRescueTest-343983155 tempest-ServerBootFromVolumeStableRescueTest-343983155-project-member] Making authentication request to https://10.4.3.125/identity/v3/auth/tokens {{(pid=101992) get_auth_ref /opt/stack/data/venv/lib/python3.12/site-packages/keystoneclient/auth/identity/v3/base.py:185}}
May 26 05:00:48.581019 np0000001388 devstack@g-api.service[101990]: DEBUG glance.api.middleware.version_negotiation [None req-2af6f996-401e-4c9f-9b9b-d5432cc84fc4 tempest-VolumesExtendTest-1920368198 tempest-VolumesExtendTest-1920368198-project-member] Determining version of request: GET /v2/schemas/image Accept: */* {{(pid=101990) process_request /opt/stack/glance/glance/api/middleware/version_negotiation.py:44}}
May 26 05:00:48.581264 np0000001388 devstack@g-api.service[101990]: DEBUG glance.api.middleware.version_negotiation [None req-2af6f996-401e-4c9f-9b9b-d5432cc84fc4 tempest-VolumesExtendTest-1920368198 tempest-VolumesExtendTest-1920368198-project-member] Using url versioning {{(pid=101990) process_request /opt/stack/glance/glance/api/middleware/version_negotiation.py:57}}
May 26 05:00:48.581430 np0000001388 devstack@g-api.service[101990]: DEBUG glance.api.middleware.version_negotiation [None req-2af6f996-401e-4c9f-9b9b-d5432cc84fc4 tempest-VolumesExtendTest-1920368198 tempest-VolumesExtendTest-1920368198-project-member] Matched version: v2 {{(pid=101990) process_request /opt/stack/glance/glance/api/middleware/version_negotiation.py:69}}
May 26 05:00:48.581564 np0000001388 devstack@g-api.service[101990]: DEBUG glance.api.middleware.version_negotiation [None req-2af6f996-401e-4c9f-9b9b-d5432cc84fc4 tempest-VolumesExtendTest-1920368198 tempest-VolumesExtendTest-1920368198-project-member] new path /v2/schemas/image {{(pid=101990) process_request /opt/stack/glance/glance/api/middleware/version_negotiation.py:70}}
May 26 05:00:48.585519 np0000001388 devstack@g-api.service[101990]: [pid: 101990|app: 0|req: 73/209] 127.0.0.1 () {44 vars in 1055 bytes} [Tue May 26 05:00:48 2026] GET /v2/schemas/image => generated 6083 bytes in 4 msecs (HTTP/1.1 200) 4 headers in 158 bytes (1 switches on core 0)
May 26 05:00:48.593379 np0000001388 devstack@g-api.service[101991]: DEBUG glance.api.middleware.version_negotiation [None req-2af6f996-401e-4c9f-9b9b-d5432cc84fc4 tempest-VolumesExtendTest-1920368198 tempest-VolumesExtendTest-1920368198-project-member] Determining version of request: GET /v2/schemas/image Accept: */* {{(pid=101991) process_request /opt/stack/glance/glance/api/middleware/version_negotiation.py:44}}
May 26 05:00:48.593550 np0000001388 devstack@g-api.service[101991]: DEBUG glance.api.middleware.version_negotiation [None req-2af6f996-401e-4c9f-9b9b-d5432cc84fc4 tempest-VolumesExtendTest-1920368198 tempest-VolumesExtendTest-1920368198-project-member] Using url versioning {{(pid=101991) process_request /opt/stack/glance/glance/api/middleware/version_negotiation.py:57}}
May 26 05:00:48.593918 np0000001388 devstack@g-api.service[101991]: DEBUG glance.api.middleware.version_negotiation [None req-2af6f996-401e-4c9f-9b9b-d5432cc84fc4 tempest-VolumesExtendTest-1920368198 tempest-VolumesExtendTest-1920368198-project-member] Matched version: v2 {{(pid=101991) process_request /opt/stack/glance/glance/api/middleware/version_negotiation.py:69}}
May 26 05:00:48.593918 np0000001388 devstack@g-api.service[101991]: DEBUG glance.api.middleware.version_negotiation [None req-2af6f996-401e-4c9f-9b9b-d5432cc84fc4 tempest-VolumesExtendTest-1920368198 tempest-VolumesExtendTest-1920368198-project-member] new path /v2/schemas/image {{(pid=101991) process_request /opt/stack/glance/glance/api/middleware/version_negotiation.py:70}}
May 26 05:00:48.596597 np0000001388 devstack@g-api.service[101991]: [pid: 101991|app: 0|req: 68/210] 127.0.0.1 () {44 vars in 1055 bytes} [Tue May 26 05:00:48 2026] GET /v2/schemas/image => generated 6083 bytes in 3 msecs (HTTP/1.1 200) 4 headers in 158 bytes (1 switches on core 0)
May 26 05:00:48.617044 np0000001388 devstack@g-api.service[101990]: DEBUG glance.api.middleware.version_negotiation [None req-2af6f996-401e-4c9f-9b9b-d5432cc84fc4 tempest-VolumesExtendTest-1920368198 tempest-VolumesExtendTest-1920368198-project-member] Determining version of request: GET /v2/images/eb1b37ef-ecaa-41a5-b927-a074eae64cb1 Accept: */* {{(pid=101990) process_request /opt/stack/glance/glance/api/middleware/version_negotiation.py:44}}
May 26 05:00:48.617233 np0000001388 devstack@g-api.service[101990]: DEBUG glance.api.middleware.version_negotiation [None req-2af6f996-401e-4c9f-9b9b-d5432cc84fc4 tempest-VolumesExtendTest-1920368198 tempest-VolumesExtendTest-1920368198-project-member] Using url versioning {{(pid=101990) process_request /opt/stack/glance/glance/api/middleware/version_negotiation.py:57}}
May 26 05:00:48.617384 np0000001388 devstack@g-api.service[101990]: DEBUG glance.api.middleware.version_negotiation [None req-2af6f996-401e-4c9f-9b9b-d5432cc84fc4 tempest-VolumesExtendTest-1920368198 tempest-VolumesExtendTest-1920368198-project-member] Matched version: v2 {{(pid=101990) process_request /opt/stack/glance/glance/api/middleware/version_negotiation.py:69}}
May 26 05:00:48.617523 np0000001388 devstack@g-api.service[101990]: DEBUG glance.api.middleware.version_negotiation [None req-2af6f996-401e-4c9f-9b9b-d5432cc84fc4 tempest-VolumesExtendTest-1920368198 tempest-VolumesExtendTest-1920368198-project-member] new path /v2/images/eb1b37ef-ecaa-41a5-b927-a074eae64cb1 {{(pid=101990) process_request /opt/stack/glance/glance/api/middleware/version_negotiation.py:70}}
May 26 05:00:48.632347 np0000001388 devstack@g-api.service[101990]: [pid: 101990|app: 0|req: 74/211] 127.0.0.1 () {44 vars in 1115 bytes} [Tue May 26 05:00:48 2026] GET /v2/images/eb1b37ef-ecaa-41a5-b927-a074eae64cb1 => generated 1044 bytes in 12 msecs (HTTP/1.1 200) 4 headers in 158 bytes (1 switches on core 0)
May 26 05:00:48.641281 np0000001388 devstack@g-api.service[101991]: DEBUG glance.api.middleware.version_negotiation [None req-2af6f996-401e-4c9f-9b9b-d5432cc84fc4 tempest-VolumesExtendTest-1920368198 tempest-VolumesExtendTest-1920368198-project-member] Determining version of request: GET /v2/schemas/image Accept: */* {{(pid=101991) process_request /opt/stack/glance/glance/api/middleware/version_negotiation.py:44}}
May 26 05:00:48.641364 np0000001388 devstack@g-api.service[101991]: DEBUG glance.api.middleware.version_negotiation [None req-2af6f996-401e-4c9f-9b9b-d5432cc84fc4 tempest-VolumesExtendTest-1920368198 tempest-VolumesExtendTest-1920368198-project-member] Using url versioning {{(pid=101991) process_request /opt/stack/glance/glance/api/middleware/version_negotiation.py:57}}
May 26 05:00:48.641593 np0000001388 devstack@g-api.service[101991]: DEBUG glance.api.middleware.version_negotiation [None req-2af6f996-401e-4c9f-9b9b-d5432cc84fc4 tempest-VolumesExtendTest-1920368198 tempest-VolumesExtendTest-1920368198-project-member] Matched version: v2 {{(pid=101991) process_request /opt/stack/glance/glance/api/middleware/version_negotiation.py:69}}
May 26 05:00:48.641725 np0000001388 devstack@g-api.service[101991]: DEBUG glance.api.middleware.version_negotiation [None req-2af6f996-401e-4c9f-9b9b-d5432cc84fc4 tempest-VolumesExtendTest-1920368198 tempest-VolumesExtendTest-1920368198-project-member] new path /v2/schemas/image {{(pid=101991) process_request /opt/stack/glance/glance/api/middleware/version_negotiation.py:70}}
May 26 05:00:48.644870 np0000001388 devstack@g-api.service[101991]: [pid: 101991|app: 0|req: 69/212] 127.0.0.1 () {44 vars in 1055 bytes} [Tue May 26 05:00:48 2026] GET /v2/schemas/image => generated 6083 bytes in 4 msecs (HTTP/1.1 200) 4 headers in 158 bytes (1 switches on core 0)
May 26 05:00:48.659118 np0000001388 devstack@g-api.service[101992]: DEBUG keystoneclient.auth.identity.v3.base [None req-7f2bef92-ea93-4a74-863c-22d55da8e4b1 tempest-ServerBootFromVolumeStableRescueTest-343983155 tempest-ServerBootFromVolumeStableRescueTest-343983155-project-member] {"token": {"methods": ["password"], "user": {"domain": {"id": "default", "name": "Default"}, "id": "b5d33fd3813c41e79dc0b68b3f80f6ff", "name": "glance-swift", "password_expires_at": null}, "audit_ids": ["2q53pyYURcCWzVs_aGH6QA"], "expires_at": "2026-05-26T06:00:48.000000Z", "issued_at": "2026-05-26T05:00:48.000000Z", "project": {"domain": {"id": "default", "name": "Default"}, "id": "d59729686f824327bb8c9edd0f963f03", "name": "service"}, "is_domain": false, "roles": [{"id": "74a56be2ec9d4a6caee88a4efce88e39", "name": "ResellerAdmin"}, {"id": "987dc59624354e2a9afec6fa32fcf3b1", "name": "service"}], "catalog": [{"endpoints": [{"id": "0bbad947ba1d4de18b45ccd42655bd35", "interface": "public", "region_id": "RegionOne", "url": "https://10.4.3.125/volume/v3", "region": "RegionOne"}], "id": "19583f3a50a1420abf99fe4b89db69c2", "type": "block-storage", "name": "cinder"}, {"endpoints": [{"id": "baf77e4643084fb785779275da8e37d5", "interface": "public", "region_id": "RegionOne", "url": "https://10.4.3.125/placement", "region": "RegionOne"}], "id": "21243a1f7ba6463faadbcbafadbfa8c9", "type": "placement", "name": "placement"}, {"endpoints": [{"id": "56855ddc27d94fa8b0d45be13752f001", "interface": "public", "region_id": "RegionOne", "url": "https://10.4.3.125/compute/v2.1", "region": "RegionOne"}], "id": "2163ad36ddea491286bf3b10328ede52", "type": "compute", "name": "nova"}, {"endpoints": [{"id": "3d5b051a231d465a8a65fee751272292", "interface": "public", "region_id": "RegionOne", "url": "https://10.4.3.125/identity", "region": "RegionOne"}], "id": "38e0fc2ce14c4ba9bb9f56fd06f287e2", "type": "identity", "name": "keystone"}, {"endpoints": [{"id": "3a21e8d68f78439ca7cc69e170a2b8e8", "interface": "public", "region_id": "RegionOne", "url": "https://10.4.3.125/compute/v2/d59729686f824327bb8c9edd0f963f03", "region": "RegionOne"}], "id": "48458f73758c4347ad43c8df3379c1bb", "type": "compute_legacy", "name": "nova_legacy"}, {"endpoints": [{"id": "062b078c537241228227b747cd0e7152", "interface": "admin", "region_id": "RegionOne", "url": "https://10.4.3.125:8080", "region": "RegionOne"}, {"id": "c8d172e79a8b42109ad6ea01f6ec5497", "interface": "public", "region_id": "RegionOne", "url": "https://10.4.3.125:8080/v1/AUTH_d59729686f824327bb8c9edd0f963f03", "region": "RegionOne"}], "id": "75003adc1fc84ae6921680d882ba6703", "type": "object-store", "name": "swift"}, {"endpoints": [{"id": "286cf403bc714ca39a44544f6dfa428c", "interface": "public", "region_id": "RegionOne", "url": "https://10.4.3.125/networking", "region": "RegionOne"}], "id": "7d11a7b87051427ebc2b5b426c3c2c4b", "type": "network", "name": "neutron"}, {"endpoints": [{"id": "6f930a8dae0a4d958bfac37335abe502", "interface": "public", "region_id": "RegionOne", "url": "https://10.4.3.125/image", "region": "RegionOne"}], "id": "f409f46a5ad647bba4bef4dad18c4eb6", "type": "image", "name": "glance"}]}} {{(pid=101992) get_auth_ref /opt/stack/data/venv/lib/python3.12/site-packages/keystoneclient/auth/identity/v3/base.py:190}}
May 26 05:00:48.659526 np0000001388 devstack@g-api.service[101992]: DEBUG keystoneclient.httpclient [None req-7f2bef92-ea93-4a74-863c-22d55da8e4b1 tempest-ServerBootFromVolumeStableRescueTest-343983155 tempest-ServerBootFromVolumeStableRescueTest-343983155-project-member] Failed to find endpoint for management url admin endpoint for identity service not found {{(pid=101992) _process_management_url /opt/stack/data/venv/lib/python3.12/site-packages/keystoneclient/httpclient.py:670}}
May 26 05:00:48.829240 np0000001388 devstack@g-api.service[101992]: DEBUG swiftclient [None req-7f2bef92-ea93-4a74-863c-22d55da8e4b1 tempest-ServerBootFromVolumeStableRescueTest-343983155 tempest-ServerBootFromVolumeStableRescueTest-343983155-project-member] REQ: curl -i https://10.4.3.125:8080/v1/AUTH_d59729686f824327bb8c9edd0f963f03/glance/b58eb172-4352-4e34-83e0-6f41cd499d52 -I -H "X-Auth-Token: gAAAAABqFSkA6_IW..." {{(pid=101992) http_log /opt/stack/data/venv/lib/python3.12/site-packages/swiftclient/client.py:160}}
May 26 05:00:48.829429 np0000001388 devstack@g-api.service[101992]: DEBUG swiftclient [None req-7f2bef92-ea93-4a74-863c-22d55da8e4b1 tempest-ServerBootFromVolumeStableRescueTest-343983155 tempest-ServerBootFromVolumeStableRescueTest-343983155-project-member] RESP STATUS: 200 OK {{(pid=101992) http_log /opt/stack/data/venv/lib/python3.12/site-packages/swiftclient/client.py:161}}
May 26 05:00:48.829808 np0000001388 devstack@g-api.service[101992]: DEBUG swiftclient [None req-7f2bef92-ea93-4a74-863c-22d55da8e4b1 tempest-ServerBootFromVolumeStableRescueTest-343983155 tempest-ServerBootFromVolumeStableRescueTest-343983155-project-member] RESP HEADERS: {'Date': 'Tue, 26 May 2026 05:00:48 GMT', 'Server': 'Apache/2.4.58 (Ubuntu)', 'Content-Type': 'application/octet-stream', 'Content-Length': '23527424', 'X-Object-Manifest': 'glance/b58eb172-4352-4e34-83e0-6f41cd499d52-', 'Last-Modified': 'Tue, 26 May 2026 04:59:44 GMT', 'X-Timestamp': '1779771583.34249', 'Accept-Ranges': 'bytes', 'Etag': '"9c424351ecc3b84373f916fa8ecd34a2"', 'X-Trans-Id': 'txa6910ca2324c4c75842c3-006a152900', 'X-Openstack-Request-Id': 'txa6910ca2324c4c75842c3-006a152900', 'Connection': 'close'} {{(pid=101992) http_log /opt/stack/data/venv/lib/python3.12/site-packages/swiftclient/client.py:162}}
May 26 05:00:48.850982 np0000001388 devstack@g-api.service[101992]: DEBUG swiftclient [None req-7f2bef92-ea93-4a74-863c-22d55da8e4b1 tempest-ServerBootFromVolumeStableRescueTest-343983155 tempest-ServerBootFromVolumeStableRescueTest-343983155-project-member] REQ: curl -i https://10.4.3.125:8080/v1/AUTH_d59729686f824327bb8c9edd0f963f03/glance?format=json&prefix=b58eb172-4352-4e34-83e0-6f41cd499d52- -X GET -H "X-Auth-Token: gAAAAABqFSkA6_IW..." -H "Accept-Encoding: gzip" {{(pid=101992) http_log /opt/stack/data/venv/lib/python3.12/site-packages/swiftclient/client.py:160}}
May 26 05:00:48.851137 np0000001388 devstack@g-api.service[101992]: DEBUG swiftclient [None req-7f2bef92-ea93-4a74-863c-22d55da8e4b1 tempest-ServerBootFromVolumeStableRescueTest-343983155 tempest-ServerBootFromVolumeStableRescueTest-343983155-project-member] RESP STATUS: 200 OK {{(pid=101992) http_log /opt/stack/data/venv/lib/python3.12/site-packages/swiftclient/client.py:161}}
May 26 05:00:48.851360 np0000001388 devstack@g-api.service[101992]: DEBUG swiftclient [None req-7f2bef92-ea93-4a74-863c-22d55da8e4b1 tempest-ServerBootFromVolumeStableRescueTest-343983155 tempest-ServerBootFromVolumeStableRescueTest-343983155-project-member] RESP HEADERS: {'Date': 'Tue, 26 May 2026 05:00:48 GMT', 'Server': 'Apache/2.4.58 (Ubuntu)', 'Content-Type': 'application/json; charset=utf-8', 'Content-Length': '210', 'X-Container-Object-Count': '9', 'X-Container-Bytes-Used': '133103616', 'X-Timestamp': '1779771337.08344', 'Last-Modified': 'Tue, 26 May 2026 04:55:38 GMT', 'Accept-Ranges': 'bytes', 'X-Storage-Policy': 'Policy-0', 'X-Container-Sharding': 'False', 'X-Trans-Id': 'txbe0a8530574643719e3f4-006a152900', 'X-Openstack-Request-Id': 'txbe0a8530574643719e3f4-006a152900', 'Connection': 'close'} {{(pid=101992) http_log /opt/stack/data/venv/lib/python3.12/site-packages/swiftclient/client.py:162}}
May 26 05:00:48.851935 np0000001388 devstack@g-api.service[101992]: DEBUG swiftclient [None req-7f2bef92-ea93-4a74-863c-22d55da8e4b1 tempest-ServerBootFromVolumeStableRescueTest-343983155 tempest-ServerBootFromVolumeStableRescueTest-343983155-project-member] RESP BODY: b'[{"bytes": 23527424, "hash": "4fa343ee581d8d2e78533191fd1ac3e1", "name": "b58eb172-4352-4e34-83e0-6f41cd499d52-00001", "content_type": "application/octet-stream", "last_modified": "2026-05-26T04:59:42.974800"}]' {{(pid=101992) http_log /opt/stack/data/venv/lib/python3.12/site-packages/swiftclient/client.py:166}}
May 26 05:00:48.878398 np0000001388 devstack@g-api.service[101992]: DEBUG swiftclient [None req-7f2bef92-ea93-4a74-863c-22d55da8e4b1 tempest-ServerBootFromVolumeStableRescueTest-343983155 tempest-ServerBootFromVolumeStableRescueTest-343983155-project-member] REQ: curl -i https://10.4.3.125:8080/v1/AUTH_d59729686f824327bb8c9edd0f963f03/glance/b58eb172-4352-4e34-83e0-6f41cd499d52-00001 DELETE -H "X-Auth-Token: gAAAAABqFSkA6_IW..." {{(pid=101992) http_log /opt/stack/data/venv/lib/python3.12/site-packages/swiftclient/client.py:160}}
May 26 05:00:48.878534 np0000001388 devstack@g-api.service[101992]: DEBUG swiftclient [None req-7f2bef92-ea93-4a74-863c-22d55da8e4b1 tempest-ServerBootFromVolumeStableRescueTest-343983155 tempest-ServerBootFromVolumeStableRescueTest-343983155-project-member] RESP STATUS: 204 No Content {{(pid=101992) http_log /opt/stack/data/venv/lib/python3.12/site-packages/swiftclient/client.py:161}}
May 26 05:00:48.878729 np0000001388 devstack@g-api.service[101992]: DEBUG swiftclient [None req-7f2bef92-ea93-4a74-863c-22d55da8e4b1 tempest-ServerBootFromVolumeStableRescueTest-343983155 tempest-ServerBootFromVolumeStableRescueTest-343983155-project-member] RESP HEADERS: {'Date': 'Tue, 26 May 2026 05:00:48 GMT', 'Server': 'Apache/2.4.58 (Ubuntu)', 'Content-Type': 'text/html; charset=UTF-8', 'X-Trans-Id': 'tx9884cac68573409888b80-006a152900', 'X-Openstack-Request-Id': 'tx9884cac68573409888b80-006a152900', 'Connection': 'close'} {{(pid=101992) http_log /opt/stack/data/venv/lib/python3.12/site-packages/swiftclient/client.py:162}}
May 26 05:00:48.908333 np0000001388 devstack@g-api.service[101992]: DEBUG swiftclient [None req-7f2bef92-ea93-4a74-863c-22d55da8e4b1 tempest-ServerBootFromVolumeStableRescueTest-343983155 tempest-ServerBootFromVolumeStableRescueTest-343983155-project-member] REQ: curl -i https://10.4.3.125:8080/v1/AUTH_d59729686f824327bb8c9edd0f963f03/glance/b58eb172-4352-4e34-83e0-6f41cd499d52 DELETE -H "X-Auth-Token: gAAAAABqFSkA6_IW..." {{(pid=101992) http_log /opt/stack/data/venv/lib/python3.12/site-packages/swiftclient/client.py:160}}
May 26 05:00:48.908333 np0000001388 devstack@g-api.service[101992]: DEBUG swiftclient [None req-7f2bef92-ea93-4a74-863c-22d55da8e4b1 tempest-ServerBootFromVolumeStableRescueTest-343983155 tempest-ServerBootFromVolumeStableRescueTest-343983155-project-member] RESP STATUS: 204 No Content {{(pid=101992) http_log /opt/stack/data/venv/lib/python3.12/site-packages/swiftclient/client.py:161}}
May 26 05:00:48.908333 np0000001388 devstack@g-api.service[101992]: DEBUG swiftclient [None req-7f2bef92-ea93-4a74-863c-22d55da8e4b1 tempest-ServerBootFromVolumeStableRescueTest-343983155 tempest-ServerBootFromVolumeStableRescueTest-343983155-project-member] RESP HEADERS: {'Date': 'Tue, 26 May 2026 05:00:48 GMT', 'Server': 'Apache/2.4.58 (Ubuntu)', 'Content-Type': 'text/html; charset=UTF-8', 'X-Trans-Id': 'tx46c99122962f422e9fc9d-006a152900', 'X-Openstack-Request-Id': 'tx46c99122962f422e9fc9d-006a152900', 'Connection': 'close'} {{(pid=101992) http_log /opt/stack/data/venv/lib/python3.12/site-packages/swiftclient/client.py:162}}
May 26 05:00:48.997868 np0000001388 devstack@g-api.service[101990]: DEBUG glance.api.middleware.version_negotiation [None req-2af6f996-401e-4c9f-9b9b-d5432cc84fc4 tempest-VolumesExtendTest-1920368198 tempest-VolumesExtendTest-1920368198-project-member] Determining version of request: GET /versions Accept: */* {{(pid=101990) process_request /opt/stack/glance/glance/api/middleware/version_negotiation.py:44}}
May 26 05:00:48.998636 np0000001388 devstack@g-api.service[101990]: [pid: 101990|app: 0|req: 75/213] 127.0.0.1 () {44 vars in 1039 bytes} [Tue May 26 05:00:48 2026] GET /versions => generated 1407 bytes in 1 msecs (HTTP/1.1 200) 3 headers in 92 bytes (1 switches on core 0)
May 26 05:00:49.009186 np0000001388 devstack@g-api.service[101991]: DEBUG glance.api.middleware.version_negotiation [None req-2af6f996-401e-4c9f-9b9b-d5432cc84fc4 tempest-VolumesExtendTest-1920368198 tempest-VolumesExtendTest-1920368198-project-member] Determining version of request: GET /v2/images/eb1b37ef-ecaa-41a5-b927-a074eae64cb1/locations Accept: */* {{(pid=101991) process_request /opt/stack/glance/glance/api/middleware/version_negotiation.py:44}}
May 26 05:00:49.009460 np0000001388 devstack@g-api.service[101991]: DEBUG glance.api.middleware.version_negotiation [None req-2af6f996-401e-4c9f-9b9b-d5432cc84fc4 tempest-VolumesExtendTest-1920368198 tempest-VolumesExtendTest-1920368198-project-member] Using url versioning {{(pid=101991) process_request /opt/stack/glance/glance/api/middleware/version_negotiation.py:57}}
May 26 05:00:49.009681 np0000001388 devstack@g-api.service[101991]: DEBUG glance.api.middleware.version_negotiation [None req-2af6f996-401e-4c9f-9b9b-d5432cc84fc4 tempest-VolumesExtendTest-1920368198 tempest-VolumesExtendTest-1920368198-project-member] Matched version: v2 {{(pid=101991) process_request /opt/stack/glance/glance/api/middleware/version_negotiation.py:69}}
May 26 05:00:49.010077 np0000001388 devstack@g-api.service[101991]: DEBUG glance.api.middleware.version_negotiation [None req-2af6f996-401e-4c9f-9b9b-d5432cc84fc4 tempest-VolumesExtendTest-1920368198 tempest-VolumesExtendTest-1920368198-project-member] new path /v2/images/eb1b37ef-ecaa-41a5-b927-a074eae64cb1/locations {{(pid=101991) process_request /opt/stack/glance/glance/api/middleware/version_negotiation.py:70}}
May 26 05:00:49.028435 np0000001388 devstack@g-api.service[101992]: DEBUG glance.api.middleware.cache [None req-7f2bef92-ea93-4a74-863c-22d55da8e4b1 tempest-ServerBootFromVolumeStableRescueTest-343983155 tempest-ServerBootFromVolumeStableRescueTest-343983155-project-member] Removing image b58eb172-4352-4e34-83e0-6f41cd499d52 from cache {{(pid=101992) _process_DELETE_response /opt/stack/glance/glance/api/middleware/cache.py:264}}
May 26 05:00:49.028825 np0000001388 devstack@g-api.service[101992]: DEBUG glance.image_cache.drivers.centralized_db [None req-7f2bef92-ea93-4a74-863c-22d55da8e4b1 tempest-ServerBootFromVolumeStableRescueTest-343983155 tempest-ServerBootFromVolumeStableRescueTest-343983155-project-member] Deleting image cache file '/opt/stack/data/glance/cache/b58eb172-4352-4e34-83e0-6f41cd499d52' {{(pid=101992) delete_cached_file /opt/stack/glance/glance/image_cache/drivers/centralized_db.py:395}}
May 26 05:00:49.048221 np0000001388 devstack@g-api.service[101992]: [pid: 101992|app: 0|req: 70/214] 127.0.0.1 () {40 vars in 841 bytes} [Tue May 26 05:00:48 2026] DELETE /v2/images/b58eb172-4352-4e34-83e0-6f41cd499d52 => generated 0 bytes in 490 msecs (HTTP/1.1 204) 4 headers in 171 bytes (1 switches on core 0)
May 26 05:00:49.064354 np0000001388 devstack@g-api.service[101991]: [pid: 101991|app: 0|req: 70/215] 127.0.0.1 () {44 vars in 1135 bytes} [Tue May 26 05:00:49 2026] GET /v2/images/eb1b37ef-ecaa-41a5-b927-a074eae64cb1/locations => generated 92 bytes in 55 msecs (HTTP/1.1 200) 4 headers in 156 bytes (1 switches on core 0)
May 26 05:00:49.076139 np0000001388 devstack@g-api.service[101990]: DEBUG glance.api.middleware.version_negotiation [None req-2af6f996-401e-4c9f-9b9b-d5432cc84fc4 tempest-VolumesExtendTest-1920368198 tempest-VolumesExtendTest-1920368198-project-member] Determining version of request: GET /v2/images/eb1b37ef-ecaa-41a5-b927-a074eae64cb1 Accept: */* {{(pid=101990) process_request /opt/stack/glance/glance/api/middleware/version_negotiation.py:44}}
May 26 05:00:49.076139 np0000001388 devstack@g-api.service[101990]: DEBUG glance.api.middleware.version_negotiation [None req-2af6f996-401e-4c9f-9b9b-d5432cc84fc4 tempest-VolumesExtendTest-1920368198 tempest-VolumesExtendTest-1920368198-project-member] Using url versioning {{(pid=101990) process_request /opt/stack/glance/glance/api/middleware/version_negotiation.py:57}}
May 26 05:00:49.076377 np0000001388 devstack@g-api.service[101990]: DEBUG glance.api.middleware.version_negotiation [None req-2af6f996-401e-4c9f-9b9b-d5432cc84fc4 tempest-VolumesExtendTest-1920368198 tempest-VolumesExtendTest-1920368198-project-member] Matched version: v2 {{(pid=101990) process_request /opt/stack/glance/glance/api/middleware/version_negotiation.py:69}}
May 26 05:00:49.076377 np0000001388 devstack@g-api.service[101990]: DEBUG glance.api.middleware.version_negotiation [None req-2af6f996-401e-4c9f-9b9b-d5432cc84fc4 tempest-VolumesExtendTest-1920368198 tempest-VolumesExtendTest-1920368198-project-member] new path /v2/images/eb1b37ef-ecaa-41a5-b927-a074eae64cb1 {{(pid=101990) process_request /opt/stack/glance/glance/api/middleware/version_negotiation.py:70}}
May 26 05:00:49.086444 np0000001388 devstack@g-api.service[101990]: [pid: 101990|app: 0|req: 76/216] 127.0.0.1 () {44 vars in 1115 bytes} [Tue May 26 05:00:49 2026] GET /v2/images/eb1b37ef-ecaa-41a5-b927-a074eae64cb1 => generated 1044 bytes in 11 msecs (HTTP/1.1 200) 4 headers in 158 bytes (1 switches on core 0)
May 26 05:00:49.093358 np0000001388 devstack@g-api.service[101992]: DEBUG glance.api.middleware.version_negotiation [None req-7f2bef92-ea93-4a74-863c-22d55da8e4b1 tempest-ServerBootFromVolumeStableRescueTest-343983155 tempest-ServerBootFromVolumeStableRescueTest-343983155-project-member] Determining version of request: GET /v2/schemas/image Accept: */* {{(pid=101992) process_request /opt/stack/glance/glance/api/middleware/version_negotiation.py:44}}
May 26 05:00:49.093534 np0000001388 devstack@g-api.service[101992]: DEBUG glance.api.middleware.version_negotiation [None req-7f2bef92-ea93-4a74-863c-22d55da8e4b1 tempest-ServerBootFromVolumeStableRescueTest-343983155 tempest-ServerBootFromVolumeStableRescueTest-343983155-project-member] Using url versioning {{(pid=101992) process_request /opt/stack/glance/glance/api/middleware/version_negotiation.py:57}}
May 26 05:00:49.093664 np0000001388 devstack@g-api.service[101992]: DEBUG glance.api.middleware.version_negotiation [None req-7f2bef92-ea93-4a74-863c-22d55da8e4b1 tempest-ServerBootFromVolumeStableRescueTest-343983155 tempest-ServerBootFromVolumeStableRescueTest-343983155-project-member] Matched version: v2 {{(pid=101992) process_request /opt/stack/glance/glance/api/middleware/version_negotiation.py:69}}
May 26 05:00:49.093771 np0000001388 devstack@g-api.service[101992]: DEBUG glance.api.middleware.version_negotiation [None req-7f2bef92-ea93-4a74-863c-22d55da8e4b1 tempest-ServerBootFromVolumeStableRescueTest-343983155 tempest-ServerBootFromVolumeStableRescueTest-343983155-project-member] new path /v2/schemas/image {{(pid=101992) process_request /opt/stack/glance/glance/api/middleware/version_negotiation.py:70}}
May 26 05:00:49.096602 np0000001388 devstack@g-api.service[101992]: [pid: 101992|app: 0|req: 71/217] 127.0.0.1 () {44 vars in 1055 bytes} [Tue May 26 05:00:49 2026] GET /v2/schemas/image => generated 6083 bytes in 3 msecs (HTTP/1.1 200) 4 headers in 158 bytes (1 switches on core 0)
May 26 05:00:49.107315 np0000001388 devstack@g-api.service[101991]: DEBUG glance.api.middleware.version_negotiation [None req-2af6f996-401e-4c9f-9b9b-d5432cc84fc4 service glance] Determining version of request: GET /v2/schemas/image Accept: */* {{(pid=101991) process_request /opt/stack/glance/glance/api/middleware/version_negotiation.py:44}}
May 26 05:00:49.107315 np0000001388 devstack@g-api.service[101991]: DEBUG glance.api.middleware.version_negotiation [None req-2af6f996-401e-4c9f-9b9b-d5432cc84fc4 service glance] Using url versioning {{(pid=101991) process_request /opt/stack/glance/glance/api/middleware/version_negotiation.py:57}}
May 26 05:00:49.107315 np0000001388 devstack@g-api.service[101991]: DEBUG glance.api.middleware.version_negotiation [None req-2af6f996-401e-4c9f-9b9b-d5432cc84fc4 service glance] Matched version: v2 {{(pid=101991) process_request /opt/stack/glance/glance/api/middleware/version_negotiation.py:69}}
May 26 05:00:49.107315 np0000001388 devstack@g-api.service[101991]: DEBUG glance.api.middleware.version_negotiation [None req-2af6f996-401e-4c9f-9b9b-d5432cc84fc4 service glance] new path /v2/schemas/image {{(pid=101991) process_request /opt/stack/glance/glance/api/middleware/version_negotiation.py:70}}
May 26 05:00:49.109425 np0000001388 devstack@g-api.service[101991]: [pid: 101991|app: 0|req: 71/218] 127.0.0.1 () {44 vars in 1055 bytes} [Tue May 26 05:00:49 2026] GET /v2/schemas/image => generated 6083 bytes in 3 msecs (HTTP/1.1 200) 4 headers in 158 bytes (1 switches on core 0)
May 26 05:00:59.043794 np0000001388 devstack@g-api.service[101992]: DEBUG dbcounter [-] [101992] Writing DB stats glance:SELECT=36,glance:UPDATE=27,glance:DELETE=1 {{(pid=101992) stat_writer /opt/stack/data/venv/lib/python3.12/site-packages/dbcounter.py:115}}
May 26 05:00:59.063156 np0000001388 devstack@g-api.service[101991]: DEBUG dbcounter [-] [101991] Writing DB stats glance:SELECT=8 {{(pid=101991) stat_writer /opt/stack/data/venv/lib/python3.12/site-packages/dbcounter.py:115}}
May 26 05:00:59.085029 np0000001388 devstack@g-api.service[101990]: DEBUG dbcounter [-] [101990] Writing DB stats glance:SELECT=15,glance:INSERT=1 {{(pid=101990) stat_writer /opt/stack/data/venv/lib/python3.12/site-packages/dbcounter.py:115}}
May 26 05:01:00.940767 np0000001388 devstack@g-api.service[101990]: DEBUG glance.api.middleware.version_negotiation [None req-2af6f996-401e-4c9f-9b9b-d5432cc84fc4 tempest-VolumesExtendTest-1920368198 tempest-VolumesExtendTest-1920368198-project-member] Determining version of request: POST /v2/images Accept: application/json {{(pid=101990) process_request /opt/stack/glance/glance/api/middleware/version_negotiation.py:44}}
May 26 05:01:00.940767 np0000001388 devstack@g-api.service[101990]: DEBUG glance.api.middleware.version_negotiation [None req-2af6f996-401e-4c9f-9b9b-d5432cc84fc4 tempest-VolumesExtendTest-1920368198 tempest-VolumesExtendTest-1920368198-project-member] Using url versioning {{(pid=101990) process_request /opt/stack/glance/glance/api/middleware/version_negotiation.py:57}}
May 26 05:01:00.940767 np0000001388 devstack@g-api.service[101990]: DEBUG glance.api.middleware.version_negotiation [None req-2af6f996-401e-4c9f-9b9b-d5432cc84fc4 tempest-VolumesExtendTest-1920368198 tempest-VolumesExtendTest-1920368198-project-member] Matched version: v2 {{(pid=101990) process_request /opt/stack/glance/glance/api/middleware/version_negotiation.py:69}}
May 26 05:01:00.940767 np0000001388 devstack@g-api.service[101990]: DEBUG glance.api.middleware.version_negotiation [None req-2af6f996-401e-4c9f-9b9b-d5432cc84fc4 tempest-VolumesExtendTest-1920368198 tempest-VolumesExtendTest-1920368198-project-member] new path /v2/images {{(pid=101990) process_request /opt/stack/glance/glance/api/middleware/version_negotiation.py:70}}
May 26 05:01:01.735058 np0000001388 devstack@g-api.service[101990]: [pid: 101990|app: 0|req: 77/219] 127.0.0.1 () {42 vars in 786 bytes} [Tue May 26 05:01:00 2026] POST /v2/images => generated 738 bytes in 795 msecs (HTTP/1.1 201) 6 headers in 315 bytes (1 switches on core 0)
May 26 05:01:01.744083 np0000001388 devstack@g-api.service[101992]: DEBUG glance.api.middleware.version_negotiation [None req-2af6f996-401e-4c9f-9b9b-d5432cc84fc4 tempest-VolumesExtendTest-1920368198 tempest-VolumesExtendTest-1920368198-project-member] Determining version of request: PUT /v2/images/ac8f9ba6-d9c0-43fb-849b-9f72a3afe0fe/file Accept: {{(pid=101992) process_request /opt/stack/glance/glance/api/middleware/version_negotiation.py:44}}
May 26 05:01:01.744570 np0000001388 devstack@g-api.service[101992]: DEBUG glance.api.middleware.version_negotiation [None req-2af6f996-401e-4c9f-9b9b-d5432cc84fc4 tempest-VolumesExtendTest-1920368198 tempest-VolumesExtendTest-1920368198-project-member] Using url versioning {{(pid=101992) process_request /opt/stack/glance/glance/api/middleware/version_negotiation.py:57}}
May 26 05:01:01.744570 np0000001388 devstack@g-api.service[101992]: DEBUG glance.api.middleware.version_negotiation [None req-2af6f996-401e-4c9f-9b9b-d5432cc84fc4 tempest-VolumesExtendTest-1920368198 tempest-VolumesExtendTest-1920368198-project-member] Matched version: v2 {{(pid=101992) process_request /opt/stack/glance/glance/api/middleware/version_negotiation.py:69}}
May 26 05:01:01.744570 np0000001388 devstack@g-api.service[101992]: DEBUG glance.api.middleware.version_negotiation [None req-2af6f996-401e-4c9f-9b9b-d5432cc84fc4 tempest-VolumesExtendTest-1920368198 tempest-VolumesExtendTest-1920368198-project-member] new path /v2/images/ac8f9ba6-d9c0-43fb-849b-9f72a3afe0fe/file {{(pid=101992) process_request /opt/stack/glance/glance/api/middleware/version_negotiation.py:70}}
May 26 05:01:02.354119 np0000001388 devstack@g-api.service[101992]: INFO glance.api.v2.image_data [None req-c1eacf51-69e9-444e-a1f9-a8d264b9bc1e tempest-VolumeAndVolumeTypeFromImageTest-1870257006 tempest-VolumeAndVolumeTypeFromImageTest-1870257006-project-member] Unable to create trust: no such option collect_timing in group [keystone_authtoken] Use the existing user token.
May 26 05:01:02.485871 np0000001388 devstack@g-api.service[101991]: DEBUG glance.api.middleware.version_negotiation [None req-2af6f996-401e-4c9f-9b9b-d5432cc84fc4 tempest-VolumesExtendTest-1920368198 tempest-VolumesExtendTest-1920368198-project-member] Determining version of request: GET /v2/images/eb1b37ef-ecaa-41a5-b927-a074eae64cb1 Accept: */* {{(pid=101991) process_request /opt/stack/glance/glance/api/middleware/version_negotiation.py:44}}
May 26 05:01:02.486456 np0000001388 devstack@g-api.service[101991]: DEBUG glance.api.middleware.version_negotiation [None req-2af6f996-401e-4c9f-9b9b-d5432cc84fc4 tempest-VolumesExtendTest-1920368198 tempest-VolumesExtendTest-1920368198-project-member] Using url versioning {{(pid=101991) process_request /opt/stack/glance/glance/api/middleware/version_negotiation.py:57}}
May 26 05:01:02.486456 np0000001388 devstack@g-api.service[101991]: DEBUG glance.api.middleware.version_negotiation [None req-2af6f996-401e-4c9f-9b9b-d5432cc84fc4 tempest-VolumesExtendTest-1920368198 tempest-VolumesExtendTest-1920368198-project-member] Matched version: v2 {{(pid=101991) process_request /opt/stack/glance/glance/api/middleware/version_negotiation.py:69}}
May 26 05:01:02.486555 np0000001388 devstack@g-api.service[101991]: DEBUG glance.api.middleware.version_negotiation [None req-2af6f996-401e-4c9f-9b9b-d5432cc84fc4 tempest-VolumesExtendTest-1920368198 tempest-VolumesExtendTest-1920368198-project-member] new path /v2/images/eb1b37ef-ecaa-41a5-b927-a074eae64cb1 {{(pid=101991) process_request /opt/stack/glance/glance/api/middleware/version_negotiation.py:70}}
May 26 05:01:02.513179 np0000001388 devstack@g-api.service[101991]: [pid: 101991|app: 0|req: 72/220] 127.0.0.1 () {44 vars in 1115 bytes} [Tue May 26 05:01:02 2026] GET /v2/images/eb1b37ef-ecaa-41a5-b927-a074eae64cb1 => generated 1044 bytes in 27 msecs (HTTP/1.1 200) 4 headers in 158 bytes (1 switches on core 0)
May 26 05:01:02.558842 np0000001388 devstack@g-api.service[101990]: DEBUG glance.api.middleware.version_negotiation [None req-108a1888-6ddf-4339-9077-f47973ea7ec6 tempest-VolumeAndVolumeTypeFromImageTest-1870257006 tempest-VolumeAndVolumeTypeFromImageTest-1870257006-project-member] Determining version of request: GET /v2/schemas/image Accept: */* {{(pid=101990) process_request /opt/stack/glance/glance/api/middleware/version_negotiation.py:44}}
May 26 05:01:02.559158 np0000001388 devstack@g-api.service[101990]: DEBUG glance.api.middleware.version_negotiation [None req-108a1888-6ddf-4339-9077-f47973ea7ec6 tempest-VolumeAndVolumeTypeFromImageTest-1870257006 tempest-VolumeAndVolumeTypeFromImageTest-1870257006-project-member] Using url versioning {{(pid=101990) process_request /opt/stack/glance/glance/api/middleware/version_negotiation.py:57}}
May 26 05:01:02.559158 np0000001388 devstack@g-api.service[101990]: DEBUG glance.api.middleware.version_negotiation [None req-108a1888-6ddf-4339-9077-f47973ea7ec6 tempest-VolumeAndVolumeTypeFromImageTest-1870257006 tempest-VolumeAndVolumeTypeFromImageTest-1870257006-project-member] Matched version: v2 {{(pid=101990) process_request /opt/stack/glance/glance/api/middleware/version_negotiation.py:69}}
May 26 05:01:02.559252 np0000001388 devstack@g-api.service[101990]: DEBUG glance.api.middleware.version_negotiation [None req-108a1888-6ddf-4339-9077-f47973ea7ec6 tempest-VolumeAndVolumeTypeFromImageTest-1870257006 tempest-VolumeAndVolumeTypeFromImageTest-1870257006-project-member] new path /v2/schemas/image {{(pid=101990) process_request /opt/stack/glance/glance/api/middleware/version_negotiation.py:70}}
May 26 05:01:02.562433 np0000001388 devstack@g-api.service[101990]: [pid: 101990|app: 0|req: 78/221] 127.0.0.1 () {44 vars in 1055 bytes} [Tue May 26 05:01:02 2026] GET /v2/schemas/image => generated 6083 bytes in 4 msecs (HTTP/1.1 200) 4 headers in 158 bytes (1 switches on core 0)
May 26 05:01:02.935304 np0000001388 devstack@g-api.service[101992]: DEBUG glance.location [None req-c1eacf51-69e9-444e-a1f9-a8d264b9bc1e tempest-VolumeAndVolumeTypeFromImageTest-1870257006 tempest-VolumeAndVolumeTypeFromImageTest-1870257006-project-member] Enabling in-flight format inspection for raw {{(pid=101992) set_data /opt/stack/glance/glance/location.py:616}}
May 26 05:01:02.935751 np0000001388 devstack@g-api.service[101992]: DEBUG glance_store.backend [None req-c1eacf51-69e9-444e-a1f9-a8d264b9bc1e tempest-VolumeAndVolumeTypeFromImageTest-1870257006 tempest-VolumeAndVolumeTypeFromImageTest-1870257006-project-member] Attempting to import store swift {{(pid=101992) _load_store /opt/stack/data/venv/lib/python3.12/site-packages/glance_store/backend.py:215}}
May 26 05:01:02.937491 np0000001388 devstack@g-api.service[101992]: DEBUG glance_store.capabilities [None req-c1eacf51-69e9-444e-a1f9-a8d264b9bc1e tempest-VolumeAndVolumeTypeFromImageTest-1870257006 tempest-VolumeAndVolumeTypeFromImageTest-1870257006-project-member] Store glance_store._drivers.swift.store.SingleTenantStore doesn't support updating dynamic storage capabilities. Please overwrite 'update_capabilities' method of the store to implement updating logics if needed. {{(pid=101992) update_capabilities /opt/stack/data/venv/lib/python3.12/site-packages/glance_store/capabilities.py:91}}
May 26 05:01:02.937837 np0000001388 devstack@g-api.service[101992]: DEBUG glance_store.driver [None req-c1eacf51-69e9-444e-a1f9-a8d264b9bc1e tempest-VolumeAndVolumeTypeFromImageTest-1870257006 tempest-VolumeAndVolumeTypeFromImageTest-1870257006-project-member] Late loading location class glance_store._drivers.swift.store.StoreLocation {{(pid=101992) get_store_location_class /opt/stack/data/venv/lib/python3.12/site-packages/glance_store/driver.py:134}}
May 26 05:01:02.937837 np0000001388 devstack@g-api.service[101992]: DEBUG glance_store.location [None req-c1eacf51-69e9-444e-a1f9-a8d264b9bc1e tempest-VolumeAndVolumeTypeFromImageTest-1870257006 tempest-VolumeAndVolumeTypeFromImageTest-1870257006-project-member] Registering scheme swift+https with {'store': , 'location_class': , 'store_entry': 'swift'} {{(pid=101992) register_scheme_map /opt/stack/data/venv/lib/python3.12/site-packages/glance_store/location.py:146}}
May 26 05:01:02.938093 np0000001388 devstack@g-api.service[101992]: DEBUG glance_store.location [None req-c1eacf51-69e9-444e-a1f9-a8d264b9bc1e tempest-VolumeAndVolumeTypeFromImageTest-1870257006 tempest-VolumeAndVolumeTypeFromImageTest-1870257006-project-member] Registering scheme swift+https with {'store': , 'location_class': , 'store_entry': 'swift'} {{(pid=101992) register_scheme_map /opt/stack/data/venv/lib/python3.12/site-packages/glance_store/location.py:146}}
May 26 05:01:02.938093 np0000001388 devstack@g-api.service[101992]: DEBUG glance_store.location [None req-c1eacf51-69e9-444e-a1f9-a8d264b9bc1e tempest-VolumeAndVolumeTypeFromImageTest-1870257006 tempest-VolumeAndVolumeTypeFromImageTest-1870257006-project-member] Registering scheme swift with {'store': , 'location_class': , 'store_entry': 'swift'} {{(pid=101992) register_scheme_map /opt/stack/data/venv/lib/python3.12/site-packages/glance_store/location.py:146}}
May 26 05:01:02.938093 np0000001388 devstack@g-api.service[101992]: DEBUG glance_store.location [None req-c1eacf51-69e9-444e-a1f9-a8d264b9bc1e tempest-VolumeAndVolumeTypeFromImageTest-1870257006 tempest-VolumeAndVolumeTypeFromImageTest-1870257006-project-member] Registering scheme swift+https with {'store': , 'location_class': , 'store_entry': 'swift'} {{(pid=101992) register_scheme_map /opt/stack/data/venv/lib/python3.12/site-packages/glance_store/location.py:146}}
May 26 05:01:02.938399 np0000001388 devstack@g-api.service[101992]: DEBUG glance_store.location [None req-c1eacf51-69e9-444e-a1f9-a8d264b9bc1e tempest-VolumeAndVolumeTypeFromImageTest-1870257006 tempest-VolumeAndVolumeTypeFromImageTest-1870257006-project-member] Registering scheme swift with {'store': , 'location_class': , 'store_entry': 'swift'} {{(pid=101992) register_scheme_map /opt/stack/data/venv/lib/python3.12/site-packages/glance_store/location.py:146}}
May 26 05:01:02.938399 np0000001388 devstack@g-api.service[101992]: DEBUG glance_store.location [None req-c1eacf51-69e9-444e-a1f9-a8d264b9bc1e tempest-VolumeAndVolumeTypeFromImageTest-1870257006 tempest-VolumeAndVolumeTypeFromImageTest-1870257006-project-member] Registering scheme swift+http with {'store': , 'location_class': , 'store_entry': 'swift'} {{(pid=101992) register_scheme_map /opt/stack/data/venv/lib/python3.12/site-packages/glance_store/location.py:146}}
May 26 05:01:02.938624 np0000001388 devstack@g-api.service[101992]: DEBUG glance_store.location [None req-c1eacf51-69e9-444e-a1f9-a8d264b9bc1e tempest-VolumeAndVolumeTypeFromImageTest-1870257006 tempest-VolumeAndVolumeTypeFromImageTest-1870257006-project-member] Registering scheme swift+https with {'store': , 'location_class': , 'store_entry': 'swift'} {{(pid=101992) register_scheme_map /opt/stack/data/venv/lib/python3.12/site-packages/glance_store/location.py:146}}
May 26 05:01:02.938624 np0000001388 devstack@g-api.service[101992]: DEBUG glance_store.location [None req-c1eacf51-69e9-444e-a1f9-a8d264b9bc1e tempest-VolumeAndVolumeTypeFromImageTest-1870257006 tempest-VolumeAndVolumeTypeFromImageTest-1870257006-project-member] Registering scheme swift with {'store': , 'location_class': , 'store_entry': 'swift'} {{(pid=101992) register_scheme_map /opt/stack/data/venv/lib/python3.12/site-packages/glance_store/location.py:146}}
