May 26 05:01:40.112520 np0000001388 devstack@g-api.service[101992]: DEBUG glance.api.middleware.version_negotiation [None req-dc8bcf2d-3256-4da0-8f9d-695da515cc48 tempest-TaggedBootDevicesTest_v242-15632634 tempest-TaggedBootDevicesTest_v242-15632634-project-member] Using url versioning {{(pid=101992) process_request /opt/stack/glance/glance/api/middleware/version_negotiation.py:57}}
May 26 05:01:40.112520 np0000001388 devstack@g-api.service[101992]: DEBUG glance.api.middleware.version_negotiation [None req-dc8bcf2d-3256-4da0-8f9d-695da515cc48 tempest-TaggedBootDevicesTest_v242-15632634 tempest-TaggedBootDevicesTest_v242-15632634-project-member] Matched version: v2 {{(pid=101992) process_request /opt/stack/glance/glance/api/middleware/version_negotiation.py:69}}
May 26 05:01:40.113696 np0000001388 devstack@g-api.service[101992]: DEBUG glance.api.middleware.version_negotiation [None req-dc8bcf2d-3256-4da0-8f9d-695da515cc48 tempest-TaggedBootDevicesTest_v242-15632634 tempest-TaggedBootDevicesTest_v242-15632634-project-member] new path /v2/images/eb1b37ef-ecaa-41a5-b927-a074eae64cb1 {{(pid=101992) process_request /opt/stack/glance/glance/api/middleware/version_negotiation.py:70}}
May 26 05:01:40.126878 np0000001388 devstack@g-api.service[101992]: [pid: 101992|app: 0|req: 94/286] 127.0.0.1 () {44 vars in 1115 bytes} [Tue May 26 05:01:40 2026] GET /v2/images/eb1b37ef-ecaa-41a5-b927-a074eae64cb1 => generated 1044 bytes in 16 msecs (HTTP/1.1 200) 4 headers in 158 bytes (1 switches on core 0)
May 26 05:01:40.136549 np0000001388 devstack@g-api.service[101990]: DEBUG glance.api.middleware.version_negotiation [None req-360ed88c-ec2d-4925-b0da-b6e47a47d064 tempest-ServerStableDeviceRescueTest-1077407970 tempest-ServerStableDeviceRescueTest-1077407970-project-member] Determining version of request: GET /v2/schemas/image Accept: */* {{(pid=101990) process_request /opt/stack/glance/glance/api/middleware/version_negotiation.py:44}}
May 26 05:01:40.136789 np0000001388 devstack@g-api.service[101990]: DEBUG glance.api.middleware.version_negotiation [None req-360ed88c-ec2d-4925-b0da-b6e47a47d064 tempest-ServerStableDeviceRescueTest-1077407970 tempest-ServerStableDeviceRescueTest-1077407970-project-member] Using url versioning {{(pid=101990) process_request /opt/stack/glance/glance/api/middleware/version_negotiation.py:57}}
May 26 05:01:40.136829 np0000001388 devstack@g-api.service[101990]: DEBUG glance.api.middleware.version_negotiation [None req-360ed88c-ec2d-4925-b0da-b6e47a47d064 tempest-ServerStableDeviceRescueTest-1077407970 tempest-ServerStableDeviceRescueTest-1077407970-project-member] Matched version: v2 {{(pid=101990) process_request /opt/stack/glance/glance/api/middleware/version_negotiation.py:69}}
May 26 05:01:40.136999 np0000001388 devstack@g-api.service[101990]: DEBUG glance.api.middleware.version_negotiation [None req-360ed88c-ec2d-4925-b0da-b6e47a47d064 tempest-ServerStableDeviceRescueTest-1077407970 tempest-ServerStableDeviceRescueTest-1077407970-project-member] new path /v2/schemas/image {{(pid=101990) process_request /opt/stack/glance/glance/api/middleware/version_negotiation.py:70}}
May 26 05:01:40.140298 np0000001388 devstack@g-api.service[101991]: DEBUG glance.api.middleware.version_negotiation [None req-dc8bcf2d-3256-4da0-8f9d-695da515cc48 tempest-TaggedBootDevicesTest_v242-15632634 tempest-TaggedBootDevicesTest_v242-15632634-project-member] Determining version of request: GET /v2/schemas/image Accept: */* {{(pid=101991) process_request /opt/stack/glance/glance/api/middleware/version_negotiation.py:44}}
May 26 05:01:40.140462 np0000001388 devstack@g-api.service[101991]: DEBUG glance.api.middleware.version_negotiation [None req-dc8bcf2d-3256-4da0-8f9d-695da515cc48 tempest-TaggedBootDevicesTest_v242-15632634 tempest-TaggedBootDevicesTest_v242-15632634-project-member] Using url versioning {{(pid=101991) process_request /opt/stack/glance/glance/api/middleware/version_negotiation.py:57}}
May 26 05:01:40.140621 np0000001388 devstack@g-api.service[101991]: DEBUG glance.api.middleware.version_negotiation [None req-dc8bcf2d-3256-4da0-8f9d-695da515cc48 tempest-TaggedBootDevicesTest_v242-15632634 tempest-TaggedBootDevicesTest_v242-15632634-project-member] Matched version: v2 {{(pid=101991) process_request /opt/stack/glance/glance/api/middleware/version_negotiation.py:69}}
May 26 05:01:40.140753 np0000001388 devstack@g-api.service[101991]: DEBUG glance.api.middleware.version_negotiation [None req-dc8bcf2d-3256-4da0-8f9d-695da515cc48 tempest-TaggedBootDevicesTest_v242-15632634 tempest-TaggedBootDevicesTest_v242-15632634-project-member] new path /v2/schemas/image {{(pid=101991) process_request /opt/stack/glance/glance/api/middleware/version_negotiation.py:70}}
May 26 05:01:40.141620 np0000001388 devstack@g-api.service[101990]: [pid: 101990|app: 0|req: 100/287] 127.0.0.1 () {44 vars in 1055 bytes} [Tue May 26 05:01:40 2026] GET /v2/schemas/image => generated 6083 bytes in 5 msecs (HTTP/1.1 200) 4 headers in 158 bytes (1 switches on core 0)
May 26 05:01:40.144367 np0000001388 devstack@g-api.service[101991]: [pid: 101991|app: 0|req: 94/288] 127.0.0.1 () {44 vars in 1055 bytes} [Tue May 26 05:01:40 2026] GET /v2/schemas/image => generated 6083 bytes in 4 msecs (HTTP/1.1 200) 4 headers in 158 bytes (1 switches on core 0)
May 26 05:01:40.151136 np0000001388 devstack@g-api.service[101992]: DEBUG glance.api.middleware.version_negotiation [None req-dc8bcf2d-3256-4da0-8f9d-695da515cc48 tempest-TaggedBootDevicesTest_v242-15632634 tempest-TaggedBootDevicesTest_v242-15632634-project-member] Determining version of request: GET /v2/schemas/image Accept: */* {{(pid=101992) process_request /opt/stack/glance/glance/api/middleware/version_negotiation.py:44}}
May 26 05:01:40.151356 np0000001388 devstack@g-api.service[101992]: DEBUG glance.api.middleware.version_negotiation [None req-dc8bcf2d-3256-4da0-8f9d-695da515cc48 tempest-TaggedBootDevicesTest_v242-15632634 tempest-TaggedBootDevicesTest_v242-15632634-project-member] Using url versioning {{(pid=101992) process_request /opt/stack/glance/glance/api/middleware/version_negotiation.py:57}}
May 26 05:01:40.151618 np0000001388 devstack@g-api.service[101992]: DEBUG glance.api.middleware.version_negotiation [None req-dc8bcf2d-3256-4da0-8f9d-695da515cc48 tempest-TaggedBootDevicesTest_v242-15632634 tempest-TaggedBootDevicesTest_v242-15632634-project-member] Matched version: v2 {{(pid=101992) process_request /opt/stack/glance/glance/api/middleware/version_negotiation.py:69}}
May 26 05:01:40.151705 np0000001388 devstack@g-api.service[101992]: DEBUG glance.api.middleware.version_negotiation [None req-dc8bcf2d-3256-4da0-8f9d-695da515cc48 tempest-TaggedBootDevicesTest_v242-15632634 tempest-TaggedBootDevicesTest_v242-15632634-project-member] new path /v2/schemas/image {{(pid=101992) process_request /opt/stack/glance/glance/api/middleware/version_negotiation.py:70}}
May 26 05:01:40.154669 np0000001388 devstack@g-api.service[101992]: [pid: 101992|app: 0|req: 95/289] 127.0.0.1 () {44 vars in 1055 bytes} [Tue May 26 05:01:40 2026] GET /v2/schemas/image => generated 6083 bytes in 4 msecs (HTTP/1.1 200) 4 headers in 158 bytes (1 switches on core 0)
May 26 05:01:40.182082 np0000001388 devstack@g-api.service[101990]: DEBUG glance.api.middleware.version_negotiation [None req-dc8bcf2d-3256-4da0-8f9d-695da515cc48 tempest-TaggedBootDevicesTest_v242-15632634 tempest-TaggedBootDevicesTest_v242-15632634-project-member] Determining version of request: GET /v2/images/eb1b37ef-ecaa-41a5-b927-a074eae64cb1 Accept: */* {{(pid=101990) process_request /opt/stack/glance/glance/api/middleware/version_negotiation.py:44}}
May 26 05:01:40.182287 np0000001388 devstack@g-api.service[101990]: DEBUG glance.api.middleware.version_negotiation [None req-dc8bcf2d-3256-4da0-8f9d-695da515cc48 tempest-TaggedBootDevicesTest_v242-15632634 tempest-TaggedBootDevicesTest_v242-15632634-project-member] Using url versioning {{(pid=101990) process_request /opt/stack/glance/glance/api/middleware/version_negotiation.py:57}}
May 26 05:01:40.182353 np0000001388 devstack@g-api.service[101990]: DEBUG glance.api.middleware.version_negotiation [None req-dc8bcf2d-3256-4da0-8f9d-695da515cc48 tempest-TaggedBootDevicesTest_v242-15632634 tempest-TaggedBootDevicesTest_v242-15632634-project-member] Matched version: v2 {{(pid=101990) process_request /opt/stack/glance/glance/api/middleware/version_negotiation.py:69}}
May 26 05:01:40.183220 np0000001388 devstack@g-api.service[101990]: DEBUG glance.api.middleware.version_negotiation [None req-dc8bcf2d-3256-4da0-8f9d-695da515cc48 tempest-TaggedBootDevicesTest_v242-15632634 tempest-TaggedBootDevicesTest_v242-15632634-project-member] new path /v2/images/eb1b37ef-ecaa-41a5-b927-a074eae64cb1 {{(pid=101990) process_request /opt/stack/glance/glance/api/middleware/version_negotiation.py:70}}
May 26 05:01:40.187039 np0000001388 devstack@g-api.service[101991]: DEBUG glance.api.middleware.version_negotiation [None req-360ed88c-ec2d-4925-b0da-b6e47a47d064 tempest-ServerStableDeviceRescueTest-1077407970 tempest-ServerStableDeviceRescueTest-1077407970-project-member] Determining version of request: GET /v2/schemas/image Accept: */* {{(pid=101991) process_request /opt/stack/glance/glance/api/middleware/version_negotiation.py:44}}
May 26 05:01:40.187367 np0000001388 devstack@g-api.service[101991]: DEBUG glance.api.middleware.version_negotiation [None req-360ed88c-ec2d-4925-b0da-b6e47a47d064 tempest-ServerStableDeviceRescueTest-1077407970 tempest-ServerStableDeviceRescueTest-1077407970-project-member] Using url versioning {{(pid=101991) process_request /opt/stack/glance/glance/api/middleware/version_negotiation.py:57}}
May 26 05:01:40.187577 np0000001388 devstack@g-api.service[101991]: DEBUG glance.api.middleware.version_negotiation [None req-360ed88c-ec2d-4925-b0da-b6e47a47d064 tempest-ServerStableDeviceRescueTest-1077407970 tempest-ServerStableDeviceRescueTest-1077407970-project-member] Matched version: v2 {{(pid=101991) process_request /opt/stack/glance/glance/api/middleware/version_negotiation.py:69}}
May 26 05:01:40.187741 np0000001388 devstack@g-api.service[101991]: DEBUG glance.api.middleware.version_negotiation [None req-360ed88c-ec2d-4925-b0da-b6e47a47d064 tempest-ServerStableDeviceRescueTest-1077407970 tempest-ServerStableDeviceRescueTest-1077407970-project-member] new path /v2/schemas/image {{(pid=101991) process_request /opt/stack/glance/glance/api/middleware/version_negotiation.py:70}}
May 26 05:01:40.190502 np0000001388 devstack@g-api.service[101991]: [pid: 101991|app: 0|req: 95/290] 127.0.0.1 () {44 vars in 1055 bytes} [Tue May 26 05:01:40 2026] GET /v2/schemas/image => generated 6083 bytes in 4 msecs (HTTP/1.1 200) 4 headers in 158 bytes (1 switches on core 0)
May 26 05:01:40.192848 np0000001388 devstack@g-api.service[101990]: [pid: 101990|app: 0|req: 101/291] 127.0.0.1 () {44 vars in 1115 bytes} [Tue May 26 05:01:40 2026] GET /v2/images/eb1b37ef-ecaa-41a5-b927-a074eae64cb1 => generated 1044 bytes in 11 msecs (HTTP/1.1 200) 4 headers in 158 bytes (1 switches on core 0)
May 26 05:01:40.205872 np0000001388 devstack@g-api.service[101992]: DEBUG glance.api.middleware.version_negotiation [None req-dc8bcf2d-3256-4da0-8f9d-695da515cc48 tempest-TaggedBootDevicesTest_v242-15632634 tempest-TaggedBootDevicesTest_v242-15632634-project-member] Determining version of request: GET /v2/schemas/image Accept: */* {{(pid=101992) process_request /opt/stack/glance/glance/api/middleware/version_negotiation.py:44}}
May 26 05:01:40.206044 np0000001388 devstack@g-api.service[101992]: DEBUG glance.api.middleware.version_negotiation [None req-dc8bcf2d-3256-4da0-8f9d-695da515cc48 tempest-TaggedBootDevicesTest_v242-15632634 tempest-TaggedBootDevicesTest_v242-15632634-project-member] Using url versioning {{(pid=101992) process_request /opt/stack/glance/glance/api/middleware/version_negotiation.py:57}}
May 26 05:01:40.206219 np0000001388 devstack@g-api.service[101992]: DEBUG glance.api.middleware.version_negotiation [None req-dc8bcf2d-3256-4da0-8f9d-695da515cc48 tempest-TaggedBootDevicesTest_v242-15632634 tempest-TaggedBootDevicesTest_v242-15632634-project-member] Matched version: v2 {{(pid=101992) process_request /opt/stack/glance/glance/api/middleware/version_negotiation.py:69}}
May 26 05:01:40.207147 np0000001388 devstack@g-api.service[101992]: DEBUG glance.api.middleware.version_negotiation [None req-dc8bcf2d-3256-4da0-8f9d-695da515cc48 tempest-TaggedBootDevicesTest_v242-15632634 tempest-TaggedBootDevicesTest_v242-15632634-project-member] new path /v2/schemas/image {{(pid=101992) process_request /opt/stack/glance/glance/api/middleware/version_negotiation.py:70}}
May 26 05:01:40.209689 np0000001388 devstack@g-api.service[101992]: [pid: 101992|app: 0|req: 96/292] 127.0.0.1 () {44 vars in 1055 bytes} [Tue May 26 05:01:40 2026] GET /v2/schemas/image => generated 6083 bytes in 4 msecs (HTTP/1.1 200) 4 headers in 158 bytes (1 switches on core 0)
May 26 05:01:40.252220 np0000001388 devstack@g-api.service[101991]: DEBUG glance.api.middleware.version_negotiation [None req-360ed88c-ec2d-4925-b0da-b6e47a47d064 tempest-ServerStableDeviceRescueTest-1077407970 tempest-ServerStableDeviceRescueTest-1077407970-project-member] Determining version of request: PATCH /v2/images/8fe29398-d7dd-4893-a0df-bfc13068a4ba Accept: */* {{(pid=101991) process_request /opt/stack/glance/glance/api/middleware/version_negotiation.py:44}}
May 26 05:01:40.252220 np0000001388 devstack@g-api.service[101991]: DEBUG glance.api.middleware.version_negotiation [None req-360ed88c-ec2d-4925-b0da-b6e47a47d064 tempest-ServerStableDeviceRescueTest-1077407970 tempest-ServerStableDeviceRescueTest-1077407970-project-member] Using url versioning {{(pid=101991) process_request /opt/stack/glance/glance/api/middleware/version_negotiation.py:57}}
May 26 05:01:40.252220 np0000001388 devstack@g-api.service[101991]: DEBUG glance.api.middleware.version_negotiation [None req-360ed88c-ec2d-4925-b0da-b6e47a47d064 tempest-ServerStableDeviceRescueTest-1077407970 tempest-ServerStableDeviceRescueTest-1077407970-project-member] Matched version: v2 {{(pid=101991) process_request /opt/stack/glance/glance/api/middleware/version_negotiation.py:69}}
May 26 05:01:40.252220 np0000001388 devstack@g-api.service[101991]: DEBUG glance.api.middleware.version_negotiation [None req-360ed88c-ec2d-4925-b0da-b6e47a47d064 tempest-ServerStableDeviceRescueTest-1077407970 tempest-ServerStableDeviceRescueTest-1077407970-project-member] new path /v2/images/8fe29398-d7dd-4893-a0df-bfc13068a4ba {{(pid=101991) process_request /opt/stack/glance/glance/api/middleware/version_negotiation.py:70}}
May 26 05:01:40.428146 np0000001388 devstack@g-api.service[101991]: [pid: 101991|app: 0|req: 96/293] 127.0.0.1 () {46 vars in 1158 bytes} [Tue May 26 05:01:40 2026] PATCH /v2/images/8fe29398-d7dd-4893-a0df-bfc13068a4ba => generated 1447 bytes in 178 msecs (HTTP/1.1 200) 4 headers in 158 bytes (1 switches on core 0)
May 26 05:01:40.469634 np0000001388 devstack@g-api.service[101990]: DEBUG glance.api.middleware.version_negotiation [None req-dc8bcf2d-3256-4da0-8f9d-695da515cc48 tempest-TaggedBootDevicesTest_v242-15632634 tempest-TaggedBootDevicesTest_v242-15632634-project-member] Determining version of request: GET /v2/images/8fe29398-d7dd-4893-a0df-bfc13068a4ba Accept: */* {{(pid=101990) process_request /opt/stack/glance/glance/api/middleware/version_negotiation.py:44}}
May 26 05:01:40.470155 np0000001388 devstack@g-api.service[101990]: DEBUG glance.api.middleware.version_negotiation [None req-dc8bcf2d-3256-4da0-8f9d-695da515cc48 tempest-TaggedBootDevicesTest_v242-15632634 tempest-TaggedBootDevicesTest_v242-15632634-project-member] Using url versioning {{(pid=101990) process_request /opt/stack/glance/glance/api/middleware/version_negotiation.py:57}}
May 26 05:01:40.470155 np0000001388 devstack@g-api.service[101990]: DEBUG glance.api.middleware.version_negotiation [None req-dc8bcf2d-3256-4da0-8f9d-695da515cc48 tempest-TaggedBootDevicesTest_v242-15632634 tempest-TaggedBootDevicesTest_v242-15632634-project-member] Matched version: v2 {{(pid=101990) process_request /opt/stack/glance/glance/api/middleware/version_negotiation.py:69}}
May 26 05:01:40.470155 np0000001388 devstack@g-api.service[101990]: DEBUG glance.api.middleware.version_negotiation [None req-dc8bcf2d-3256-4da0-8f9d-695da515cc48 tempest-TaggedBootDevicesTest_v242-15632634 tempest-TaggedBootDevicesTest_v242-15632634-project-member] new path /v2/images/8fe29398-d7dd-4893-a0df-bfc13068a4ba {{(pid=101990) process_request /opt/stack/glance/glance/api/middleware/version_negotiation.py:70}}
May 26 05:01:40.494816 np0000001388 devstack@g-api.service[101990]: [pid: 101990|app: 0|req: 102/294] 127.0.0.1 () {44 vars in 1115 bytes} [Tue May 26 05:01:40 2026] GET /v2/images/8fe29398-d7dd-4893-a0df-bfc13068a4ba => generated 1447 bytes in 25 msecs (HTTP/1.1 200) 4 headers in 158 bytes (1 switches on core 0)
May 26 05:01:40.527734 np0000001388 devstack@g-api.service[101992]: DEBUG glance.api.middleware.version_negotiation [None req-dc8bcf2d-3256-4da0-8f9d-695da515cc48 tempest-TaggedBootDevicesTest_v242-15632634 tempest-TaggedBootDevicesTest_v242-15632634-project-member] Determining version of request: GET /v2/images/8fe29398-d7dd-4893-a0df-bfc13068a4ba Accept: */* {{(pid=101992) process_request /opt/stack/glance/glance/api/middleware/version_negotiation.py:44}}
May 26 05:01:40.528081 np0000001388 devstack@g-api.service[101992]: DEBUG glance.api.middleware.version_negotiation [None req-dc8bcf2d-3256-4da0-8f9d-695da515cc48 tempest-TaggedBootDevicesTest_v242-15632634 tempest-TaggedBootDevicesTest_v242-15632634-project-member] Using url versioning {{(pid=101992) process_request /opt/stack/glance/glance/api/middleware/version_negotiation.py:57}}
May 26 05:01:40.528081 np0000001388 devstack@g-api.service[101992]: DEBUG glance.api.middleware.version_negotiation [None req-dc8bcf2d-3256-4da0-8f9d-695da515cc48 tempest-TaggedBootDevicesTest_v242-15632634 tempest-TaggedBootDevicesTest_v242-15632634-project-member] Matched version: v2 {{(pid=101992) process_request /opt/stack/glance/glance/api/middleware/version_negotiation.py:69}}
May 26 05:01:40.528214 np0000001388 devstack@g-api.service[101992]: DEBUG glance.api.middleware.version_negotiation [None req-dc8bcf2d-3256-4da0-8f9d-695da515cc48 tempest-TaggedBootDevicesTest_v242-15632634 tempest-TaggedBootDevicesTest_v242-15632634-project-member] new path /v2/images/8fe29398-d7dd-4893-a0df-bfc13068a4ba {{(pid=101992) process_request /opt/stack/glance/glance/api/middleware/version_negotiation.py:70}}
May 26 05:01:40.539425 np0000001388 devstack@g-api.service[101991]: DEBUG glance.api.middleware.version_negotiation [None req-360ed88c-ec2d-4925-b0da-b6e47a47d064 tempest-ServerStableDeviceRescueTest-1077407970 tempest-ServerStableDeviceRescueTest-1077407970-project-member] Determining version of request: PUT /v2/images/8fe29398-d7dd-4893-a0df-bfc13068a4ba/file Accept: */* {{(pid=101991) process_request /opt/stack/glance/glance/api/middleware/version_negotiation.py:44}}
May 26 05:01:40.539425 np0000001388 devstack@g-api.service[101991]: DEBUG glance.api.middleware.version_negotiation [None req-360ed88c-ec2d-4925-b0da-b6e47a47d064 tempest-ServerStableDeviceRescueTest-1077407970 tempest-ServerStableDeviceRescueTest-1077407970-project-member] Using url versioning {{(pid=101991) process_request /opt/stack/glance/glance/api/middleware/version_negotiation.py:57}}
May 26 05:01:40.539425 np0000001388 devstack@g-api.service[101991]: DEBUG glance.api.middleware.version_negotiation [None req-360ed88c-ec2d-4925-b0da-b6e47a47d064 tempest-ServerStableDeviceRescueTest-1077407970 tempest-ServerStableDeviceRescueTest-1077407970-project-member] Matched version: v2 {{(pid=101991) process_request /opt/stack/glance/glance/api/middleware/version_negotiation.py:69}}
May 26 05:01:40.539425 np0000001388 devstack@g-api.service[101991]: DEBUG glance.api.middleware.version_negotiation [None req-360ed88c-ec2d-4925-b0da-b6e47a47d064 tempest-ServerStableDeviceRescueTest-1077407970 tempest-ServerStableDeviceRescueTest-1077407970-project-member] new path /v2/images/8fe29398-d7dd-4893-a0df-bfc13068a4ba/file {{(pid=101991) process_request /opt/stack/glance/glance/api/middleware/version_negotiation.py:70}}
May 26 05:01:40.553980 np0000001388 devstack@g-api.service[101992]: [pid: 101992|app: 0|req: 97/295] 127.0.0.1 () {44 vars in 1115 bytes} [Tue May 26 05:01:40 2026] GET /v2/images/8fe29398-d7dd-4893-a0df-bfc13068a4ba => generated 1447 bytes in 26 msecs (HTTP/1.1 200) 4 headers in 158 bytes (1 switches on core 0)
May 26 05:01:40.596363 np0000001388 devstack@g-api.service[101990]: DEBUG glance.api.middleware.version_negotiation [None req-360ed88c-ec2d-4925-b0da-b6e47a47d064 tempest-ServerStableDeviceRescueTest-1077407970 tempest-ServerStableDeviceRescueTest-1077407970-project-member] Determining version of request: GET /v2/schemas/image Accept: */* {{(pid=101990) process_request /opt/stack/glance/glance/api/middleware/version_negotiation.py:44}}
May 26 05:01:40.596515 np0000001388 devstack@g-api.service[101990]: DEBUG glance.api.middleware.version_negotiation [None req-360ed88c-ec2d-4925-b0da-b6e47a47d064 tempest-ServerStableDeviceRescueTest-1077407970 tempest-ServerStableDeviceRescueTest-1077407970-project-member] Using url versioning {{(pid=101990) process_request /opt/stack/glance/glance/api/middleware/version_negotiation.py:57}}
May 26 05:01:40.597034 np0000001388 devstack@g-api.service[101990]: DEBUG glance.api.middleware.version_negotiation [None req-360ed88c-ec2d-4925-b0da-b6e47a47d064 tempest-ServerStableDeviceRescueTest-1077407970 tempest-ServerStableDeviceRescueTest-1077407970-project-member] Matched version: v2 {{(pid=101990) process_request /opt/stack/glance/glance/api/middleware/version_negotiation.py:69}}
May 26 05:01:40.597034 np0000001388 devstack@g-api.service[101990]: DEBUG glance.api.middleware.version_negotiation [None req-360ed88c-ec2d-4925-b0da-b6e47a47d064 tempest-ServerStableDeviceRescueTest-1077407970 tempest-ServerStableDeviceRescueTest-1077407970-project-member] new path /v2/schemas/image {{(pid=101990) process_request /opt/stack/glance/glance/api/middleware/version_negotiation.py:70}}
May 26 05:01:40.604170 np0000001388 devstack@g-api.service[101990]: [pid: 101990|app: 0|req: 103/296] 127.0.0.1 () {44 vars in 1055 bytes} [Tue May 26 05:01:40 2026] GET /v2/schemas/image => generated 6083 bytes in 8 msecs (HTTP/1.1 200) 4 headers in 158 bytes (1 switches on core 0)
May 26 05:01:40.659292 np0000001388 devstack@g-api.service[101992]: DEBUG glance.api.middleware.version_negotiation [None req-c4c7f738-1f00-4e56-a7a7-7fa1c3ecd164 tempest-ServerStableDeviceRescueTest-1077407970 tempest-ServerStableDeviceRescueTest-1077407970-project-member] Determining version of request: GET /versions Accept: */* {{(pid=101992) process_request /opt/stack/glance/glance/api/middleware/version_negotiation.py:44}}
May 26 05:01:40.660137 np0000001388 devstack@g-api.service[101992]: [pid: 101992|app: 0|req: 98/297] 127.0.0.1 () {44 vars in 1039 bytes} [Tue May 26 05:01:40 2026] GET /versions => generated 1407 bytes in 1 msecs (HTTP/1.1 200) 3 headers in 92 bytes (1 switches on core 0)
May 26 05:01:40.671423 np0000001388 devstack@g-api.service[101990]: DEBUG glance.api.middleware.version_negotiation [None req-c4c7f738-1f00-4e56-a7a7-7fa1c3ecd164 tempest-ServerStableDeviceRescueTest-1077407970 tempest-ServerStableDeviceRescueTest-1077407970-project-member] Determining version of request: GET /v2/images/eb1b37ef-ecaa-41a5-b927-a074eae64cb1/locations Accept: */* {{(pid=101990) process_request /opt/stack/glance/glance/api/middleware/version_negotiation.py:44}}
May 26 05:01:40.672235 np0000001388 devstack@g-api.service[101990]: DEBUG glance.api.middleware.version_negotiation [None req-c4c7f738-1f00-4e56-a7a7-7fa1c3ecd164 tempest-ServerStableDeviceRescueTest-1077407970 tempest-ServerStableDeviceRescueTest-1077407970-project-member] Using url versioning {{(pid=101990) process_request /opt/stack/glance/glance/api/middleware/version_negotiation.py:57}}
May 26 05:01:40.672474 np0000001388 devstack@g-api.service[101990]: DEBUG glance.api.middleware.version_negotiation [None req-c4c7f738-1f00-4e56-a7a7-7fa1c3ecd164 tempest-ServerStableDeviceRescueTest-1077407970 tempest-ServerStableDeviceRescueTest-1077407970-project-member] Matched version: v2 {{(pid=101990) process_request /opt/stack/glance/glance/api/middleware/version_negotiation.py:69}}
May 26 05:01:40.673008 np0000001388 devstack@g-api.service[101990]: DEBUG glance.api.middleware.version_negotiation [None req-c4c7f738-1f00-4e56-a7a7-7fa1c3ecd164 tempest-ServerStableDeviceRescueTest-1077407970 tempest-ServerStableDeviceRescueTest-1077407970-project-member] new path /v2/images/eb1b37ef-ecaa-41a5-b927-a074eae64cb1/locations {{(pid=101990) process_request /opt/stack/glance/glance/api/middleware/version_negotiation.py:70}}
May 26 05:01:40.810637 np0000001388 devstack@g-api.service[101990]: [pid: 101990|app: 0|req: 104/298] 127.0.0.1 () {44 vars in 1135 bytes} [Tue May 26 05:01:40 2026] GET /v2/images/eb1b37ef-ecaa-41a5-b927-a074eae64cb1/locations => generated 92 bytes in 139 msecs (HTTP/1.1 200) 4 headers in 156 bytes (1 switches on core 0)
May 26 05:01:40.841503 np0000001388 devstack@g-api.service[101992]: DEBUG glance.api.middleware.version_negotiation [None req-c4c7f738-1f00-4e56-a7a7-7fa1c3ecd164 tempest-ServerStableDeviceRescueTest-1077407970 tempest-ServerStableDeviceRescueTest-1077407970-project-member] Determining version of request: GET /v2/images/eb1b37ef-ecaa-41a5-b927-a074eae64cb1 Accept: */* {{(pid=101992) process_request /opt/stack/glance/glance/api/middleware/version_negotiation.py:44}}
May 26 05:01:40.843139 np0000001388 devstack@g-api.service[101992]: DEBUG glance.api.middleware.version_negotiation [None req-c4c7f738-1f00-4e56-a7a7-7fa1c3ecd164 tempest-ServerStableDeviceRescueTest-1077407970 tempest-ServerStableDeviceRescueTest-1077407970-project-member] Using url versioning {{(pid=101992) process_request /opt/stack/glance/glance/api/middleware/version_negotiation.py:57}}
May 26 05:01:40.843139 np0000001388 devstack@g-api.service[101992]: DEBUG glance.api.middleware.version_negotiation [None req-c4c7f738-1f00-4e56-a7a7-7fa1c3ecd164 tempest-ServerStableDeviceRescueTest-1077407970 tempest-ServerStableDeviceRescueTest-1077407970-project-member] Matched version: v2 {{(pid=101992) process_request /opt/stack/glance/glance/api/middleware/version_negotiation.py:69}}
May 26 05:01:40.843139 np0000001388 devstack@g-api.service[101992]: DEBUG glance.api.middleware.version_negotiation [None req-c4c7f738-1f00-4e56-a7a7-7fa1c3ecd164 tempest-ServerStableDeviceRescueTest-1077407970 tempest-ServerStableDeviceRescueTest-1077407970-project-member] new path /v2/images/eb1b37ef-ecaa-41a5-b927-a074eae64cb1 {{(pid=101992) process_request /opt/stack/glance/glance/api/middleware/version_negotiation.py:70}}
May 26 05:01:40.860188 np0000001388 devstack@g-api.service[101992]: [pid: 101992|app: 0|req: 99/299] 127.0.0.1 () {44 vars in 1115 bytes} [Tue May 26 05:01:40 2026] GET /v2/images/eb1b37ef-ecaa-41a5-b927-a074eae64cb1 => generated 1044 bytes in 18 msecs (HTTP/1.1 200) 4 headers in 158 bytes (1 switches on core 0)
May 26 05:01:40.883025 np0000001388 devstack@g-api.service[101990]: DEBUG glance.api.middleware.version_negotiation [None req-dc8bcf2d-3256-4da0-8f9d-695da515cc48 service glance] Determining version of request: GET /v2/schemas/image Accept: */* {{(pid=101990) process_request /opt/stack/glance/glance/api/middleware/version_negotiation.py:44}}
May 26 05:01:40.883888 np0000001388 devstack@g-api.service[101990]: DEBUG glance.api.middleware.version_negotiation [None req-dc8bcf2d-3256-4da0-8f9d-695da515cc48 service glance] Using url versioning {{(pid=101990) process_request /opt/stack/glance/glance/api/middleware/version_negotiation.py:57}}
May 26 05:01:40.883888 np0000001388 devstack@g-api.service[101990]: DEBUG glance.api.middleware.version_negotiation [None req-dc8bcf2d-3256-4da0-8f9d-695da515cc48 service glance] Matched version: v2 {{(pid=101990) process_request /opt/stack/glance/glance/api/middleware/version_negotiation.py:69}}
May 26 05:01:40.885672 np0000001388 devstack@g-api.service[101990]: DEBUG glance.api.middleware.version_negotiation [None req-dc8bcf2d-3256-4da0-8f9d-695da515cc48 service glance] new path /v2/schemas/image {{(pid=101990) process_request /opt/stack/glance/glance/api/middleware/version_negotiation.py:70}}
May 26 05:01:40.890927 np0000001388 devstack@g-api.service[101990]: [pid: 101990|app: 0|req: 105/300] 127.0.0.1 () {44 vars in 1055 bytes} [Tue May 26 05:01:40 2026] GET /v2/schemas/image => generated 6083 bytes in 8 msecs (HTTP/1.1 200) 4 headers in 158 bytes (1 switches on core 0)
May 26 05:01:40.905090 np0000001388 devstack@g-api.service[101992]: DEBUG glance.api.middleware.version_negotiation [None req-dc8bcf2d-3256-4da0-8f9d-695da515cc48 tempest-TaggedBootDevicesTest_v242-15632634 tempest-TaggedBootDevicesTest_v242-15632634-project-member] Determining version of request: GET /v2/schemas/image Accept: */* {{(pid=101992) process_request /opt/stack/glance/glance/api/middleware/version_negotiation.py:44}}
May 26 05:01:40.905468 np0000001388 devstack@g-api.service[101992]: DEBUG glance.api.middleware.version_negotiation [None req-dc8bcf2d-3256-4da0-8f9d-695da515cc48 tempest-TaggedBootDevicesTest_v242-15632634 tempest-TaggedBootDevicesTest_v242-15632634-project-member] Using url versioning {{(pid=101992) process_request /opt/stack/glance/glance/api/middleware/version_negotiation.py:57}}
May 26 05:01:40.905623 np0000001388 devstack@g-api.service[101992]: DEBUG glance.api.middleware.version_negotiation [None req-dc8bcf2d-3256-4da0-8f9d-695da515cc48 tempest-TaggedBootDevicesTest_v242-15632634 tempest-TaggedBootDevicesTest_v242-15632634-project-member] Matched version: v2 {{(pid=101992) process_request /opt/stack/glance/glance/api/middleware/version_negotiation.py:69}}
May 26 05:01:40.905669 np0000001388 devstack@g-api.service[101992]: DEBUG glance.api.middleware.version_negotiation [None req-dc8bcf2d-3256-4da0-8f9d-695da515cc48 tempest-TaggedBootDevicesTest_v242-15632634 tempest-TaggedBootDevicesTest_v242-15632634-project-member] new path /v2/schemas/image {{(pid=101992) process_request /opt/stack/glance/glance/api/middleware/version_negotiation.py:70}}
May 26 05:01:40.911268 np0000001388 devstack@g-api.service[101992]: [pid: 101992|app: 0|req: 100/301] 127.0.0.1 () {44 vars in 1055 bytes} [Tue May 26 05:01:40 2026] GET /v2/schemas/image => generated 6083 bytes in 6 msecs (HTTP/1.1 200) 4 headers in 158 bytes (1 switches on core 0)
May 26 05:01:41.197670 np0000001388 devstack@g-api.service[101991]: INFO glance.api.v2.image_data [None req-360ed88c-ec2d-4925-b0da-b6e47a47d064 tempest-ServerStableDeviceRescueTest-1077407970 tempest-ServerStableDeviceRescueTest-1077407970-project-member] Unable to create trust: no such option collect_timing in group [keystone_authtoken] Use the existing user token.
May 26 05:01:41.689215 np0000001388 devstack@g-api.service[101990]: DEBUG glance.api.middleware.version_negotiation [None req-dc8bcf2d-3256-4da0-8f9d-695da515cc48 tempest-TaggedBootDevicesTest_v242-15632634 tempest-TaggedBootDevicesTest_v242-15632634-project-member] Determining version of request: GET /v2/images/8fe29398-d7dd-4893-a0df-bfc13068a4ba Accept: */* {{(pid=101990) process_request /opt/stack/glance/glance/api/middleware/version_negotiation.py:44}}
May 26 05:01:41.689215 np0000001388 devstack@g-api.service[101990]: DEBUG glance.api.middleware.version_negotiation [None req-dc8bcf2d-3256-4da0-8f9d-695da515cc48 tempest-TaggedBootDevicesTest_v242-15632634 tempest-TaggedBootDevicesTest_v242-15632634-project-member] Using url versioning {{(pid=101990) process_request /opt/stack/glance/glance/api/middleware/version_negotiation.py:57}}
May 26 05:01:41.689499 np0000001388 devstack@g-api.service[101990]: DEBUG glance.api.middleware.version_negotiation [None req-dc8bcf2d-3256-4da0-8f9d-695da515cc48 tempest-TaggedBootDevicesTest_v242-15632634 tempest-TaggedBootDevicesTest_v242-15632634-project-member] Matched version: v2 {{(pid=101990) process_request /opt/stack/glance/glance/api/middleware/version_negotiation.py:69}}
May 26 05:01:41.689499 np0000001388 devstack@g-api.service[101990]: DEBUG glance.api.middleware.version_negotiation [None req-dc8bcf2d-3256-4da0-8f9d-695da515cc48 tempest-TaggedBootDevicesTest_v242-15632634 tempest-TaggedBootDevicesTest_v242-15632634-project-member] new path /v2/images/8fe29398-d7dd-4893-a0df-bfc13068a4ba {{(pid=101990) process_request /opt/stack/glance/glance/api/middleware/version_negotiation.py:70}}
May 26 05:01:41.702329 np0000001388 devstack@g-api.service[101990]: [pid: 101990|app: 0|req: 106/302] 127.0.0.1 () {44 vars in 1115 bytes} [Tue May 26 05:01:41 2026] GET /v2/images/8fe29398-d7dd-4893-a0df-bfc13068a4ba => generated 1447 bytes in 13 msecs (HTTP/1.1 200) 4 headers in 158 bytes (1 switches on core 0)
May 26 05:01:41.747495 np0000001388 devstack@g-api.service[101992]: DEBUG glance.api.middleware.version_negotiation [None req-dc8bcf2d-3256-4da0-8f9d-695da515cc48 tempest-TaggedBootDevicesTest_v242-15632634 tempest-TaggedBootDevicesTest_v242-15632634-project-member] Determining version of request: GET /v2/schemas/image Accept: */* {{(pid=101992) process_request /opt/stack/glance/glance/api/middleware/version_negotiation.py:44}}
May 26 05:01:41.747910 np0000001388 devstack@g-api.service[101992]: DEBUG glance.api.middleware.version_negotiation [None req-dc8bcf2d-3256-4da0-8f9d-695da515cc48 tempest-TaggedBootDevicesTest_v242-15632634 tempest-TaggedBootDevicesTest_v242-15632634-project-member] Using url versioning {{(pid=101992) process_request /opt/stack/glance/glance/api/middleware/version_negotiation.py:57}}
May 26 05:01:41.747910 np0000001388 devstack@g-api.service[101992]: DEBUG glance.api.middleware.version_negotiation [None req-dc8bcf2d-3256-4da0-8f9d-695da515cc48 tempest-TaggedBootDevicesTest_v242-15632634 tempest-TaggedBootDevicesTest_v242-15632634-project-member] Matched version: v2 {{(pid=101992) process_request /opt/stack/glance/glance/api/middleware/version_negotiation.py:69}}
May 26 05:01:41.747910 np0000001388 devstack@g-api.service[101992]: DEBUG glance.api.middleware.version_negotiation [None req-dc8bcf2d-3256-4da0-8f9d-695da515cc48 tempest-TaggedBootDevicesTest_v242-15632634 tempest-TaggedBootDevicesTest_v242-15632634-project-member] new path /v2/schemas/image {{(pid=101992) process_request /opt/stack/glance/glance/api/middleware/version_negotiation.py:70}}
May 26 05:01:41.751150 np0000001388 devstack@g-api.service[101992]: [pid: 101992|app: 0|req: 101/303] 127.0.0.1 () {44 vars in 1055 bytes} [Tue May 26 05:01:41 2026] GET /v2/schemas/image => generated 6083 bytes in 4 msecs (HTTP/1.1 200) 4 headers in 158 bytes (1 switches on core 0)
May 26 05:01:41.789072 np0000001388 devstack@g-api.service[101991]: DEBUG glance.location [None req-360ed88c-ec2d-4925-b0da-b6e47a47d064 tempest-ServerStableDeviceRescueTest-1077407970 tempest-ServerStableDeviceRescueTest-1077407970-project-member] Enabling in-flight format inspection for qcow2 {{(pid=101991) set_data /opt/stack/glance/glance/location.py:616}}
May 26 05:01:41.789528 np0000001388 devstack@g-api.service[101991]: DEBUG glance_store.backend [None req-360ed88c-ec2d-4925-b0da-b6e47a47d064 tempest-ServerStableDeviceRescueTest-1077407970 tempest-ServerStableDeviceRescueTest-1077407970-project-member] Attempting to import store swift {{(pid=101991) _load_store /opt/stack/data/venv/lib/python3.12/site-packages/glance_store/backend.py:215}}
May 26 05:01:41.790991 np0000001388 devstack@g-api.service[101991]: DEBUG glance_store.capabilities [None req-360ed88c-ec2d-4925-b0da-b6e47a47d064 tempest-ServerStableDeviceRescueTest-1077407970 tempest-ServerStableDeviceRescueTest-1077407970-project-member] Store glance_store._drivers.swift.store.SingleTenantStore doesn't support updating dynamic storage capabilities. Please overwrite 'update_capabilities' method of the store to implement updating logics if needed. {{(pid=101991) update_capabilities /opt/stack/data/venv/lib/python3.12/site-packages/glance_store/capabilities.py:91}}
May 26 05:01:41.791134 np0000001388 devstack@g-api.service[101991]: DEBUG glance_store.driver [None req-360ed88c-ec2d-4925-b0da-b6e47a47d064 tempest-ServerStableDeviceRescueTest-1077407970 tempest-ServerStableDeviceRescueTest-1077407970-project-member] Late loading location class glance_store._drivers.swift.store.StoreLocation {{(pid=101991) get_store_location_class /opt/stack/data/venv/lib/python3.12/site-packages/glance_store/driver.py:134}}
May 26 05:01:41.791326 np0000001388 devstack@g-api.service[101991]: DEBUG glance_store.location [None req-360ed88c-ec2d-4925-b0da-b6e47a47d064 tempest-ServerStableDeviceRescueTest-1077407970 tempest-ServerStableDeviceRescueTest-1077407970-project-member] Registering scheme swift+https with {'store': , 'location_class': , 'store_entry': 'swift'} {{(pid=101991) register_scheme_map /opt/stack/data/venv/lib/python3.12/site-packages/glance_store/location.py:146}}
May 26 05:01:41.791447 np0000001388 devstack@g-api.service[101991]: DEBUG glance_store.location [None req-360ed88c-ec2d-4925-b0da-b6e47a47d064 tempest-ServerStableDeviceRescueTest-1077407970 tempest-ServerStableDeviceRescueTest-1077407970-project-member] Registering scheme swift+https with {'store': , 'location_class': , 'store_entry': 'swift'} {{(pid=101991) register_scheme_map /opt/stack/data/venv/lib/python3.12/site-packages/glance_store/location.py:146}}
May 26 05:01:41.791559 np0000001388 devstack@g-api.service[101991]: DEBUG glance_store.location [None req-360ed88c-ec2d-4925-b0da-b6e47a47d064 tempest-ServerStableDeviceRescueTest-1077407970 tempest-ServerStableDeviceRescueTest-1077407970-project-member] Registering scheme swift with {'store': , 'location_class': , 'store_entry': 'swift'} {{(pid=101991) register_scheme_map /opt/stack/data/venv/lib/python3.12/site-packages/glance_store/location.py:146}}
May 26 05:01:41.791693 np0000001388 devstack@g-api.service[101991]: DEBUG glance_store.location [None req-360ed88c-ec2d-4925-b0da-b6e47a47d064 tempest-ServerStableDeviceRescueTest-1077407970 tempest-ServerStableDeviceRescueTest-1077407970-project-member] Registering scheme swift+https with {'store': , 'location_class': , 'store_entry': 'swift'} {{(pid=101991) register_scheme_map /opt/stack/data/venv/lib/python3.12/site-packages/glance_store/location.py:146}}
May 26 05:01:41.791803 np0000001388 devstack@g-api.service[101991]: DEBUG glance_store.location [None req-360ed88c-ec2d-4925-b0da-b6e47a47d064 tempest-ServerStableDeviceRescueTest-1077407970 tempest-ServerStableDeviceRescueTest-1077407970-project-member] Registering scheme swift with {'store': , 'location_class': , 'store_entry': 'swift'} {{(pid=101991) register_scheme_map /opt/stack/data/venv/lib/python3.12/site-packages/glance_store/location.py:146}}
May 26 05:01:41.791930 np0000001388 devstack@g-api.service[101991]: DEBUG glance_store.location [None req-360ed88c-ec2d-4925-b0da-b6e47a47d064 tempest-ServerStableDeviceRescueTest-1077407970 tempest-ServerStableDeviceRescueTest-1077407970-project-member] Registering scheme swift+http with {'store': , 'location_class': , 'store_entry': 'swift'} {{(pid=101991) register_scheme_map /opt/stack/data/venv/lib/python3.12/site-packages/glance_store/location.py:146}}
May 26 05:01:41.792062 np0000001388 devstack@g-api.service[101991]: DEBUG glance_store.location [None req-360ed88c-ec2d-4925-b0da-b6e47a47d064 tempest-ServerStableDeviceRescueTest-1077407970 tempest-ServerStableDeviceRescueTest-1077407970-project-member] Registering scheme swift+https with {'store': , 'location_class': , 'store_entry': 'swift'} {{(pid=101991) register_scheme_map /opt/stack/data/venv/lib/python3.12/site-packages/glance_store/location.py:146}}
May 26 05:01:41.792175 np0000001388 devstack@g-api.service[101991]: DEBUG glance_store.location [None req-360ed88c-ec2d-4925-b0da-b6e47a47d064 tempest-ServerStableDeviceRescueTest-1077407970 tempest-ServerStableDeviceRescueTest-1077407970-project-member] Registering scheme swift with {'store': , 'location_class': , 'store_entry': 'swift'} {{(pid=101991) register_scheme_map /opt/stack/data/venv/lib/python3.12/site-packages/glance_store/location.py:146}}
May 26 05:01:41.792297 np0000001388 devstack@g-api.service[101991]: DEBUG glance_store.location [None req-360ed88c-ec2d-4925-b0da-b6e47a47d064 tempest-ServerStableDeviceRescueTest-1077407970 tempest-ServerStableDeviceRescueTest-1077407970-project-member] Registering scheme swift+http with {'store': , 'location_class': , 'store_entry': 'swift'} {{(pid=101991) register_scheme_map /opt/stack/data/venv/lib/python3.12/site-packages/glance_store/location.py:146}}
May 26 05:01:41.792401 np0000001388 devstack@g-api.service[101991]: DEBUG glance_store.location [None req-360ed88c-ec2d-4925-b0da-b6e47a47d064 tempest-ServerStableDeviceRescueTest-1077407970 tempest-ServerStableDeviceRescueTest-1077407970-project-member] Registering scheme swift+config with {'store': , 'location_class': , 'store_entry': 'swift'} {{(pid=101991) register_scheme_map /opt/stack/data/venv/lib/python3.12/site-packages/glance_store/location.py:146}}
May 26 05:01:42.133452 np0000001388 devstack@g-api.service[101991]: DEBUG swiftclient [None req-360ed88c-ec2d-4925-b0da-b6e47a47d064 tempest-ServerStableDeviceRescueTest-1077407970 tempest-ServerStableDeviceRescueTest-1077407970-project-member] REQ: curl -i https://10.4.3.125:8080/v1/AUTH_d59729686f824327bb8c9edd0f963f03/glance -I -H "X-Auth-Token: gAAAAABqFSk1KDEz..." {{(pid=101991) http_log /opt/stack/data/venv/lib/python3.12/site-packages/swiftclient/client.py:160}}
May 26 05:01:42.133622 np0000001388 devstack@g-api.service[101991]: DEBUG swiftclient [None req-360ed88c-ec2d-4925-b0da-b6e47a47d064 tempest-ServerStableDeviceRescueTest-1077407970 tempest-ServerStableDeviceRescueTest-1077407970-project-member] RESP STATUS: 204 No Content {{(pid=101991) http_log /opt/stack/data/venv/lib/python3.12/site-packages/swiftclient/client.py:161}}
May 26 05:01:42.133895 np0000001388 devstack@g-api.service[101991]: DEBUG swiftclient [None req-360ed88c-ec2d-4925-b0da-b6e47a47d064 tempest-ServerStableDeviceRescueTest-1077407970 tempest-ServerStableDeviceRescueTest-1077407970-project-member] RESP HEADERS: {'Date': 'Tue, 26 May 2026 05:01:42 GMT', 'Server': 'Apache/2.4.58 (Ubuntu)', 'Content-Type': 'text/plain; charset=utf-8', 'X-Container-Object-Count': '3', 'X-Container-Bytes-Used': '64356352', 'X-Timestamp': '1779771337.08344', 'Last-Modified': 'Tue, 26 May 2026 04:55:38 GMT', 'Accept-Ranges': 'bytes', 'X-Storage-Policy': 'Policy-0', 'X-Container-Sharding': 'False', 'Vary': 'Accept', 'X-Trans-Id': 'txa58bda81ad724ae19e9c6-006a152935', 'X-Openstack-Request-Id': 'txa58bda81ad724ae19e9c6-006a152935', 'Connection': 'close'} {{(pid=101991) http_log /opt/stack/data/venv/lib/python3.12/site-packages/swiftclient/client.py:162}}
May 26 05:01:42.134622 np0000001388 devstack@g-api.service[101991]: DEBUG glance_store._drivers.swift.store [None req-360ed88c-ec2d-4925-b0da-b6e47a47d064 tempest-ServerStableDeviceRescueTest-1077407970 tempest-ServerStableDeviceRescueTest-1077407970-project-member] Adding image object '8fe29398-d7dd-4893-a0df-bfc13068a4ba' to Swift {{(pid=101991) add /opt/stack/data/venv/lib/python3.12/site-packages/glance_store/_drivers/swift/store.py:970}}
May 26 05:01:42.134622 np0000001388 devstack@g-api.service[101991]: DEBUG glance_store._drivers.swift.store [None req-360ed88c-ec2d-4925-b0da-b6e47a47d064 tempest-ServerStableDeviceRescueTest-1077407970 tempest-ServerStableDeviceRescueTest-1077407970-project-member] Cannot determine image size because it is either not provided in the request or chunked-transfer encoding is used. Adding image as a segmented object to Swift. {{(pid=101991) add /opt/stack/data/venv/lib/python3.12/site-packages/glance_store/_drivers/swift/store.py:994}}
May 26 05:01:42.143983 np0000001388 devstack@g-api.service[101991]: DEBUG oslo_utils.imageutils.format_inspector [None req-360ed88c-ec2d-4925-b0da-b6e47a47d064 tempest-ServerStableDeviceRescueTest-1077407970 tempest-ServerStableDeviceRescueTest-1077407970-project-member] Format inspector for vmdk does not match, excluding from consideration (Signature KDMV not found: b'QFI\xfb') {{(pid=101991) _process_chunk /opt/stack/data/venv/lib/python3.12/site-packages/oslo_utils/imageutils/format_inspector.py:1538}}
May 26 05:01:42.147696 np0000001388 devstack@g-api.service[101991]: DEBUG oslo_utils.imageutils.format_inspector [None req-360ed88c-ec2d-4925-b0da-b6e47a47d064 tempest-ServerStableDeviceRescueTest-1077407970 tempest-ServerStableDeviceRescueTest-1077407970-project-member] Format inspector for vhdx does not match, excluding from consideration (Region signature not found at 30000) {{(pid=101991) _process_chunk /opt/stack/data/venv/lib/python3.12/site-packages/oslo_utils/imageutils/format_inspector.py:1538}}
May 26 05:01:42.727106 np0000001388 devstack@g-api.service[101991]: DEBUG swiftclient [None req-360ed88c-ec2d-4925-b0da-b6e47a47d064 tempest-ServerStableDeviceRescueTest-1077407970 tempest-ServerStableDeviceRescueTest-1077407970-project-member] REQ: curl -i https://10.4.3.125:8080/v1/AUTH_d59729686f824327bb8c9edd0f963f03/glance/8fe29398-d7dd-4893-a0df-bfc13068a4ba-00001 -X PUT -H "X-Auth-Token: gAAAAABqFSk1KDEz..." {{(pid=101991) http_log /opt/stack/data/venv/lib/python3.12/site-packages/swiftclient/client.py:160}}
May 26 05:01:42.727618 np0000001388 devstack@g-api.service[101991]: DEBUG swiftclient [None req-360ed88c-ec2d-4925-b0da-b6e47a47d064 tempest-ServerStableDeviceRescueTest-1077407970 tempest-ServerStableDeviceRescueTest-1077407970-project-member] RESP STATUS: 201 Created {{(pid=101991) http_log /opt/stack/data/venv/lib/python3.12/site-packages/swiftclient/client.py:161}}
May 26 05:01:42.727618 np0000001388 devstack@g-api.service[101991]: DEBUG swiftclient [None req-360ed88c-ec2d-4925-b0da-b6e47a47d064 tempest-ServerStableDeviceRescueTest-1077407970 tempest-ServerStableDeviceRescueTest-1077407970-project-member] RESP HEADERS: {'Date': 'Tue, 26 May 2026 05:01:42 GMT', 'Server': 'Apache/2.4.58 (Ubuntu)', 'Content-Type': 'text/html; charset=UTF-8', 'Content-Length': '0', 'Etag': '35461bd4e3e618229921ec225f4fcc66', 'Last-Modified': 'Tue, 26 May 2026 05:01:43 GMT', 'X-Trans-Id': 'tx076d5186ac4f470eb94b4-006a152936', 'X-Openstack-Request-Id': 'tx076d5186ac4f470eb94b4-006a152936', 'Connection': 'close'} {{(pid=101991) http_log /opt/stack/data/venv/lib/python3.12/site-packages/swiftclient/client.py:162}}
May 26 05:01:42.727618 np0000001388 devstack@g-api.service[101991]: DEBUG glance_store._drivers.swift.store [None req-360ed88c-ec2d-4925-b0da-b6e47a47d064 tempest-ServerStableDeviceRescueTest-1077407970 tempest-ServerStableDeviceRescueTest-1077407970-project-member] Wrote chunk 8fe29398-d7dd-4893-a0df-bfc13068a4ba-00001 (1/?) of length 53608448 to Swift returning MD5 of content: 35461bd4e3e618229921ec225f4fcc66 {{(pid=101991) add /opt/stack/data/venv/lib/python3.12/site-packages/glance_store/_drivers/swift/store.py:1059}}
May 26 05:01:42.727827 np0000001388 devstack@g-api.service[101991]: DEBUG glance_store._drivers.swift.store [None req-360ed88c-ec2d-4925-b0da-b6e47a47d064 tempest-ServerStableDeviceRescueTest-1077407970 tempest-ServerStableDeviceRescueTest-1077407970-project-member] Not writing zero-length chunk. {{(pid=101991) add /opt/stack/data/venv/lib/python3.12/site-packages/glance_store/_drivers/swift/store.py:1028}}
May 26 05:01:42.749657 np0000001388 devstack@g-api.service[101991]: DEBUG swiftclient [None req-360ed88c-ec2d-4925-b0da-b6e47a47d064 tempest-ServerStableDeviceRescueTest-1077407970 tempest-ServerStableDeviceRescueTest-1077407970-project-member] REQ: curl -i https://10.4.3.125:8080/v1/AUTH_d59729686f824327bb8c9edd0f963f03/glance/8fe29398-d7dd-4893-a0df-bfc13068a4ba -X PUT -H "X-Object-Manifest: glance/8fe29398-d7dd-4893-a0df-bfc13068a4ba-" -H "X-Auth-Token: gAAAAABqFSk1KDEz..." -H "Content-Length: 0" {{(pid=101991) http_log /opt/stack/data/venv/lib/python3.12/site-packages/swiftclient/client.py:160}}
May 26 05:01:42.749657 np0000001388 devstack@g-api.service[101991]: DEBUG swiftclient [None req-360ed88c-ec2d-4925-b0da-b6e47a47d064 tempest-ServerStableDeviceRescueTest-1077407970 tempest-ServerStableDeviceRescueTest-1077407970-project-member] RESP STATUS: 201 Created {{(pid=101991) http_log /opt/stack/data/venv/lib/python3.12/site-packages/swiftclient/client.py:161}}
May 26 05:01:42.749800 np0000001388 devstack@g-api.service[101991]: DEBUG swiftclient [None req-360ed88c-ec2d-4925-b0da-b6e47a47d064 tempest-ServerStableDeviceRescueTest-1077407970 tempest-ServerStableDeviceRescueTest-1077407970-project-member] RESP HEADERS: {'Date': 'Tue, 26 May 2026 05:01:42 GMT', 'Server': 'Apache/2.4.58 (Ubuntu)', 'Content-Type': 'text/html; charset=UTF-8', 'Content-Length': '0', 'Etag': 'd41d8cd98f00b204e9800998ecf8427e', 'Last-Modified': 'Tue, 26 May 2026 05:01:43 GMT', 'X-Trans-Id': 'tx915760510e4b4bd3be6ea-006a152936', 'X-Openstack-Request-Id': 'tx915760510e4b4bd3be6ea-006a152936', 'Connection': 'close'} {{(pid=101991) http_log /opt/stack/data/venv/lib/python3.12/site-packages/swiftclient/client.py:162}}
May 26 05:01:42.750619 np0000001388 devstack@g-api.service[101991]: INFO glance.location [None req-360ed88c-ec2d-4925-b0da-b6e47a47d064 tempest-ServerStableDeviceRescueTest-1077407970 tempest-ServerStableDeviceRescueTest-1077407970-project-member] Image format matched and virtual size computed: 1073741824
