May 28 10:48:21.290679 np0000001619 nova-scheduler[95695]: DEBUG cotyledon.oslo_config_glue [-] oslo_limit.connect_retry_delay = None {{(pid=95695) log_opt_values /opt/stack/data/venv/lib/python3.12/site-packages/oslo_config/cfg.py:3256}}
May 28 10:48:21.290927 np0000001619 nova-scheduler[95695]: DEBUG cotyledon.oslo_config_glue [-] oslo_limit.endpoint_id = None {{(pid=95695) log_opt_values /opt/stack/data/venv/lib/python3.12/site-packages/oslo_config/cfg.py:3256}}
May 28 10:48:21.290927 np0000001619 nova-scheduler[95695]: DEBUG cotyledon.oslo_config_glue [-] oslo_limit.endpoint_interface = public {{(pid=95695) log_opt_values /opt/stack/data/venv/lib/python3.12/site-packages/oslo_config/cfg.py:3256}}
May 28 10:48:21.290927 np0000001619 nova-scheduler[95695]: DEBUG cotyledon.oslo_config_glue [-] oslo_limit.endpoint_override = None {{(pid=95695) log_opt_values /opt/stack/data/venv/lib/python3.12/site-packages/oslo_config/cfg.py:3256}}
May 28 10:48:21.290927 np0000001619 nova-scheduler[95695]: DEBUG cotyledon.oslo_config_glue [-] oslo_limit.endpoint_region_name = None {{(pid=95695) log_opt_values /opt/stack/data/venv/lib/python3.12/site-packages/oslo_config/cfg.py:3256}}
May 28 10:48:21.290927 np0000001619 nova-scheduler[95695]: DEBUG cotyledon.oslo_config_glue [-] oslo_limit.endpoint_service_name = None {{(pid=95695) log_opt_values /opt/stack/data/venv/lib/python3.12/site-packages/oslo_config/cfg.py:3256}}
May 28 10:48:21.290927 np0000001619 nova-scheduler[95695]: DEBUG cotyledon.oslo_config_glue [-] oslo_limit.endpoint_service_type = None {{(pid=95695) log_opt_values /opt/stack/data/venv/lib/python3.12/site-packages/oslo_config/cfg.py:3256}}
May 28 10:48:21.290927 np0000001619 nova-scheduler[95695]: DEBUG cotyledon.oslo_config_glue [-] oslo_limit.insecure = False {{(pid=95695) log_opt_values /opt/stack/data/venv/lib/python3.12/site-packages/oslo_config/cfg.py:3256}}
May 28 10:48:21.290927 np0000001619 nova-scheduler[95695]: DEBUG cotyledon.oslo_config_glue [-] oslo_limit.keyfile = None {{(pid=95695) log_opt_values /opt/stack/data/venv/lib/python3.12/site-packages/oslo_config/cfg.py:3256}}
May 28 10:48:21.290927 np0000001619 nova-scheduler[95695]: DEBUG cotyledon.oslo_config_glue [-] oslo_limit.max_version = None {{(pid=95695) log_opt_values /opt/stack/data/venv/lib/python3.12/site-packages/oslo_config/cfg.py:3256}}
May 28 10:48:21.291190 np0000001619 nova-scheduler[95695]: DEBUG cotyledon.oslo_config_glue [-] oslo_limit.min_version = None {{(pid=95695) log_opt_values /opt/stack/data/venv/lib/python3.12/site-packages/oslo_config/cfg.py:3256}}
May 28 10:48:21.291190 np0000001619 nova-scheduler[95695]: DEBUG cotyledon.oslo_config_glue [-] oslo_limit.region_name = None {{(pid=95695) log_opt_values /opt/stack/data/venv/lib/python3.12/site-packages/oslo_config/cfg.py:3256}}
May 28 10:48:21.291190 np0000001619 nova-scheduler[95695]: DEBUG cotyledon.oslo_config_glue [-] oslo_limit.retriable_status_codes = None {{(pid=95695) log_opt_values /opt/stack/data/venv/lib/python3.12/site-packages/oslo_config/cfg.py:3256}}
May 28 10:48:21.291190 np0000001619 nova-scheduler[95695]: DEBUG cotyledon.oslo_config_glue [-] oslo_limit.service_name = None {{(pid=95695) log_opt_values /opt/stack/data/venv/lib/python3.12/site-packages/oslo_config/cfg.py:3256}}
May 28 10:48:21.291190 np0000001619 nova-scheduler[95695]: DEBUG cotyledon.oslo_config_glue [-] oslo_limit.service_type = None {{(pid=95695) log_opt_values /opt/stack/data/venv/lib/python3.12/site-packages/oslo_config/cfg.py:3256}}
May 28 10:48:21.291190 np0000001619 nova-scheduler[95695]: DEBUG cotyledon.oslo_config_glue [-] oslo_limit.split_loggers = False {{(pid=95695) log_opt_values /opt/stack/data/venv/lib/python3.12/site-packages/oslo_config/cfg.py:3256}}
May 28 10:48:21.291190 np0000001619 nova-scheduler[95695]: DEBUG cotyledon.oslo_config_glue [-] oslo_limit.status_code_retries = None {{(pid=95695) log_opt_values /opt/stack/data/venv/lib/python3.12/site-packages/oslo_config/cfg.py:3256}}
May 28 10:48:21.291190 np0000001619 nova-scheduler[95695]: DEBUG cotyledon.oslo_config_glue [-] oslo_limit.status_code_retry_delay = None {{(pid=95695) log_opt_values /opt/stack/data/venv/lib/python3.12/site-packages/oslo_config/cfg.py:3256}}
May 28 10:48:21.291190 np0000001619 nova-scheduler[95695]: DEBUG cotyledon.oslo_config_glue [-] oslo_limit.timeout = None {{(pid=95695) log_opt_values /opt/stack/data/venv/lib/python3.12/site-packages/oslo_config/cfg.py:3256}}
May 28 10:48:21.291448 np0000001619 nova-scheduler[95695]: DEBUG cotyledon.oslo_config_glue [-] oslo_limit.valid_interfaces = None {{(pid=95695) log_opt_values /opt/stack/data/venv/lib/python3.12/site-packages/oslo_config/cfg.py:3256}}
May 28 10:48:21.291448 np0000001619 nova-scheduler[95695]: DEBUG cotyledon.oslo_config_glue [-] oslo_limit.version = None {{(pid=95695) log_opt_values /opt/stack/data/venv/lib/python3.12/site-packages/oslo_config/cfg.py:3256}}
May 28 10:48:21.291448 np0000001619 nova-scheduler[95695]: DEBUG cotyledon.oslo_config_glue [-] oslo_reports.file_event_handler = None {{(pid=95695) log_opt_values /opt/stack/data/venv/lib/python3.12/site-packages/oslo_config/cfg.py:3256}}
May 28 10:48:21.291448 np0000001619 nova-scheduler[95695]: DEBUG cotyledon.oslo_config_glue [-] oslo_reports.file_event_handler_interval = 1 {{(pid=95695) log_opt_values /opt/stack/data/venv/lib/python3.12/site-packages/oslo_config/cfg.py:3256}}
May 28 10:48:21.291448 np0000001619 nova-scheduler[95695]: DEBUG cotyledon.oslo_config_glue [-] oslo_reports.log_dir = None {{(pid=95695) log_opt_values /opt/stack/data/venv/lib/python3.12/site-packages/oslo_config/cfg.py:3256}}
May 28 10:48:21.291448 np0000001619 nova-scheduler[95695]: DEBUG cotyledon.oslo_config_glue [-] ******************************************************************************** {{(pid=95695) log_opt_values /opt/stack/data/venv/lib/python3.12/site-packages/oslo_config/cfg.py:3263}}
May 28 10:48:21.291448 np0000001619 nova-scheduler[95695]: DEBUG cotyledon._service_worker [-] Run service ServiceWrapper(2) [95695] {{(pid=95695) wait_forever /opt/stack/data/venv/lib/python3.12/site-packages/cotyledon/_service_worker.py:218}}
May 28 10:48:21.291448 np0000001619 nova-scheduler[95695]: INFO nova.service [-] Starting scheduler node (version 33.1.0)
May 28 10:48:21.291448 np0000001619 nova-scheduler[95695]: INFO dbcounter [None req-f3773628-6223-4733-be6e-6e830314ca34 None None] Registered counter for database nova_cell0
May 28 10:48:21.291688 np0000001619 nova-scheduler[95664]: DEBUG oslo_db.sqlalchemy.engines [None req-44e9581d-ce34-4d7b-b999-b9272c183bb0 None None] MySQL server mode set to STRICT_TRANS_TABLES,STRICT_ALL_TABLES,NO_ZERO_IN_DATE,NO_ZERO_DATE,ERROR_FOR_DIVISION_BY_ZERO,TRADITIONAL,NO_ENGINE_SUBSTITUTION {{(pid=95664) _check_effective_sql_mode /opt/stack/data/venv/lib/python3.12/site-packages/oslo_db/sqlalchemy/engines.py:325}}
May 28 10:48:21.291688 np0000001619 nova-scheduler[95664]: DEBUG dbcounter [-] [95664] Writer thread running {{(pid=95664) stat_writer /opt/stack/data/venv/lib/python3.12/site-packages/dbcounter.py:102}}
May 28 10:48:21.291688 np0000001619 nova-scheduler[95664]: DEBUG nova.service [None req-44e9581d-ce34-4d7b-b999-b9272c183bb0 None None] Creating RPC server for service: nova-scheduler on topic: scheduler {{(pid=95664) start /opt/stack/nova/nova/service.py:195}}
May 28 10:48:21.291780 np0000001619 nova-scheduler[95695]: DEBUG oslo_db.sqlalchemy.engines [None req-f3773628-6223-4733-be6e-6e830314ca34 None None] MySQL server mode set to STRICT_TRANS_TABLES,STRICT_ALL_TABLES,NO_ZERO_IN_DATE,NO_ZERO_DATE,ERROR_FOR_DIVISION_BY_ZERO,TRADITIONAL,NO_ENGINE_SUBSTITUTION {{(pid=95695) _check_effective_sql_mode /opt/stack/data/venv/lib/python3.12/site-packages/oslo_db/sqlalchemy/engines.py:325}}
May 28 10:48:21.291780 np0000001619 nova-scheduler[95695]: DEBUG dbcounter [-] [95695] Writer thread running {{(pid=95695) stat_writer /opt/stack/data/venv/lib/python3.12/site-packages/dbcounter.py:102}}
May 28 10:48:21.291848 np0000001619 nova-scheduler[95685]: DEBUG oslo_db.sqlalchemy.engines [None req-71e79516-16f2-4e17-88e6-41bbb38d6d5d None None] MySQL server mode set to STRICT_TRANS_TABLES,STRICT_ALL_TABLES,NO_ZERO_IN_DATE,NO_ZERO_DATE,ERROR_FOR_DIVISION_BY_ZERO,TRADITIONAL,NO_ENGINE_SUBSTITUTION {{(pid=95685) _check_effective_sql_mode /opt/stack/data/venv/lib/python3.12/site-packages/oslo_db/sqlalchemy/engines.py:325}}
May 28 10:48:21.291885 np0000001619 nova-scheduler[95695]: DEBUG nova.service [None req-f3773628-6223-4733-be6e-6e830314ca34 None None] Creating RPC server for service: nova-scheduler on topic: scheduler {{(pid=95695) start /opt/stack/nova/nova/service.py:195}}
May 28 10:48:21.296028 np0000001619 nova-scheduler[95664]: DEBUG nova.service [None req-44e9581d-ce34-4d7b-b999-b9272c183bb0 None None] Join ServiceGroup membership for this service scheduler {{(pid=95664) start /opt/stack/nova/nova/service.py:221}}
May 28 10:48:21.296374 np0000001619 nova-scheduler[95664]: DEBUG nova.servicegroup.drivers.db [None req-44e9581d-ce34-4d7b-b999-b9272c183bb0 None None] DB_Driver: join new ServiceGroup member np0000001619 to the scheduler group, service = {{(pid=95664) join /opt/stack/nova/nova/servicegroup/drivers/db.py:44}}
May 28 10:48:21.300233 np0000001619 nova-scheduler[95685]: DEBUG dbcounter [-] [95685] Writer thread running {{(pid=95685) stat_writer /opt/stack/data/venv/lib/python3.12/site-packages/dbcounter.py:102}}
May 28 10:48:21.303550 np0000001619 nova-scheduler[95685]: DEBUG nova.service [None req-71e79516-16f2-4e17-88e6-41bbb38d6d5d None None] Creating RPC server for service: nova-scheduler on topic: scheduler {{(pid=95685) start /opt/stack/nova/nova/service.py:195}}
May 28 10:48:21.306292 np0000001619 nova-scheduler[95695]: DEBUG nova.service [None req-f3773628-6223-4733-be6e-6e830314ca34 None None] Join ServiceGroup membership for this service scheduler {{(pid=95695) start /opt/stack/nova/nova/service.py:221}}
May 28 10:48:21.306492 np0000001619 nova-scheduler[95695]: DEBUG nova.servicegroup.drivers.db [None req-f3773628-6223-4733-be6e-6e830314ca34 None None] DB_Driver: join new ServiceGroup member np0000001619 to the scheduler group, service = {{(pid=95695) join /opt/stack/nova/nova/servicegroup/drivers/db.py:44}}
May 28 10:48:21.320506 np0000001619 nova-scheduler[95685]: DEBUG nova.service [None req-71e79516-16f2-4e17-88e6-41bbb38d6d5d None None] Join ServiceGroup membership for this service scheduler {{(pid=95685) start /opt/stack/nova/nova/service.py:221}}
May 28 10:48:21.320859 np0000001619 nova-scheduler[95685]: DEBUG nova.servicegroup.drivers.db [None req-71e79516-16f2-4e17-88e6-41bbb38d6d5d None None] DB_Driver: join new ServiceGroup member np0000001619 to the scheduler group, service = {{(pid=95685) join /opt/stack/nova/nova/servicegroup/drivers/db.py:44}}
May 28 10:48:26.313923 np0000001619 nova-scheduler[95664]: DEBUG oslo.service.backend._threading.loopingcall [-] Fixed interval looping call 'nova.servicegroup.drivers.db.DbDriver._report_state' sleeping for 119.99 seconds {{(pid=95664) _run_loop /opt/stack/data/venv/lib/python3.12/site-packages/oslo_service/backend/_threading/loopingcall.py:125}}
May 28 10:48:26.323304 np0000001619 nova-scheduler[95695]: DEBUG oslo.service.backend._threading.loopingcall [-] Fixed interval looping call 'nova.servicegroup.drivers.db.DbDriver._report_state' sleeping for 119.98 seconds {{(pid=95695) _run_loop /opt/stack/data/venv/lib/python3.12/site-packages/oslo_service/backend/_threading/loopingcall.py:125}}
May 28 10:48:26.339694 np0000001619 nova-scheduler[95685]: DEBUG oslo.service.backend._threading.loopingcall [-] Fixed interval looping call 'nova.servicegroup.drivers.db.DbDriver._report_state' sleeping for 119.98 seconds {{(pid=95685) _run_loop /opt/stack/data/venv/lib/python3.12/site-packages/oslo_service/backend/_threading/loopingcall.py:125}}
May 28 10:48:29.896819 np0000001619 nova-scheduler[94411]: DEBUG dbcounter [-] [94411] Writing DB stats nova_api:SELECT=3 {{(pid=94411) stat_writer /opt/stack/data/venv/lib/python3.12/site-packages/dbcounter.py:115}}
May 28 10:48:30.023635 np0000001619 nova-scheduler[94411]: DEBUG dbcounter [-] [94411] Writing DB stats nova_cell0:SELECT=1 {{(pid=94411) stat_writer /opt/stack/data/venv/lib/python3.12/site-packages/dbcounter.py:115}}
May 28 10:48:30.034919 np0000001619 nova-scheduler[94411]: DEBUG dbcounter [-] [94411] Writing DB stats nova_cell1:SELECT=1 {{(pid=94411) stat_writer /opt/stack/data/venv/lib/python3.12/site-packages/dbcounter.py:115}}
May 28 10:48:36.307334 np0000001619 nova-scheduler[95664]: DEBUG dbcounter [-] [95664] Writing DB stats nova_cell0:SELECT=4,nova_cell0:INSERT=1,nova_cell0:UPDATE=1 {{(pid=95664) stat_writer /opt/stack/data/venv/lib/python3.12/site-packages/dbcounter.py:115}}
May 28 10:48:36.320846 np0000001619 nova-scheduler[95695]: DEBUG dbcounter [-] [95695] Writing DB stats nova_cell0:SELECT=3 {{(pid=95695) stat_writer /opt/stack/data/venv/lib/python3.12/site-packages/dbcounter.py:115}}
May 28 10:48:36.335715 np0000001619 nova-scheduler[95685]: DEBUG dbcounter [-] [95685] Writing DB stats nova_cell0:SELECT=3 {{(pid=95685) stat_writer /opt/stack/data/venv/lib/python3.12/site-packages/dbcounter.py:115}}
May 28 10:48:38.322973 np0000001619 nova-scheduler[95685]: DEBUG oslo.service.backend._threading.loopingcall [None req-852557d5-1863-4da8-92e6-889fd25b1129 None None] Dynamic interval looping call 'nova.service.Service.periodic_tasks' sleeping for 60.00 seconds {{(pid=95685) _run_loop /opt/stack/data/venv/lib/python3.12/site-packages/oslo_service/backend/_threading/loopingcall.py:125}}
May 28 10:48:43.298949 np0000001619 nova-scheduler[95664]: DEBUG oslo.service.backend._threading.loopingcall [None req-b9ffd417-c504-4b68-846b-c1a6b9ebac9a None None] Dynamic interval looping call 'nova.service.Service.periodic_tasks' sleeping for 60.00 seconds {{(pid=95664) _run_loop /opt/stack/data/venv/lib/python3.12/site-packages/oslo_service/backend/_threading/loopingcall.py:125}}
May 28 10:48:51.308322 np0000001619 nova-scheduler[95695]: DEBUG oslo.service.backend._threading.loopingcall [None req-23d83a90-460f-47a2-a55f-b4c880938a26 None None] Dynamic interval looping call 'nova.service.Service.periodic_tasks' sleeping for 60.00 seconds {{(pid=95695) _run_loop /opt/stack/data/venv/lib/python3.12/site-packages/oslo_service/backend/_threading/loopingcall.py:125}}
May 28 10:49:38.323494 np0000001619 nova-scheduler[95685]: DEBUG oslo.service.backend._threading.loopingcall [None req-852557d5-1863-4da8-92e6-889fd25b1129 None None] Dynamic interval looping call 'nova.service.Service.periodic_tasks' sleeping for 60.00 seconds {{(pid=95685) _run_loop /opt/stack/data/venv/lib/python3.12/site-packages/oslo_service/backend/_threading/loopingcall.py:125}}
May 28 10:49:43.299501 np0000001619 nova-scheduler[95664]: DEBUG oslo.service.backend._threading.loopingcall [None req-b9ffd417-c504-4b68-846b-c1a6b9ebac9a None None] Dynamic interval looping call 'nova.service.Service.periodic_tasks' sleeping for 60.00 seconds {{(pid=95664) _run_loop /opt/stack/data/venv/lib/python3.12/site-packages/oslo_service/backend/_threading/loopingcall.py:125}}
May 28 10:49:51.308808 np0000001619 nova-scheduler[95695]: DEBUG oslo.service.backend._threading.loopingcall [None req-23d83a90-460f-47a2-a55f-b4c880938a26 None None] Dynamic interval looping call 'nova.service.Service.periodic_tasks' sleeping for 60.00 seconds {{(pid=95695) _run_loop /opt/stack/data/venv/lib/python3.12/site-packages/oslo_service/backend/_threading/loopingcall.py:125}}
May 28 10:50:26.314793 np0000001619 nova-scheduler[95664]: DEBUG oslo.service.backend._threading.loopingcall [-] Fixed interval looping call 'nova.servicegroup.drivers.db.DbDriver._report_state' sleeping for 119.99 seconds {{(pid=95664) _run_loop /opt/stack/data/venv/lib/python3.12/site-packages/oslo_service/backend/_threading/loopingcall.py:125}}
May 28 10:50:26.315503 np0000001619 nova-scheduler[95695]: DEBUG oslo.service.backend._threading.loopingcall [-] Fixed interval looping call 'nova.servicegroup.drivers.db.DbDriver._report_state' sleeping for 119.99 seconds {{(pid=95695) _run_loop /opt/stack/data/venv/lib/python3.12/site-packages/oslo_service/backend/_threading/loopingcall.py:125}}
May 28 10:50:26.325036 np0000001619 nova-scheduler[95685]: DEBUG oslo.service.backend._threading.loopingcall [-] Fixed interval looping call 'nova.servicegroup.drivers.db.DbDriver._report_state' sleeping for 120.00 seconds {{(pid=95685) _run_loop /opt/stack/data/venv/lib/python3.12/site-packages/oslo_service/backend/_threading/loopingcall.py:125}}
May 28 10:50:36.309547 np0000001619 nova-scheduler[95695]: DEBUG dbcounter [-] [95695] Writing DB stats nova_cell0:SELECT=1,nova_cell0:UPDATE=1 {{(pid=95695) stat_writer /opt/stack/data/venv/lib/python3.12/site-packages/dbcounter.py:115}}
May 28 10:50:36.310136 np0000001619 nova-scheduler[95664]: DEBUG dbcounter [-] [95664] Writing DB stats nova_cell0:SELECT=1,nova_cell0:UPDATE=1 {{(pid=95664) stat_writer /opt/stack/data/venv/lib/python3.12/site-packages/dbcounter.py:115}}
May 28 10:50:36.323308 np0000001619 nova-scheduler[95685]: DEBUG dbcounter [-] [95685] Writing DB stats nova_cell0:SELECT=1 {{(pid=95685) stat_writer /opt/stack/data/venv/lib/python3.12/site-packages/dbcounter.py:115}}
May 28 10:50:38.323956 np0000001619 nova-scheduler[95685]: DEBUG oslo.service.backend._threading.loopingcall [None req-852557d5-1863-4da8-92e6-889fd25b1129 None None] Dynamic interval looping call 'nova.service.Service.periodic_tasks' sleeping for 60.00 seconds {{(pid=95685) _run_loop /opt/stack/data/venv/lib/python3.12/site-packages/oslo_service/backend/_threading/loopingcall.py:125}}
May 28 10:50:43.300044 np0000001619 nova-scheduler[95664]: DEBUG oslo.service.backend._threading.loopingcall [None req-b9ffd417-c504-4b68-846b-c1a6b9ebac9a None None] Dynamic interval looping call 'nova.service.Service.periodic_tasks' sleeping for 60.00 seconds {{(pid=95664) _run_loop /opt/stack/data/venv/lib/python3.12/site-packages/oslo_service/backend/_threading/loopingcall.py:125}}
May 28 10:50:51.309427 np0000001619 nova-scheduler[95695]: DEBUG oslo.service.backend._threading.loopingcall [None req-23d83a90-460f-47a2-a55f-b4c880938a26 None None] Dynamic interval looping call 'nova.service.Service.periodic_tasks' sleeping for 60.00 seconds {{(pid=95695) _run_loop /opt/stack/data/venv/lib/python3.12/site-packages/oslo_service/backend/_threading/loopingcall.py:125}}
May 28 10:51:09.407863 np0000001619 nova-scheduler[95664]: DEBUG nova.scheduler.manager [None req-6d821831-1570-4c8d-90d2-48d2d796ce7c tempest-ServerActionsTestOtherB-585770328 tempest-ServerActionsTestOtherB-585770328-project-member] Starting to schedule for instances: ['acc93148-5da2-49ae-9566-e6822d647159'] {{(pid=95664) select_destinations /opt/stack/nova/nova/scheduler/manager.py:210}}
May 28 10:51:09.408573 np0000001619 nova-scheduler[95664]: DEBUG nova.scheduler.request_filter [None req-6d821831-1570-4c8d-90d2-48d2d796ce7c tempest-ServerActionsTestOtherB-585770328 tempest-ServerActionsTestOtherB-585770328-project-member] compute_status_filter request filter added forbidden trait COMPUTE_STATUS_DISABLED {{(pid=95664) compute_status_filter /opt/stack/nova/nova/scheduler/request_filter.py:253}}
May 28 10:51:09.408573 np0000001619 nova-scheduler[95664]: DEBUG nova.scheduler.request_filter [None req-6d821831-1570-4c8d-90d2-48d2d796ce7c tempest-ServerActionsTestOtherB-585770328 tempest-ServerActionsTestOtherB-585770328-project-member] Request filter 'compute_status_filter' took 0.0 seconds {{(pid=95664) wrapper /opt/stack/nova/nova/scheduler/request_filter.py:46}}
May 28 10:51:09.408573 np0000001619 nova-scheduler[95664]: DEBUG nova.scheduler.request_filter [None req-6d821831-1570-4c8d-90d2-48d2d796ce7c tempest-ServerActionsTestOtherB-585770328 tempest-ServerActionsTestOtherB-585770328-project-member] Request filter 'accelerators_filter' took 0.0 seconds {{(pid=95664) wrapper /opt/stack/nova/nova/scheduler/request_filter.py:46}}
May 28 10:51:09.408573 np0000001619 nova-scheduler[95664]: DEBUG nova.scheduler.request_filter [None req-6d821831-1570-4c8d-90d2-48d2d796ce7c tempest-ServerActionsTestOtherB-585770328 tempest-ServerActionsTestOtherB-585770328-project-member] Request filter 'packed_virtqueue_filter' took 0.0 seconds {{(pid=95664) wrapper /opt/stack/nova/nova/scheduler/request_filter.py:46}}
May 28 10:51:09.409001 np0000001619 nova-scheduler[95664]: DEBUG nova.scheduler.request_filter [None req-6d821831-1570-4c8d-90d2-48d2d796ce7c tempest-ServerActionsTestOtherB-585770328 tempest-ServerActionsTestOtherB-585770328-project-member] Request filter 'remote_managed_ports_filter' took 0.0 seconds {{(pid=95664) wrapper /opt/stack/nova/nova/scheduler/request_filter.py:46}}
May 28 10:51:09.409001 np0000001619 nova-scheduler[95664]: DEBUG nova.scheduler.request_filter [None req-6d821831-1570-4c8d-90d2-48d2d796ce7c tempest-ServerActionsTestOtherB-585770328 tempest-ServerActionsTestOtherB-585770328-project-member] ephemeral_encryption_filter skipped {{(pid=95664) ephemeral_encryption_filter /opt/stack/nova/nova/scheduler/request_filter.py:426}}
May 28 10:51:09.409724 np0000001619 nova-scheduler[95664]: DEBUG nova.scheduler.request_filter [None req-6d821831-1570-4c8d-90d2-48d2d796ce7c tempest-ServerActionsTestOtherB-585770328 tempest-ServerActionsTestOtherB-585770328-project-member] virtio_sound_filter skipped {{(pid=95664) virtio_sound_filter /opt/stack/nova/nova/scheduler/request_filter.py:460}}
May 28 10:51:09.409724 np0000001619 nova-scheduler[95664]: DEBUG nova.scheduler.request_filter [None req-6d821831-1570-4c8d-90d2-48d2d796ce7c tempest-ServerActionsTestOtherB-585770328 tempest-ServerActionsTestOtherB-585770328-project-member] tpm_secret_security_filter skipped {{(pid=95664) tpm_secret_security_filter /opt/stack/nova/nova/scheduler/request_filter.py:477}}
May 28 10:51:09.993576 np0000001619 nova-scheduler[95664]: INFO nova.utils [None req-6d821831-1570-4c8d-90d2-48d2d796ce7c tempest-ServerActionsTestOtherB-585770328 tempest-ServerActionsTestOtherB-585770328-project-member] The cell worker thread pool ForkProcess-1.cell_worker is initialized
May 28 10:51:09.993897 np0000001619 nova-scheduler[95664]: DEBUG oslo_concurrency.lockutils [None req-6d821831-1570-4c8d-90d2-48d2d796ce7c tempest-ServerActionsTestOtherB-585770328 tempest-ServerActionsTestOtherB-585770328-project-member] Acquiring lock "1fc23daf-8a0f-4199-8ee2-d81047dd8c7c" by "nova.context.set_target_cell..get_or_set_cached_cell_and_set_connections" {{(pid=95664) inner /opt/stack/data/venv/lib/python3.12/site-packages/oslo_concurrency/lockutils.py:511}}
May 28 10:51:09.994088 np0000001619 nova-scheduler[95664]: DEBUG oslo_concurrency.lockutils [None req-6d821831-1570-4c8d-90d2-48d2d796ce7c tempest-ServerActionsTestOtherB-585770328 tempest-ServerActionsTestOtherB-585770328-project-member] Lock "1fc23daf-8a0f-4199-8ee2-d81047dd8c7c" acquired by "nova.context.set_target_cell..get_or_set_cached_cell_and_set_connections" :: waited 0.000s {{(pid=95664) inner /opt/stack/data/venv/lib/python3.12/site-packages/oslo_concurrency/lockutils.py:524}}
May 28 10:51:09.995318 np0000001619 nova-scheduler[95664]: DEBUG oslo_concurrency.lockutils [None req-6d821831-1570-4c8d-90d2-48d2d796ce7c tempest-ServerActionsTestOtherB-585770328 tempest-ServerActionsTestOtherB-585770328-project-member] Lock "1fc23daf-8a0f-4199-8ee2-d81047dd8c7c" "released" by "nova.context.set_target_cell..get_or_set_cached_cell_and_set_connections" :: held 0.001s {{(pid=95664) inner /opt/stack/data/venv/lib/python3.12/site-packages/oslo_concurrency/lockutils.py:543}}
May 28 10:51:09.997092 np0000001619 nova-scheduler[95664]: INFO dbcounter [None req-6d821831-1570-4c8d-90d2-48d2d796ce7c tempest-ServerActionsTestOtherB-585770328 tempest-ServerActionsTestOtherB-585770328-project-member] Registered counter for database nova_cell1
May 28 10:51:10.038522 np0000001619 nova-scheduler[95664]: DEBUG oslo_db.sqlalchemy.engines [None req-6d821831-1570-4c8d-90d2-48d2d796ce7c tempest-ServerActionsTestOtherB-585770328 tempest-ServerActionsTestOtherB-585770328-project-member] MySQL server mode set to STRICT_TRANS_TABLES,STRICT_ALL_TABLES,NO_ZERO_IN_DATE,NO_ZERO_DATE,ERROR_FOR_DIVISION_BY_ZERO,TRADITIONAL,NO_ENGINE_SUBSTITUTION {{(pid=95664) _check_effective_sql_mode /opt/stack/data/venv/lib/python3.12/site-packages/oslo_db/sqlalchemy/engines.py:325}}
May 28 10:51:10.043317 np0000001619 nova-scheduler[95664]: DEBUG dbcounter [-] [95664] Writer thread running {{(pid=95664) stat_writer /opt/stack/data/venv/lib/python3.12/site-packages/dbcounter.py:102}}
May 28 10:51:10.055371 np0000001619 nova-scheduler[95664]: DEBUG oslo_db.sqlalchemy.engines [None req-6d821831-1570-4c8d-90d2-48d2d796ce7c tempest-ServerActionsTestOtherB-585770328 tempest-ServerActionsTestOtherB-585770328-project-member] Parent process 94411 forked (95664) with an open database connection, which is being discarded and recreated. {{(pid=95664) checkout /opt/stack/data/venv/lib/python3.12/site-packages/oslo_db/sqlalchemy/engines.py:402}}
May 28 10:51:10.104475 np0000001619 nova-scheduler[95664]: DEBUG dbcounter [-] [95664] Writer thread running {{(pid=95664) stat_writer /opt/stack/data/venv/lib/python3.12/site-packages/dbcounter.py:102}}
May 28 10:51:10.107089 np0000001619 nova-scheduler[95664]: DEBUG oslo_concurrency.lockutils [None req-6d821831-1570-4c8d-90d2-48d2d796ce7c tempest-ServerActionsTestOtherB-585770328 tempest-ServerActionsTestOtherB-585770328-project-member] Acquiring lock "1fc23daf-8a0f-4199-8ee2-d81047dd8c7c" by "nova.context.set_target_cell..get_or_set_cached_cell_and_set_connections" {{(pid=95664) inner /opt/stack/data/venv/lib/python3.12/site-packages/oslo_concurrency/lockutils.py:511}}
May 28 10:51:10.107278 np0000001619 nova-scheduler[95664]: DEBUG oslo_concurrency.lockutils [None req-6d821831-1570-4c8d-90d2-48d2d796ce7c tempest-ServerActionsTestOtherB-585770328 tempest-ServerActionsTestOtherB-585770328-project-member] Lock "1fc23daf-8a0f-4199-8ee2-d81047dd8c7c" acquired by "nova.context.set_target_cell..get_or_set_cached_cell_and_set_connections" :: waited 0.000s {{(pid=95664) inner /opt/stack/data/venv/lib/python3.12/site-packages/oslo_concurrency/lockutils.py:524}}
May 28 10:51:10.107403 np0000001619 nova-scheduler[95664]: DEBUG oslo_concurrency.lockutils [None req-6d821831-1570-4c8d-90d2-48d2d796ce7c tempest-ServerActionsTestOtherB-585770328 tempest-ServerActionsTestOtherB-585770328-project-member] Lock "1fc23daf-8a0f-4199-8ee2-d81047dd8c7c" "released" by "nova.context.set_target_cell..get_or_set_cached_cell_and_set_connections" :: held 0.000s {{(pid=95664) inner /opt/stack/data/venv/lib/python3.12/site-packages/oslo_concurrency/lockutils.py:543}}
May 28 10:51:10.111645 np0000001619 nova-scheduler[95664]: DEBUG oslo_concurrency.lockutils [None req-6d821831-1570-4c8d-90d2-48d2d796ce7c tempest-ServerActionsTestOtherB-585770328 tempest-ServerActionsTestOtherB-585770328-project-member] Acquiring lock "('np0000001619', 'np0000001619')" by "nova.scheduler.host_manager.HostState.update.._locked_update" {{(pid=95664) inner /opt/stack/data/venv/lib/python3.12/site-packages/oslo_concurrency/lockutils.py:511}}
May 28 10:51:10.111848 np0000001619 nova-scheduler[95664]: DEBUG oslo_concurrency.lockutils [None req-6d821831-1570-4c8d-90d2-48d2d796ce7c tempest-ServerActionsTestOtherB-585770328 tempest-ServerActionsTestOtherB-585770328-project-member] Lock "('np0000001619', 'np0000001619')" acquired by "nova.scheduler.host_manager.HostState.update.._locked_update" :: waited 0.000s {{(pid=95664) inner /opt/stack/data/venv/lib/python3.12/site-packages/oslo_concurrency/lockutils.py:524}}
May 28 10:51:10.113234 np0000001619 nova-scheduler[95664]: DEBUG nova.scheduler.host_manager [None req-6d821831-1570-4c8d-90d2-48d2d796ce7c tempest-ServerActionsTestOtherB-585770328 tempest-ServerActionsTestOtherB-585770328-project-member] Update host state from compute node: ComputeNode(cpu_allocation_ratio=4.0,cpu_info='{"arch": "x86_64", "model": "EPYC-Milan", "vendor": "AMD", "topology": {"cells": 1, "sockets": 12, "cores": 1, "threads": 1}, "maxphysaddr": {"mode": "emulate", "bits": 40}, "features": ["cx16", "amd-stibp", "vme", "misalignsse", "lbrv", "pni", "tsc", "cx8", "rdrand", "pku", "mds-no", "ssbd", "cmp_legacy", "xsaveerptr", "xsaveopt", "arch-capabilities", "rdctl-no", "mca", "de", "svme-addr-chk", "umip", "3dnowprefetch", "pse", "sse4.1", "aes", "ibpb", "pschange-mc-no", "pae", "skip-l1dfl-vmentry", "movbe", "avx2", "vgif", "mmxext", "fsgsbase", "flushbyasid", "tsc_adjust", "topoext", "cr8legacy", "invpcid", "pcid", "svm", "rdtscp", "erms", "msr", "mce", "pause-filter", "clflush", "pse36", "clwb", "null-sel-clr-base", "popcnt", "tsc-deadline", "arat", "spec-ctrl", "apic", "pge", "xsaves", "stibp-always-on", "amd-ssbd", "rdseed", "nrip-save", "xgetbv1", "x2apic", "xsave", "mtrr", "nx", "sse4a", "rdpid", "sse2", "smep", "npt", "xsavec", "fxsr", "clflushopt", "gds-no", "syscall", "perfctr_core", "sse", "sep", "lahf_lm", "no-nested-data-bp", "fxsr_opt", "pdpe1gb", "pfthreshold", "ibrs", "v-vmsave-vmload", "stibp", "amd-psfd", "abm", "fsrm", "vpclmulqdq", "bmi2", "sha-ni", "osvw", "vmcb-clean", "virt-ssbd", "pclmuldq", "ssse3", "smap", "bmi1", "avx", "f16c", "fma", "fpu", "pat", "hypervisor", "mmx", "lm", "wbnoinvd", "adx", "vaes", "tsc-scale", "lfence-always-serializing", "sse4.2", "cmov", "clzero"]}',created_at=2026-05-28T10:48:45Z,current_workload=0,deleted=False,deleted_at=None,disk_allocation_ratio=1.0,disk_available_least=74,free_disk_gb=95,free_ram_mb=23518,host='np0000001619',host_ip=10.4.3.236,hypervisor_hostname='np0000001619',hypervisor_type='QEMU',hypervisor_version=8002002,id=1,local_gb=95,local_gb_used=0,mapped=1,memory_mb=24030,memory_mb_used=512,metrics='[]',numa_topology='{"nova_object.name": "NUMATopology", "nova_object.namespace": "nova", "nova_object.version": "1.2", "nova_object.data": {"cells": [{"nova_object.name": "NUMACell", "nova_object.namespace": "nova", "nova_object.version": "1.5", "nova_object.data": {"id": 0, "cpuset": [0, 1, 2, 3, 4, 5, 6, 7, 8, 9, 10, 11], "pcpuset": [0, 1, 2, 3, 4, 5, 6, 7, 8, 9, 10, 11], "memory": 24030, "cpu_usage": 0, "memory_usage": 0, "pinned_cpus": [], "siblings": [[6], [2], [5], [11], [8], [4], [1], [7], [10], [0], [3], [9]], "mempages": [{"nova_object.name": "NUMAPagesTopology", "nova_object.namespace": "nova", "nova_object.version": "1.1", "nova_object.data": {"size_kb": 4, "total": 6151798, "used": 0, "reserved": 0}, "nova_object.changes": ["total", "used", "reserved", "size_kb"]}, {"nova_object.name": "NUMAPagesTopology", "nova_object.namespace": "nova", "nova_object.version": "1.1", "nova_object.data": {"size_kb": 2048, "total": 0, "used": 0, "reserved": 0}, "nova_object.changes": ["total", "used", "reserved", "size_kb"]}, {"nova_object.name": "NUMAPagesTopology", "nova_object.namespace": "nova", "nova_object.version": "1.1", "nova_object.data": {"size_kb": 1048576, "total": 0, "used": 0, "reserved": 0}, "nova_object.changes": ["total", "used", "reserved", "size_kb"]}], "network_metadata": {"nova_object.name": "NetworkMetadata", "nova_object.namespace": "nova", "nova_object.version": "1.0", "nova_object.data": {"physnets": [], "tunneled": false}, "nova_object.changes": ["tunneled", "physnets"]}, "socket": null}, "nova_object.changes": ["cpuset", "pcpuset", "siblings", "memory", "id", "socket", "pinned_cpus", "network_metadata", "memory_usage", "cpu_usage", "mempages"]}]}, "nova_object.changes": ["cells"]}',pci_device_pools=PciDevicePoolList,ram_allocation_ratio=1.0,running_vms=0,service_id=2,stats={failed_builds='0',uptime=' 10:50:32 up 25 min, 2 users, load average: 1.17, 1.37, 0.82
May 28 10:51:10.113234 np0000001619 nova-scheduler[95664]: '},supported_hv_specs=[HVSpec,HVSpec,HVSpec,HVSpec,HVSpec,HVSpec,HVSpec,HVSpec,HVSpec,HVSpec,HVSpec,HVSpec,HVSpec,HVSpec,HVSpec,HVSpec,HVSpec,HVSpec,HVSpec,HVSpec,HVSpec,HVSpec,HVSpec,HVSpec,HVSpec],updated_at=2026-05-28T10:50:34Z,uuid=25e8cf56-296f-4aef-b0d0-322b44cc060e,vcpus=12,vcpus_used=0) {{(pid=95664) _locked_update /opt/stack/nova/nova/scheduler/host_manager.py:168}}
May 28 10:51:10.114206 np0000001619 nova-scheduler[95664]: DEBUG nova.scheduler.host_manager [None req-6d821831-1570-4c8d-90d2-48d2d796ce7c tempest-ServerActionsTestOtherB-585770328 tempest-ServerActionsTestOtherB-585770328-project-member] Update host state with aggregates: [] {{(pid=95664) _locked_update /opt/stack/nova/nova/scheduler/host_manager.py:171}}
May 28 10:51:10.114391 np0000001619 nova-scheduler[95664]: DEBUG nova.scheduler.host_manager [None req-6d821831-1570-4c8d-90d2-48d2d796ce7c tempest-ServerActionsTestOtherB-585770328 tempest-ServerActionsTestOtherB-585770328-project-member] Update host state with service dict: {'id': 2, 'uuid': '2fbc9653-dd17-454a-8ec3-173c20d10a1a', 'host': 'np0000001619', 'binary': 'nova-compute', 'topic': 'compute', 'report_count': 2, 'disabled': False, 'disabled_reason': None, 'last_seen_up': datetime.datetime(2026, 5, 28, 10, 50, 54, tzinfo=datetime.timezone.utc), 'forced_down': False, 'version': 72, 'created_at': datetime.datetime(2026, 5, 28, 10, 48, 44, tzinfo=datetime.timezone.utc), 'updated_at': datetime.datetime(2026, 5, 28, 10, 50, 54, tzinfo=datetime.timezone.utc), 'deleted_at': None, 'deleted': False} {{(pid=95664) _locked_update /opt/stack/nova/nova/scheduler/host_manager.py:174}}
May 28 10:51:10.114584 np0000001619 nova-scheduler[95664]: DEBUG nova.scheduler.host_manager [None req-6d821831-1570-4c8d-90d2-48d2d796ce7c tempest-ServerActionsTestOtherB-585770328 tempest-ServerActionsTestOtherB-585770328-project-member] Update host state with instances: [] {{(pid=95664) _locked_update /opt/stack/nova/nova/scheduler/host_manager.py:177}}
May 28 10:51:10.114755 np0000001619 nova-scheduler[95664]: DEBUG oslo_concurrency.lockutils [None req-6d821831-1570-4c8d-90d2-48d2d796ce7c tempest-ServerActionsTestOtherB-585770328 tempest-ServerActionsTestOtherB-585770328-project-member] Lock "('np0000001619', 'np0000001619')" "released" by "nova.scheduler.host_manager.HostState.update.._locked_update" :: held 0.003s {{(pid=95664) inner /opt/stack/data/venv/lib/python3.12/site-packages/oslo_concurrency/lockutils.py:543}}
May 28 10:51:10.115290 np0000001619 nova-scheduler[95664]: DEBUG nova.filters [None req-6d821831-1570-4c8d-90d2-48d2d796ce7c tempest-ServerActionsTestOtherB-585770328 tempest-ServerActionsTestOtherB-585770328-project-member] Starting with 1 host(s) {{(pid=95664) get_filtered_objects /opt/stack/nova/nova/filters.py:70}}
May 28 10:51:10.115606 np0000001619 nova-scheduler[95664]: DEBUG nova.filters [None req-6d821831-1570-4c8d-90d2-48d2d796ce7c tempest-ServerActionsTestOtherB-585770328 tempest-ServerActionsTestOtherB-585770328-project-member] Filter ComputeFilter returned 1 host(s) {{(pid=95664) get_filtered_objects /opt/stack/nova/nova/filters.py:102}}
May 28 10:51:10.115802 np0000001619 nova-scheduler[95664]: DEBUG nova.filters [None req-6d821831-1570-4c8d-90d2-48d2d796ce7c tempest-ServerActionsTestOtherB-585770328 tempest-ServerActionsTestOtherB-585770328-project-member] Filter ComputeCapabilitiesFilter returned 1 host(s) {{(pid=95664) get_filtered_objects /opt/stack/nova/nova/filters.py:102}}
May 28 10:51:10.116047 np0000001619 nova-scheduler[95664]: DEBUG nova.filters [None req-6d821831-1570-4c8d-90d2-48d2d796ce7c tempest-ServerActionsTestOtherB-585770328 tempest-ServerActionsTestOtherB-585770328-project-member] Filter ImagePropertiesFilter returned 1 host(s) {{(pid=95664) get_filtered_objects /opt/stack/nova/nova/filters.py:102}}
May 28 10:51:10.116233 np0000001619 nova-scheduler[95664]: DEBUG nova.filters [None req-6d821831-1570-4c8d-90d2-48d2d796ce7c tempest-ServerActionsTestOtherB-585770328 tempest-ServerActionsTestOtherB-585770328-project-member] Filter ServerGroupAntiAffinityFilter returned 1 host(s) {{(pid=95664) get_filtered_objects /opt/stack/nova/nova/filters.py:102}}
May 28 10:51:10.116417 np0000001619 nova-scheduler[95664]: DEBUG nova.filters [None req-6d821831-1570-4c8d-90d2-48d2d796ce7c tempest-ServerActionsTestOtherB-585770328 tempest-ServerActionsTestOtherB-585770328-project-member] Filter ServerGroupAffinityFilter returned 1 host(s) {{(pid=95664) get_filtered_objects /opt/stack/nova/nova/filters.py:102}}
May 28 10:51:10.116631 np0000001619 nova-scheduler[95664]: DEBUG nova.filters [None req-6d821831-1570-4c8d-90d2-48d2d796ce7c tempest-ServerActionsTestOtherB-585770328 tempest-ServerActionsTestOtherB-585770328-project-member] Filter SameHostFilter returned 1 host(s) {{(pid=95664) get_filtered_objects /opt/stack/nova/nova/filters.py:102}}
May 28 10:51:10.116800 np0000001619 nova-scheduler[95664]: DEBUG nova.filters [None req-6d821831-1570-4c8d-90d2-48d2d796ce7c tempest-ServerActionsTestOtherB-585770328 tempest-ServerActionsTestOtherB-585770328-project-member] Filter DifferentHostFilter returned 1 host(s) {{(pid=95664) get_filtered_objects /opt/stack/nova/nova/filters.py:102}}
May 28 10:51:10.116993 np0000001619 nova-scheduler[95664]: DEBUG nova.scheduler.manager [None req-6d821831-1570-4c8d-90d2-48d2d796ce7c tempest-ServerActionsTestOtherB-585770328 tempest-ServerActionsTestOtherB-585770328-project-member] Filtered [(np0000001619, np0000001619) ram: 23518MB disk: 75776MB io_ops: 0 instances: 0, allocation_candidates: 1] {{(pid=95664) _get_sorted_hosts /opt/stack/nova/nova/scheduler/manager.py:743}}
May 28 10:51:10.117284 np0000001619 nova-scheduler[95664]: DEBUG nova.scheduler.manager [None req-6d821831-1570-4c8d-90d2-48d2d796ce7c tempest-ServerActionsTestOtherB-585770328 tempest-ServerActionsTestOtherB-585770328-project-member] Weighed [WeighedHost [host: (np0000001619, np0000001619) ram: 23518MB disk: 75776MB io_ops: 0 instances: 0, allocation_candidates: 1, weight: 0.0]] {{(pid=95664) _get_sorted_hosts /opt/stack/nova/nova/scheduler/manager.py:765}}
May 28 10:51:10.117569 np0000001619 nova-scheduler[95664]: DEBUG nova.scheduler.utils [None req-6d821831-1570-4c8d-90d2-48d2d796ce7c tempest-ServerActionsTestOtherB-585770328 tempest-ServerActionsTestOtherB-585770328-project-member] Attempting to claim resources in the placement API for instance acc93148-5da2-49ae-9566-e6822d647159 {{(pid=95664) claim_resources /opt/stack/nova/nova/scheduler/utils.py:1304}}
May 28 10:51:10.274650 np0000001619 nova-scheduler[95664]: DEBUG nova.scheduler.manager [None req-6d821831-1570-4c8d-90d2-48d2d796ce7c tempest-ServerActionsTestOtherB-585770328 tempest-ServerActionsTestOtherB-585770328-project-member] [instance: acc93148-5da2-49ae-9566-e6822d647159] Selected host: (np0000001619, np0000001619) ram: 23518MB disk: 75776MB io_ops: 0 instances: 0, allocation_candidates: 1 {{(pid=95664) _consume_selected_host /opt/stack/nova/nova/scheduler/manager.py:625}}
May 28 10:51:10.274909 np0000001619 nova-scheduler[95664]: DEBUG oslo_concurrency.lockutils [None req-6d821831-1570-4c8d-90d2-48d2d796ce7c tempest-ServerActionsTestOtherB-585770328 tempest-ServerActionsTestOtherB-585770328-project-member] Acquiring lock "('np0000001619', 'np0000001619')" by "nova.scheduler.host_manager.HostState.consume_from_request.._locked" {{(pid=95664) inner /opt/stack/data/venv/lib/python3.12/site-packages/oslo_concurrency/lockutils.py:511}}
May 28 10:51:10.275141 np0000001619 nova-scheduler[95664]: DEBUG oslo_concurrency.lockutils [None req-6d821831-1570-4c8d-90d2-48d2d796ce7c tempest-ServerActionsTestOtherB-585770328 tempest-ServerActionsTestOtherB-585770328-project-member] Lock "('np0000001619', 'np0000001619')" acquired by "nova.scheduler.host_manager.HostState.consume_from_request.._locked" :: waited 0.000s {{(pid=95664) inner /opt/stack/data/venv/lib/python3.12/site-packages/oslo_concurrency/lockutils.py:524}}
May 28 10:51:10.275336 np0000001619 nova-scheduler[95664]: DEBUG oslo_concurrency.lockutils [None req-6d821831-1570-4c8d-90d2-48d2d796ce7c tempest-ServerActionsTestOtherB-585770328 tempest-ServerActionsTestOtherB-585770328-project-member] Lock "('np0000001619', 'np0000001619')" "released" by "nova.scheduler.host_manager.HostState.consume_from_request.._locked" :: held 0.000s {{(pid=95664) inner /opt/stack/data/venv/lib/python3.12/site-packages/oslo_concurrency/lockutils.py:543}}
May 28 10:51:18.987767 np0000001619 nova-scheduler[95695]: DEBUG nova.scheduler.manager [None req-0df31525-783f-4d08-a6a6-85b647f7470d tempest-VolumesAdminNegativeTest-512155632 tempest-VolumesAdminNegativeTest-512155632-project-member] Starting to schedule for instances: ['580790fa-6793-49df-88cc-7ba99f156369'] {{(pid=95695) select_destinations /opt/stack/nova/nova/scheduler/manager.py:210}}
May 28 10:51:18.988267 np0000001619 nova-scheduler[95695]: DEBUG nova.scheduler.request_filter [None req-0df31525-783f-4d08-a6a6-85b647f7470d tempest-VolumesAdminNegativeTest-512155632 tempest-VolumesAdminNegativeTest-512155632-project-member] compute_status_filter request filter added forbidden trait COMPUTE_STATUS_DISABLED {{(pid=95695) compute_status_filter /opt/stack/nova/nova/scheduler/request_filter.py:253}}
May 28 10:51:18.988331 np0000001619 nova-scheduler[95695]: DEBUG nova.scheduler.request_filter [None req-0df31525-783f-4d08-a6a6-85b647f7470d tempest-VolumesAdminNegativeTest-512155632 tempest-VolumesAdminNegativeTest-512155632-project-member] Request filter 'compute_status_filter' took 0.0 seconds {{(pid=95695) wrapper /opt/stack/nova/nova/scheduler/request_filter.py:46}}
May 28 10:51:18.988623 np0000001619 nova-scheduler[95695]: DEBUG nova.scheduler.request_filter [None req-0df31525-783f-4d08-a6a6-85b647f7470d tempest-VolumesAdminNegativeTest-512155632 tempest-VolumesAdminNegativeTest-512155632-project-member] Request filter 'accelerators_filter' took 0.0 seconds {{(pid=95695) wrapper /opt/stack/nova/nova/scheduler/request_filter.py:46}}
May 28 10:51:18.989812 np0000001619 nova-scheduler[95695]: DEBUG nova.scheduler.request_filter [None req-0df31525-783f-4d08-a6a6-85b647f7470d tempest-VolumesAdminNegativeTest-512155632 tempest-VolumesAdminNegativeTest-512155632-project-member] Request filter 'packed_virtqueue_filter' took 0.0 seconds {{(pid=95695) wrapper /opt/stack/nova/nova/scheduler/request_filter.py:46}}
May 28 10:51:18.990202 np0000001619 nova-scheduler[95695]: DEBUG nova.scheduler.request_filter [None req-0df31525-783f-4d08-a6a6-85b647f7470d tempest-VolumesAdminNegativeTest-512155632 tempest-VolumesAdminNegativeTest-512155632-project-member] Request filter 'remote_managed_ports_filter' took 0.0 seconds {{(pid=95695) wrapper /opt/stack/nova/nova/scheduler/request_filter.py:46}}
May 28 10:51:18.990415 np0000001619 nova-scheduler[95695]: DEBUG nova.scheduler.request_filter [None req-0df31525-783f-4d08-a6a6-85b647f7470d tempest-VolumesAdminNegativeTest-512155632 tempest-VolumesAdminNegativeTest-512155632-project-member] ephemeral_encryption_filter skipped {{(pid=95695) ephemeral_encryption_filter /opt/stack/nova/nova/scheduler/request_filter.py:426}}
May 28 10:51:18.990614 np0000001619 nova-scheduler[95695]: DEBUG nova.scheduler.request_filter [None req-0df31525-783f-4d08-a6a6-85b647f7470d tempest-VolumesAdminNegativeTest-512155632 tempest-VolumesAdminNegativeTest-512155632-project-member] virtio_sound_filter skipped {{(pid=95695) virtio_sound_filter /opt/stack/nova/nova/scheduler/request_filter.py:460}}
May 28 10:51:18.990746 np0000001619 nova-scheduler[95695]: DEBUG nova.scheduler.request_filter [None req-0df31525-783f-4d08-a6a6-85b647f7470d tempest-VolumesAdminNegativeTest-512155632 tempest-VolumesAdminNegativeTest-512155632-project-member] tpm_secret_security_filter skipped {{(pid=95695) tpm_secret_security_filter /opt/stack/nova/nova/scheduler/request_filter.py:477}}
May 28 10:51:19.114830 np0000001619 nova-scheduler[95695]: INFO nova.utils [None req-0df31525-783f-4d08-a6a6-85b647f7470d tempest-VolumesAdminNegativeTest-512155632 tempest-VolumesAdminNegativeTest-512155632-project-member] The cell worker thread pool ForkProcess-3.cell_worker is initialized
May 28 10:51:19.115131 np0000001619 nova-scheduler[95695]: DEBUG oslo_concurrency.lockutils [None req-0df31525-783f-4d08-a6a6-85b647f7470d tempest-VolumesAdminNegativeTest-512155632 tempest-VolumesAdminNegativeTest-512155632-project-member] Acquiring lock "1fc23daf-8a0f-4199-8ee2-d81047dd8c7c" by "nova.context.set_target_cell..get_or_set_cached_cell_and_set_connections" {{(pid=95695) inner /opt/stack/data/venv/lib/python3.12/site-packages/oslo_concurrency/lockutils.py:511}}
May 28 10:51:19.115348 np0000001619 nova-scheduler[95695]: DEBUG oslo_concurrency.lockutils [None req-0df31525-783f-4d08-a6a6-85b647f7470d tempest-VolumesAdminNegativeTest-512155632 tempest-VolumesAdminNegativeTest-512155632-project-member] Lock "1fc23daf-8a0f-4199-8ee2-d81047dd8c7c" acquired by "nova.context.set_target_cell..get_or_set_cached_cell_and_set_connections" :: waited 0.000s {{(pid=95695) inner /opt/stack/data/venv/lib/python3.12/site-packages/oslo_concurrency/lockutils.py:524}}
May 28 10:51:19.116628 np0000001619 nova-scheduler[95695]: DEBUG oslo_concurrency.lockutils [None req-0df31525-783f-4d08-a6a6-85b647f7470d tempest-VolumesAdminNegativeTest-512155632 tempest-VolumesAdminNegativeTest-512155632-project-member] Lock "1fc23daf-8a0f-4199-8ee2-d81047dd8c7c" "released" by "nova.context.set_target_cell..get_or_set_cached_cell_and_set_connections" :: held 0.001s {{(pid=95695) inner /opt/stack/data/venv/lib/python3.12/site-packages/oslo_concurrency/lockutils.py:543}}
May 28 10:51:19.118494 np0000001619 nova-scheduler[95695]: INFO dbcounter [None req-0df31525-783f-4d08-a6a6-85b647f7470d tempest-VolumesAdminNegativeTest-512155632 tempest-VolumesAdminNegativeTest-512155632-project-member] Registered counter for database nova_cell1
May 28 10:51:19.158425 np0000001619 nova-scheduler[95695]: DEBUG oslo_db.sqlalchemy.engines [None req-0df31525-783f-4d08-a6a6-85b647f7470d tempest-VolumesAdminNegativeTest-512155632 tempest-VolumesAdminNegativeTest-512155632-project-member] MySQL server mode set to STRICT_TRANS_TABLES,STRICT_ALL_TABLES,NO_ZERO_IN_DATE,NO_ZERO_DATE,ERROR_FOR_DIVISION_BY_ZERO,TRADITIONAL,NO_ENGINE_SUBSTITUTION {{(pid=95695) _check_effective_sql_mode /opt/stack/data/venv/lib/python3.12/site-packages/oslo_db/sqlalchemy/engines.py:325}}
May 28 10:51:19.162798 np0000001619 nova-scheduler[95695]: DEBUG dbcounter [-] [95695] Writer thread running {{(pid=95695) stat_writer /opt/stack/data/venv/lib/python3.12/site-packages/dbcounter.py:102}}
May 28 10:51:19.214323 np0000001619 nova-scheduler[95695]: DEBUG dbcounter [-] [95695] Writer thread running {{(pid=95695) stat_writer /opt/stack/data/venv/lib/python3.12/site-packages/dbcounter.py:102}}
May 28 10:51:19.221903 np0000001619 nova-scheduler[95695]: DEBUG oslo_concurrency.lockutils [None req-0df31525-783f-4d08-a6a6-85b647f7470d tempest-VolumesAdminNegativeTest-512155632 tempest-VolumesAdminNegativeTest-512155632-project-member] Acquiring lock "1fc23daf-8a0f-4199-8ee2-d81047dd8c7c" by "nova.context.set_target_cell..get_or_set_cached_cell_and_set_connections" {{(pid=95695) inner /opt/stack/data/venv/lib/python3.12/site-packages/oslo_concurrency/lockutils.py:511}}
May 28 10:51:19.222036 np0000001619 nova-scheduler[95695]: DEBUG oslo_concurrency.lockutils [None req-0df31525-783f-4d08-a6a6-85b647f7470d tempest-VolumesAdminNegativeTest-512155632 tempest-VolumesAdminNegativeTest-512155632-project-member] Lock "1fc23daf-8a0f-4199-8ee2-d81047dd8c7c" acquired by "nova.context.set_target_cell..get_or_set_cached_cell_and_set_connections" :: waited 0.000s {{(pid=95695) inner /opt/stack/data/venv/lib/python3.12/site-packages/oslo_concurrency/lockutils.py:524}}
May 28 10:51:19.222120 np0000001619 nova-scheduler[95695]: DEBUG oslo_concurrency.lockutils [None req-0df31525-783f-4d08-a6a6-85b647f7470d tempest-VolumesAdminNegativeTest-512155632 tempest-VolumesAdminNegativeTest-512155632-project-member] Lock "1fc23daf-8a0f-4199-8ee2-d81047dd8c7c" "released" by "nova.context.set_target_cell..get_or_set_cached_cell_and_set_connections" :: held 0.000s {{(pid=95695) inner /opt/stack/data/venv/lib/python3.12/site-packages/oslo_concurrency/lockutils.py:543}}
May 28 10:51:19.224827 np0000001619 nova-scheduler[95695]: DEBUG oslo_concurrency.lockutils [None req-0df31525-783f-4d08-a6a6-85b647f7470d tempest-VolumesAdminNegativeTest-512155632 tempest-VolumesAdminNegativeTest-512155632-project-member] Acquiring lock "('np0000001619', 'np0000001619')" by "nova.scheduler.host_manager.HostState.update.._locked_update" {{(pid=95695) inner /opt/stack/data/venv/lib/python3.12/site-packages/oslo_concurrency/lockutils.py:511}}
May 28 10:51:19.224944 np0000001619 nova-scheduler[95695]: DEBUG oslo_concurrency.lockutils [None req-0df31525-783f-4d08-a6a6-85b647f7470d tempest-VolumesAdminNegativeTest-512155632 tempest-VolumesAdminNegativeTest-512155632-project-member] Lock "('np0000001619', 'np0000001619')" acquired by "nova.scheduler.host_manager.HostState.update.._locked_update" :: waited 0.000s {{(pid=95695) inner /opt/stack/data/venv/lib/python3.12/site-packages/oslo_concurrency/lockutils.py:524}}
