Jun 21 17:46:47.450489 np0000003347 devstack@g-api.service[98792]: DEBUG glance.common.config [None req-8108c0b7-4150-4471-97f6-b8105df0b669 None None] database.retry_interval = 10 {{(pid=98792) log_opt_values /opt/stack/data/venv/lib/python3.12/site-packages/oslo_config/cfg.py:3253}}
Jun 21 17:46:47.450582 np0000003347 devstack@g-api.service[98791]: DEBUG glance.common.config [None req-c71ef1d9-d8d3-45c8-b47d-4e1dc0fea0ce None None] database.connection_parameters = {{(pid=98791) log_opt_values /opt/stack/data/venv/lib/python3.12/site-packages/oslo_config/cfg.py:3253}}
Jun 21 17:46:47.450613 np0000003347 devstack@g-api.service[98791]: DEBUG glance.common.config [None req-c71ef1d9-d8d3-45c8-b47d-4e1dc0fea0ce None None] database.connection_recycle_time = 3600 {{(pid=98791) log_opt_values /opt/stack/data/venv/lib/python3.12/site-packages/oslo_config/cfg.py:3253}}
Jun 21 17:46:47.450635 np0000003347 devstack@g-api.service[98792]: DEBUG glance.common.config [None req-8108c0b7-4150-4471-97f6-b8105df0b669 None None] database.slave_connection = **** {{(pid=98792) log_opt_values /opt/stack/data/venv/lib/python3.12/site-packages/oslo_config/cfg.py:3253}}
Jun 21 17:46:47.450692 np0000003347 devstack@g-api.service[98791]: DEBUG glance.common.config [None req-c71ef1d9-d8d3-45c8-b47d-4e1dc0fea0ce None None] database.connection_trace = False {{(pid=98791) log_opt_values /opt/stack/data/venv/lib/python3.12/site-packages/oslo_config/cfg.py:3253}}
Jun 21 17:46:47.450720 np0000003347 devstack@g-api.service[98792]: DEBUG glance.common.config [None req-8108c0b7-4150-4471-97f6-b8105df0b669 None None] database.sqlite_synchronous = True {{(pid=98792) log_opt_values /opt/stack/data/venv/lib/python3.12/site-packages/oslo_config/cfg.py:3253}}
Jun 21 17:46:47.450779 np0000003347 devstack@g-api.service[98791]: DEBUG glance.common.config [None req-c71ef1d9-d8d3-45c8-b47d-4e1dc0fea0ce None None] database.db_inc_retry_interval = True {{(pid=98791) log_opt_values /opt/stack/data/venv/lib/python3.12/site-packages/oslo_config/cfg.py:3253}}
Jun 21 17:46:47.450808 np0000003347 devstack@g-api.service[98792]: DEBUG glance.common.config [None req-8108c0b7-4150-4471-97f6-b8105df0b669 None None] database.synchronous_reader = True {{(pid=98792) log_opt_values /opt/stack/data/venv/lib/python3.12/site-packages/oslo_config/cfg.py:3253}}
Jun 21 17:46:47.450861 np0000003347 devstack@g-api.service[98792]: DEBUG glance.common.config [None req-8108c0b7-4150-4471-97f6-b8105df0b669 None None] database.use_db_reconnect = False {{(pid=98792) log_opt_values /opt/stack/data/venv/lib/python3.12/site-packages/oslo_config/cfg.py:3253}}
Jun 21 17:46:47.450894 np0000003347 devstack@g-api.service[98791]: DEBUG glance.common.config [None req-c71ef1d9-d8d3-45c8-b47d-4e1dc0fea0ce None None] database.db_max_retries = 20 {{(pid=98791) log_opt_values /opt/stack/data/venv/lib/python3.12/site-packages/oslo_config/cfg.py:3253}}
Jun 21 17:46:47.450947 np0000003347 devstack@g-api.service[98791]: DEBUG glance.common.config [None req-c71ef1d9-d8d3-45c8-b47d-4e1dc0fea0ce None None] database.db_max_retry_interval = 10 {{(pid=98791) log_opt_values /opt/stack/data/venv/lib/python3.12/site-packages/oslo_config/cfg.py:3253}}
Jun 21 17:46:47.450975 np0000003347 devstack@g-api.service[98792]: DEBUG glance.common.config [None req-8108c0b7-4150-4471-97f6-b8105df0b669 None None] healthcheck.allowed_source_ranges = [] {{(pid=98792) log_opt_values /opt/stack/data/venv/lib/python3.12/site-packages/oslo_config/cfg.py:3253}}
Jun 21 17:46:47.451028 np0000003347 devstack@g-api.service[98792]: DEBUG glance.common.config [None req-8108c0b7-4150-4471-97f6-b8105df0b669 None None] healthcheck.backends = ['disable_by_file'] {{(pid=98792) log_opt_values /opt/stack/data/venv/lib/python3.12/site-packages/oslo_config/cfg.py:3253}}
Jun 21 17:46:47.451063 np0000003347 devstack@g-api.service[98791]: DEBUG glance.common.config [None req-c71ef1d9-d8d3-45c8-b47d-4e1dc0fea0ce None None] database.db_retry_interval = 1 {{(pid=98791) log_opt_values /opt/stack/data/venv/lib/python3.12/site-packages/oslo_config/cfg.py:3253}}
Jun 21 17:46:47.451138 np0000003347 devstack@g-api.service[98792]: DEBUG glance.common.config [None req-8108c0b7-4150-4471-97f6-b8105df0b669 None None] healthcheck.detailed = False {{(pid=98792) log_opt_values /opt/stack/data/venv/lib/python3.12/site-packages/oslo_config/cfg.py:3253}}
Jun 21 17:46:47.451165 np0000003347 devstack@g-api.service[98791]: DEBUG glance.common.config [None req-c71ef1d9-d8d3-45c8-b47d-4e1dc0fea0ce None None] database.max_overflow = 50 {{(pid=98791) log_opt_values /opt/stack/data/venv/lib/python3.12/site-packages/oslo_config/cfg.py:3253}}
Jun 21 17:46:47.451219 np0000003347 devstack@g-api.service[98792]: DEBUG glance.common.config [None req-8108c0b7-4150-4471-97f6-b8105df0b669 None None] healthcheck.disable_by_file_path = None {{(pid=98792) log_opt_values /opt/stack/data/venv/lib/python3.12/site-packages/oslo_config/cfg.py:3253}}
Jun 21 17:46:47.451256 np0000003347 devstack@g-api.service[98791]: DEBUG glance.common.config [None req-c71ef1d9-d8d3-45c8-b47d-4e1dc0fea0ce None None] database.max_pool_size = 5 {{(pid=98791) log_opt_values /opt/stack/data/venv/lib/python3.12/site-packages/oslo_config/cfg.py:3253}}
Jun 21 17:46:47.451302 np0000003347 devstack@g-api.service[98792]: DEBUG glance.common.config [None req-8108c0b7-4150-4471-97f6-b8105df0b669 None None] healthcheck.ignore_proxied_requests = False {{(pid=98792) log_opt_values /opt/stack/data/venv/lib/python3.12/site-packages/oslo_config/cfg.py:3253}}
Jun 21 17:46:47.451329 np0000003347 devstack@g-api.service[98791]: DEBUG glance.common.config [None req-c71ef1d9-d8d3-45c8-b47d-4e1dc0fea0ce None None] database.max_retries = 10 {{(pid=98791) log_opt_values /opt/stack/data/venv/lib/python3.12/site-packages/oslo_config/cfg.py:3253}}
Jun 21 17:46:47.451363 np0000003347 devstack@g-api.service[98792]: DEBUG glance.common.config [None req-8108c0b7-4150-4471-97f6-b8105df0b669 None None] ******************************************************************************** {{(pid=98792) log_opt_values /opt/stack/data/venv/lib/python3.12/site-packages/oslo_config/cfg.py:3260}}
Jun 21 17:46:47.451406 np0000003347 devstack@g-api.service[98791]: DEBUG glance.common.config [None req-c71ef1d9-d8d3-45c8-b47d-4e1dc0fea0ce None None] database.mysql_sql_mode = TRADITIONAL {{(pid=98791) log_opt_values /opt/stack/data/venv/lib/python3.12/site-packages/oslo_config/cfg.py:3253}}
Jun 21 17:46:47.451467 np0000003347 devstack@g-api.service[98792]: WSGI app 0 (mountpoint='') ready in 2 seconds on interpreter 0x7820258a3668 pid: 98792 (default app)
Jun 21 17:46:47.451494 np0000003347 devstack@g-api.service[98791]: DEBUG glance.common.config [None req-c71ef1d9-d8d3-45c8-b47d-4e1dc0fea0ce None None] database.mysql_wsrep_sync_wait = None {{(pid=98791) log_opt_values /opt/stack/data/venv/lib/python3.12/site-packages/oslo_config/cfg.py:3253}}
Jun 21 17:46:47.451591 np0000003347 devstack@g-api.service[98791]: DEBUG glance.common.config [None req-c71ef1d9-d8d3-45c8-b47d-4e1dc0fea0ce None None] database.pool_timeout = None {{(pid=98791) log_opt_values /opt/stack/data/venv/lib/python3.12/site-packages/oslo_config/cfg.py:3253}}
Jun 21 17:46:47.451679 np0000003347 devstack@g-api.service[98791]: DEBUG glance.common.config [None req-c71ef1d9-d8d3-45c8-b47d-4e1dc0fea0ce None None] database.retry_interval = 10 {{(pid=98791) log_opt_values /opt/stack/data/venv/lib/python3.12/site-packages/oslo_config/cfg.py:3253}}
Jun 21 17:46:47.451766 np0000003347 devstack@g-api.service[98791]: DEBUG glance.common.config [None req-c71ef1d9-d8d3-45c8-b47d-4e1dc0fea0ce None None] database.slave_connection = **** {{(pid=98791) log_opt_values /opt/stack/data/venv/lib/python3.12/site-packages/oslo_config/cfg.py:3253}}
Jun 21 17:46:47.451854 np0000003347 devstack@g-api.service[98791]: DEBUG glance.common.config [None req-c71ef1d9-d8d3-45c8-b47d-4e1dc0fea0ce None None] database.sqlite_synchronous = True {{(pid=98791) log_opt_values /opt/stack/data/venv/lib/python3.12/site-packages/oslo_config/cfg.py:3253}}
Jun 21 17:46:47.451939 np0000003347 devstack@g-api.service[98791]: DEBUG glance.common.config [None req-c71ef1d9-d8d3-45c8-b47d-4e1dc0fea0ce None None] database.synchronous_reader = True {{(pid=98791) log_opt_values /opt/stack/data/venv/lib/python3.12/site-packages/oslo_config/cfg.py:3253}}
Jun 21 17:46:47.451999 np0000003347 devstack@g-api.service[98792]: DEBUG glance.api.middleware.version_negotiation [None req-8108c0b7-4150-4471-97f6-b8105df0b669 None None] Determining version of request: GET / Accept: */* {{(pid=98792) process_request /opt/stack/glance/glance/api/middleware/version_negotiation.py:44}}
Jun 21 17:46:47.452032 np0000003347 devstack@g-api.service[98791]: DEBUG glance.common.config [None req-c71ef1d9-d8d3-45c8-b47d-4e1dc0fea0ce None None] database.use_db_reconnect = False {{(pid=98791) log_opt_values /opt/stack/data/venv/lib/python3.12/site-packages/oslo_config/cfg.py:3253}}
Jun 21 17:46:47.452150 np0000003347 devstack@g-api.service[98792]: DEBUG glance.api.middleware.version_negotiation [None req-8108c0b7-4150-4471-97f6-b8105df0b669 None None] Using url versioning {{(pid=98792) process_request /opt/stack/glance/glance/api/middleware/version_negotiation.py:57}}
Jun 21 17:46:47.452178 np0000003347 devstack@g-api.service[98791]: DEBUG glance.common.config [None req-c71ef1d9-d8d3-45c8-b47d-4e1dc0fea0ce None None] healthcheck.allowed_source_ranges = [] {{(pid=98791) log_opt_values /opt/stack/data/venv/lib/python3.12/site-packages/oslo_config/cfg.py:3253}}
Jun 21 17:46:47.452233 np0000003347 devstack@g-api.service[98791]: DEBUG glance.common.config [None req-c71ef1d9-d8d3-45c8-b47d-4e1dc0fea0ce None None] healthcheck.backends = ['disable_by_file'] {{(pid=98791) log_opt_values /opt/stack/data/venv/lib/python3.12/site-packages/oslo_config/cfg.py:3253}}
Jun 21 17:46:47.452303 np0000003347 devstack@g-api.service[98792]: DEBUG glance.api.middleware.version_negotiation [None req-8108c0b7-4150-4471-97f6-b8105df0b669 None None] Unknown version. Returning version choices. {{(pid=98792) process_request /opt/stack/glance/glance/api/middleware/version_negotiation.py:64}}
Jun 21 17:46:47.452335 np0000003347 devstack@g-api.service[98791]: DEBUG glance.common.config [None req-c71ef1d9-d8d3-45c8-b47d-4e1dc0fea0ce None None] healthcheck.detailed = False {{(pid=98791) log_opt_values /opt/stack/data/venv/lib/python3.12/site-packages/oslo_config/cfg.py:3253}}
Jun 21 17:46:47.452405 np0000003347 devstack@g-api.service[98791]: DEBUG glance.common.config [None req-c71ef1d9-d8d3-45c8-b47d-4e1dc0fea0ce None None] healthcheck.disable_by_file_path = None {{(pid=98791) log_opt_values /opt/stack/data/venv/lib/python3.12/site-packages/oslo_config/cfg.py:3253}}
Jun 21 17:46:47.452492 np0000003347 devstack@g-api.service[98791]: DEBUG glance.common.config [None req-c71ef1d9-d8d3-45c8-b47d-4e1dc0fea0ce None None] healthcheck.ignore_proxied_requests = False {{(pid=98791) log_opt_values /opt/stack/data/venv/lib/python3.12/site-packages/oslo_config/cfg.py:3253}}
Jun 21 17:46:47.452578 np0000003347 devstack@g-api.service[98791]: DEBUG glance.common.config [None req-c71ef1d9-d8d3-45c8-b47d-4e1dc0fea0ce None None] ******************************************************************************** {{(pid=98791) log_opt_values /opt/stack/data/venv/lib/python3.12/site-packages/oslo_config/cfg.py:3260}}
Jun 21 17:46:47.452682 np0000003347 devstack@g-api.service[98791]: WSGI app 0 (mountpoint='') ready in 2 seconds on interpreter 0x7820258a3668 pid: 98791 (default app)
Jun 21 17:46:47.453003 np0000003347 devstack@g-api.service[98792]: [pid: 98792|app: 0|req: 1/1] 127.0.0.1 () {34 vars in 455 bytes} [Sun Jun 21 17:46:47 2026] GET / => generated 1407 bytes in 1 msecs (HTTP/1.1 300) 3 headers in 106 bytes (1 switches on core 0)
Jun 21 17:46:49.942136 np0000003347 devstack@g-api.service[98791]: DEBUG glance.api.middleware.version_negotiation [None req-c71ef1d9-d8d3-45c8-b47d-4e1dc0fea0ce None None] Determining version of request: GET / Accept: application/json {{(pid=98791) process_request /opt/stack/glance/glance/api/middleware/version_negotiation.py:44}}
Jun 21 17:46:49.942449 np0000003347 devstack@g-api.service[98791]: DEBUG glance.api.middleware.version_negotiation [None req-c71ef1d9-d8d3-45c8-b47d-4e1dc0fea0ce None None] Using url versioning {{(pid=98791) process_request /opt/stack/glance/glance/api/middleware/version_negotiation.py:57}}
Jun 21 17:46:49.942449 np0000003347 devstack@g-api.service[98791]: DEBUG glance.api.middleware.version_negotiation [None req-c71ef1d9-d8d3-45c8-b47d-4e1dc0fea0ce None None] Unknown version. Returning version choices. {{(pid=98791) process_request /opt/stack/glance/glance/api/middleware/version_negotiation.py:64}}
Jun 21 17:46:49.943159 np0000003347 devstack@g-api.service[98791]: [pid: 98791|app: 0|req: 1/2] 127.0.0.1 () {36 vars in 573 bytes} [Sun Jun 21 17:46:49 2026] GET / => generated 1407 bytes in 1 msecs (HTTP/1.1 300) 3 headers in 106 bytes (1 switches on core 0)
Jun 21 17:46:49.952230 np0000003347 devstack@g-api.service[98792]: DEBUG glance.api.middleware.version_negotiation [None req-8108c0b7-4150-4471-97f6-b8105df0b669 None None] Determining version of request: POST /v2/images Accept: */* {{(pid=98792) process_request /opt/stack/glance/glance/api/middleware/version_negotiation.py:44}}
Jun 21 17:46:49.952559 np0000003347 devstack@g-api.service[98792]: DEBUG glance.api.middleware.version_negotiation [None req-8108c0b7-4150-4471-97f6-b8105df0b669 None None] Using url versioning {{(pid=98792) process_request /opt/stack/glance/glance/api/middleware/version_negotiation.py:57}}
Jun 21 17:46:49.952697 np0000003347 devstack@g-api.service[98792]: DEBUG glance.api.middleware.version_negotiation [None req-8108c0b7-4150-4471-97f6-b8105df0b669 None None] Matched version: v2 {{(pid=98792) process_request /opt/stack/glance/glance/api/middleware/version_negotiation.py:69}}
Jun 21 17:46:49.952800 np0000003347 devstack@g-api.service[98792]: DEBUG glance.api.middleware.version_negotiation [None req-8108c0b7-4150-4471-97f6-b8105df0b669 None None] new path /v2/images {{(pid=98792) process_request /opt/stack/glance/glance/api/middleware/version_negotiation.py:70}}
Jun 21 17:46:50.876118 np0000003347 devstack@g-api.service[98792]: [pid: 98792|app: 0|req: 2/3] 127.0.0.1 () {42 vars in 836 bytes} [Sun Jun 21 17:46:49 2026] POST /v2/images => generated 807 bytes in 924 msecs (HTTP/1.1 201) 6 headers in 315 bytes (1 switches on core 0)
Jun 21 17:46:50.884558 np0000003347 devstack@g-api.service[98791]: DEBUG glance.api.middleware.version_negotiation [None req-c71ef1d9-d8d3-45c8-b47d-4e1dc0fea0ce None None] Determining version of request: PUT /v2/images/705ce0aa-bcce-4f4d-a6bf-36eb5726522a/stage Accept: {{(pid=98791) process_request /opt/stack/glance/glance/api/middleware/version_negotiation.py:44}}
Jun 21 17:46:50.884706 np0000003347 devstack@g-api.service[98791]: DEBUG glance.api.middleware.version_negotiation [None req-c71ef1d9-d8d3-45c8-b47d-4e1dc0fea0ce None None] Using url versioning {{(pid=98791) process_request /opt/stack/glance/glance/api/middleware/version_negotiation.py:57}}
Jun 21 17:46:50.885185 np0000003347 devstack@g-api.service[98791]: DEBUG glance.api.middleware.version_negotiation [None req-c71ef1d9-d8d3-45c8-b47d-4e1dc0fea0ce None None] Matched version: v2 {{(pid=98791) process_request /opt/stack/glance/glance/api/middleware/version_negotiation.py:69}}
Jun 21 17:46:50.885338 np0000003347 devstack@g-api.service[98791]: DEBUG glance.api.middleware.version_negotiation [None req-c71ef1d9-d8d3-45c8-b47d-4e1dc0fea0ce None None] new path /v2/images/705ce0aa-bcce-4f4d-a6bf-36eb5726522a/stage {{(pid=98791) process_request /opt/stack/glance/glance/api/middleware/version_negotiation.py:70}}
Jun 21 17:46:51.445077 np0000003347 devstack@g-api.service[98791]: DEBUG glance_store.backend [None req-3881c3e0-3dff-4294-b95a-3c274d8d10ee admin admin] Attempting to import store cinder {{(pid=98791) _load_store /opt/stack/data/venv/lib/python3.12/site-packages/glance_store/backend.py:215}}
Jun 21 17:46:51.445533 np0000003347 devstack@g-api.service[98791]: DEBUG glance_store.backend [None req-3881c3e0-3dff-4294-b95a-3c274d8d10ee admin admin] Attempting to import store file {{(pid=98791) _load_store /opt/stack/data/venv/lib/python3.12/site-packages/glance_store/backend.py:215}}
Jun 21 17:46:51.445533 np0000003347 devstack@g-api.service[98791]: DEBUG glance_store.backend [None req-3881c3e0-3dff-4294-b95a-3c274d8d10ee admin admin] Attempting to import store glance.store.cinder.Store {{(pid=98791) _load_store /opt/stack/data/venv/lib/python3.12/site-packages/glance_store/backend.py:215}}
Jun 21 17:46:51.445533 np0000003347 devstack@g-api.service[98791]: DEBUG glance_store.backend [None req-3881c3e0-3dff-4294-b95a-3c274d8d10ee admin admin] Attempting to import store glance.store.filesystem.Store {{(pid=98791) _load_store /opt/stack/data/venv/lib/python3.12/site-packages/glance_store/backend.py:215}}
Jun 21 17:46:51.445533 np0000003347 devstack@g-api.service[98791]: DEBUG glance_store.backend [None req-3881c3e0-3dff-4294-b95a-3c274d8d10ee admin admin] Attempting to import store glance.store.http.Store {{(pid=98791) _load_store /opt/stack/data/venv/lib/python3.12/site-packages/glance_store/backend.py:215}}
Jun 21 17:46:51.445626 np0000003347 devstack@g-api.service[98791]: DEBUG glance_store.backend [None req-3881c3e0-3dff-4294-b95a-3c274d8d10ee admin admin] Attempting to import store glance.store.rbd.Store {{(pid=98791) _load_store /opt/stack/data/venv/lib/python3.12/site-packages/glance_store/backend.py:215}}
Jun 21 17:46:51.445669 np0000003347 devstack@g-api.service[98791]: DEBUG glance_store.backend [None req-3881c3e0-3dff-4294-b95a-3c274d8d10ee admin admin] Attempting to import store glance.store.s3.Store {{(pid=98791) _load_store /opt/stack/data/venv/lib/python3.12/site-packages/glance_store/backend.py:215}}
Jun 21 17:46:51.445757 np0000003347 devstack@g-api.service[98791]: DEBUG glance_store.backend [None req-3881c3e0-3dff-4294-b95a-3c274d8d10ee admin admin] Attempting to import store glance.store.swift.Store {{(pid=98791) _load_store /opt/stack/data/venv/lib/python3.12/site-packages/glance_store/backend.py:215}}
Jun 21 17:46:51.445844 np0000003347 devstack@g-api.service[98791]: DEBUG glance_store.backend [None req-3881c3e0-3dff-4294-b95a-3c274d8d10ee admin admin] Attempting to import store glance.store.vmware_datastore.Store {{(pid=98791) _load_store /opt/stack/data/venv/lib/python3.12/site-packages/glance_store/backend.py:215}}
Jun 21 17:46:51.445940 np0000003347 devstack@g-api.service[98791]: DEBUG glance_store.backend [None req-3881c3e0-3dff-4294-b95a-3c274d8d10ee admin admin] Attempting to import store http {{(pid=98791) _load_store /opt/stack/data/venv/lib/python3.12/site-packages/glance_store/backend.py:215}}
Jun 21 17:46:51.446026 np0000003347 devstack@g-api.service[98791]: DEBUG glance_store.backend [None req-3881c3e0-3dff-4294-b95a-3c274d8d10ee admin admin] Attempting to import store no_conf {{(pid=98791) _load_store /opt/stack/data/venv/lib/python3.12/site-packages/glance_store/backend.py:215}}
Jun 21 17:46:51.446122 np0000003347 devstack@g-api.service[98791]: DEBUG glance_store.backend [None req-3881c3e0-3dff-4294-b95a-3c274d8d10ee admin admin] Attempting to import store rbd {{(pid=98791) _load_store /opt/stack/data/venv/lib/python3.12/site-packages/glance_store/backend.py:215}}
Jun 21 17:46:51.446210 np0000003347 devstack@g-api.service[98791]: DEBUG glance_store.backend [None req-3881c3e0-3dff-4294-b95a-3c274d8d10ee admin admin] Attempting to import store s3 {{(pid=98791) _load_store /opt/stack/data/venv/lib/python3.12/site-packages/glance_store/backend.py:215}}
Jun 21 17:46:51.446290 np0000003347 devstack@g-api.service[98791]: DEBUG glance_store.backend [None req-3881c3e0-3dff-4294-b95a-3c274d8d10ee admin admin] Attempting to import store swift {{(pid=98791) _load_store /opt/stack/data/venv/lib/python3.12/site-packages/glance_store/backend.py:215}}
Jun 21 17:46:51.446372 np0000003347 devstack@g-api.service[98791]: DEBUG glance_store.backend [None req-3881c3e0-3dff-4294-b95a-3c274d8d10ee admin admin] Attempting to import store vmware {{(pid=98791) _load_store /opt/stack/data/venv/lib/python3.12/site-packages/glance_store/backend.py:215}}
Jun 21 17:46:51.446460 np0000003347 devstack@g-api.service[98791]: DEBUG glance_store.backend [None req-3881c3e0-3dff-4294-b95a-3c274d8d10ee admin admin] Registering options for group glance_store {{(pid=98791) register_opts /opt/stack/data/venv/lib/python3.12/site-packages/glance_store/backend.py:144}}
Jun 21 17:46:51.446575 np0000003347 devstack@g-api.service[98791]: DEBUG glance_store.backend [None req-3881c3e0-3dff-4294-b95a-3c274d8d10ee admin admin] Registering options for group glance_store {{(pid=98791) register_opts /opt/stack/data/venv/lib/python3.12/site-packages/glance_store/backend.py:144}}
Jun 21 17:46:51.446889 np0000003347 devstack@g-api.service[98791]: DEBUG glance_store.backend [None req-3881c3e0-3dff-4294-b95a-3c274d8d10ee admin admin] Attempting to import store file {{(pid=98791) _load_store /opt/stack/data/venv/lib/python3.12/site-packages/glance_store/backend.py:215}}
Jun 21 17:46:51.447226 np0000003347 devstack@g-api.service[98791]: INFO glance_store._drivers.filesystem [None req-3881c3e0-3dff-4294-b95a-3c274d8d10ee admin admin] Directory to write image files does not exist (/tmp/staging/). Creating.
Jun 21 17:46:51.447420 np0000003347 devstack@g-api.service[98791]: DEBUG glance_store.capabilities [None req-3881c3e0-3dff-4294-b95a-3c274d8d10ee admin admin] Store glance_store._drivers.filesystem.Store doesn't support updating dynamic storage capabilities. Please overwrite 'update_capabilities' method of the store to implement updating logics if needed. {{(pid=98791) update_capabilities /opt/stack/data/venv/lib/python3.12/site-packages/glance_store/capabilities.py:91}}
Jun 21 17:46:52.018965 np0000003347 devstack@g-api.service[98791]: DEBUG glance_store._drivers.filesystem [None req-3881c3e0-3dff-4294-b95a-3c274d8d10ee admin admin] Wrote 21430272 bytes to /tmp/staging/705ce0aa-bcce-4f4d-a6bf-36eb5726522a with checksum c8fc807773e5354afe61636071771906 and multihash c8fc807773e5354afe61636071771906 {{(pid=98791) add /opt/stack/data/venv/lib/python3.12/site-packages/glance_store/_drivers/filesystem.py:899}}
Jun 21 17:46:52.039163 np0000003347 devstack@g-api.service[98791]: [pid: 98791|app: 0|req: 2/4] 127.0.0.1 () {42 vars in 931 bytes} [Sun Jun 21 17:46:50 2026] PUT /v2/images/705ce0aa-bcce-4f4d-a6bf-36eb5726522a/stage => generated 0 bytes in 1155 msecs (HTTP/1.1 204) 4 headers in 171 bytes (1 switches on core 0)
Jun 21 17:46:52.047498 np0000003347 devstack@g-api.service[98792]: DEBUG glance.api.middleware.version_negotiation [None req-e00bfd67-d1f6-4bee-8234-1cd0df461179 admin admin] Determining version of request: POST /v2/images/705ce0aa-bcce-4f4d-a6bf-36eb5726522a/import Accept: */* {{(pid=98792) process_request /opt/stack/glance/glance/api/middleware/version_negotiation.py:44}}
Jun 21 17:46:52.047918 np0000003347 devstack@g-api.service[98792]: DEBUG glance.api.middleware.version_negotiation [None req-e00bfd67-d1f6-4bee-8234-1cd0df461179 admin admin] Using url versioning {{(pid=98792) process_request /opt/stack/glance/glance/api/middleware/version_negotiation.py:57}}
Jun 21 17:46:52.047918 np0000003347 devstack@g-api.service[98792]: DEBUG glance.api.middleware.version_negotiation [None req-e00bfd67-d1f6-4bee-8234-1cd0df461179 admin admin] Matched version: v2 {{(pid=98792) process_request /opt/stack/glance/glance/api/middleware/version_negotiation.py:69}}
Jun 21 17:46:52.047918 np0000003347 devstack@g-api.service[98792]: DEBUG glance.api.middleware.version_negotiation [None req-e00bfd67-d1f6-4bee-8234-1cd0df461179 admin admin] new path /v2/images/705ce0aa-bcce-4f4d-a6bf-36eb5726522a/import {{(pid=98792) process_request /opt/stack/glance/glance/api/middleware/version_negotiation.py:70}}
Jun 21 17:46:52.507410 np0000003347 devstack@g-api.service[98792]: DEBUG glance.domain [None req-131b4c56-e757-42d3-8584-8612783f8b40 admin admin] Loading taskflow executor {{(pid=98792) new_task_executor /opt/stack/glance/glance/domain/__init__.py:530}}
Jun 21 17:46:52.700317 np0000003347 devstack@g-api.service[98792]: DEBUG oslo_concurrency.lockutils [None req-131b4c56-e757-42d3-8584-8612783f8b40 admin admin] Acquiring lock "tasks_pool" by "glance.api.common.memoize..memoizer_wrapper..memoizer" {{(pid=98792) inner /opt/stack/data/venv/lib/python3.12/site-packages/oslo_concurrency/lockutils.py:511}}
Jun 21 17:46:52.700554 np0000003347 devstack@g-api.service[98792]: DEBUG oslo_concurrency.lockutils [None req-131b4c56-e757-42d3-8584-8612783f8b40 admin admin] Lock "tasks_pool" acquired by "glance.api.common.memoize..memoizer_wrapper..memoizer" :: waited 0.000s {{(pid=98792) inner /opt/stack/data/venv/lib/python3.12/site-packages/oslo_concurrency/lockutils.py:524}}
Jun 21 17:46:52.701039 np0000003347 devstack@g-api.service[98792]: DEBUG glance.api.common [None req-131b4c56-e757-42d3-8584-8612783f8b40 admin admin] Initializing named threadpool 'tasks_pool' {{(pid=98792) _get_thread_pool /opt/stack/glance/glance/api/common.py:242}}
Jun 21 17:46:52.701171 np0000003347 devstack@g-api.service[98792]: DEBUG glance.async_ [None req-131b4c56-e757-42d3-8584-8612783f8b40 admin admin] Creating threadpool model 'ThreadPoolExecutor' with size 16 {{(pid=98792) __init__ /opt/stack/glance/glance/async_/__init__.py:100}}
Jun 21 17:46:52.701355 np0000003347 devstack@g-api.service[98792]: DEBUG oslo_concurrency.lockutils [None req-131b4c56-e757-42d3-8584-8612783f8b40 admin admin] Lock "tasks_pool" "released" by "glance.api.common.memoize..memoizer_wrapper..memoizer" :: held 0.001s {{(pid=98792) inner /opt/stack/data/venv/lib/python3.12/site-packages/oslo_concurrency/lockutils.py:543}}
Jun 21 17:46:52.701474 np0000003347 devstack@g-api.service[98792]: DEBUG glance.async_ [None req-131b4c56-e757-42d3-8584-8612783f8b40 admin admin] Spawning with ThreadPoolExecutor: >((,), {}) {{(pid=98792) spawn /opt/stack/glance/glance/async_/__init__.py:106}}
Jun 21 17:46:52.703529 np0000003347 devstack@g-api.service[98792]: [pid: 98792|app: 0|req: 3/5] 127.0.0.1 () {42 vars in 923 bytes} [Sun Jun 21 17:46:52 2026] POST /v2/images/705ce0aa-bcce-4f4d-a6bf-36eb5726522a/import => generated 0 bytes in 656 msecs (HTTP/1.1 202) 4 headers in 169 bytes (1 switches on core 0)
Jun 21 17:46:52.706255 np0000003347 devstack@g-api.service[98792]: INFO glance.domain [-] Task [748bdd9a-6f42-4e11-ba91-ebc3abd55144] status changing from pending to processing
Jun 21 17:46:52.711584 np0000003347 devstack@g-api.service[98791]: DEBUG glance.api.middleware.version_negotiation [None req-3881c3e0-3dff-4294-b95a-3c274d8d10ee admin admin] Determining version of request: GET /v2/images/705ce0aa-bcce-4f4d-a6bf-36eb5726522a Accept: */* {{(pid=98791) process_request /opt/stack/glance/glance/api/middleware/version_negotiation.py:44}}
Jun 21 17:46:52.711941 np0000003347 devstack@g-api.service[98791]: DEBUG glance.api.middleware.version_negotiation [None req-3881c3e0-3dff-4294-b95a-3c274d8d10ee admin admin] Using url versioning {{(pid=98791) process_request /opt/stack/glance/glance/api/middleware/version_negotiation.py:57}}
Jun 21 17:46:52.711941 np0000003347 devstack@g-api.service[98791]: DEBUG glance.api.middleware.version_negotiation [None req-3881c3e0-3dff-4294-b95a-3c274d8d10ee admin admin] Matched version: v2 {{(pid=98791) process_request /opt/stack/glance/glance/api/middleware/version_negotiation.py:69}}
Jun 21 17:46:52.712077 np0000003347 devstack@g-api.service[98791]: DEBUG glance.api.middleware.version_negotiation [None req-3881c3e0-3dff-4294-b95a-3c274d8d10ee admin admin] new path /v2/images/705ce0aa-bcce-4f4d-a6bf-36eb5726522a {{(pid=98791) process_request /opt/stack/glance/glance/api/middleware/version_negotiation.py:70}}
Jun 21 17:46:52.721477 np0000003347 devstack@g-api.service[98791]: [pid: 98791|app: 0|req: 3/6] 127.0.0.1 () {38 vars in 856 bytes} [Sun Jun 21 17:46:52 2026] GET /v2/images/705ce0aa-bcce-4f4d-a6bf-36eb5726522a => generated 879 bytes in 10 msecs (HTTP/1.1 200) 4 headers in 157 bytes (1 switches on core 0)
Jun 21 17:46:52.722285 np0000003347 devstack@g-api.service[98792]: DEBUG glance.async_.taskflow_executor [-] Taskflow executor picked up the execution of task ID 748bdd9a-6f42-4e11-ba91-ebc3abd55144 of task type api_image_import {{(pid=98792) _run /opt/stack/glance/glance/async_/taskflow_executor.py:163}}
Jun 21 17:46:52.748177 np0000003347 devstack@g-api.service[98792]: DEBUG glance_store.backend [-] Attempting to import store cinder {{(pid=98792) _load_store /opt/stack/data/venv/lib/python3.12/site-packages/glance_store/backend.py:215}}
Jun 21 17:46:52.748425 np0000003347 devstack@g-api.service[98792]: DEBUG glance_store.backend [-] Attempting to import store file {{(pid=98792) _load_store /opt/stack/data/venv/lib/python3.12/site-packages/glance_store/backend.py:215}}
Jun 21 17:46:52.748644 np0000003347 devstack@g-api.service[98792]: DEBUG glance_store.backend [-] Attempting to import store glance.store.cinder.Store {{(pid=98792) _load_store /opt/stack/data/venv/lib/python3.12/site-packages/glance_store/backend.py:215}}
Jun 21 17:46:52.748833 np0000003347 devstack@g-api.service[98792]: DEBUG glance_store.backend [-] Attempting to import store glance.store.filesystem.Store {{(pid=98792) _load_store /opt/stack/data/venv/lib/python3.12/site-packages/glance_store/backend.py:215}}
Jun 21 17:46:52.749015 np0000003347 devstack@g-api.service[98792]: DEBUG glance_store.backend [-] Attempting to import store glance.store.http.Store {{(pid=98792) _load_store /opt/stack/data/venv/lib/python3.12/site-packages/glance_store/backend.py:215}}
Jun 21 17:46:52.749308 np0000003347 devstack@g-api.service[98792]: DEBUG glance_store.backend [-] Attempting to import store glance.store.rbd.Store {{(pid=98792) _load_store /opt/stack/data/venv/lib/python3.12/site-packages/glance_store/backend.py:215}}
Jun 21 17:46:52.749468 np0000003347 devstack@g-api.service[98792]: DEBUG glance_store.backend [-] Attempting to import store glance.store.s3.Store {{(pid=98792) _load_store /opt/stack/data/venv/lib/python3.12/site-packages/glance_store/backend.py:215}}
Jun 21 17:46:52.749644 np0000003347 devstack@g-api.service[98792]: DEBUG glance_store.backend [-] Attempting to import store glance.store.swift.Store {{(pid=98792) _load_store /opt/stack/data/venv/lib/python3.12/site-packages/glance_store/backend.py:215}}
Jun 21 17:46:52.749765 np0000003347 devstack@g-api.service[98792]: DEBUG glance_store.backend [-] Attempting to import store glance.store.vmware_datastore.Store {{(pid=98792) _load_store /opt/stack/data/venv/lib/python3.12/site-packages/glance_store/backend.py:215}}
Jun 21 17:46:52.749899 np0000003347 devstack@g-api.service[98792]: DEBUG glance_store.backend [-] Attempting to import store http {{(pid=98792) _load_store /opt/stack/data/venv/lib/python3.12/site-packages/glance_store/backend.py:215}}
Jun 21 17:46:52.750291 np0000003347 devstack@g-api.service[98792]: DEBUG glance_store.backend [-] Attempting to import store no_conf {{(pid=98792) _load_store /opt/stack/data/venv/lib/python3.12/site-packages/glance_store/backend.py:215}}
Jun 21 17:46:52.750291 np0000003347 devstack@g-api.service[98792]: DEBUG glance_store.backend [-] Attempting to import store rbd {{(pid=98792) _load_store /opt/stack/data/venv/lib/python3.12/site-packages/glance_store/backend.py:215}}
Jun 21 17:46:52.750291 np0000003347 devstack@g-api.service[98792]: DEBUG glance_store.backend [-] Attempting to import store s3 {{(pid=98792) _load_store /opt/stack/data/venv/lib/python3.12/site-packages/glance_store/backend.py:215}}
Jun 21 17:46:52.750534 np0000003347 devstack@g-api.service[98792]: DEBUG glance_store.backend [-] Attempting to import store swift {{(pid=98792) _load_store /opt/stack/data/venv/lib/python3.12/site-packages/glance_store/backend.py:215}}
Jun 21 17:46:52.750662 np0000003347 devstack@g-api.service[98792]: DEBUG glance_store.backend [-] Attempting to import store vmware {{(pid=98792) _load_store /opt/stack/data/venv/lib/python3.12/site-packages/glance_store/backend.py:215}}
Jun 21 17:46:52.750844 np0000003347 devstack@g-api.service[98792]: DEBUG glance_store.backend [-] Registering options for group glance_store {{(pid=98792) register_opts /opt/stack/data/venv/lib/python3.12/site-packages/glance_store/backend.py:144}}
Jun 21 17:46:52.750927 np0000003347 devstack@g-api.service[98792]: DEBUG glance_store.backend [-] Registering options for group glance_store {{(pid=98792) register_opts /opt/stack/data/venv/lib/python3.12/site-packages/glance_store/backend.py:144}}
Jun 21 17:46:52.751391 np0000003347 devstack@g-api.service[98792]: DEBUG glance_store.backend [-] Attempting to import store file {{(pid=98792) _load_store /opt/stack/data/venv/lib/python3.12/site-packages/glance_store/backend.py:215}}
Jun 21 17:46:52.751929 np0000003347 devstack@g-api.service[98792]: DEBUG glance_store.capabilities [-] Store glance_store._drivers.filesystem.Store doesn't support updating dynamic storage capabilities. Please overwrite 'update_capabilities' method of the store to implement updating logics if needed. {{(pid=98792) update_capabilities /opt/stack/data/venv/lib/python3.12/site-packages/glance_store/capabilities.py:91}}
Jun 21 17:46:52.760212 np0000003347 devstack@g-api.service[98792]: DEBUG glance.async_.flows.api_image_import [-] Image 705ce0aa-bcce-4f4d-a6bf-36eb5726522a os_glance_importing_to_stores= {{(pid=98792) merge_store_list /opt/stack/glance/glance/async_/flows/api_image_import.py:277}}
Jun 21 17:46:52.760346 np0000003347 devstack@g-api.service[98792]: DEBUG glance.async_.flows.api_image_import [-] Image 705ce0aa-bcce-4f4d-a6bf-36eb5726522a os_glance_failed_import= {{(pid=98792) merge_store_list /opt/stack/glance/glance/async_/flows/api_image_import.py:277}}
Jun 21 17:46:52.764801 np0000003347 devstack@g-api.service[98792]: DEBUG glance.async_.flows.api_image_import [-] Image 705ce0aa-bcce-4f4d-a6bf-36eb5726522a status changing from uploading to importing {{(pid=98792) __exit__ /opt/stack/glance/glance/async_/flows/api_image_import.py:166}}
Jun 21 17:46:53.200155 np0000003347 devstack@g-api.service[98792]: DEBUG glance.async_ [-] Creating threadpool model 'ThreadPoolExecutor' with size 10 {{(pid=98792) __init__ /opt/stack/glance/glance/async_/__init__.py:100}}
Jun 21 17:46:53.223391 np0000003347 devstack@g-api.service[98792]: DEBUG glance.async_.taskflow_executor [-] Flow 'api_image_import' (4ade53f2-472e-484b-8d49-fb1ecd17719b) transitioned into state 'RUNNING' from state 'PENDING' {{(pid=98792) _flow_receiver /opt/stack/data/venv/lib/python3.12/site-packages/taskflow/listeners/logging.py:160}}
Jun 21 17:46:53.225167 np0000003347 devstack@g-api.service[98792]: DEBUG glance.async_.taskflow_executor [-] Task 'api_image_import-ImageLock-748bdd9a-6f42-4e11-ba91-ebc3abd55144' (6f933be4-c17a-42e7-835b-b898414f5b07) transitioned into state 'RUNNING' from state 'PENDING' {{(pid=98792) _task_receiver /opt/stack/data/venv/lib/python3.12/site-packages/taskflow/listeners/logging.py:242}}
Jun 21 17:46:53.231015 np0000003347 devstack@g-api.service[98792]: DEBUG glance.async_.flows.api_image_import [-] Image 705ce0aa-bcce-4f4d-a6bf-36eb5726522a import task 748bdd9a-6f42-4e11-ba91-ebc3abd55144 lock confirmed {{(pid=98792) execute /opt/stack/glance/glance/async_/flows/api_image_import.py:477}}
Jun 21 17:46:53.231678 np0000003347 devstack@g-api.service[98792]: DEBUG glance.async_.taskflow_executor [-] Task 'api_image_import-ImageLock-748bdd9a-6f42-4e11-ba91-ebc3abd55144' (6f933be4-c17a-42e7-835b-b898414f5b07) transitioned into state 'SUCCESS' from state 'RUNNING' with result 'None' {{(pid=98792) _task_receiver /opt/stack/data/venv/lib/python3.12/site-packages/taskflow/listeners/logging.py:218}}
Jun 21 17:46:53.232399 np0000003347 devstack@g-api.service[98792]: DEBUG glance.async_.taskflow_executor [-] Task 'api_image_import-ConfigureStaging-748bdd9a-6f42-4e11-ba91-ebc3abd55144' (6cb3bd22-e2ea-41de-b423-00788863c3e4) transitioned into state 'RUNNING' from state 'PENDING' {{(pid=98792) _task_receiver /opt/stack/data/venv/lib/python3.12/site-packages/taskflow/listeners/logging.py:242}}
Jun 21 17:46:53.233422 np0000003347 devstack@g-api.service[98792]: DEBUG glance.async_.taskflow_executor [-] Task 'api_image_import-ConfigureStaging-748bdd9a-6f42-4e11-ba91-ebc3abd55144' (6cb3bd22-e2ea-41de-b423-00788863c3e4) transitioned into state 'SUCCESS' from state 'RUNNING' with result 'file:///tmp/staging/705ce0aa-bcce-4f4d-a6bf-36eb5726522a' {{(pid=98792) _task_receiver /opt/stack/data/venv/lib/python3.12/site-packages/taskflow/listeners/logging.py:218}}
Jun 21 17:46:53.234080 np0000003347 devstack@g-api.service[98792]: DEBUG glance.async_.taskflow_executor [-] Task 'api_image_import--ImportToStore-748bdd9a-6f42-4e11-ba91-ebc3abd55144' (70833153-27f4-4433-8102-306b52c73fa0) transitioned into state 'RUNNING' from state 'PENDING' {{(pid=98792) _task_receiver /opt/stack/data/venv/lib/python3.12/site-packages/taskflow/listeners/logging.py:242}}
Jun 21 17:46:53.239798 np0000003347 devstack@g-api.service[98792]: INFO glance.common.scripts.image_import.main [-] Task 748bdd9a-6f42-4e11-ba91-ebc3abd55144: Got image data uri file:///tmp/staging/705ce0aa-bcce-4f4d-a6bf-36eb5726522a to be imported
Jun 21 17:46:53.241136 np0000003347 devstack@g-api.service[98792]: DEBUG glance.location [-] Enabling in-flight format inspection for qcow2 {{(pid=98792) set_data /opt/stack/glance/glance/location.py:616}}
Jun 21 17:46:53.241465 np0000003347 devstack@g-api.service[98792]: DEBUG glance_store.backend [-] Attempting to import store swift {{(pid=98792) _load_store /opt/stack/data/venv/lib/python3.12/site-packages/glance_store/backend.py:215}}
Jun 21 17:46:53.242670 np0000003347 devstack@g-api.service[98792]: DEBUG glance_store.capabilities [-] Store glance_store._drivers.swift.store.SingleTenantStore doesn't support updating dynamic storage capabilities. Please overwrite 'update_capabilities' method of the store to implement updating logics if needed. {{(pid=98792) update_capabilities /opt/stack/data/venv/lib/python3.12/site-packages/glance_store/capabilities.py:91}}
Jun 21 17:46:53.242720 np0000003347 devstack@g-api.service[98792]: DEBUG glance_store.driver [-] Late loading location class glance_store._drivers.swift.store.StoreLocation {{(pid=98792) get_store_location_class /opt/stack/data/venv/lib/python3.12/site-packages/glance_store/driver.py:134}}
Jun 21 17:46:53.242802 np0000003347 devstack@g-api.service[98792]: DEBUG glance_store.location [-] Registering scheme swift+https with {'store': , 'location_class': , 'store_entry': 'swift'} {{(pid=98792) register_scheme_map /opt/stack/data/venv/lib/python3.12/site-packages/glance_store/location.py:146}}
Jun 21 17:46:53.242853 np0000003347 devstack@g-api.service[98792]: DEBUG glance_store.location [-] Registering scheme swift+https with {'store': , 'location_class': , 'store_entry': 'swift'} {{(pid=98792) register_scheme_map /opt/stack/data/venv/lib/python3.12/site-packages/glance_store/location.py:146}}
Jun 21 17:46:53.242904 np0000003347 devstack@g-api.service[98792]: DEBUG glance_store.location [-] Registering scheme swift with {'store': , 'location_class': , 'store_entry': 'swift'} {{(pid=98792) register_scheme_map /opt/stack/data/venv/lib/python3.12/site-packages/glance_store/location.py:146}}
Jun 21 17:46:53.242955 np0000003347 devstack@g-api.service[98792]: DEBUG glance_store.location [-] Registering scheme swift+https with {'store': , 'location_class': , 'store_entry': 'swift'} {{(pid=98792) register_scheme_map /opt/stack/data/venv/lib/python3.12/site-packages/glance_store/location.py:146}}
Jun 21 17:46:53.243005 np0000003347 devstack@g-api.service[98792]: DEBUG glance_store.location [-] Registering scheme swift with {'store': , 'location_class': , 'store_entry': 'swift'} {{(pid=98792) register_scheme_map /opt/stack/data/venv/lib/python3.12/site-packages/glance_store/location.py:146}}
Jun 21 17:46:53.243068 np0000003347 devstack@g-api.service[98792]: DEBUG glance_store.location [-] Registering scheme swift+http with {'store': , 'location_class': , 'store_entry': 'swift'} {{(pid=98792) register_scheme_map /opt/stack/data/venv/lib/python3.12/site-packages/glance_store/location.py:146}}
Jun 21 17:46:53.243135 np0000003347 devstack@g-api.service[98792]: DEBUG glance_store.location [-] Registering scheme swift+https with {'store': , 'location_class': , 'store_entry': 'swift'} {{(pid=98792) register_scheme_map /opt/stack/data/venv/lib/python3.12/site-packages/glance_store/location.py:146}}
Jun 21 17:46:53.243178 np0000003347 devstack@g-api.service[98792]: DEBUG glance_store.location [-] Registering scheme swift with {'store': , 'location_class': , 'store_entry': 'swift'} {{(pid=98792) register_scheme_map /opt/stack/data/venv/lib/python3.12/site-packages/glance_store/location.py:146}}
Jun 21 17:46:53.243236 np0000003347 devstack@g-api.service[98792]: DEBUG glance_store.location [-] Registering scheme swift+http with {'store': , 'location_class': , 'store_entry': 'swift'} {{(pid=98792) register_scheme_map /opt/stack/data/venv/lib/python3.12/site-packages/glance_store/location.py:146}}
Jun 21 17:46:53.243272 np0000003347 devstack@g-api.service[98792]: DEBUG glance_store.location [-] Registering scheme swift+config with {'store': , 'location_class': , 'store_entry': 'swift'} {{(pid=98792) register_scheme_map /opt/stack/data/venv/lib/python3.12/site-packages/glance_store/location.py:146}}
Jun 21 17:46:53.691836 np0000003347 devstack@g-api.service[98792]: INFO swiftclient [-] REQ: curl -i https://10.4.3.130:8080/v1/AUTH_ffb66520d7ab42d3b23a6ea494d60068/glance -I -H "X-Auth-Token: gAAAAABqOCONAza8..."
Jun 21 17:46:53.691924 np0000003347 devstack@g-api.service[98792]: INFO swiftclient [-] RESP STATUS: 404 Not Found
Jun 21 17:46:53.692036 np0000003347 devstack@g-api.service[98792]: INFO swiftclient [-] RESP HEADERS: {'Date': 'Sun, 21 Jun 2026 17:46:53 GMT', 'Server': 'Apache/2.4.58 (Ubuntu)', 'Content-Type': 'text/html; charset=UTF-8', 'X-Trans-Id': 'txd2f87e9c18cf4e2b9afda-006a38238d', 'X-Openstack-Request-Id': 'txd2f87e9c18cf4e2b9afda-006a38238d', 'Connection': 'close'}
Jun 21 17:46:53.692260 np0000003347 devstack@g-api.service[98792]: INFO glance_store._drivers.swift.store [-] Creating swift container glance
Jun 21 17:46:53.752074 np0000003347 devstack@g-api.service[98792]: DEBUG swiftclient [-] REQ: curl -i https://10.4.3.130:8080/v1/AUTH_ffb66520d7ab42d3b23a6ea494d60068/glance -X PUT -H "X-Auth-Token: gAAAAABqOCONAza8..." -H "Content-Length: 0" {{(pid=98792) http_log /opt/stack/data/venv/lib/python3.12/site-packages/swiftclient/client.py:160}}
Jun 21 17:46:53.752176 np0000003347 devstack@g-api.service[98792]: DEBUG swiftclient [-] RESP STATUS: 201 Created {{(pid=98792) http_log /opt/stack/data/venv/lib/python3.12/site-packages/swiftclient/client.py:161}}
Jun 21 17:46:53.752297 np0000003347 devstack@g-api.service[98792]: DEBUG swiftclient [-] RESP HEADERS: {'Date': 'Sun, 21 Jun 2026 17:46:53 GMT', 'Server': 'Apache/2.4.58 (Ubuntu)', 'Content-Type': 'text/html; charset=UTF-8', 'Content-Length': '0', 'X-Trans-Id': 'tx581f2325c08147a5a2e36-006a38238d', 'X-Openstack-Request-Id': 'tx581f2325c08147a5a2e36-006a38238d', 'Connection': 'close'} {{(pid=98792) http_log /opt/stack/data/venv/lib/python3.12/site-packages/swiftclient/client.py:162}}
Jun 21 17:46:53.752402 np0000003347 devstack@g-api.service[98792]: DEBUG glance_store._drivers.swift.store [-] Adding image object '705ce0aa-bcce-4f4d-a6bf-36eb5726522a' to Swift {{(pid=98792) add /opt/stack/data/venv/lib/python3.12/site-packages/glance_store/_drivers/swift/store.py:970}}
Jun 21 17:46:53.758279 np0000003347 devstack@g-api.service[98792]: DEBUG oslo_utils.imageutils.format_inspector [-] Format inspector for vmdk does not match, excluding from consideration (Signature KDMV not found: b'QFI\xfb') {{(pid=98792) _process_chunk /opt/stack/data/venv/lib/python3.12/site-packages/oslo_utils/imageutils/format_inspector.py:1758}}
Jun 21 17:46:53.762360 np0000003347 devstack@g-api.service[98792]: DEBUG oslo_utils.imageutils.format_inspector [-] Format inspector for vhdx does not match, excluding from consideration (Region signature not found at 30000) {{(pid=98792) _process_chunk /opt/stack/data/venv/lib/python3.12/site-packages/oslo_utils/imageutils/format_inspector.py:1758}}
Jun 21 17:46:54.099159 np0000003347 devstack@g-api.service[98792]: DEBUG swiftclient [-] REQ: curl -i https://10.4.3.130:8080/v1/AUTH_ffb66520d7ab42d3b23a6ea494d60068/glance/705ce0aa-bcce-4f4d-a6bf-36eb5726522a -X PUT -H "X-Auth-Token: gAAAAABqOCONAza8..." -H "Content-Length: 21430272" {{(pid=98792) http_log /opt/stack/data/venv/lib/python3.12/site-packages/swiftclient/client.py:160}}
Jun 21 17:46:54.099248 np0000003347 devstack@g-api.service[98792]: DEBUG swiftclient [-] RESP STATUS: 201 Created {{(pid=98792) http_log /opt/stack/data/venv/lib/python3.12/site-packages/swiftclient/client.py:161}}
Jun 21 17:46:54.099352 np0000003347 devstack@g-api.service[98792]: DEBUG swiftclient [-] RESP HEADERS: {'Date': 'Sun, 21 Jun 2026 17:46:54 GMT', 'Server': 'Apache/2.4.58 (Ubuntu)', 'Content-Type': 'text/html; charset=UTF-8', 'Content-Length': '0', 'Etag': 'c8fc807773e5354afe61636071771906', 'Last-Modified': 'Sun, 21 Jun 2026 17:46:54 GMT', 'X-Trans-Id': 'tx82e097f4b2a8416c974b2-006a38238d', 'X-Openstack-Request-Id': 'tx82e097f4b2a8416c974b2-006a38238d', 'Connection': 'close'} {{(pid=98792) http_log /opt/stack/data/venv/lib/python3.12/site-packages/swiftclient/client.py:162}}
Jun 21 17:46:54.114997 np0000003347 devstack@g-api.service[98792]: INFO glance.location [-] Image format matched and virtual size computed: 117440512
Jun 21 17:46:54.122151 np0000003347 devstack@g-api.service[98792]: DEBUG glance.async_.flows.api_image_import [-] Image 705ce0aa-bcce-4f4d-a6bf-36eb5726522a status changing from importing to active {{(pid=98792) __exit__ /opt/stack/glance/glance/async_/flows/api_image_import.py:166}}
Jun 21 17:46:54.149156 np0000003347 devstack@g-api.service[98792]: DEBUG glance_store.backend [-] Attempting to import store swift {{(pid=98792) _load_store /opt/stack/data/venv/lib/python3.12/site-packages/glance_store/backend.py:215}}
Jun 21 17:46:54.151336 np0000003347 devstack@g-api.service[98792]: DEBUG glance_store.capabilities [-] Store glance_store._drivers.swift.store.SingleTenantStore doesn't support updating dynamic storage capabilities. Please overwrite 'update_capabilities' method of the store to implement updating logics if needed. {{(pid=98792) update_capabilities /opt/stack/data/venv/lib/python3.12/site-packages/glance_store/capabilities.py:91}}
Jun 21 17:46:54.151336 np0000003347 devstack@g-api.service[98792]: DEBUG glance_store.driver [-] Late loading location class glance_store._drivers.swift.store.StoreLocation {{(pid=98792) get_store_location_class /opt/stack/data/venv/lib/python3.12/site-packages/glance_store/driver.py:134}}
Jun 21 17:46:54.151336 np0000003347 devstack@g-api.service[98792]: DEBUG glance_store.location [-] Registering scheme swift+https with {'store': , 'location_class': , 'store_entry': 'swift'} {{(pid=98792) register_scheme_map /opt/stack/data/venv/lib/python3.12/site-packages/glance_store/location.py:146}}
Jun 21 17:46:54.151336 np0000003347 devstack@g-api.service[98792]: DEBUG glance_store.location [-] Registering scheme swift+https with {'store': , 'location_class': , 'store_entry': 'swift'} {{(pid=98792) register_scheme_map /opt/stack/data/venv/lib/python3.12/site-packages/glance_store/location.py:146}}
Jun 21 17:46:54.151336 np0000003347 devstack@g-api.service[98792]: DEBUG glance_store.location [-] Registering scheme swift with {'store': , 'location_class': , 'store_entry': 'swift'} {{(pid=98792) register_scheme_map /opt/stack/data/venv/lib/python3.12/site-packages/glance_store/location.py:146}}
Jun 21 17:46:54.151557 np0000003347 devstack@g-api.service[98792]: DEBUG glance_store.location [-] Registering scheme swift+https with {'store': , 'location_class': , 'store_entry': 'swift'} {{(pid=98792) register_scheme_map /opt/stack/data/venv/lib/python3.12/site-packages/glance_store/location.py:146}}
Jun 21 17:46:54.151557 np0000003347 devstack@g-api.service[98792]: DEBUG glance_store.location [-] Registering scheme swift with {'store': , 'location_class': , 'store_entry': 'swift'} {{(pid=98792) register_scheme_map /opt/stack/data/venv/lib/python3.12/site-packages/glance_store/location.py:146}}
Jun 21 17:46:54.151557 np0000003347 devstack@g-api.service[98792]: DEBUG glance_store.location [-] Registering scheme swift+http with {'store': , 'location_class': , 'store_entry': 'swift'} {{(pid=98792) register_scheme_map /opt/stack/data/venv/lib/python3.12/site-packages/glance_store/location.py:146}}
Jun 21 17:46:54.151644 np0000003347 devstack@g-api.service[98792]: DEBUG glance_store.location [-] Registering scheme swift+https with {'store': , 'location_class': , 'store_entry': 'swift'} {{(pid=98792) register_scheme_map /opt/stack/data/venv/lib/python3.12/site-packages/glance_store/location.py:146}}
Jun 21 17:46:54.151720 np0000003347 devstack@g-api.service[98792]: DEBUG glance_store.location [-] Registering scheme swift with {'store': , 'location_class': , 'store_entry': 'swift'} {{(pid=98792) register_scheme_map /opt/stack/data/venv/lib/python3.12/site-packages/glance_store/location.py:146}}
Jun 21 17:46:54.151793 np0000003347 devstack@g-api.service[98792]: DEBUG glance_store.location [-] Registering scheme swift+http with {'store': , 'location_class': , 'store_entry': 'swift'} {{(pid=98792) register_scheme_map /opt/stack/data/venv/lib/python3.12/site-packages/glance_store/location.py:146}}
