Jun 22 13:58:50.573883 np0000003386 systemd[1]: Starting devstack@n-api-meta.service - Devstack devstack@n-api-meta.service...
Jun 22 13:58:50.579160 np0000003386 devstack@n-api-meta.service[95638]: [uWSGI] getting INI configuration from /etc/nova/nova-metadata-uwsgi.ini
Jun 22 13:58:50.581694 np0000003386 devstack@n-api-meta.service[95638]: *** Starting uWSGI 2.0.24-debian (64bit) on [Mon Jun 22 13:58:50 2026] ***
Jun 22 13:58:50.581694 np0000003386 devstack@n-api-meta.service[95638]: compiled with version: 13.2.0 on 17 April 2024 16:23:48
Jun 22 13:58:50.581694 np0000003386 devstack@n-api-meta.service[95638]: os: Linux-6.8.0-100-generic #100-Ubuntu SMP PREEMPT_DYNAMIC Tue Jan 13 16:40:06 UTC 2026
Jun 22 13:58:50.581694 np0000003386 devstack@n-api-meta.service[95638]: nodename: np0000003386
Jun 22 13:58:50.581694 np0000003386 devstack@n-api-meta.service[95638]: machine: x86_64
Jun 22 13:58:50.581694 np0000003386 devstack@n-api-meta.service[95638]: clock source: unix
Jun 22 13:58:50.581694 np0000003386 devstack@n-api-meta.service[95638]: pcre jit disabled
Jun 22 13:58:50.581694 np0000003386 devstack@n-api-meta.service[95638]: detected number of CPU cores: 16
Jun 22 13:58:50.581694 np0000003386 devstack@n-api-meta.service[95638]: current working directory: /
Jun 22 13:58:50.581694 np0000003386 devstack@n-api-meta.service[95638]: detected binary path: /usr/bin/uwsgi-core
Jun 22 13:58:50.581694 np0000003386 devstack@n-api-meta.service[95638]: your processes number limit is 257052
Jun 22 13:58:50.581694 np0000003386 devstack@n-api-meta.service[95638]: your memory page size is 4096 bytes
Jun 22 13:58:50.581694 np0000003386 devstack@n-api-meta.service[95638]: detected max file descriptor number: 2048
Jun 22 13:58:50.581694 np0000003386 devstack@n-api-meta.service[95638]: lock engine: pthread robust mutexes
Jun 22 13:58:50.582017 np0000003386 devstack@n-api-meta.service[95638]: thunder lock: enabled
Jun 22 13:58:50.582146 np0000003386 devstack@n-api-meta.service[95638]: uWSGI http bound on 0.0.0.0:8775 fd 5
Jun 22 13:58:50.582194 np0000003386 devstack@n-api-meta.service[95638]: uwsgi socket 0 bound to TCP address 127.0.0.1:37413 (port auto-assigned) fd 4
Jun 22 13:58:50.582194 np0000003386 devstack@n-api-meta.service[95638]: Python version: 3.12.3 (main, Mar 23 2026, 19:04:32) [GCC 13.3.0]
Jun 22 13:58:50.582194 np0000003386 devstack@n-api-meta.service[95638]: PEP 405 virtualenv detected: /opt/stack/data/venv
Jun 22 13:58:50.582194 np0000003386 devstack@n-api-meta.service[95638]: Set PythonHome to /opt/stack/data/venv
Jun 22 13:58:50.615222 np0000003386 devstack@n-api-meta.service[95638]: Python main interpreter initialized at 0x76ba1fea3668
Jun 22 13:58:50.615276 np0000003386 devstack@n-api-meta.service[95638]: python threads support enabled
Jun 22 13:58:50.615276 np0000003386 devstack@n-api-meta.service[95638]: your server socket listen backlog is limited to 100 connections
Jun 22 13:58:50.615276 np0000003386 devstack@n-api-meta.service[95638]: your mercy for graceful operations on workers is 80 seconds
Jun 22 13:58:50.615881 np0000003386 devstack@n-api-meta.service[95638]: mapped 671795 bytes (656 KB) for 4 cores
Jun 22 13:58:50.616064 np0000003386 devstack@n-api-meta.service[95638]: *** Operational MODE: preforking ***
Jun 22 13:58:50.616334 np0000003386 devstack@n-api-meta.service[95638]: *** uWSGI is running in multiple interpreter mode ***
Jun 22 13:58:50.616334 np0000003386 devstack@n-api-meta.service[95638]: spawned uWSGI master process (pid: 95638)
Jun 22 13:58:50.616500 np0000003386 systemd[1]: Started devstack@n-api-meta.service - Devstack devstack@n-api-meta.service.
Jun 22 13:58:50.617080 np0000003386 devstack@n-api-meta.service[95638]: spawned uWSGI worker 1 (pid: 95639, cores: 1)
Jun 22 13:58:50.617722 np0000003386 devstack@n-api-meta.service[95638]: spawned uWSGI worker 2 (pid: 95640, cores: 1)
Jun 22 13:58:50.618212 np0000003386 devstack@n-api-meta.service[95638]: spawned uWSGI worker 3 (pid: 95641, cores: 1)
Jun 22 13:58:50.618710 np0000003386 devstack@n-api-meta.service[95638]: spawned uWSGI worker 4 (pid: 95642, cores: 1)
Jun 22 13:58:50.619275 np0000003386 devstack@n-api-meta.service[95638]: spawned uWSGI http 1 (pid: 95643)
Jun 22 13:58:50.619275 np0000003386 devstack@n-api-meta.service[95638]: running "unix_signal:15 gracefully_kill_them_all" (master-start)...
Jun 22 13:58:52.241117 np0000003386 devstack@n-api-meta.service[95642]: INFO dbcounter [None req-4afb4f93-e6bf-4b58-85d2-fc8a9e3dfd8e None None] Registered counter for database nova_api
Jun 22 13:58:52.275509 np0000003386 devstack@n-api-meta.service[95640]: INFO dbcounter [None req-6acbdc86-e91d-4873-ac55-ff7a9a30524c None None] Registered counter for database nova_api
Jun 22 13:58:52.285482 np0000003386 devstack@n-api-meta.service[95642]: DEBUG oslo_db.sqlalchemy.engines [None req-4afb4f93-e6bf-4b58-85d2-fc8a9e3dfd8e None None] MySQL server mode set to STRICT_TRANS_TABLES,STRICT_ALL_TABLES,NO_ZERO_IN_DATE,NO_ZERO_DATE,ERROR_FOR_DIVISION_BY_ZERO,TRADITIONAL,NO_ENGINE_SUBSTITUTION {{(pid=95642) _check_effective_sql_mode /opt/stack/data/venv/lib/python3.12/site-packages/oslo_db/sqlalchemy/engines.py:325}}
Jun 22 13:58:52.313711 np0000003386 devstack@n-api-meta.service[95642]: DEBUG dbcounter [-] [95642] Writer thread running {{(pid=95642) stat_writer /opt/stack/data/venv/lib/python3.12/site-packages/dbcounter.py:102}}
Jun 22 13:58:52.315962 np0000003386 devstack@n-api-meta.service[95642]: DEBUG nova.context [None req-4afb4f93-e6bf-4b58-85d2-fc8a9e3dfd8e None None] Found 2 cells: 00000000-0000-0000-0000-000000000000(cell0),1440f1ef-d939-4a1a-b623-4f6ea640a2f6(cell1) {{(pid=95642) load_cells /opt/stack/nova/nova/context.py:509}}
Jun 22 13:58:52.316235 np0000003386 devstack@n-api-meta.service[95642]: INFO nova.utils [None req-4afb4f93-e6bf-4b58-85d2-fc8a9e3dfd8e None None] The cell worker thread pool MainProcess.cell_worker is initialized
Jun 22 13:58:52.317936 np0000003386 devstack@n-api-meta.service[95642]: DEBUG oslo_concurrency.lockutils [None req-4afb4f93-e6bf-4b58-85d2-fc8a9e3dfd8e None None] Acquiring lock "00000000-0000-0000-0000-000000000000" by "nova.context.set_target_cell..get_or_set_cached_cell_and_set_connections" {{(pid=95642) inner /opt/stack/data/venv/lib/python3.12/site-packages/oslo_concurrency/lockutils.py:511}}
Jun 22 13:58:52.318074 np0000003386 devstack@n-api-meta.service[95642]: DEBUG oslo_concurrency.lockutils [None req-4afb4f93-e6bf-4b58-85d2-fc8a9e3dfd8e None None] Lock "00000000-0000-0000-0000-000000000000" acquired by "nova.context.set_target_cell..get_or_set_cached_cell_and_set_connections" :: waited 0.000s {{(pid=95642) inner /opt/stack/data/venv/lib/python3.12/site-packages/oslo_concurrency/lockutils.py:524}}
Jun 22 13:58:52.318475 np0000003386 devstack@n-api-meta.service[95642]: DEBUG oslo_concurrency.lockutils [None req-4afb4f93-e6bf-4b58-85d2-fc8a9e3dfd8e None None] Lock "00000000-0000-0000-0000-000000000000" "released" by "nova.context.set_target_cell..get_or_set_cached_cell_and_set_connections" :: held 0.000s {{(pid=95642) inner /opt/stack/data/venv/lib/python3.12/site-packages/oslo_concurrency/lockutils.py:543}}
Jun 22 13:58:52.319231 np0000003386 devstack@n-api-meta.service[95642]: DEBUG oslo_concurrency.lockutils [None req-4afb4f93-e6bf-4b58-85d2-fc8a9e3dfd8e None None] Acquiring lock "1440f1ef-d939-4a1a-b623-4f6ea640a2f6" by "nova.context.set_target_cell..get_or_set_cached_cell_and_set_connections" {{(pid=95642) inner /opt/stack/data/venv/lib/python3.12/site-packages/oslo_concurrency/lockutils.py:511}}
Jun 22 13:58:52.319389 np0000003386 devstack@n-api-meta.service[95642]: DEBUG oslo_concurrency.lockutils [None req-4afb4f93-e6bf-4b58-85d2-fc8a9e3dfd8e None None] Lock "1440f1ef-d939-4a1a-b623-4f6ea640a2f6" acquired by "nova.context.set_target_cell..get_or_set_cached_cell_and_set_connections" :: waited 0.000s {{(pid=95642) inner /opt/stack/data/venv/lib/python3.12/site-packages/oslo_concurrency/lockutils.py:524}}
Jun 22 13:58:52.320298 np0000003386 devstack@n-api-meta.service[95642]: DEBUG oslo_concurrency.lockutils [None req-4afb4f93-e6bf-4b58-85d2-fc8a9e3dfd8e None None] Lock "1440f1ef-d939-4a1a-b623-4f6ea640a2f6" "released" by "nova.context.set_target_cell..get_or_set_cached_cell_and_set_connections" :: held 0.001s {{(pid=95642) inner /opt/stack/data/venv/lib/python3.12/site-packages/oslo_concurrency/lockutils.py:543}}
Jun 22 13:58:52.321984 np0000003386 devstack@n-api-meta.service[95642]: INFO dbcounter [None req-4afb4f93-e6bf-4b58-85d2-fc8a9e3dfd8e None None] Registered counter for database nova_cell0
Jun 22 13:58:52.322741 np0000003386 devstack@n-api-meta.service[95640]: DEBUG oslo_db.sqlalchemy.engines [None req-6acbdc86-e91d-4873-ac55-ff7a9a30524c None None] MySQL server mode set to STRICT_TRANS_TABLES,STRICT_ALL_TABLES,NO_ZERO_IN_DATE,NO_ZERO_DATE,ERROR_FOR_DIVISION_BY_ZERO,TRADITIONAL,NO_ENGINE_SUBSTITUTION {{(pid=95640) _check_effective_sql_mode /opt/stack/data/venv/lib/python3.12/site-packages/oslo_db/sqlalchemy/engines.py:325}}
Jun 22 13:58:52.324357 np0000003386 devstack@n-api-meta.service[95642]: INFO dbcounter [None req-4afb4f93-e6bf-4b58-85d2-fc8a9e3dfd8e None None] Registered counter for database nova_cell1
Jun 22 13:58:52.338526 np0000003386 devstack@n-api-meta.service[95641]: INFO dbcounter [None req-c0228431-2e00-4b43-ba6f-7538cdd986b1 None None] Registered counter for database nova_api
Jun 22 13:58:52.343787 np0000003386 devstack@n-api-meta.service[95639]: INFO dbcounter [None req-f3fc1299-27ed-49df-8676-f8c2f3dae967 None None] Registered counter for database nova_api
Jun 22 13:58:52.354996 np0000003386 devstack@n-api-meta.service[95640]: DEBUG dbcounter [-] [95640] Writer thread running {{(pid=95640) stat_writer /opt/stack/data/venv/lib/python3.12/site-packages/dbcounter.py:102}}
Jun 22 13:58:52.357649 np0000003386 devstack@n-api-meta.service[95640]: DEBUG nova.context [None req-6acbdc86-e91d-4873-ac55-ff7a9a30524c None None] Found 2 cells: 00000000-0000-0000-0000-000000000000(cell0),1440f1ef-d939-4a1a-b623-4f6ea640a2f6(cell1) {{(pid=95640) load_cells /opt/stack/nova/nova/context.py:509}}
Jun 22 13:58:52.357866 np0000003386 devstack@n-api-meta.service[95640]: INFO nova.utils [None req-6acbdc86-e91d-4873-ac55-ff7a9a30524c None None] The cell worker thread pool MainProcess.cell_worker is initialized
Jun 22 13:58:52.359951 np0000003386 devstack@n-api-meta.service[95640]: DEBUG oslo_concurrency.lockutils [None req-6acbdc86-e91d-4873-ac55-ff7a9a30524c None None] Acquiring lock "00000000-0000-0000-0000-000000000000" by "nova.context.set_target_cell..get_or_set_cached_cell_and_set_connections" {{(pid=95640) inner /opt/stack/data/venv/lib/python3.12/site-packages/oslo_concurrency/lockutils.py:511}}
Jun 22 13:58:52.360000 np0000003386 devstack@n-api-meta.service[95640]: DEBUG oslo_concurrency.lockutils [None req-6acbdc86-e91d-4873-ac55-ff7a9a30524c None None] Lock "00000000-0000-0000-0000-000000000000" acquired by "nova.context.set_target_cell..get_or_set_cached_cell_and_set_connections" :: waited 0.000s {{(pid=95640) inner /opt/stack/data/venv/lib/python3.12/site-packages/oslo_concurrency/lockutils.py:524}}
Jun 22 13:58:52.360371 np0000003386 devstack@n-api-meta.service[95640]: DEBUG oslo_concurrency.lockutils [None req-6acbdc86-e91d-4873-ac55-ff7a9a30524c None None] Lock "00000000-0000-0000-0000-000000000000" "released" by "nova.context.set_target_cell..get_or_set_cached_cell_and_set_connections" :: held 0.000s {{(pid=95640) inner /opt/stack/data/venv/lib/python3.12/site-packages/oslo_concurrency/lockutils.py:543}}
Jun 22 13:58:52.361051 np0000003386 devstack@n-api-meta.service[95640]: DEBUG oslo_concurrency.lockutils [None req-6acbdc86-e91d-4873-ac55-ff7a9a30524c None None] Acquiring lock "1440f1ef-d939-4a1a-b623-4f6ea640a2f6" by "nova.context.set_target_cell..get_or_set_cached_cell_and_set_connections" {{(pid=95640) inner /opt/stack/data/venv/lib/python3.12/site-packages/oslo_concurrency/lockutils.py:511}}
Jun 22 13:58:52.363030 np0000003386 devstack@n-api-meta.service[95640]: INFO dbcounter [None req-6acbdc86-e91d-4873-ac55-ff7a9a30524c None None] Registered counter for database nova_cell0
Jun 22 13:58:52.364192 np0000003386 devstack@n-api-meta.service[95640]: DEBUG oslo_concurrency.lockutils [None req-6acbdc86-e91d-4873-ac55-ff7a9a30524c None None] Lock "1440f1ef-d939-4a1a-b623-4f6ea640a2f6" acquired by "nova.context.set_target_cell..get_or_set_cached_cell_and_set_connections" :: waited 0.002s {{(pid=95640) inner /opt/stack/data/venv/lib/python3.12/site-packages/oslo_concurrency/lockutils.py:524}}
Jun 22 13:58:52.365629 np0000003386 devstack@n-api-meta.service[95640]: DEBUG oslo_concurrency.lockutils [None req-6acbdc86-e91d-4873-ac55-ff7a9a30524c None None] Lock "1440f1ef-d939-4a1a-b623-4f6ea640a2f6" "released" by "nova.context.set_target_cell..get_or_set_cached_cell_and_set_connections" :: held 0.003s {{(pid=95640) inner /opt/stack/data/venv/lib/python3.12/site-packages/oslo_concurrency/lockutils.py:543}}
Jun 22 13:58:52.368365 np0000003386 devstack@n-api-meta.service[95640]: INFO dbcounter [None req-6acbdc86-e91d-4873-ac55-ff7a9a30524c None None] Registered counter for database nova_cell1
Jun 22 13:58:52.368842 np0000003386 devstack@n-api-meta.service[95642]: DEBUG oslo_db.sqlalchemy.engines [None req-4afb4f93-e6bf-4b58-85d2-fc8a9e3dfd8e None None] MySQL server mode set to STRICT_TRANS_TABLES,STRICT_ALL_TABLES,NO_ZERO_IN_DATE,NO_ZERO_DATE,ERROR_FOR_DIVISION_BY_ZERO,TRADITIONAL,NO_ENGINE_SUBSTITUTION {{(pid=95642) _check_effective_sql_mode /opt/stack/data/venv/lib/python3.12/site-packages/oslo_db/sqlalchemy/engines.py:325}}
Jun 22 13:58:52.377848 np0000003386 devstack@n-api-meta.service[95642]: DEBUG oslo_db.sqlalchemy.engines [None req-4afb4f93-e6bf-4b58-85d2-fc8a9e3dfd8e None None] MySQL server mode set to STRICT_TRANS_TABLES,STRICT_ALL_TABLES,NO_ZERO_IN_DATE,NO_ZERO_DATE,ERROR_FOR_DIVISION_BY_ZERO,TRADITIONAL,NO_ENGINE_SUBSTITUTION {{(pid=95642) _check_effective_sql_mode /opt/stack/data/venv/lib/python3.12/site-packages/oslo_db/sqlalchemy/engines.py:325}}
Jun 22 13:58:52.380342 np0000003386 devstack@n-api-meta.service[95641]: DEBUG oslo_db.sqlalchemy.engines [None req-c0228431-2e00-4b43-ba6f-7538cdd986b1 None None] MySQL server mode set to STRICT_TRANS_TABLES,STRICT_ALL_TABLES,NO_ZERO_IN_DATE,NO_ZERO_DATE,ERROR_FOR_DIVISION_BY_ZERO,TRADITIONAL,NO_ENGINE_SUBSTITUTION {{(pid=95641) _check_effective_sql_mode /opt/stack/data/venv/lib/python3.12/site-packages/oslo_db/sqlalchemy/engines.py:325}}
Jun 22 13:58:52.386859 np0000003386 devstack@n-api-meta.service[95639]: DEBUG oslo_db.sqlalchemy.engines [None req-f3fc1299-27ed-49df-8676-f8c2f3dae967 None None] MySQL server mode set to STRICT_TRANS_TABLES,STRICT_ALL_TABLES,NO_ZERO_IN_DATE,NO_ZERO_DATE,ERROR_FOR_DIVISION_BY_ZERO,TRADITIONAL,NO_ENGINE_SUBSTITUTION {{(pid=95639) _check_effective_sql_mode /opt/stack/data/venv/lib/python3.12/site-packages/oslo_db/sqlalchemy/engines.py:325}}
Jun 22 13:58:52.408224 np0000003386 devstack@n-api-meta.service[95641]: DEBUG dbcounter [-] [95641] Writer thread running {{(pid=95641) stat_writer /opt/stack/data/venv/lib/python3.12/site-packages/dbcounter.py:102}}
Jun 22 13:58:52.410501 np0000003386 devstack@n-api-meta.service[95641]: DEBUG nova.context [None req-c0228431-2e00-4b43-ba6f-7538cdd986b1 None None] Found 2 cells: 00000000-0000-0000-0000-000000000000(cell0),1440f1ef-d939-4a1a-b623-4f6ea640a2f6(cell1) {{(pid=95641) load_cells /opt/stack/nova/nova/context.py:509}}
Jun 22 13:58:52.410734 np0000003386 devstack@n-api-meta.service[95641]: INFO nova.utils [None req-c0228431-2e00-4b43-ba6f-7538cdd986b1 None None] The cell worker thread pool MainProcess.cell_worker is initialized
Jun 22 13:58:52.412281 np0000003386 devstack@n-api-meta.service[95641]: DEBUG oslo_concurrency.lockutils [None req-c0228431-2e00-4b43-ba6f-7538cdd986b1 None None] Acquiring lock "00000000-0000-0000-0000-000000000000" by "nova.context.set_target_cell..get_or_set_cached_cell_and_set_connections" {{(pid=95641) inner /opt/stack/data/venv/lib/python3.12/site-packages/oslo_concurrency/lockutils.py:511}}
Jun 22 13:58:52.412437 np0000003386 devstack@n-api-meta.service[95641]: DEBUG oslo_concurrency.lockutils [None req-c0228431-2e00-4b43-ba6f-7538cdd986b1 None None] Lock "00000000-0000-0000-0000-000000000000" acquired by "nova.context.set_target_cell..get_or_set_cached_cell_and_set_connections" :: waited 0.000s {{(pid=95641) inner /opt/stack/data/venv/lib/python3.12/site-packages/oslo_concurrency/lockutils.py:524}}
Jun 22 13:58:52.412790 np0000003386 devstack@n-api-meta.service[95641]: DEBUG oslo_concurrency.lockutils [None req-c0228431-2e00-4b43-ba6f-7538cdd986b1 None None] Lock "00000000-0000-0000-0000-000000000000" "released" by "nova.context.set_target_cell..get_or_set_cached_cell_and_set_connections" :: held 0.000s {{(pid=95641) inner /opt/stack/data/venv/lib/python3.12/site-packages/oslo_concurrency/lockutils.py:543}}
Jun 22 13:58:52.413372 np0000003386 devstack@n-api-meta.service[95641]: DEBUG oslo_concurrency.lockutils [None req-c0228431-2e00-4b43-ba6f-7538cdd986b1 None None] Acquiring lock "1440f1ef-d939-4a1a-b623-4f6ea640a2f6" by "nova.context.set_target_cell..get_or_set_cached_cell_and_set_connections" {{(pid=95641) inner /opt/stack/data/venv/lib/python3.12/site-packages/oslo_concurrency/lockutils.py:511}}
Jun 22 13:58:52.413507 np0000003386 devstack@n-api-meta.service[95641]: DEBUG oslo_concurrency.lockutils [None req-c0228431-2e00-4b43-ba6f-7538cdd986b1 None None] Lock "1440f1ef-d939-4a1a-b623-4f6ea640a2f6" acquired by "nova.context.set_target_cell..get_or_set_cached_cell_and_set_connections" :: waited 0.000s {{(pid=95641) inner /opt/stack/data/venv/lib/python3.12/site-packages/oslo_concurrency/lockutils.py:524}}
Jun 22 13:58:52.414347 np0000003386 devstack@n-api-meta.service[95641]: DEBUG oslo_concurrency.lockutils [None req-c0228431-2e00-4b43-ba6f-7538cdd986b1 None None] Lock "1440f1ef-d939-4a1a-b623-4f6ea640a2f6" "released" by "nova.context.set_target_cell..get_or_set_cached_cell_and_set_connections" :: held 0.001s {{(pid=95641) inner /opt/stack/data/venv/lib/python3.12/site-packages/oslo_concurrency/lockutils.py:543}}
Jun 22 13:58:52.415114 np0000003386 devstack@n-api-meta.service[95639]: DEBUG dbcounter [-] [95639] Writer thread running {{(pid=95639) stat_writer /opt/stack/data/venv/lib/python3.12/site-packages/dbcounter.py:102}}
Jun 22 13:58:52.416154 np0000003386 devstack@n-api-meta.service[95641]: INFO dbcounter [None req-c0228431-2e00-4b43-ba6f-7538cdd986b1 None None] Registered counter for database nova_cell0
Jun 22 13:58:52.417567 np0000003386 devstack@n-api-meta.service[95639]: DEBUG nova.context [None req-f3fc1299-27ed-49df-8676-f8c2f3dae967 None None] Found 2 cells: 00000000-0000-0000-0000-000000000000(cell0),1440f1ef-d939-4a1a-b623-4f6ea640a2f6(cell1) {{(pid=95639) load_cells /opt/stack/nova/nova/context.py:509}}
Jun 22 13:58:52.417799 np0000003386 devstack@n-api-meta.service[95639]: INFO nova.utils [None req-f3fc1299-27ed-49df-8676-f8c2f3dae967 None None] The cell worker thread pool MainProcess.cell_worker is initialized
Jun 22 13:58:52.418711 np0000003386 devstack@n-api-meta.service[95641]: INFO dbcounter [None req-c0228431-2e00-4b43-ba6f-7538cdd986b1 None None] Registered counter for database nova_cell1
Jun 22 13:58:52.419413 np0000003386 devstack@n-api-meta.service[95639]: DEBUG oslo_concurrency.lockutils [None req-f3fc1299-27ed-49df-8676-f8c2f3dae967 None None] Acquiring lock "00000000-0000-0000-0000-000000000000" by "nova.context.set_target_cell..get_or_set_cached_cell_and_set_connections" {{(pid=95639) inner /opt/stack/data/venv/lib/python3.12/site-packages/oslo_concurrency/lockutils.py:511}}
Jun 22 13:58:52.419577 np0000003386 devstack@n-api-meta.service[95639]: DEBUG oslo_concurrency.lockutils [None req-f3fc1299-27ed-49df-8676-f8c2f3dae967 None None] Lock "00000000-0000-0000-0000-000000000000" acquired by "nova.context.set_target_cell..get_or_set_cached_cell_and_set_connections" :: waited 0.000s {{(pid=95639) inner /opt/stack/data/venv/lib/python3.12/site-packages/oslo_concurrency/lockutils.py:524}}
Jun 22 13:58:52.419870 np0000003386 devstack@n-api-meta.service[95640]: DEBUG oslo_db.sqlalchemy.engines [None req-6acbdc86-e91d-4873-ac55-ff7a9a30524c None None] MySQL server mode set to STRICT_TRANS_TABLES,STRICT_ALL_TABLES,NO_ZERO_IN_DATE,NO_ZERO_DATE,ERROR_FOR_DIVISION_BY_ZERO,TRADITIONAL,NO_ENGINE_SUBSTITUTION {{(pid=95640) _check_effective_sql_mode /opt/stack/data/venv/lib/python3.12/site-packages/oslo_db/sqlalchemy/engines.py:325}}
Jun 22 13:58:52.420006 np0000003386 devstack@n-api-meta.service[95639]: DEBUG oslo_concurrency.lockutils [None req-f3fc1299-27ed-49df-8676-f8c2f3dae967 None None] Lock "00000000-0000-0000-0000-000000000000" "released" by "nova.context.set_target_cell..get_or_set_cached_cell_and_set_connections" :: held 0.000s {{(pid=95639) inner /opt/stack/data/venv/lib/python3.12/site-packages/oslo_concurrency/lockutils.py:543}}
Jun 22 13:58:52.420578 np0000003386 devstack@n-api-meta.service[95639]: DEBUG oslo_concurrency.lockutils [None req-f3fc1299-27ed-49df-8676-f8c2f3dae967 None None] Acquiring lock "1440f1ef-d939-4a1a-b623-4f6ea640a2f6" by "nova.context.set_target_cell..get_or_set_cached_cell_and_set_connections" {{(pid=95639) inner /opt/stack/data/venv/lib/python3.12/site-packages/oslo_concurrency/lockutils.py:511}}
Jun 22 13:58:52.422230 np0000003386 devstack@n-api-meta.service[95639]: INFO dbcounter [None req-f3fc1299-27ed-49df-8676-f8c2f3dae967 None None] Registered counter for database nova_cell0
Jun 22 13:58:52.422754 np0000003386 devstack@n-api-meta.service[95640]: DEBUG oslo_db.sqlalchemy.engines [None req-6acbdc86-e91d-4873-ac55-ff7a9a30524c None None] MySQL server mode set to STRICT_TRANS_TABLES,STRICT_ALL_TABLES,NO_ZERO_IN_DATE,NO_ZERO_DATE,ERROR_FOR_DIVISION_BY_ZERO,TRADITIONAL,NO_ENGINE_SUBSTITUTION {{(pid=95640) _check_effective_sql_mode /opt/stack/data/venv/lib/python3.12/site-packages/oslo_db/sqlalchemy/engines.py:325}}
Jun 22 13:58:52.423512 np0000003386 devstack@n-api-meta.service[95639]: DEBUG oslo_concurrency.lockutils [None req-f3fc1299-27ed-49df-8676-f8c2f3dae967 None None] Lock "1440f1ef-d939-4a1a-b623-4f6ea640a2f6" acquired by "nova.context.set_target_cell..get_or_set_cached_cell_and_set_connections" :: waited 0.001s {{(pid=95639) inner /opt/stack/data/venv/lib/python3.12/site-packages/oslo_concurrency/lockutils.py:524}}
Jun 22 13:58:52.425386 np0000003386 devstack@n-api-meta.service[95639]: DEBUG oslo_concurrency.lockutils [None req-f3fc1299-27ed-49df-8676-f8c2f3dae967 None None] Lock "1440f1ef-d939-4a1a-b623-4f6ea640a2f6" "released" by "nova.context.set_target_cell..get_or_set_cached_cell_and_set_connections" :: held 0.003s {{(pid=95639) inner /opt/stack/data/venv/lib/python3.12/site-packages/oslo_concurrency/lockutils.py:543}}
Jun 22 13:58:52.426981 np0000003386 devstack@n-api-meta.service[95639]: INFO dbcounter [None req-f3fc1299-27ed-49df-8676-f8c2f3dae967 None None] Registered counter for database nova_cell1
Jun 22 13:58:52.450261 np0000003386 devstack@n-api-meta.service[95642]: DEBUG dbcounter [-] [95642] Writer thread running {{(pid=95642) stat_writer /opt/stack/data/venv/lib/python3.12/site-packages/dbcounter.py:102}}
Jun 22 13:58:52.454270 np0000003386 devstack@n-api-meta.service[95642]: DEBUG dbcounter [-] [95642] Writer thread running {{(pid=95642) stat_writer /opt/stack/data/venv/lib/python3.12/site-packages/dbcounter.py:102}}
Jun 22 13:58:52.458603 np0000003386 devstack@n-api-meta.service[95642]: INFO dbcounter [None req-4afb4f93-e6bf-4b58-85d2-fc8a9e3dfd8e None None] Registered counter for database nova_cell0
Jun 22 13:58:52.465601 np0000003386 devstack@n-api-meta.service[95641]: DEBUG oslo_db.sqlalchemy.engines [None req-c0228431-2e00-4b43-ba6f-7538cdd986b1 None None] MySQL server mode set to STRICT_TRANS_TABLES,STRICT_ALL_TABLES,NO_ZERO_IN_DATE,NO_ZERO_DATE,ERROR_FOR_DIVISION_BY_ZERO,TRADITIONAL,NO_ENGINE_SUBSTITUTION {{(pid=95641) _check_effective_sql_mode /opt/stack/data/venv/lib/python3.12/site-packages/oslo_db/sqlalchemy/engines.py:325}}
Jun 22 13:58:52.474174 np0000003386 devstack@n-api-meta.service[95639]: DEBUG oslo_db.sqlalchemy.engines [None req-f3fc1299-27ed-49df-8676-f8c2f3dae967 None None] MySQL server mode set to STRICT_TRANS_TABLES,STRICT_ALL_TABLES,NO_ZERO_IN_DATE,NO_ZERO_DATE,ERROR_FOR_DIVISION_BY_ZERO,TRADITIONAL,NO_ENGINE_SUBSTITUTION {{(pid=95639) _check_effective_sql_mode /opt/stack/data/venv/lib/python3.12/site-packages/oslo_db/sqlalchemy/engines.py:325}}
Jun 22 13:58:52.475376 np0000003386 devstack@n-api-meta.service[95641]: DEBUG oslo_db.sqlalchemy.engines [None req-c0228431-2e00-4b43-ba6f-7538cdd986b1 None None] MySQL server mode set to STRICT_TRANS_TABLES,STRICT_ALL_TABLES,NO_ZERO_IN_DATE,NO_ZERO_DATE,ERROR_FOR_DIVISION_BY_ZERO,TRADITIONAL,NO_ENGINE_SUBSTITUTION {{(pid=95641) _check_effective_sql_mode /opt/stack/data/venv/lib/python3.12/site-packages/oslo_db/sqlalchemy/engines.py:325}}
Jun 22 13:58:52.496473 np0000003386 devstack@n-api-meta.service[95642]: DEBUG oslo_db.sqlalchemy.engines [None req-4afb4f93-e6bf-4b58-85d2-fc8a9e3dfd8e None None] MySQL server mode set to STRICT_TRANS_TABLES,STRICT_ALL_TABLES,NO_ZERO_IN_DATE,NO_ZERO_DATE,ERROR_FOR_DIVISION_BY_ZERO,TRADITIONAL,NO_ENGINE_SUBSTITUTION {{(pid=95642) _check_effective_sql_mode /opt/stack/data/venv/lib/python3.12/site-packages/oslo_db/sqlalchemy/engines.py:325}}
Jun 22 13:58:52.503072 np0000003386 devstack@n-api-meta.service[95642]: DEBUG dbcounter [-] [95642] Writer thread running {{(pid=95642) stat_writer /opt/stack/data/venv/lib/python3.12/site-packages/dbcounter.py:102}}
Jun 22 13:58:52.523561 np0000003386 devstack@n-api-meta.service[95640]: DEBUG dbcounter [-] [95640] Writer thread running {{(pid=95640) stat_writer /opt/stack/data/venv/lib/python3.12/site-packages/dbcounter.py:102}}
Jun 22 13:58:52.526224 np0000003386 devstack@n-api-meta.service[95640]: DEBUG dbcounter [-] [95640] Writer thread running {{(pid=95640) stat_writer /opt/stack/data/venv/lib/python3.12/site-packages/dbcounter.py:102}}
Jun 22 13:58:52.529502 np0000003386 devstack@n-api-meta.service[95640]: INFO dbcounter [None req-6acbdc86-e91d-4873-ac55-ff7a9a30524c None None] Registered counter for database nova_cell0
Jun 22 13:58:52.552328 np0000003386 devstack@n-api-meta.service[95642]: WARNING nova.api.metadata.handler [None req-4afb4f93-e6bf-4b58-85d2-fc8a9e3dfd8e None None] metadata_proxy_shared_secret is not configured, the metadata information returned by the proxy cannot be trusted
Jun 22 13:58:52.554103 np0000003386 devstack@n-api-meta.service[95642]: DEBUG nova.api.openstack.wsgi_app [None req-4afb4f93-e6bf-4b58-85d2-fc8a9e3dfd8e None None] ******************************************************************************** {{(pid=95642) log_opt_values /opt/stack/data/venv/lib/python3.12/site-packages/oslo_config/cfg.py:3226}}
Jun 22 13:58:52.554591 np0000003386 devstack@n-api-meta.service[95642]: DEBUG nova.api.openstack.wsgi_app [None req-4afb4f93-e6bf-4b58-85d2-fc8a9e3dfd8e None None] Configuration options gathered from: {{(pid=95642) log_opt_values /opt/stack/data/venv/lib/python3.12/site-packages/oslo_config/cfg.py:3227}}
Jun 22 13:58:52.554591 np0000003386 devstack@n-api-meta.service[95642]: DEBUG nova.api.openstack.wsgi_app [None req-4afb4f93-e6bf-4b58-85d2-fc8a9e3dfd8e None None] command line args: [] {{(pid=95642) log_opt_values /opt/stack/data/venv/lib/python3.12/site-packages/oslo_config/cfg.py:3228}}
Jun 22 13:58:52.554591 np0000003386 devstack@n-api-meta.service[95642]: DEBUG nova.api.openstack.wsgi_app [None req-4afb4f93-e6bf-4b58-85d2-fc8a9e3dfd8e None None] config files: ['/etc/nova/api-paste.ini', '/etc/nova/nova.conf'] {{(pid=95642) log_opt_values /opt/stack/data/venv/lib/python3.12/site-packages/oslo_config/cfg.py:3229}}
Jun 22 13:58:52.554706 np0000003386 devstack@n-api-meta.service[95642]: DEBUG nova.api.openstack.wsgi_app [None req-4afb4f93-e6bf-4b58-85d2-fc8a9e3dfd8e None None] ================================================================================ {{(pid=95642) log_opt_values /opt/stack/data/venv/lib/python3.12/site-packages/oslo_config/cfg.py:3234}}
Jun 22 13:58:52.554778 np0000003386 devstack@n-api-meta.service[95642]: DEBUG nova.api.openstack.wsgi_app [None req-4afb4f93-e6bf-4b58-85d2-fc8a9e3dfd8e None None] allow_resize_to_same_host = True {{(pid=95642) log_opt_values /opt/stack/data/venv/lib/python3.12/site-packages/oslo_config/cfg.py:3242}}
Jun 22 13:58:52.554951 np0000003386 devstack@n-api-meta.service[95642]: DEBUG nova.api.openstack.wsgi_app [None req-4afb4f93-e6bf-4b58-85d2-fc8a9e3dfd8e None None] arq_binding_timeout = 300 {{(pid=95642) log_opt_values /opt/stack/data/venv/lib/python3.12/site-packages/oslo_config/cfg.py:3242}}
Jun 22 13:58:52.555069 np0000003386 devstack@n-api-meta.service[95642]: DEBUG nova.api.openstack.wsgi_app [None req-4afb4f93-e6bf-4b58-85d2-fc8a9e3dfd8e None None] block_device_allocate_retries = 60 {{(pid=95642) log_opt_values /opt/stack/data/venv/lib/python3.12/site-packages/oslo_config/cfg.py:3242}}
Jun 22 13:58:52.555186 np0000003386 devstack@n-api-meta.service[95642]: DEBUG nova.api.openstack.wsgi_app [None req-4afb4f93-e6bf-4b58-85d2-fc8a9e3dfd8e None None] block_device_allocate_retries_interval = 3 {{(pid=95642) log_opt_values /opt/stack/data/venv/lib/python3.12/site-packages/oslo_config/cfg.py:3242}}
Jun 22 13:58:52.555297 np0000003386 devstack@n-api-meta.service[95642]: DEBUG nova.api.openstack.wsgi_app [None req-4afb4f93-e6bf-4b58-85d2-fc8a9e3dfd8e None None] cell_worker_thread_pool_size = 5 {{(pid=95642) log_opt_values /opt/stack/data/venv/lib/python3.12/site-packages/oslo_config/cfg.py:3242}}
Jun 22 13:58:52.556141 np0000003386 devstack@n-api-meta.service[95642]: DEBUG nova.api.openstack.wsgi_app [None req-4afb4f93-e6bf-4b58-85d2-fc8a9e3dfd8e None None] cert = self.pem {{(pid=95642) log_opt_values /opt/stack/data/venv/lib/python3.12/site-packages/oslo_config/cfg.py:3242}}
Jun 22 13:58:52.556141 np0000003386 devstack@n-api-meta.service[95642]: DEBUG nova.api.openstack.wsgi_app [None req-4afb4f93-e6bf-4b58-85d2-fc8a9e3dfd8e None None] compute_driver = libvirt.LibvirtDriver {{(pid=95642) log_opt_values /opt/stack/data/venv/lib/python3.12/site-packages/oslo_config/cfg.py:3242}}
Jun 22 13:58:52.556141 np0000003386 devstack@n-api-meta.service[95642]: DEBUG nova.api.openstack.wsgi_app [None req-4afb4f93-e6bf-4b58-85d2-fc8a9e3dfd8e None None] compute_monitors = [] {{(pid=95642) log_opt_values /opt/stack/data/venv/lib/python3.12/site-packages/oslo_config/cfg.py:3242}}
Jun 22 13:58:52.556141 np0000003386 devstack@n-api-meta.service[95642]: DEBUG nova.api.openstack.wsgi_app [None req-4afb4f93-e6bf-4b58-85d2-fc8a9e3dfd8e None None] config_dir = [] {{(pid=95642) log_opt_values /opt/stack/data/venv/lib/python3.12/site-packages/oslo_config/cfg.py:3242}}
Jun 22 13:58:52.556141 np0000003386 devstack@n-api-meta.service[95642]: DEBUG nova.api.openstack.wsgi_app [None req-4afb4f93-e6bf-4b58-85d2-fc8a9e3dfd8e None None] config_drive_format = iso9660 {{(pid=95642) log_opt_values /opt/stack/data/venv/lib/python3.12/site-packages/oslo_config/cfg.py:3242}}
Jun 22 13:58:52.556141 np0000003386 devstack@n-api-meta.service[95642]: DEBUG nova.api.openstack.wsgi_app [None req-4afb4f93-e6bf-4b58-85d2-fc8a9e3dfd8e None None] config_file = ['/etc/nova/api-paste.ini', '/etc/nova/nova.conf'] {{(pid=95642) log_opt_values /opt/stack/data/venv/lib/python3.12/site-packages/oslo_config/cfg.py:3242}}
Jun 22 13:58:52.556312 np0000003386 devstack@n-api-meta.service[95642]: DEBUG nova.api.openstack.wsgi_app [None req-4afb4f93-e6bf-4b58-85d2-fc8a9e3dfd8e None None] config_source = [] {{(pid=95642) log_opt_values /opt/stack/data/venv/lib/python3.12/site-packages/oslo_config/cfg.py:3242}}
Jun 22 13:58:52.556312 np0000003386 devstack@n-api-meta.service[95642]: DEBUG nova.api.openstack.wsgi_app [None req-4afb4f93-e6bf-4b58-85d2-fc8a9e3dfd8e None None] console_host = np0000003386 {{(pid=95642) log_opt_values /opt/stack/data/venv/lib/python3.12/site-packages/oslo_config/cfg.py:3242}}
Jun 22 13:58:52.556463 np0000003386 devstack@n-api-meta.service[95642]: DEBUG nova.api.openstack.wsgi_app [None req-4afb4f93-e6bf-4b58-85d2-fc8a9e3dfd8e None None] control_exchange = nova {{(pid=95642) log_opt_values /opt/stack/data/venv/lib/python3.12/site-packages/oslo_config/cfg.py:3242}}
Jun 22 13:58:52.556606 np0000003386 devstack@n-api-meta.service[95642]: DEBUG nova.api.openstack.wsgi_app [None req-4afb4f93-e6bf-4b58-85d2-fc8a9e3dfd8e None None] cpu_allocation_ratio = None {{(pid=95642) log_opt_values /opt/stack/data/venv/lib/python3.12/site-packages/oslo_config/cfg.py:3242}}
Jun 22 13:58:52.556723 np0000003386 devstack@n-api-meta.service[95642]: DEBUG nova.api.openstack.wsgi_app [None req-4afb4f93-e6bf-4b58-85d2-fc8a9e3dfd8e None None] daemon = False {{(pid=95642) log_opt_values /opt/stack/data/venv/lib/python3.12/site-packages/oslo_config/cfg.py:3242}}
Jun 22 13:58:52.556845 np0000003386 devstack@n-api-meta.service[95642]: DEBUG nova.api.openstack.wsgi_app [None req-4afb4f93-e6bf-4b58-85d2-fc8a9e3dfd8e None None] debug = True {{(pid=95642) log_opt_values /opt/stack/data/venv/lib/python3.12/site-packages/oslo_config/cfg.py:3242}}
Jun 22 13:58:52.556968 np0000003386 devstack@n-api-meta.service[95642]: DEBUG nova.api.openstack.wsgi_app [None req-4afb4f93-e6bf-4b58-85d2-fc8a9e3dfd8e None None] default_access_ip_network_name = None {{(pid=95642) log_opt_values /opt/stack/data/venv/lib/python3.12/site-packages/oslo_config/cfg.py:3242}}
Jun 22 13:58:52.557094 np0000003386 devstack@n-api-meta.service[95642]: DEBUG nova.api.openstack.wsgi_app [None req-4afb4f93-e6bf-4b58-85d2-fc8a9e3dfd8e None None] default_availability_zone = nova {{(pid=95642) log_opt_values /opt/stack/data/venv/lib/python3.12/site-packages/oslo_config/cfg.py:3242}}
Jun 22 13:58:52.557209 np0000003386 devstack@n-api-meta.service[95642]: DEBUG nova.api.openstack.wsgi_app [None req-4afb4f93-e6bf-4b58-85d2-fc8a9e3dfd8e None None] default_ephemeral_format = ext4 {{(pid=95642) log_opt_values /opt/stack/data/venv/lib/python3.12/site-packages/oslo_config/cfg.py:3242}}
Jun 22 13:58:52.557323 np0000003386 devstack@n-api-meta.service[95642]: DEBUG nova.api.openstack.wsgi_app [None req-4afb4f93-e6bf-4b58-85d2-fc8a9e3dfd8e None None] default_green_pool_size = 1000 {{(pid=95642) log_opt_values /opt/stack/data/venv/lib/python3.12/site-packages/oslo_config/cfg.py:3242}}
Jun 22 13:58:52.557534 np0000003386 devstack@n-api-meta.service[95642]: DEBUG nova.api.openstack.wsgi_app [None req-4afb4f93-e6bf-4b58-85d2-fc8a9e3dfd8e None None] default_log_levels = ['amqp=WARN', 'boto=WARN', 'sqlalchemy=WARN', 'suds=INFO', 'oslo.messaging=INFO', 'oslo_messaging=INFO', 'iso8601=WARN', 'requests.packages.urllib3.connectionpool=WARN', 'urllib3.connectionpool=WARN', 'websocket=WARN', 'requests.packages.urllib3.util.retry=WARN', 'urllib3.util.retry=WARN', 'keystonemiddleware=WARN', 'routes.middleware=WARN', 'stevedore=WARN', 'taskflow=WARN', 'keystoneauth=WARN', 'oslo.cache=INFO', 'oslo_policy=INFO', 'dogpile.core.dogpile=INFO', 'glanceclient=WARN', 'oslo.privsep.daemon=INFO'] {{(pid=95642) log_opt_values /opt/stack/data/venv/lib/python3.12/site-packages/oslo_config/cfg.py:3242}}
Jun 22 13:58:52.557652 np0000003386 devstack@n-api-meta.service[95642]: DEBUG nova.api.openstack.wsgi_app [None req-4afb4f93-e6bf-4b58-85d2-fc8a9e3dfd8e None None] default_schedule_zone = None {{(pid=95642) log_opt_values /opt/stack/data/venv/lib/python3.12/site-packages/oslo_config/cfg.py:3242}}
Jun 22 13:58:52.558088 np0000003386 devstack@n-api-meta.service[95642]: DEBUG nova.api.openstack.wsgi_app [None req-4afb4f93-e6bf-4b58-85d2-fc8a9e3dfd8e None None] default_thread_pool_size = 10 {{(pid=95642) log_opt_values /opt/stack/data/venv/lib/python3.12/site-packages/oslo_config/cfg.py:3242}}
Jun 22 13:58:52.558088 np0000003386 devstack@n-api-meta.service[95642]: DEBUG nova.api.openstack.wsgi_app [None req-4afb4f93-e6bf-4b58-85d2-fc8a9e3dfd8e None None] disk_allocation_ratio = None {{(pid=95642) log_opt_values /opt/stack/data/venv/lib/python3.12/site-packages/oslo_config/cfg.py:3242}}
Jun 22 13:58:52.558088 np0000003386 devstack@n-api-meta.service[95642]: DEBUG nova.api.openstack.wsgi_app [None req-4afb4f93-e6bf-4b58-85d2-fc8a9e3dfd8e None None] enable_new_services = True {{(pid=95642) log_opt_values /opt/stack/data/venv/lib/python3.12/site-packages/oslo_config/cfg.py:3242}}
Jun 22 13:58:52.558200 np0000003386 devstack@n-api-meta.service[95641]: DEBUG dbcounter [-] [95641] Writer thread running {{(pid=95641) stat_writer /opt/stack/data/venv/lib/python3.12/site-packages/dbcounter.py:102}}
Jun 22 13:58:52.558242 np0000003386 devstack@n-api-meta.service[95642]: DEBUG nova.api.openstack.wsgi_app [None req-4afb4f93-e6bf-4b58-85d2-fc8a9e3dfd8e None None] flat_injected = False {{(pid=95642) log_opt_values /opt/stack/data/venv/lib/python3.12/site-packages/oslo_config/cfg.py:3242}}
Jun 22 13:58:52.558278 np0000003386 devstack@n-api-meta.service[95642]: DEBUG nova.api.openstack.wsgi_app [None req-4afb4f93-e6bf-4b58-85d2-fc8a9e3dfd8e None None] force_config_drive = True {{(pid=95642) log_opt_values /opt/stack/data/venv/lib/python3.12/site-packages/oslo_config/cfg.py:3242}}
Jun 22 13:58:52.558364 np0000003386 devstack@n-api-meta.service[95642]: DEBUG nova.api.openstack.wsgi_app [None req-4afb4f93-e6bf-4b58-85d2-fc8a9e3dfd8e None None] force_raw_images = True {{(pid=95642) log_opt_values /opt/stack/data/venv/lib/python3.12/site-packages/oslo_config/cfg.py:3242}}
Jun 22 13:58:52.558520 np0000003386 devstack@n-api-meta.service[95642]: DEBUG nova.api.openstack.wsgi_app [None req-4afb4f93-e6bf-4b58-85d2-fc8a9e3dfd8e None None] graceful_shutdown_timeout = 5 {{(pid=95642) log_opt_values /opt/stack/data/venv/lib/python3.12/site-packages/oslo_config/cfg.py:3242}}
Jun 22 13:58:52.558656 np0000003386 devstack@n-api-meta.service[95642]: DEBUG nova.api.openstack.wsgi_app [None req-4afb4f93-e6bf-4b58-85d2-fc8a9e3dfd8e None None] heal_instance_info_cache_interval = -1 {{(pid=95642) log_opt_values /opt/stack/data/venv/lib/python3.12/site-packages/oslo_config/cfg.py:3242}}
Jun 22 13:58:52.558831 np0000003386 devstack@n-api-meta.service[95642]: DEBUG nova.api.openstack.wsgi_app [None req-4afb4f93-e6bf-4b58-85d2-fc8a9e3dfd8e None None] host = np0000003386 {{(pid=95642) log_opt_values /opt/stack/data/venv/lib/python3.12/site-packages/oslo_config/cfg.py:3242}}
Jun 22 13:58:52.558962 np0000003386 devstack@n-api-meta.service[95642]: DEBUG nova.api.openstack.wsgi_app [None req-4afb4f93-e6bf-4b58-85d2-fc8a9e3dfd8e None None] initial_cpu_allocation_ratio = 4.0 {{(pid=95642) log_opt_values /opt/stack/data/venv/lib/python3.12/site-packages/oslo_config/cfg.py:3242}}
Jun 22 13:58:52.559079 np0000003386 devstack@n-api-meta.service[95642]: DEBUG nova.api.openstack.wsgi_app [None req-4afb4f93-e6bf-4b58-85d2-fc8a9e3dfd8e None None] initial_disk_allocation_ratio = 1.0 {{(pid=95642) log_opt_values /opt/stack/data/venv/lib/python3.12/site-packages/oslo_config/cfg.py:3242}}
Jun 22 13:58:52.559188 np0000003386 devstack@n-api-meta.service[95642]: DEBUG nova.api.openstack.wsgi_app [None req-4afb4f93-e6bf-4b58-85d2-fc8a9e3dfd8e None None] initial_ram_allocation_ratio = 1.0 {{(pid=95642) log_opt_values /opt/stack/data/venv/lib/python3.12/site-packages/oslo_config/cfg.py:3242}}
Jun 22 13:58:52.559346 np0000003386 devstack@n-api-meta.service[95642]: DEBUG nova.api.openstack.wsgi_app [None req-4afb4f93-e6bf-4b58-85d2-fc8a9e3dfd8e None None] injected_network_template = /opt/stack/nova/nova/virt/interfaces.template {{(pid=95642) log_opt_values /opt/stack/data/venv/lib/python3.12/site-packages/oslo_config/cfg.py:3242}}
Jun 22 13:58:52.559477 np0000003386 devstack@n-api-meta.service[95642]: DEBUG nova.api.openstack.wsgi_app [None req-4afb4f93-e6bf-4b58-85d2-fc8a9e3dfd8e None None] instance_build_timeout = 0 {{(pid=95642) log_opt_values /opt/stack/data/venv/lib/python3.12/site-packages/oslo_config/cfg.py:3242}}
Jun 22 13:58:52.559648 np0000003386 devstack@n-api-meta.service[95642]: DEBUG nova.api.openstack.wsgi_app [None req-4afb4f93-e6bf-4b58-85d2-fc8a9e3dfd8e None None] instance_delete_interval = 300 {{(pid=95642) log_opt_values /opt/stack/data/venv/lib/python3.12/site-packages/oslo_config/cfg.py:3242}}
Jun 22 13:58:52.559769 np0000003386 devstack@n-api-meta.service[95642]: DEBUG nova.api.openstack.wsgi_app [None req-4afb4f93-e6bf-4b58-85d2-fc8a9e3dfd8e None None] instance_format = [instance: %(uuid)s] {{(pid=95642) log_opt_values /opt/stack/data/venv/lib/python3.12/site-packages/oslo_config/cfg.py:3242}}
Jun 22 13:58:52.559894 np0000003386 devstack@n-api-meta.service[95642]: DEBUG nova.api.openstack.wsgi_app [None req-4afb4f93-e6bf-4b58-85d2-fc8a9e3dfd8e None None] instance_name_template = instance-%08x {{(pid=95642) log_opt_values /opt/stack/data/venv/lib/python3.12/site-packages/oslo_config/cfg.py:3242}}
Jun 22 13:58:52.560018 np0000003386 devstack@n-api-meta.service[95642]: DEBUG nova.api.openstack.wsgi_app [None req-4afb4f93-e6bf-4b58-85d2-fc8a9e3dfd8e None None] instance_usage_audit = False {{(pid=95642) log_opt_values /opt/stack/data/venv/lib/python3.12/site-packages/oslo_config/cfg.py:3242}}
Jun 22 13:58:52.560163 np0000003386 devstack@n-api-meta.service[95642]: DEBUG nova.api.openstack.wsgi_app [None req-4afb4f93-e6bf-4b58-85d2-fc8a9e3dfd8e None None] instance_usage_audit_period = month {{(pid=95642) log_opt_values /opt/stack/data/venv/lib/python3.12/site-packages/oslo_config/cfg.py:3242}}
Jun 22 13:58:52.560312 np0000003386 devstack@n-api-meta.service[95642]: DEBUG nova.api.openstack.wsgi_app [None req-4afb4f93-e6bf-4b58-85d2-fc8a9e3dfd8e None None] instance_uuid_format = [instance: %(uuid)s] {{(pid=95642) log_opt_values /opt/stack/data/venv/lib/python3.12/site-packages/oslo_config/cfg.py:3242}}
Jun 22 13:58:52.560470 np0000003386 devstack@n-api-meta.service[95642]: DEBUG nova.api.openstack.wsgi_app [None req-4afb4f93-e6bf-4b58-85d2-fc8a9e3dfd8e None None] instances_path = /opt/stack/data/nova/instances {{(pid=95642) log_opt_values /opt/stack/data/venv/lib/python3.12/site-packages/oslo_config/cfg.py:3242}}
Jun 22 13:58:52.560624 np0000003386 devstack@n-api-meta.service[95642]: DEBUG nova.api.openstack.wsgi_app [None req-4afb4f93-e6bf-4b58-85d2-fc8a9e3dfd8e None None] internal_service_availability_zone = internal {{(pid=95642) log_opt_values /opt/stack/data/venv/lib/python3.12/site-packages/oslo_config/cfg.py:3242}}
Jun 22 13:58:52.560769 np0000003386 devstack@n-api-meta.service[95642]: DEBUG nova.api.openstack.wsgi_app [None req-4afb4f93-e6bf-4b58-85d2-fc8a9e3dfd8e None None] key = None {{(pid=95642) log_opt_values /opt/stack/data/venv/lib/python3.12/site-packages/oslo_config/cfg.py:3242}}
Jun 22 13:58:52.560876 np0000003386 devstack@n-api-meta.service[95642]: DEBUG nova.api.openstack.wsgi_app [None req-4afb4f93-e6bf-4b58-85d2-fc8a9e3dfd8e None None] live_migration_retry_count = 30 {{(pid=95642) log_opt_values /opt/stack/data/venv/lib/python3.12/site-packages/oslo_config/cfg.py:3242}}
Jun 22 13:58:52.561018 np0000003386 devstack@n-api-meta.service[95642]: DEBUG nova.api.openstack.wsgi_app [None req-4afb4f93-e6bf-4b58-85d2-fc8a9e3dfd8e None None] log_color = False {{(pid=95642) log_opt_values /opt/stack/data/venv/lib/python3.12/site-packages/oslo_config/cfg.py:3242}}
Jun 22 13:58:52.561198 np0000003386 devstack@n-api-meta.service[95642]: DEBUG nova.api.openstack.wsgi_app [None req-4afb4f93-e6bf-4b58-85d2-fc8a9e3dfd8e None None] log_config_append = None {{(pid=95642) log_opt_values /opt/stack/data/venv/lib/python3.12/site-packages/oslo_config/cfg.py:3242}}
Jun 22 13:58:52.561345 np0000003386 devstack@n-api-meta.service[95642]: DEBUG nova.api.openstack.wsgi_app [None req-4afb4f93-e6bf-4b58-85d2-fc8a9e3dfd8e None None] log_date_format = %Y-%m-%d %H:%M:%S {{(pid=95642) log_opt_values /opt/stack/data/venv/lib/python3.12/site-packages/oslo_config/cfg.py:3242}}
Jun 22 13:58:52.561479 np0000003386 devstack@n-api-meta.service[95642]: DEBUG nova.api.openstack.wsgi_app [None req-4afb4f93-e6bf-4b58-85d2-fc8a9e3dfd8e None None] log_dir = None {{(pid=95642) log_opt_values /opt/stack/data/venv/lib/python3.12/site-packages/oslo_config/cfg.py:3242}}
Jun 22 13:58:52.561615 np0000003386 devstack@n-api-meta.service[95642]: DEBUG nova.api.openstack.wsgi_app [None req-4afb4f93-e6bf-4b58-85d2-fc8a9e3dfd8e None None] log_file = None {{(pid=95642) log_opt_values /opt/stack/data/venv/lib/python3.12/site-packages/oslo_config/cfg.py:3242}}
Jun 22 13:58:52.561708 np0000003386 devstack@n-api-meta.service[95642]: DEBUG nova.api.openstack.wsgi_app [None req-4afb4f93-e6bf-4b58-85d2-fc8a9e3dfd8e None None] log_options = True {{(pid=95642) log_opt_values /opt/stack/data/venv/lib/python3.12/site-packages/oslo_config/cfg.py:3242}}
Jun 22 13:58:52.561822 np0000003386 devstack@n-api-meta.service[95642]: DEBUG nova.api.openstack.wsgi_app [None req-4afb4f93-e6bf-4b58-85d2-fc8a9e3dfd8e None None] log_rotate_interval = 1 {{(pid=95642) log_opt_values /opt/stack/data/venv/lib/python3.12/site-packages/oslo_config/cfg.py:3242}}
Jun 22 13:58:52.561958 np0000003386 devstack@n-api-meta.service[95642]: DEBUG nova.api.openstack.wsgi_app [None req-4afb4f93-e6bf-4b58-85d2-fc8a9e3dfd8e None None] log_rotate_interval_type = days {{(pid=95642) log_opt_values /opt/stack/data/venv/lib/python3.12/site-packages/oslo_config/cfg.py:3242}}
Jun 22 13:58:52.562104 np0000003386 devstack@n-api-meta.service[95642]: DEBUG nova.api.openstack.wsgi_app [None req-4afb4f93-e6bf-4b58-85d2-fc8a9e3dfd8e None None] log_rotation_type = none {{(pid=95642) log_opt_values /opt/stack/data/venv/lib/python3.12/site-packages/oslo_config/cfg.py:3242}}
Jun 22 13:58:52.562199 np0000003386 devstack@n-api-meta.service[95642]: DEBUG nova.api.openstack.wsgi_app [None req-4afb4f93-e6bf-4b58-85d2-fc8a9e3dfd8e None None] logging_context_format_string = %(color)s%(levelname)s %(name)s [%(global_request_id)s %(request_id)s %(project_name)s %(user_name)s%(color)s] %(instance)s%(color)s%(message)s {{(pid=95642) log_opt_values /opt/stack/data/venv/lib/python3.12/site-packages/oslo_config/cfg.py:3242}}
Jun 22 13:58:52.562241 np0000003386 devstack@n-api-meta.service[95639]: DEBUG dbcounter [-] [95639] Writer thread running {{(pid=95639) stat_writer /opt/stack/data/venv/lib/python3.12/site-packages/dbcounter.py:102}}
Jun 22 13:58:52.562288 np0000003386 devstack@n-api-meta.service[95642]: DEBUG nova.api.openstack.wsgi_app [None req-4afb4f93-e6bf-4b58-85d2-fc8a9e3dfd8e None None] logging_debug_format_suffix = {{(pid=%(process)d) %(funcName)s %(pathname)s:%(lineno)d}} {{(pid=95642) log_opt_values /opt/stack/data/venv/lib/python3.12/site-packages/oslo_config/cfg.py:3242}}
Jun 22 13:58:52.562453 np0000003386 devstack@n-api-meta.service[95642]: DEBUG nova.api.openstack.wsgi_app [None req-4afb4f93-e6bf-4b58-85d2-fc8a9e3dfd8e None None] logging_default_format_string = %(color)s%(levelname)s %(name)s [-%(color)s] %(instance)s%(color)s%(message)s {{(pid=95642) log_opt_values /opt/stack/data/venv/lib/python3.12/site-packages/oslo_config/cfg.py:3242}}
Jun 22 13:58:52.562624 np0000003386 devstack@n-api-meta.service[95642]: DEBUG nova.api.openstack.wsgi_app [None req-4afb4f93-e6bf-4b58-85d2-fc8a9e3dfd8e None None] logging_exception_prefix = ERROR %(name)s %(instance)s {{(pid=95642) log_opt_values /opt/stack/data/venv/lib/python3.12/site-packages/oslo_config/cfg.py:3242}}
Jun 22 13:58:52.562718 np0000003386 devstack@n-api-meta.service[95642]: DEBUG nova.api.openstack.wsgi_app [None req-4afb4f93-e6bf-4b58-85d2-fc8a9e3dfd8e None None] logging_user_identity_format = %(user)s %(project)s %(domain)s %(system_scope)s %(user_domain)s %(project_domain)s {{(pid=95642) log_opt_values /opt/stack/data/venv/lib/python3.12/site-packages/oslo_config/cfg.py:3242}}
Jun 22 13:58:52.562805 np0000003386 devstack@n-api-meta.service[95641]: DEBUG dbcounter [-] [95641] Writer thread running {{(pid=95641) stat_writer /opt/stack/data/venv/lib/python3.12/site-packages/dbcounter.py:102}}
Jun 22 13:58:52.562838 np0000003386 devstack@n-api-meta.service[95642]: DEBUG nova.api.openstack.wsgi_app [None req-4afb4f93-e6bf-4b58-85d2-fc8a9e3dfd8e None None] long_rpc_timeout = 1800 {{(pid=95642) log_opt_values /opt/stack/data/venv/lib/python3.12/site-packages/oslo_config/cfg.py:3242}}
Jun 22 13:58:52.562954 np0000003386 devstack@n-api-meta.service[95642]: DEBUG nova.api.openstack.wsgi_app [None req-4afb4f93-e6bf-4b58-85d2-fc8a9e3dfd8e None None] manager_shutdown_timeout = 160 {{(pid=95642) log_opt_values /opt/stack/data/venv/lib/python3.12/site-packages/oslo_config/cfg.py:3242}}
Jun 22 13:58:52.563089 np0000003386 devstack@n-api-meta.service[95642]: DEBUG nova.api.openstack.wsgi_app [None req-4afb4f93-e6bf-4b58-85d2-fc8a9e3dfd8e None None] max_concurrent_builds = 10 {{(pid=95642) log_opt_values /opt/stack/data/venv/lib/python3.12/site-packages/oslo_config/cfg.py:3242}}
Jun 22 13:58:52.563218 np0000003386 devstack@n-api-meta.service[95642]: DEBUG nova.api.openstack.wsgi_app [None req-4afb4f93-e6bf-4b58-85d2-fc8a9e3dfd8e None None] max_concurrent_live_migrations = 1 {{(pid=95642) log_opt_values /opt/stack/data/venv/lib/python3.12/site-packages/oslo_config/cfg.py:3242}}
Jun 22 13:58:52.563331 np0000003386 devstack@n-api-meta.service[95642]: DEBUG nova.api.openstack.wsgi_app [None req-4afb4f93-e6bf-4b58-85d2-fc8a9e3dfd8e None None] max_concurrent_snapshots = 5 {{(pid=95642) log_opt_values /opt/stack/data/venv/lib/python3.12/site-packages/oslo_config/cfg.py:3242}}
Jun 22 13:58:52.563462 np0000003386 devstack@n-api-meta.service[95642]: DEBUG nova.api.openstack.wsgi_app [None req-4afb4f93-e6bf-4b58-85d2-fc8a9e3dfd8e None None] max_local_block_devices = 3 {{(pid=95642) log_opt_values /opt/stack/data/venv/lib/python3.12/site-packages/oslo_config/cfg.py:3242}}
