Jun 22 13:58:52.031200 np0000003386 nova-scheduler[96217]: DEBUG cotyledon.oslo_config_glue [-] profiler.es_scroll_time = 2m {{(pid=96217) log_opt_values /opt/stack/data/venv/lib/python3.12/site-packages/oslo_config/cfg.py:3253}}
Jun 22 13:58:52.031200 np0000003386 nova-scheduler[96217]: DEBUG cotyledon.oslo_config_glue [-] profiler.filter_error_trace = False {{(pid=96217) log_opt_values /opt/stack/data/venv/lib/python3.12/site-packages/oslo_config/cfg.py:3253}}
Jun 22 13:58:52.031200 np0000003386 nova-scheduler[96217]: DEBUG cotyledon.oslo_config_glue [-] profiler.hmac_keys = **** {{(pid=96217) log_opt_values /opt/stack/data/venv/lib/python3.12/site-packages/oslo_config/cfg.py:3253}}
Jun 22 13:58:52.031200 np0000003386 nova-scheduler[96217]: DEBUG cotyledon.oslo_config_glue [-] profiler.sentinel_service_name = mymaster {{(pid=96217) log_opt_values /opt/stack/data/venv/lib/python3.12/site-packages/oslo_config/cfg.py:3253}}
Jun 22 13:58:52.031200 np0000003386 nova-scheduler[96217]: DEBUG cotyledon.oslo_config_glue [-] profiler.socket_timeout = 0.1 {{(pid=96217) log_opt_values /opt/stack/data/venv/lib/python3.12/site-packages/oslo_config/cfg.py:3253}}
Jun 22 13:58:52.031200 np0000003386 nova-scheduler[96217]: DEBUG cotyledon.oslo_config_glue [-] profiler.trace_requests = False {{(pid=96217) log_opt_values /opt/stack/data/venv/lib/python3.12/site-packages/oslo_config/cfg.py:3253}}
Jun 22 13:58:52.031482 np0000003386 nova-scheduler[96217]: DEBUG cotyledon.oslo_config_glue [-] profiler.trace_sqlalchemy = False {{(pid=96217) log_opt_values /opt/stack/data/venv/lib/python3.12/site-packages/oslo_config/cfg.py:3253}}
Jun 22 13:58:52.031482 np0000003386 nova-scheduler[96217]: DEBUG cotyledon.oslo_config_glue [-] profiler_jaeger.process_tags = {} {{(pid=96217) log_opt_values /opt/stack/data/venv/lib/python3.12/site-packages/oslo_config/cfg.py:3253}}
Jun 22 13:58:52.031482 np0000003386 nova-scheduler[96217]: DEBUG cotyledon.oslo_config_glue [-] profiler_jaeger.service_name_prefix = None {{(pid=96217) log_opt_values /opt/stack/data/venv/lib/python3.12/site-packages/oslo_config/cfg.py:3253}}
Jun 22 13:58:52.031482 np0000003386 nova-scheduler[96217]: DEBUG cotyledon.oslo_config_glue [-] profiler_otlp.service_name_prefix = None {{(pid=96217) log_opt_values /opt/stack/data/venv/lib/python3.12/site-packages/oslo_config/cfg.py:3253}}
Jun 22 13:58:52.031482 np0000003386 nova-scheduler[96217]: DEBUG cotyledon.oslo_config_glue [-] oslo_messaging_rabbit.amqp_auto_delete = False {{(pid=96217) log_opt_values /opt/stack/data/venv/lib/python3.12/site-packages/oslo_config/cfg.py:3253}}
Jun 22 13:58:52.031482 np0000003386 nova-scheduler[96217]: DEBUG cotyledon.oslo_config_glue [-] oslo_messaging_rabbit.amqp_durable_queues = False {{(pid=96217) log_opt_values /opt/stack/data/venv/lib/python3.12/site-packages/oslo_config/cfg.py:3253}}
Jun 22 13:58:52.031482 np0000003386 nova-scheduler[96217]: DEBUG cotyledon.oslo_config_glue [-] oslo_messaging_rabbit.conn_pool_min_size = 2 {{(pid=96217) log_opt_values /opt/stack/data/venv/lib/python3.12/site-packages/oslo_config/cfg.py:3253}}
Jun 22 13:58:52.031482 np0000003386 nova-scheduler[96217]: DEBUG cotyledon.oslo_config_glue [-] oslo_messaging_rabbit.conn_pool_ttl = 1200 {{(pid=96217) log_opt_values /opt/stack/data/venv/lib/python3.12/site-packages/oslo_config/cfg.py:3253}}
Jun 22 13:58:52.031482 np0000003386 nova-scheduler[96217]: DEBUG cotyledon.oslo_config_glue [-] oslo_messaging_rabbit.direct_mandatory_flag = True {{(pid=96217) log_opt_values /opt/stack/data/venv/lib/python3.12/site-packages/oslo_config/cfg.py:3253}}
Jun 22 13:58:52.031729 np0000003386 nova-scheduler[96217]: DEBUG cotyledon.oslo_config_glue [-] oslo_messaging_rabbit.enable_cancel_on_failover = False {{(pid=96217) log_opt_values /opt/stack/data/venv/lib/python3.12/site-packages/oslo_config/cfg.py:3253}}
Jun 22 13:58:52.031729 np0000003386 nova-scheduler[96217]: DEBUG cotyledon.oslo_config_glue [-] oslo_messaging_rabbit.heartbeat_rate = 3 {{(pid=96217) log_opt_values /opt/stack/data/venv/lib/python3.12/site-packages/oslo_config/cfg.py:3253}}
Jun 22 13:58:52.031729 np0000003386 nova-scheduler[96217]: DEBUG cotyledon.oslo_config_glue [-] oslo_messaging_rabbit.heartbeat_timeout_threshold = 60 {{(pid=96217) log_opt_values /opt/stack/data/venv/lib/python3.12/site-packages/oslo_config/cfg.py:3253}}
Jun 22 13:58:52.031729 np0000003386 nova-scheduler[96217]: DEBUG cotyledon.oslo_config_glue [-] oslo_messaging_rabbit.hostname = np0000003386 {{(pid=96217) log_opt_values /opt/stack/data/venv/lib/python3.12/site-packages/oslo_config/cfg.py:3253}}
Jun 22 13:58:52.031729 np0000003386 nova-scheduler[96217]: DEBUG cotyledon.oslo_config_glue [-] oslo_messaging_rabbit.kombu_compression = None {{(pid=96217) log_opt_values /opt/stack/data/venv/lib/python3.12/site-packages/oslo_config/cfg.py:3253}}
Jun 22 13:58:52.031729 np0000003386 nova-scheduler[96217]: DEBUG cotyledon.oslo_config_glue [-] oslo_messaging_rabbit.kombu_failover_strategy = round-robin {{(pid=96217) log_opt_values /opt/stack/data/venv/lib/python3.12/site-packages/oslo_config/cfg.py:3253}}
Jun 22 13:58:52.031729 np0000003386 nova-scheduler[96217]: DEBUG cotyledon.oslo_config_glue [-] oslo_messaging_rabbit.kombu_missing_consumer_retry_timeout = 60 {{(pid=96217) log_opt_values /opt/stack/data/venv/lib/python3.12/site-packages/oslo_config/cfg.py:3253}}
Jun 22 13:58:52.031729 np0000003386 nova-scheduler[96217]: DEBUG cotyledon.oslo_config_glue [-] oslo_messaging_rabbit.kombu_reconnect_delay = 1.0 {{(pid=96217) log_opt_values /opt/stack/data/venv/lib/python3.12/site-packages/oslo_config/cfg.py:3253}}
Jun 22 13:58:52.031729 np0000003386 nova-scheduler[96217]: DEBUG cotyledon.oslo_config_glue [-] oslo_messaging_rabbit.kombu_reconnect_splay = 0.0 {{(pid=96217) log_opt_values /opt/stack/data/venv/lib/python3.12/site-packages/oslo_config/cfg.py:3253}}
Jun 22 13:58:52.031936 np0000003386 nova-scheduler[96217]: DEBUG cotyledon.oslo_config_glue [-] oslo_messaging_rabbit.processname = nova-scheduler {{(pid=96217) log_opt_values /opt/stack/data/venv/lib/python3.12/site-packages/oslo_config/cfg.py:3253}}
Jun 22 13:58:52.031936 np0000003386 nova-scheduler[96217]: DEBUG cotyledon.oslo_config_glue [-] oslo_messaging_rabbit.rabbit_ha_queues = False {{(pid=96217) log_opt_values /opt/stack/data/venv/lib/python3.12/site-packages/oslo_config/cfg.py:3253}}
Jun 22 13:58:52.031936 np0000003386 nova-scheduler[96217]: DEBUG cotyledon.oslo_config_glue [-] oslo_messaging_rabbit.rabbit_interval_max = 30 {{(pid=96217) log_opt_values /opt/stack/data/venv/lib/python3.12/site-packages/oslo_config/cfg.py:3253}}
Jun 22 13:58:52.031936 np0000003386 nova-scheduler[96217]: DEBUG cotyledon.oslo_config_glue [-] oslo_messaging_rabbit.rabbit_login_method = AMQPLAIN {{(pid=96217) log_opt_values /opt/stack/data/venv/lib/python3.12/site-packages/oslo_config/cfg.py:3253}}
Jun 22 13:58:52.031936 np0000003386 nova-scheduler[96217]: DEBUG cotyledon.oslo_config_glue [-] oslo_messaging_rabbit.rabbit_qos_prefetch_count = 0 {{(pid=96217) log_opt_values /opt/stack/data/venv/lib/python3.12/site-packages/oslo_config/cfg.py:3253}}
Jun 22 13:58:52.031936 np0000003386 nova-scheduler[96217]: DEBUG cotyledon.oslo_config_glue [-] oslo_messaging_rabbit.rabbit_quorum_delivery_limit = 0 {{(pid=96217) log_opt_values /opt/stack/data/venv/lib/python3.12/site-packages/oslo_config/cfg.py:3253}}
Jun 22 13:58:52.031936 np0000003386 nova-scheduler[96217]: DEBUG cotyledon.oslo_config_glue [-] oslo_messaging_rabbit.rabbit_quorum_max_memory_bytes = 0 {{(pid=96217) log_opt_values /opt/stack/data/venv/lib/python3.12/site-packages/oslo_config/cfg.py:3253}}
Jun 22 13:58:52.031936 np0000003386 nova-scheduler[96217]: DEBUG cotyledon.oslo_config_glue [-] oslo_messaging_rabbit.rabbit_quorum_max_memory_length = 0 {{(pid=96217) log_opt_values /opt/stack/data/venv/lib/python3.12/site-packages/oslo_config/cfg.py:3253}}
Jun 22 13:58:52.031936 np0000003386 nova-scheduler[96217]: DEBUG cotyledon.oslo_config_glue [-] oslo_messaging_rabbit.rabbit_quorum_queue = False {{(pid=96217) log_opt_values /opt/stack/data/venv/lib/python3.12/site-packages/oslo_config/cfg.py:3253}}
Jun 22 13:58:52.032134 np0000003386 nova-scheduler[96217]: DEBUG cotyledon.oslo_config_glue [-] oslo_messaging_rabbit.rabbit_retry_backoff = 2 {{(pid=96217) log_opt_values /opt/stack/data/venv/lib/python3.12/site-packages/oslo_config/cfg.py:3253}}
Jun 22 13:58:52.032134 np0000003386 nova-scheduler[96217]: DEBUG cotyledon.oslo_config_glue [-] oslo_messaging_rabbit.rabbit_retry_interval = 1 {{(pid=96217) log_opt_values /opt/stack/data/venv/lib/python3.12/site-packages/oslo_config/cfg.py:3253}}
Jun 22 13:58:52.032134 np0000003386 nova-scheduler[96217]: DEBUG cotyledon.oslo_config_glue [-] oslo_messaging_rabbit.rabbit_stream_fanout = False {{(pid=96217) log_opt_values /opt/stack/data/venv/lib/python3.12/site-packages/oslo_config/cfg.py:3253}}
Jun 22 13:58:52.032134 np0000003386 nova-scheduler[96217]: DEBUG cotyledon.oslo_config_glue [-] oslo_messaging_rabbit.rabbit_transient_queues_ttl = 1800 {{(pid=96217) log_opt_values /opt/stack/data/venv/lib/python3.12/site-packages/oslo_config/cfg.py:3253}}
Jun 22 13:58:52.032134 np0000003386 nova-scheduler[96217]: DEBUG cotyledon.oslo_config_glue [-] oslo_messaging_rabbit.rabbit_transient_quorum_queue = False {{(pid=96217) log_opt_values /opt/stack/data/venv/lib/python3.12/site-packages/oslo_config/cfg.py:3253}}
Jun 22 13:58:52.032134 np0000003386 nova-scheduler[96217]: DEBUG cotyledon.oslo_config_glue [-] oslo_messaging_rabbit.rpc_conn_pool_size = 30 {{(pid=96217) log_opt_values /opt/stack/data/venv/lib/python3.12/site-packages/oslo_config/cfg.py:3253}}
Jun 22 13:58:52.032134 np0000003386 nova-scheduler[96217]: DEBUG cotyledon.oslo_config_glue [-] oslo_messaging_rabbit.ssl = False {{(pid=96217) log_opt_values /opt/stack/data/venv/lib/python3.12/site-packages/oslo_config/cfg.py:3253}}
Jun 22 13:58:52.032134 np0000003386 nova-scheduler[96217]: DEBUG cotyledon.oslo_config_glue [-] oslo_messaging_rabbit.ssl_ca_file = {{(pid=96217) log_opt_values /opt/stack/data/venv/lib/python3.12/site-packages/oslo_config/cfg.py:3253}}
Jun 22 13:58:52.032134 np0000003386 nova-scheduler[96217]: DEBUG cotyledon.oslo_config_glue [-] oslo_messaging_rabbit.ssl_cert_file = {{(pid=96217) log_opt_values /opt/stack/data/venv/lib/python3.12/site-packages/oslo_config/cfg.py:3253}}
Jun 22 13:58:52.032324 np0000003386 nova-scheduler[96217]: DEBUG cotyledon.oslo_config_glue [-] oslo_messaging_rabbit.ssl_enforce_fips_mode = False {{(pid=96217) log_opt_values /opt/stack/data/venv/lib/python3.12/site-packages/oslo_config/cfg.py:3253}}
Jun 22 13:58:52.032324 np0000003386 nova-scheduler[96217]: DEBUG cotyledon.oslo_config_glue [-] oslo_messaging_rabbit.ssl_enforce_hostname_verification = True {{(pid=96217) log_opt_values /opt/stack/data/venv/lib/python3.12/site-packages/oslo_config/cfg.py:3253}}
Jun 22 13:58:52.032324 np0000003386 nova-scheduler[96217]: DEBUG cotyledon.oslo_config_glue [-] oslo_messaging_rabbit.ssl_key_file = {{(pid=96217) log_opt_values /opt/stack/data/venv/lib/python3.12/site-packages/oslo_config/cfg.py:3253}}
Jun 22 13:58:52.032324 np0000003386 nova-scheduler[96217]: DEBUG cotyledon.oslo_config_glue [-] oslo_messaging_rabbit.ssl_version = {{(pid=96217) log_opt_values /opt/stack/data/venv/lib/python3.12/site-packages/oslo_config/cfg.py:3253}}
Jun 22 13:58:52.032324 np0000003386 nova-scheduler[96217]: DEBUG cotyledon.oslo_config_glue [-] oslo_messaging_rabbit.use_queue_manager = False {{(pid=96217) log_opt_values /opt/stack/data/venv/lib/python3.12/site-packages/oslo_config/cfg.py:3253}}
Jun 22 13:58:52.032324 np0000003386 nova-scheduler[96217]: DEBUG cotyledon.oslo_config_glue [-] oslo_messaging_notifications.driver = ['messagingv2'] {{(pid=96217) log_opt_values /opt/stack/data/venv/lib/python3.12/site-packages/oslo_config/cfg.py:3253}}
Jun 22 13:58:52.032324 np0000003386 nova-scheduler[96217]: DEBUG cotyledon.oslo_config_glue [-] oslo_messaging_notifications.retry = -1 {{(pid=96217) log_opt_values /opt/stack/data/venv/lib/python3.12/site-packages/oslo_config/cfg.py:3253}}
Jun 22 13:58:52.032324 np0000003386 nova-scheduler[96217]: DEBUG cotyledon.oslo_config_glue [-] oslo_messaging_notifications.topics = ['notifications'] {{(pid=96217) log_opt_values /opt/stack/data/venv/lib/python3.12/site-packages/oslo_config/cfg.py:3253}}
Jun 22 13:58:52.032324 np0000003386 nova-scheduler[96217]: DEBUG cotyledon.oslo_config_glue [-] oslo_messaging_notifications.transport_url = **** {{(pid=96217) log_opt_values /opt/stack/data/venv/lib/python3.12/site-packages/oslo_config/cfg.py:3253}}
Jun 22 13:58:52.032560 np0000003386 nova-scheduler[96217]: DEBUG cotyledon.oslo_config_glue [-] oslo_limit.auth_section = None {{(pid=96217) log_opt_values /opt/stack/data/venv/lib/python3.12/site-packages/oslo_config/cfg.py:3253}}
Jun 22 13:58:52.032560 np0000003386 nova-scheduler[96217]: DEBUG cotyledon.oslo_config_glue [-] oslo_limit.auth_type = None {{(pid=96217) log_opt_values /opt/stack/data/venv/lib/python3.12/site-packages/oslo_config/cfg.py:3253}}
Jun 22 13:58:52.032560 np0000003386 nova-scheduler[96217]: DEBUG cotyledon.oslo_config_glue [-] oslo_limit.cafile = None {{(pid=96217) log_opt_values /opt/stack/data/venv/lib/python3.12/site-packages/oslo_config/cfg.py:3253}}
Jun 22 13:58:52.032560 np0000003386 nova-scheduler[96217]: DEBUG cotyledon.oslo_config_glue [-] oslo_limit.certfile = None {{(pid=96217) log_opt_values /opt/stack/data/venv/lib/python3.12/site-packages/oslo_config/cfg.py:3253}}
Jun 22 13:58:52.032560 np0000003386 nova-scheduler[96217]: DEBUG cotyledon.oslo_config_glue [-] oslo_limit.collect_timing = False {{(pid=96217) log_opt_values /opt/stack/data/venv/lib/python3.12/site-packages/oslo_config/cfg.py:3253}}
Jun 22 13:58:52.032560 np0000003386 nova-scheduler[96217]: DEBUG cotyledon.oslo_config_glue [-] oslo_limit.connect_retries = None {{(pid=96217) log_opt_values /opt/stack/data/venv/lib/python3.12/site-packages/oslo_config/cfg.py:3253}}
Jun 22 13:58:52.032560 np0000003386 nova-scheduler[96217]: DEBUG cotyledon.oslo_config_glue [-] oslo_limit.connect_retry_delay = None {{(pid=96217) log_opt_values /opt/stack/data/venv/lib/python3.12/site-packages/oslo_config/cfg.py:3253}}
Jun 22 13:58:52.032560 np0000003386 nova-scheduler[96217]: DEBUG cotyledon.oslo_config_glue [-] oslo_limit.endpoint_id = None {{(pid=96217) log_opt_values /opt/stack/data/venv/lib/python3.12/site-packages/oslo_config/cfg.py:3253}}
Jun 22 13:58:52.032560 np0000003386 nova-scheduler[96217]: DEBUG cotyledon.oslo_config_glue [-] oslo_limit.endpoint_interface = public {{(pid=96217) log_opt_values /opt/stack/data/venv/lib/python3.12/site-packages/oslo_config/cfg.py:3253}}
Jun 22 13:58:52.034162 np0000003386 nova-scheduler[96217]: DEBUG cotyledon.oslo_config_glue [-] oslo_limit.endpoint_override = None {{(pid=96217) log_opt_values /opt/stack/data/venv/lib/python3.12/site-packages/oslo_config/cfg.py:3253}}
Jun 22 13:58:52.034162 np0000003386 nova-scheduler[96217]: DEBUG cotyledon.oslo_config_glue [-] oslo_limit.endpoint_region_name = None {{(pid=96217) log_opt_values /opt/stack/data/venv/lib/python3.12/site-packages/oslo_config/cfg.py:3253}}
Jun 22 13:58:52.034162 np0000003386 nova-scheduler[96217]: DEBUG cotyledon.oslo_config_glue [-] oslo_limit.endpoint_service_name = None {{(pid=96217) log_opt_values /opt/stack/data/venv/lib/python3.12/site-packages/oslo_config/cfg.py:3253}}
Jun 22 13:58:52.034162 np0000003386 nova-scheduler[96217]: DEBUG cotyledon.oslo_config_glue [-] oslo_limit.endpoint_service_type = None {{(pid=96217) log_opt_values /opt/stack/data/venv/lib/python3.12/site-packages/oslo_config/cfg.py:3253}}
Jun 22 13:58:52.034162 np0000003386 nova-scheduler[96217]: DEBUG cotyledon.oslo_config_glue [-] oslo_limit.insecure = False {{(pid=96217) log_opt_values /opt/stack/data/venv/lib/python3.12/site-packages/oslo_config/cfg.py:3253}}
Jun 22 13:58:52.034162 np0000003386 nova-scheduler[96217]: DEBUG cotyledon.oslo_config_glue [-] oslo_limit.keyfile = None {{(pid=96217) log_opt_values /opt/stack/data/venv/lib/python3.12/site-packages/oslo_config/cfg.py:3253}}
Jun 22 13:58:52.034162 np0000003386 nova-scheduler[96217]: DEBUG cotyledon.oslo_config_glue [-] oslo_limit.max_version = None {{(pid=96217) log_opt_values /opt/stack/data/venv/lib/python3.12/site-packages/oslo_config/cfg.py:3253}}
Jun 22 13:58:52.034162 np0000003386 nova-scheduler[96217]: DEBUG cotyledon.oslo_config_glue [-] oslo_limit.min_version = None {{(pid=96217) log_opt_values /opt/stack/data/venv/lib/python3.12/site-packages/oslo_config/cfg.py:3253}}
Jun 22 13:58:52.034162 np0000003386 nova-scheduler[96217]: DEBUG cotyledon.oslo_config_glue [-] oslo_limit.region_name = None {{(pid=96217) log_opt_values /opt/stack/data/venv/lib/python3.12/site-packages/oslo_config/cfg.py:3253}}
Jun 22 13:58:52.034454 np0000003386 nova-scheduler[96217]: DEBUG cotyledon.oslo_config_glue [-] oslo_limit.retriable_status_codes = None {{(pid=96217) log_opt_values /opt/stack/data/venv/lib/python3.12/site-packages/oslo_config/cfg.py:3253}}
Jun 22 13:58:52.034454 np0000003386 nova-scheduler[96217]: DEBUG cotyledon.oslo_config_glue [-] oslo_limit.service_name = None {{(pid=96217) log_opt_values /opt/stack/data/venv/lib/python3.12/site-packages/oslo_config/cfg.py:3253}}
Jun 22 13:58:52.034454 np0000003386 nova-scheduler[96217]: DEBUG cotyledon.oslo_config_glue [-] oslo_limit.service_type = None {{(pid=96217) log_opt_values /opt/stack/data/venv/lib/python3.12/site-packages/oslo_config/cfg.py:3253}}
Jun 22 13:58:52.034573 np0000003386 nova-scheduler[96215]: INFO dbcounter [None req-0f94982d-8f69-4f59-b812-2819ea3dc9e1 None None] Registered counter for database nova_cell0
Jun 22 13:58:52.034611 np0000003386 nova-scheduler[96217]: DEBUG cotyledon.oslo_config_glue [-] oslo_limit.split_loggers = False {{(pid=96217) log_opt_values /opt/stack/data/venv/lib/python3.12/site-packages/oslo_config/cfg.py:3253}}
Jun 22 13:58:52.034611 np0000003386 nova-scheduler[96217]: DEBUG cotyledon.oslo_config_glue [-] oslo_limit.status_code_retries = None {{(pid=96217) log_opt_values /opt/stack/data/venv/lib/python3.12/site-packages/oslo_config/cfg.py:3253}}
Jun 22 13:58:52.034611 np0000003386 nova-scheduler[96217]: DEBUG cotyledon.oslo_config_glue [-] oslo_limit.status_code_retry_delay = None {{(pid=96217) log_opt_values /opt/stack/data/venv/lib/python3.12/site-packages/oslo_config/cfg.py:3253}}
Jun 22 13:58:52.034611 np0000003386 nova-scheduler[96217]: DEBUG cotyledon.oslo_config_glue [-] oslo_limit.timeout = None {{(pid=96217) log_opt_values /opt/stack/data/venv/lib/python3.12/site-packages/oslo_config/cfg.py:3253}}
Jun 22 13:58:52.034611 np0000003386 nova-scheduler[96217]: DEBUG cotyledon.oslo_config_glue [-] oslo_limit.valid_interfaces = None {{(pid=96217) log_opt_values /opt/stack/data/venv/lib/python3.12/site-packages/oslo_config/cfg.py:3253}}
Jun 22 13:58:52.034611 np0000003386 nova-scheduler[96217]: DEBUG cotyledon.oslo_config_glue [-] oslo_limit.version = None {{(pid=96217) log_opt_values /opt/stack/data/venv/lib/python3.12/site-packages/oslo_config/cfg.py:3253}}
Jun 22 13:58:52.034611 np0000003386 nova-scheduler[96217]: DEBUG cotyledon.oslo_config_glue [-] oslo_reports.file_event_handler = None {{(pid=96217) log_opt_values /opt/stack/data/venv/lib/python3.12/site-packages/oslo_config/cfg.py:3253}}
Jun 22 13:58:52.034611 np0000003386 nova-scheduler[96217]: DEBUG cotyledon.oslo_config_glue [-] oslo_reports.file_event_handler_interval = 1 {{(pid=96217) log_opt_values /opt/stack/data/venv/lib/python3.12/site-packages/oslo_config/cfg.py:3253}}
Jun 22 13:58:52.034611 np0000003386 nova-scheduler[96217]: DEBUG cotyledon.oslo_config_glue [-] oslo_reports.log_dir = None {{(pid=96217) log_opt_values /opt/stack/data/venv/lib/python3.12/site-packages/oslo_config/cfg.py:3253}}
Jun 22 13:58:52.034866 np0000003386 nova-scheduler[96217]: DEBUG cotyledon.oslo_config_glue [-] ******************************************************************************** {{(pid=96217) log_opt_values /opt/stack/data/venv/lib/python3.12/site-packages/oslo_config/cfg.py:3260}}
Jun 22 13:58:52.034866 np0000003386 nova-scheduler[96217]: DEBUG cotyledon._service_worker [-] Run service ServiceWrapper(3) [96217] {{(pid=96217) wait_forever /opt/stack/data/venv/lib/python3.12/site-packages/cotyledon/_service_worker.py:218}}
Jun 22 13:58:52.034866 np0000003386 nova-scheduler[96217]: INFO nova.service [-] Starting scheduler node (version 33.1.0)
Jun 22 13:58:52.034866 np0000003386 nova-scheduler[96217]: INFO dbcounter [None req-6bcbdcca-329c-4600-bfba-eb979df04d20 None None] Registered counter for database nova_cell0
Jun 22 13:58:52.034981 np0000003386 nova-scheduler[96213]: DEBUG oslo_db.sqlalchemy.engines [None req-341af91b-1414-4b83-a8ce-edc52e48cb30 None None] MySQL server mode set to STRICT_TRANS_TABLES,STRICT_ALL_TABLES,NO_ZERO_IN_DATE,NO_ZERO_DATE,ERROR_FOR_DIVISION_BY_ZERO,TRADITIONAL,NO_ENGINE_SUBSTITUTION {{(pid=96213) _check_effective_sql_mode /opt/stack/data/venv/lib/python3.12/site-packages/oslo_db/sqlalchemy/engines.py:325}}
Jun 22 13:58:52.034981 np0000003386 nova-scheduler[96213]: DEBUG dbcounter [-] [96213] Writer thread running {{(pid=96213) stat_writer /opt/stack/data/venv/lib/python3.12/site-packages/dbcounter.py:102}}
Jun 22 13:58:52.035053 np0000003386 nova-scheduler[96211]: DEBUG oslo_db.sqlalchemy.engines [None req-83f839de-780c-4d72-9976-987f6e2bb9d2 None None] MySQL server mode set to STRICT_TRANS_TABLES,STRICT_ALL_TABLES,NO_ZERO_IN_DATE,NO_ZERO_DATE,ERROR_FOR_DIVISION_BY_ZERO,TRADITIONAL,NO_ENGINE_SUBSTITUTION {{(pid=96211) _check_effective_sql_mode /opt/stack/data/venv/lib/python3.12/site-packages/oslo_db/sqlalchemy/engines.py:325}}
Jun 22 13:58:52.035053 np0000003386 nova-scheduler[96211]: DEBUG dbcounter [-] [96211] Writer thread running {{(pid=96211) stat_writer /opt/stack/data/venv/lib/python3.12/site-packages/dbcounter.py:102}}
Jun 22 13:58:52.035124 np0000003386 nova-scheduler[96215]: DEBUG oslo_db.sqlalchemy.engines [None req-0f94982d-8f69-4f59-b812-2819ea3dc9e1 None None] MySQL server mode set to STRICT_TRANS_TABLES,STRICT_ALL_TABLES,NO_ZERO_IN_DATE,NO_ZERO_DATE,ERROR_FOR_DIVISION_BY_ZERO,TRADITIONAL,NO_ENGINE_SUBSTITUTION {{(pid=96215) _check_effective_sql_mode /opt/stack/data/venv/lib/python3.12/site-packages/oslo_db/sqlalchemy/engines.py:325}}
Jun 22 13:58:52.036386 np0000003386 nova-scheduler[96213]: DEBUG nova.service [None req-341af91b-1414-4b83-a8ce-edc52e48cb30 None None] Creating RPC server for service: nova-scheduler on topic: scheduler {{(pid=96213) start /opt/stack/nova/nova/service.py:196}}
Jun 22 13:58:52.036501 np0000003386 nova-scheduler[96215]: DEBUG dbcounter [-] [96215] Writer thread running {{(pid=96215) stat_writer /opt/stack/data/venv/lib/python3.12/site-packages/dbcounter.py:102}}
Jun 22 13:58:52.041743 np0000003386 nova-scheduler[96215]: DEBUG nova.service [None req-0f94982d-8f69-4f59-b812-2819ea3dc9e1 None None] Creating RPC server for service: nova-scheduler on topic: scheduler {{(pid=96215) start /opt/stack/nova/nova/service.py:196}}
Jun 22 13:58:52.044097 np0000003386 nova-scheduler[96217]: DEBUG oslo_db.sqlalchemy.engines [None req-6bcbdcca-329c-4600-bfba-eb979df04d20 None None] MySQL server mode set to STRICT_TRANS_TABLES,STRICT_ALL_TABLES,NO_ZERO_IN_DATE,NO_ZERO_DATE,ERROR_FOR_DIVISION_BY_ZERO,TRADITIONAL,NO_ENGINE_SUBSTITUTION {{(pid=96217) _check_effective_sql_mode /opt/stack/data/venv/lib/python3.12/site-packages/oslo_db/sqlalchemy/engines.py:325}}
Jun 22 13:58:52.044405 np0000003386 nova-scheduler[96211]: DEBUG nova.service [None req-83f839de-780c-4d72-9976-987f6e2bb9d2 None None] Creating RPC server for service: nova-scheduler on topic: scheduler {{(pid=96211) start /opt/stack/nova/nova/service.py:196}}
Jun 22 13:58:52.063401 np0000003386 nova-scheduler[96217]: DEBUG dbcounter [-] [96217] Writer thread running {{(pid=96217) stat_writer /opt/stack/data/venv/lib/python3.12/site-packages/dbcounter.py:102}}
Jun 22 13:58:52.066959 np0000003386 nova-scheduler[96217]: DEBUG nova.service [None req-6bcbdcca-329c-4600-bfba-eb979df04d20 None None] Creating RPC server for service: nova-scheduler on topic: scheduler {{(pid=96217) start /opt/stack/nova/nova/service.py:196}}
Jun 22 13:58:52.073473 np0000003386 nova-scheduler[96213]: DEBUG nova.service [None req-341af91b-1414-4b83-a8ce-edc52e48cb30 None None] Join ServiceGroup membership for this service scheduler {{(pid=96213) start /opt/stack/nova/nova/service.py:222}}
Jun 22 13:58:52.074274 np0000003386 nova-scheduler[96213]: DEBUG nova.servicegroup.drivers.db [None req-341af91b-1414-4b83-a8ce-edc52e48cb30 None None] DB_Driver: join new ServiceGroup member np0000003386 to the scheduler group, service = {{(pid=96213) join /opt/stack/nova/nova/servicegroup/drivers/db.py:44}}
Jun 22 13:58:52.074367 np0000003386 nova-scheduler[96215]: DEBUG nova.service [None req-0f94982d-8f69-4f59-b812-2819ea3dc9e1 None None] Join ServiceGroup membership for this service scheduler {{(pid=96215) start /opt/stack/nova/nova/service.py:222}}
Jun 22 13:58:52.074367 np0000003386 nova-scheduler[96215]: DEBUG nova.servicegroup.drivers.db [None req-0f94982d-8f69-4f59-b812-2819ea3dc9e1 None None] DB_Driver: join new ServiceGroup member np0000003386 to the scheduler group, service = {{(pid=96215) join /opt/stack/nova/nova/servicegroup/drivers/db.py:44}}
Jun 22 13:58:52.080796 np0000003386 nova-scheduler[96211]: DEBUG nova.service [None req-83f839de-780c-4d72-9976-987f6e2bb9d2 None None] Join ServiceGroup membership for this service scheduler {{(pid=96211) start /opt/stack/nova/nova/service.py:222}}
Jun 22 13:58:52.081107 np0000003386 nova-scheduler[96211]: DEBUG nova.servicegroup.drivers.db [None req-83f839de-780c-4d72-9976-987f6e2bb9d2 None None] DB_Driver: join new ServiceGroup member np0000003386 to the scheduler group, service = {{(pid=96211) join /opt/stack/nova/nova/servicegroup/drivers/db.py:44}}
Jun 22 13:58:52.085311 np0000003386 nova-scheduler[96217]: DEBUG nova.service [None req-6bcbdcca-329c-4600-bfba-eb979df04d20 None None] Join ServiceGroup membership for this service scheduler {{(pid=96217) start /opt/stack/nova/nova/service.py:222}}
Jun 22 13:58:52.085500 np0000003386 nova-scheduler[96217]: DEBUG nova.servicegroup.drivers.db [None req-6bcbdcca-329c-4600-bfba-eb979df04d20 None None] DB_Driver: join new ServiceGroup member np0000003386 to the scheduler group, service = {{(pid=96217) join /opt/stack/nova/nova/servicegroup/drivers/db.py:44}}
Jun 22 13:58:57.093525 np0000003386 nova-scheduler[96213]: DEBUG oslo.service.backend._threading.loopingcall [-] Fixed interval looping call 'nova.servicegroup.drivers.db.DbDriver._report_state' sleeping for 119.98 seconds {{(pid=96213) _run_loop /opt/stack/data/venv/lib/python3.12/site-packages/oslo_service/backend/_threading/loopingcall.py:125}}
Jun 22 13:58:57.094265 np0000003386 nova-scheduler[96215]: DEBUG oslo.service.backend._threading.loopingcall [-] Fixed interval looping call 'nova.servicegroup.drivers.db.DbDriver._report_state' sleeping for 119.98 seconds {{(pid=96215) _run_loop /opt/stack/data/venv/lib/python3.12/site-packages/oslo_service/backend/_threading/loopingcall.py:125}}
Jun 22 13:58:57.094747 np0000003386 nova-scheduler[96211]: DEBUG oslo.service.backend._threading.loopingcall [-] Fixed interval looping call 'nova.servicegroup.drivers.db.DbDriver._report_state' sleeping for 119.99 seconds {{(pid=96211) _run_loop /opt/stack/data/venv/lib/python3.12/site-packages/oslo_service/backend/_threading/loopingcall.py:125}}
Jun 22 13:58:57.095468 np0000003386 nova-scheduler[96217]: DEBUG oslo.service.backend._threading.loopingcall [-] Fixed interval looping call 'nova.servicegroup.drivers.db.DbDriver._report_state' sleeping for 119.99 seconds {{(pid=96217) _run_loop /opt/stack/data/venv/lib/python3.12/site-packages/oslo_service/backend/_threading/loopingcall.py:125}}
Jun 22 13:59:00.624710 np0000003386 nova-scheduler[95019]: DEBUG dbcounter [-] [95019] Writing DB stats nova_api:SELECT=3 {{(pid=95019) stat_writer /opt/stack/data/venv/lib/python3.12/site-packages/dbcounter.py:115}}
Jun 22 13:59:00.756328 np0000003386 nova-scheduler[95019]: DEBUG dbcounter [-] [95019] Writing DB stats nova_cell0:SELECT=1 {{(pid=95019) stat_writer /opt/stack/data/venv/lib/python3.12/site-packages/dbcounter.py:115}}
Jun 22 13:59:00.762935 np0000003386 nova-scheduler[95019]: DEBUG dbcounter [-] [95019] Writing DB stats nova_cell1:SELECT=1 {{(pid=95019) stat_writer /opt/stack/data/venv/lib/python3.12/site-packages/dbcounter.py:115}}
Jun 22 13:59:07.082482 np0000003386 nova-scheduler[96213]: DEBUG dbcounter [-] [96213] Writing DB stats nova_cell0:SELECT=4,nova_cell0:INSERT=1,nova_cell0:UPDATE=1 {{(pid=96213) stat_writer /opt/stack/data/venv/lib/python3.12/site-packages/dbcounter.py:115}}
Jun 22 13:59:07.087847 np0000003386 nova-scheduler[96215]: DEBUG dbcounter [-] [96215] Writing DB stats nova_cell0:SELECT=3,nova_cell0:UPDATE=1 {{(pid=96215) stat_writer /opt/stack/data/venv/lib/python3.12/site-packages/dbcounter.py:115}}
Jun 22 13:59:07.091357 np0000003386 nova-scheduler[96211]: DEBUG dbcounter [-] [96211] Writing DB stats nova_cell0:SELECT=5,nova_cell0:INSERT=1,nova_cell0:UPDATE=1 {{(pid=96211) stat_writer /opt/stack/data/venv/lib/python3.12/site-packages/dbcounter.py:115}}
Jun 22 13:59:07.095735 np0000003386 nova-scheduler[96217]: DEBUG dbcounter [-] [96217] Writing DB stats nova_cell0:SELECT=3 {{(pid=96217) stat_writer /opt/stack/data/venv/lib/python3.12/site-packages/dbcounter.py:115}}
Jun 22 13:59:25.075876 np0000003386 nova-scheduler[96213]: DEBUG oslo.service.backend._threading.loopingcall [None req-416a4846-8d60-4549-92f2-aad77a1558ee None None] Dynamic interval looping call 'nova.service.Service.periodic_tasks' sleeping for 60.00 seconds {{(pid=96213) _run_loop /opt/stack/data/venv/lib/python3.12/site-packages/oslo_service/backend/_threading/loopingcall.py:125}}
Jun 22 13:59:36.076307 np0000003386 nova-scheduler[96215]: DEBUG oslo.service.backend._threading.loopingcall [None req-4872c528-3ad5-479c-8773-cdd5403bb493 None None] Dynamic interval looping call 'nova.service.Service.periodic_tasks' sleeping for 60.00 seconds {{(pid=96215) _run_loop /opt/stack/data/venv/lib/python3.12/site-packages/oslo_service/backend/_threading/loopingcall.py:125}}
Jun 22 13:59:42.084002 np0000003386 nova-scheduler[96211]: DEBUG oslo.service.backend._threading.loopingcall [None req-af2edb1c-1f6a-4d5e-b91d-ddb03e4ae8c6 None None] Dynamic interval looping call 'nova.service.Service.periodic_tasks' sleeping for 60.00 seconds {{(pid=96211) _run_loop /opt/stack/data/venv/lib/python3.12/site-packages/oslo_service/backend/_threading/loopingcall.py:125}}
Jun 22 13:59:50.087271 np0000003386 nova-scheduler[96217]: DEBUG oslo.service.backend._threading.loopingcall [None req-e02cc066-231e-4179-9bcc-c63efa361a49 None None] Dynamic interval looping call 'nova.service.Service.periodic_tasks' sleeping for 60.00 seconds {{(pid=96217) _run_loop /opt/stack/data/venv/lib/python3.12/site-packages/oslo_service/backend/_threading/loopingcall.py:125}}
Jun 22 14:00:25.076439 np0000003386 nova-scheduler[96213]: DEBUG oslo.service.backend._threading.loopingcall [None req-416a4846-8d60-4549-92f2-aad77a1558ee None None] Dynamic interval looping call 'nova.service.Service.periodic_tasks' sleeping for 60.00 seconds {{(pid=96213) _run_loop /opt/stack/data/venv/lib/python3.12/site-packages/oslo_service/backend/_threading/loopingcall.py:125}}
Jun 22 14:00:36.076819 np0000003386 nova-scheduler[96215]: DEBUG oslo.service.backend._threading.loopingcall [None req-4872c528-3ad5-479c-8773-cdd5403bb493 None None] Dynamic interval looping call 'nova.service.Service.periodic_tasks' sleeping for 60.00 seconds {{(pid=96215) _run_loop /opt/stack/data/venv/lib/python3.12/site-packages/oslo_service/backend/_threading/loopingcall.py:125}}
Jun 22 14:00:42.084438 np0000003386 nova-scheduler[96211]: DEBUG oslo.service.backend._threading.loopingcall [None req-af2edb1c-1f6a-4d5e-b91d-ddb03e4ae8c6 None None] Dynamic interval looping call 'nova.service.Service.periodic_tasks' sleeping for 60.00 seconds {{(pid=96211) _run_loop /opt/stack/data/venv/lib/python3.12/site-packages/oslo_service/backend/_threading/loopingcall.py:125}}
Jun 22 14:00:50.088170 np0000003386 nova-scheduler[96217]: DEBUG oslo.service.backend._threading.loopingcall [None req-e02cc066-231e-4179-9bcc-c63efa361a49 None None] Dynamic interval looping call 'nova.service.Service.periodic_tasks' sleeping for 60.00 seconds {{(pid=96217) _run_loop /opt/stack/data/venv/lib/python3.12/site-packages/oslo_service/backend/_threading/loopingcall.py:125}}
Jun 22 14:00:57.081255 np0000003386 nova-scheduler[96215]: DEBUG oslo.service.backend._threading.loopingcall [-] Fixed interval looping call 'nova.servicegroup.drivers.db.DbDriver._report_state' sleeping for 119.99 seconds {{(pid=96215) _run_loop /opt/stack/data/venv/lib/python3.12/site-packages/oslo_service/backend/_threading/loopingcall.py:125}}
Jun 22 14:00:57.082397 np0000003386 nova-scheduler[96213]: DEBUG oslo.service.backend._threading.loopingcall [-] Fixed interval looping call 'nova.servicegroup.drivers.db.DbDriver._report_state' sleeping for 119.99 seconds {{(pid=96213) _run_loop /opt/stack/data/venv/lib/python3.12/site-packages/oslo_service/backend/_threading/loopingcall.py:125}}
Jun 22 14:00:57.088114 np0000003386 nova-scheduler[96211]: DEBUG oslo.service.backend._threading.loopingcall [-] Fixed interval looping call 'nova.servicegroup.drivers.db.DbDriver._report_state' sleeping for 120.00 seconds {{(pid=96211) _run_loop /opt/stack/data/venv/lib/python3.12/site-packages/oslo_service/backend/_threading/loopingcall.py:125}}
Jun 22 14:00:57.089367 np0000003386 nova-scheduler[96217]: DEBUG oslo.service.backend._threading.loopingcall [-] Fixed interval looping call 'nova.servicegroup.drivers.db.DbDriver._report_state' sleeping for 120.00 seconds {{(pid=96217) _run_loop /opt/stack/data/venv/lib/python3.12/site-packages/oslo_service/backend/_threading/loopingcall.py:125}}
Jun 22 14:01:07.077340 np0000003386 nova-scheduler[96213]: DEBUG dbcounter [-] [96213] Writing DB stats nova_cell0:SELECT=1,nova_cell0:UPDATE=1 {{(pid=96213) stat_writer /opt/stack/data/venv/lib/python3.12/site-packages/dbcounter.py:115}}
Jun 22 14:01:07.077950 np0000003386 nova-scheduler[96215]: DEBUG dbcounter [-] [96215] Writing DB stats nova_cell0:SELECT=1,nova_cell0:UPDATE=1 {{(pid=96215) stat_writer /opt/stack/data/venv/lib/python3.12/site-packages/dbcounter.py:115}}
Jun 22 14:01:07.086718 np0000003386 nova-scheduler[96211]: DEBUG dbcounter [-] [96211] Writing DB stats nova_cell0:SELECT=1 {{(pid=96211) stat_writer /opt/stack/data/venv/lib/python3.12/site-packages/dbcounter.py:115}}
Jun 22 14:01:07.087413 np0000003386 nova-scheduler[96217]: DEBUG dbcounter [-] [96217] Writing DB stats nova_cell0:SELECT=1 {{(pid=96217) stat_writer /opt/stack/data/venv/lib/python3.12/site-packages/dbcounter.py:115}}
Jun 22 14:01:25.076944 np0000003386 nova-scheduler[96213]: DEBUG oslo.service.backend._threading.loopingcall [None req-416a4846-8d60-4549-92f2-aad77a1558ee None None] Dynamic interval looping call 'nova.service.Service.periodic_tasks' sleeping for 60.00 seconds {{(pid=96213) _run_loop /opt/stack/data/venv/lib/python3.12/site-packages/oslo_service/backend/_threading/loopingcall.py:125}}
Jun 22 14:01:36.077958 np0000003386 nova-scheduler[96215]: DEBUG oslo.service.backend._threading.loopingcall [None req-4872c528-3ad5-479c-8773-cdd5403bb493 None None] Dynamic interval looping call 'nova.service.Service.periodic_tasks' sleeping for 60.00 seconds {{(pid=96215) _run_loop /opt/stack/data/venv/lib/python3.12/site-packages/oslo_service/backend/_threading/loopingcall.py:125}}
Jun 22 14:01:38.011522 np0000003386 nova-scheduler[96213]: DEBUG nova.scheduler.manager [None req-ae2620ff-0828-4037-a15c-b6b77d80cd2c tempest-ServerBootFromVolumeStableRescueTest-1311239634 tempest-ServerBootFromVolumeStableRescueTest-1311239634-project-member] Starting to schedule for instances: ['b4d71e12-8d9c-44fc-a70a-ced754e0db7c'] {{(pid=96213) select_destinations /opt/stack/nova/nova/scheduler/manager.py:210}}
Jun 22 14:01:38.012037 np0000003386 nova-scheduler[96213]: DEBUG nova.scheduler.request_filter [None req-ae2620ff-0828-4037-a15c-b6b77d80cd2c tempest-ServerBootFromVolumeStableRescueTest-1311239634 tempest-ServerBootFromVolumeStableRescueTest-1311239634-project-member] compute_status_filter request filter added forbidden trait COMPUTE_STATUS_DISABLED {{(pid=96213) compute_status_filter /opt/stack/nova/nova/scheduler/request_filter.py:253}}
Jun 22 14:01:38.012283 np0000003386 nova-scheduler[96213]: DEBUG nova.scheduler.request_filter [None req-ae2620ff-0828-4037-a15c-b6b77d80cd2c tempest-ServerBootFromVolumeStableRescueTest-1311239634 tempest-ServerBootFromVolumeStableRescueTest-1311239634-project-member] Request filter 'compute_status_filter' took 0.0 seconds {{(pid=96213) wrapper /opt/stack/nova/nova/scheduler/request_filter.py:46}}
Jun 22 14:01:38.012356 np0000003386 nova-scheduler[96213]: DEBUG nova.scheduler.request_filter [None req-ae2620ff-0828-4037-a15c-b6b77d80cd2c tempest-ServerBootFromVolumeStableRescueTest-1311239634 tempest-ServerBootFromVolumeStableRescueTest-1311239634-project-member] Request filter 'accelerators_filter' took 0.0 seconds {{(pid=96213) wrapper /opt/stack/nova/nova/scheduler/request_filter.py:46}}
Jun 22 14:01:38.012521 np0000003386 nova-scheduler[96213]: DEBUG nova.scheduler.request_filter [None req-ae2620ff-0828-4037-a15c-b6b77d80cd2c tempest-ServerBootFromVolumeStableRescueTest-1311239634 tempest-ServerBootFromVolumeStableRescueTest-1311239634-project-member] Request filter 'packed_virtqueue_filter' took 0.0 seconds {{(pid=96213) wrapper /opt/stack/nova/nova/scheduler/request_filter.py:46}}
Jun 22 14:01:38.012938 np0000003386 nova-scheduler[96213]: DEBUG nova.scheduler.request_filter [None req-ae2620ff-0828-4037-a15c-b6b77d80cd2c tempest-ServerBootFromVolumeStableRescueTest-1311239634 tempest-ServerBootFromVolumeStableRescueTest-1311239634-project-member] Request filter 'remote_managed_ports_filter' took 0.0 seconds {{(pid=96213) wrapper /opt/stack/nova/nova/scheduler/request_filter.py:46}}
Jun 22 14:01:38.013127 np0000003386 nova-scheduler[96213]: DEBUG nova.scheduler.request_filter [None req-ae2620ff-0828-4037-a15c-b6b77d80cd2c tempest-ServerBootFromVolumeStableRescueTest-1311239634 tempest-ServerBootFromVolumeStableRescueTest-1311239634-project-member] ephemeral_encryption_filter skipped {{(pid=96213) ephemeral_encryption_filter /opt/stack/nova/nova/scheduler/request_filter.py:426}}
Jun 22 14:01:38.013311 np0000003386 nova-scheduler[96213]: DEBUG nova.scheduler.request_filter [None req-ae2620ff-0828-4037-a15c-b6b77d80cd2c tempest-ServerBootFromVolumeStableRescueTest-1311239634 tempest-ServerBootFromVolumeStableRescueTest-1311239634-project-member] virtio_sound_filter skipped {{(pid=96213) virtio_sound_filter /opt/stack/nova/nova/scheduler/request_filter.py:460}}
Jun 22 14:01:38.013480 np0000003386 nova-scheduler[96213]: DEBUG nova.scheduler.request_filter [None req-ae2620ff-0828-4037-a15c-b6b77d80cd2c tempest-ServerBootFromVolumeStableRescueTest-1311239634 tempest-ServerBootFromVolumeStableRescueTest-1311239634-project-member] tpm_secret_security_filter skipped {{(pid=96213) tpm_secret_security_filter /opt/stack/nova/nova/scheduler/request_filter.py:477}}
Jun 22 14:01:38.612152 np0000003386 nova-scheduler[96213]: INFO nova.utils [None req-ae2620ff-0828-4037-a15c-b6b77d80cd2c tempest-ServerBootFromVolumeStableRescueTest-1311239634 tempest-ServerBootFromVolumeStableRescueTest-1311239634-project-member] The cell worker thread pool ForkProcess-2.cell_worker is initialized
Jun 22 14:01:38.612572 np0000003386 nova-scheduler[96213]: DEBUG oslo_concurrency.lockutils [None req-ae2620ff-0828-4037-a15c-b6b77d80cd2c tempest-ServerBootFromVolumeStableRescueTest-1311239634 tempest-ServerBootFromVolumeStableRescueTest-1311239634-project-member] Acquiring lock "1440f1ef-d939-4a1a-b623-4f6ea640a2f6" by "nova.context.set_target_cell..get_or_set_cached_cell_and_set_connections" {{(pid=96213) inner /opt/stack/data/venv/lib/python3.12/site-packages/oslo_concurrency/lockutils.py:511}}
Jun 22 14:01:38.612819 np0000003386 nova-scheduler[96213]: DEBUG oslo_concurrency.lockutils [None req-ae2620ff-0828-4037-a15c-b6b77d80cd2c tempest-ServerBootFromVolumeStableRescueTest-1311239634 tempest-ServerBootFromVolumeStableRescueTest-1311239634-project-member] Lock "1440f1ef-d939-4a1a-b623-4f6ea640a2f6" acquired by "nova.context.set_target_cell..get_or_set_cached_cell_and_set_connections" :: waited 0.000s {{(pid=96213) inner /opt/stack/data/venv/lib/python3.12/site-packages/oslo_concurrency/lockutils.py:524}}
Jun 22 14:01:38.614561 np0000003386 nova-scheduler[96213]: DEBUG oslo_concurrency.lockutils [None req-ae2620ff-0828-4037-a15c-b6b77d80cd2c tempest-ServerBootFromVolumeStableRescueTest-1311239634 tempest-ServerBootFromVolumeStableRescueTest-1311239634-project-member] Lock "1440f1ef-d939-4a1a-b623-4f6ea640a2f6" "released" by "nova.context.set_target_cell..get_or_set_cached_cell_and_set_connections" :: held 0.002s {{(pid=96213) inner /opt/stack/data/venv/lib/python3.12/site-packages/oslo_concurrency/lockutils.py:543}}
Jun 22 14:01:38.616108 np0000003386 nova-scheduler[96213]: INFO dbcounter [None req-ae2620ff-0828-4037-a15c-b6b77d80cd2c tempest-ServerBootFromVolumeStableRescueTest-1311239634 tempest-ServerBootFromVolumeStableRescueTest-1311239634-project-member] Registered counter for database nova_cell1
Jun 22 14:01:38.652703 np0000003386 nova-scheduler[96213]: DEBUG oslo_db.sqlalchemy.engines [None req-ae2620ff-0828-4037-a15c-b6b77d80cd2c tempest-ServerBootFromVolumeStableRescueTest-1311239634 tempest-ServerBootFromVolumeStableRescueTest-1311239634-project-member] MySQL server mode set to STRICT_TRANS_TABLES,STRICT_ALL_TABLES,NO_ZERO_IN_DATE,NO_ZERO_DATE,ERROR_FOR_DIVISION_BY_ZERO,TRADITIONAL,NO_ENGINE_SUBSTITUTION {{(pid=96213) _check_effective_sql_mode /opt/stack/data/venv/lib/python3.12/site-packages/oslo_db/sqlalchemy/engines.py:325}}
Jun 22 14:01:38.660584 np0000003386 nova-scheduler[96213]: DEBUG dbcounter [-] [96213] Writer thread running {{(pid=96213) stat_writer /opt/stack/data/venv/lib/python3.12/site-packages/dbcounter.py:102}}
Jun 22 14:01:38.670370 np0000003386 nova-scheduler[96213]: DEBUG oslo_db.sqlalchemy.engines [None req-ae2620ff-0828-4037-a15c-b6b77d80cd2c tempest-ServerBootFromVolumeStableRescueTest-1311239634 tempest-ServerBootFromVolumeStableRescueTest-1311239634-project-member] Parent process 95019 forked (96213) with an open database connection, which is being discarded and recreated. {{(pid=96213) checkout /opt/stack/data/venv/lib/python3.12/site-packages/oslo_db/sqlalchemy/engines.py:402}}
Jun 22 14:01:38.724877 np0000003386 nova-scheduler[96213]: DEBUG dbcounter [-] [96213] Writer thread running {{(pid=96213) stat_writer /opt/stack/data/venv/lib/python3.12/site-packages/dbcounter.py:102}}
Jun 22 14:01:38.728157 np0000003386 nova-scheduler[96213]: DEBUG oslo_concurrency.lockutils [None req-ae2620ff-0828-4037-a15c-b6b77d80cd2c tempest-ServerBootFromVolumeStableRescueTest-1311239634 tempest-ServerBootFromVolumeStableRescueTest-1311239634-project-member] Acquiring lock "1440f1ef-d939-4a1a-b623-4f6ea640a2f6" by "nova.context.set_target_cell..get_or_set_cached_cell_and_set_connections" {{(pid=96213) inner /opt/stack/data/venv/lib/python3.12/site-packages/oslo_concurrency/lockutils.py:511}}
Jun 22 14:01:38.728157 np0000003386 nova-scheduler[96213]: DEBUG oslo_concurrency.lockutils [None req-ae2620ff-0828-4037-a15c-b6b77d80cd2c tempest-ServerBootFromVolumeStableRescueTest-1311239634 tempest-ServerBootFromVolumeStableRescueTest-1311239634-project-member] Lock "1440f1ef-d939-4a1a-b623-4f6ea640a2f6" acquired by "nova.context.set_target_cell..get_or_set_cached_cell_and_set_connections" :: waited 0.000s {{(pid=96213) inner /opt/stack/data/venv/lib/python3.12/site-packages/oslo_concurrency/lockutils.py:524}}
Jun 22 14:01:38.728917 np0000003386 nova-scheduler[96213]: DEBUG oslo_concurrency.lockutils [None req-ae2620ff-0828-4037-a15c-b6b77d80cd2c tempest-ServerBootFromVolumeStableRescueTest-1311239634 tempest-ServerBootFromVolumeStableRescueTest-1311239634-project-member] Lock "1440f1ef-d939-4a1a-b623-4f6ea640a2f6" "released" by "nova.context.set_target_cell..get_or_set_cached_cell_and_set_connections" :: held 0.000s {{(pid=96213) inner /opt/stack/data/venv/lib/python3.12/site-packages/oslo_concurrency/lockutils.py:543}}
Jun 22 14:01:38.733227 np0000003386 nova-scheduler[96213]: DEBUG oslo_concurrency.lockutils [None req-ae2620ff-0828-4037-a15c-b6b77d80cd2c tempest-ServerBootFromVolumeStableRescueTest-1311239634 tempest-ServerBootFromVolumeStableRescueTest-1311239634-project-member] Acquiring lock "('np0000003386', 'np0000003386')" by "nova.scheduler.host_manager.HostState.update.._locked_update" {{(pid=96213) inner /opt/stack/data/venv/lib/python3.12/site-packages/oslo_concurrency/lockutils.py:511}}
Jun 22 14:01:38.733227 np0000003386 nova-scheduler[96213]: DEBUG oslo_concurrency.lockutils [None req-ae2620ff-0828-4037-a15c-b6b77d80cd2c tempest-ServerBootFromVolumeStableRescueTest-1311239634 tempest-ServerBootFromVolumeStableRescueTest-1311239634-project-member] Lock "('np0000003386', 'np0000003386')" acquired by "nova.scheduler.host_manager.HostState.update.._locked_update" :: waited 0.000s {{(pid=96213) inner /opt/stack/data/venv/lib/python3.12/site-packages/oslo_concurrency/lockutils.py:524}}
Jun 22 14:01:38.734727 np0000003386 nova-scheduler[96213]: DEBUG nova.scheduler.host_manager [None req-ae2620ff-0828-4037-a15c-b6b77d80cd2c tempest-ServerBootFromVolumeStableRescueTest-1311239634 tempest-ServerBootFromVolumeStableRescueTest-1311239634-project-member] Update host state from compute node: ComputeNode(cpu_allocation_ratio=4.0,cpu_info='{"arch": "x86_64", "model": "EPYC-Milan", "vendor": "AMD", "topology": {"cells": 1, "sockets": 16, "cores": 1, "threads": 1}, "maxphysaddr": {"mode": "emulate", "bits": 40}, "features": ["rdtscp", "syscall", "fma", "spec-ctrl", "tsc_adjust", "sha-ni", "null-sel-clr-base", "clzero", "rdctl-no", "svme-addr-chk", "xsave", "abm", "fxsr", "misalignsse", "clflush", "xsaves", "ibrs", "sse", "x2apic", "rdrand", "pku", "mca", "xgetbv1", "xsavec", "osvw", "pause-filter", "pni", "xsaveopt", "amd-stibp", "avx2", "aes", "clflushopt", "gds-no", "smap", "avx", "cmp_legacy", "nrip-save", "mmxext", "adx", "npt", "sep", "sse4.1", "ssse3", "pclmuldq", "tsc", "msr", "smep", "amd-psfd", "pdpe1gb", "rdpid", "arat", "pse36", "fpu", "rdseed", "v-vmsave-vmload", "sse4.2", "mmx", "flushbyasid", "tsc-scale", "fsgsbase", "lahf_lm", "virt-ssbd", "lm", "sse4a", "perfctr_core", "vme", "fsrm", "wbnoinvd", "ibpb", "fxsr_opt", "pschange-mc-no", "stibp", "tsc-deadline", "invpcid", "amd-ssbd", "lfence-always-serializing", "f16c", "vpclmulqdq", "hypervisor", "pae", "bmi1", "vmcb-clean", "sse2", "pse", "mtrr", "cx8", "movbe", "arch-capabilities", "vgif", "popcnt", "topoext", "3dnowprefetch", "xsaveerptr", "cmov", "no-nested-data-bp", "ssbd", "pfthreshold", "stibp-always-on", "vaes", "pat", "pcid", "clwb", "bmi2", "mds-no", "skip-l1dfl-vmentry", "nx", "cr8legacy", "lbrv", "pge", "cx16", "mce", "umip", "de", "svm", "erms", "apic"]}',created_at=2026-06-22T13:59:17Z,current_workload=0,deleted=False,deleted_at=None,disk_allocation_ratio=1.0,disk_available_least=74,free_disk_gb=95,free_ram_mb=63789,host='np0000003386',host_ip=10.4.3.95,hypervisor_hostname='np0000003386',hypervisor_type='QEMU',hypervisor_version=8002002,id=1,local_gb=95,local_gb_used=0,mapped=1,memory_mb=64301,memory_mb_used=512,metrics='[]',numa_topology='{"nova_object.name": "NUMATopology", "nova_object.namespace": "nova", "nova_object.version": "1.2", "nova_object.data": {"cells": [{"nova_object.name": "NUMACell", "nova_object.namespace": "nova", "nova_object.version": "1.5", "nova_object.data": {"id": 0, "cpuset": [0, 1, 2, 3, 4, 5, 6, 7, 8, 9, 10, 11, 12, 13, 14, 15], "pcpuset": [0, 1, 2, 3, 4, 5, 6, 7, 8, 9, 10, 11, 12, 13, 14, 15], "memory": 64301, "cpu_usage": 0, "memory_usage": 0, "pinned_cpus": [], "siblings": [[6], [12], [2], [15], [5], [11], [8], [14], [4], [1], [7], [10], [0], [13], [3], [9]], "mempages": [{"nova_object.name": "NUMAPagesTopology", "nova_object.namespace": "nova", "nova_object.version": "1.1", "nova_object.data": {"size_kb": 4, "total": 16461069, "used": 0, "reserved": 0}, "nova_object.changes": ["total", "size_kb", "used", "reserved"]}, {"nova_object.name": "NUMAPagesTopology", "nova_object.namespace": "nova", "nova_object.version": "1.1", "nova_object.data": {"size_kb": 2048, "total": 0, "used": 0, "reserved": 0}, "nova_object.changes": ["total", "size_kb", "used", "reserved"]}, {"nova_object.name": "NUMAPagesTopology", "nova_object.namespace": "nova", "nova_object.version": "1.1", "nova_object.data": {"size_kb": 1048576, "total": 0, "used": 0, "reserved": 0}, "nova_object.changes": ["total", "size_kb", "used", "reserved"]}], "network_metadata": {"nova_object.name": "NetworkMetadata", "nova_object.namespace": "nova", "nova_object.version": "1.0", "nova_object.data": {"physnets": [], "tunneled": false}, "nova_object.changes": ["physnets", "tunneled"]}, "socket": null}, "nova_object.changes": ["pinned_cpus", "cpuset", "socket", "siblings", "memory", "memory_usage", "mempages", "pcpuset", "id", "cpu_usage", "network_metadata"]}]}, "nova_object.changes": ["cells"]}',pci_device_pools=PciDevicePoolList,ram_allocation_ratio=1.0,running_vms=0,service_id=3,stats={failed_builds='0',uptime=' 14:01:02 up 25 min, 2 users, load average: 1.48, 1.64, 0.97
