Jun 22 13:58:57.241452 np0000003386 nova-conductor[98633]: DEBUG cotyledon.oslo_config_glue [-] profiler.filter_error_trace = False {{(pid=98633) log_opt_values /opt/stack/data/venv/lib/python3.12/site-packages/oslo_config/cfg.py:3253}}
Jun 22 13:58:57.241452 np0000003386 nova-conductor[98633]: DEBUG cotyledon.oslo_config_glue [-] profiler.hmac_keys = **** {{(pid=98633) log_opt_values /opt/stack/data/venv/lib/python3.12/site-packages/oslo_config/cfg.py:3253}}
Jun 22 13:58:57.241452 np0000003386 nova-conductor[98633]: DEBUG cotyledon.oslo_config_glue [-] profiler.sentinel_service_name = mymaster {{(pid=98633) log_opt_values /opt/stack/data/venv/lib/python3.12/site-packages/oslo_config/cfg.py:3253}}
Jun 22 13:58:57.241452 np0000003386 nova-conductor[98633]: DEBUG cotyledon.oslo_config_glue [-] profiler.socket_timeout = 0.1 {{(pid=98633) log_opt_values /opt/stack/data/venv/lib/python3.12/site-packages/oslo_config/cfg.py:3253}}
Jun 22 13:58:57.241452 np0000003386 nova-conductor[98633]: DEBUG cotyledon.oslo_config_glue [-] profiler.trace_requests = False {{(pid=98633) log_opt_values /opt/stack/data/venv/lib/python3.12/site-packages/oslo_config/cfg.py:3253}}
Jun 22 13:58:57.241452 np0000003386 nova-conductor[98633]: DEBUG cotyledon.oslo_config_glue [-] profiler.trace_sqlalchemy = False {{(pid=98633) log_opt_values /opt/stack/data/venv/lib/python3.12/site-packages/oslo_config/cfg.py:3253}}
Jun 22 13:58:57.241452 np0000003386 nova-conductor[98633]: DEBUG cotyledon.oslo_config_glue [-] profiler_jaeger.process_tags = {} {{(pid=98633) log_opt_values /opt/stack/data/venv/lib/python3.12/site-packages/oslo_config/cfg.py:3253}}
Jun 22 13:58:57.241452 np0000003386 nova-conductor[98633]: DEBUG cotyledon.oslo_config_glue [-] profiler_jaeger.service_name_prefix = None {{(pid=98633) log_opt_values /opt/stack/data/venv/lib/python3.12/site-packages/oslo_config/cfg.py:3253}}
Jun 22 13:58:57.241684 np0000003386 nova-conductor[98633]: DEBUG cotyledon.oslo_config_glue [-] profiler_otlp.service_name_prefix = None {{(pid=98633) log_opt_values /opt/stack/data/venv/lib/python3.12/site-packages/oslo_config/cfg.py:3253}}
Jun 22 13:58:57.241684 np0000003386 nova-conductor[98633]: DEBUG cotyledon.oslo_config_glue [-] oslo_messaging_rabbit.amqp_auto_delete = False {{(pid=98633) log_opt_values /opt/stack/data/venv/lib/python3.12/site-packages/oslo_config/cfg.py:3253}}
Jun 22 13:58:57.241684 np0000003386 nova-conductor[98633]: DEBUG cotyledon.oslo_config_glue [-] oslo_messaging_rabbit.amqp_durable_queues = False {{(pid=98633) log_opt_values /opt/stack/data/venv/lib/python3.12/site-packages/oslo_config/cfg.py:3253}}
Jun 22 13:58:57.241684 np0000003386 nova-conductor[98633]: DEBUG cotyledon.oslo_config_glue [-] oslo_messaging_rabbit.conn_pool_min_size = 2 {{(pid=98633) log_opt_values /opt/stack/data/venv/lib/python3.12/site-packages/oslo_config/cfg.py:3253}}
Jun 22 13:58:57.241684 np0000003386 nova-conductor[98633]: DEBUG cotyledon.oslo_config_glue [-] oslo_messaging_rabbit.conn_pool_ttl = 1200 {{(pid=98633) log_opt_values /opt/stack/data/venv/lib/python3.12/site-packages/oslo_config/cfg.py:3253}}
Jun 22 13:58:57.241684 np0000003386 nova-conductor[98633]: DEBUG cotyledon.oslo_config_glue [-] oslo_messaging_rabbit.direct_mandatory_flag = True {{(pid=98633) log_opt_values /opt/stack/data/venv/lib/python3.12/site-packages/oslo_config/cfg.py:3253}}
Jun 22 13:58:57.241684 np0000003386 nova-conductor[98633]: DEBUG cotyledon.oslo_config_glue [-] oslo_messaging_rabbit.enable_cancel_on_failover = False {{(pid=98633) log_opt_values /opt/stack/data/venv/lib/python3.12/site-packages/oslo_config/cfg.py:3253}}
Jun 22 13:58:57.241684 np0000003386 nova-conductor[98633]: DEBUG cotyledon.oslo_config_glue [-] oslo_messaging_rabbit.heartbeat_rate = 3 {{(pid=98633) log_opt_values /opt/stack/data/venv/lib/python3.12/site-packages/oslo_config/cfg.py:3253}}
Jun 22 13:58:57.241684 np0000003386 nova-conductor[98633]: DEBUG cotyledon.oslo_config_glue [-] oslo_messaging_rabbit.heartbeat_timeout_threshold = 60 {{(pid=98633) log_opt_values /opt/stack/data/venv/lib/python3.12/site-packages/oslo_config/cfg.py:3253}}
Jun 22 13:58:57.241852 np0000003386 nova-conductor[98633]: DEBUG cotyledon.oslo_config_glue [-] oslo_messaging_rabbit.hostname = np0000003386 {{(pid=98633) log_opt_values /opt/stack/data/venv/lib/python3.12/site-packages/oslo_config/cfg.py:3253}}
Jun 22 13:58:57.241852 np0000003386 nova-conductor[98633]: DEBUG cotyledon.oslo_config_glue [-] oslo_messaging_rabbit.kombu_compression = None {{(pid=98633) log_opt_values /opt/stack/data/venv/lib/python3.12/site-packages/oslo_config/cfg.py:3253}}
Jun 22 13:58:57.241852 np0000003386 nova-conductor[98633]: DEBUG cotyledon.oslo_config_glue [-] oslo_messaging_rabbit.kombu_failover_strategy = round-robin {{(pid=98633) log_opt_values /opt/stack/data/venv/lib/python3.12/site-packages/oslo_config/cfg.py:3253}}
Jun 22 13:58:57.241852 np0000003386 nova-conductor[98633]: DEBUG cotyledon.oslo_config_glue [-] oslo_messaging_rabbit.kombu_missing_consumer_retry_timeout = 60 {{(pid=98633) log_opt_values /opt/stack/data/venv/lib/python3.12/site-packages/oslo_config/cfg.py:3253}}
Jun 22 13:58:57.241852 np0000003386 nova-conductor[98633]: DEBUG cotyledon.oslo_config_glue [-] oslo_messaging_rabbit.kombu_reconnect_delay = 1.0 {{(pid=98633) log_opt_values /opt/stack/data/venv/lib/python3.12/site-packages/oslo_config/cfg.py:3253}}
Jun 22 13:58:57.241852 np0000003386 nova-conductor[98633]: DEBUG cotyledon.oslo_config_glue [-] oslo_messaging_rabbit.kombu_reconnect_splay = 0.0 {{(pid=98633) log_opt_values /opt/stack/data/venv/lib/python3.12/site-packages/oslo_config/cfg.py:3253}}
Jun 22 13:58:57.241852 np0000003386 nova-conductor[98633]: DEBUG cotyledon.oslo_config_glue [-] oslo_messaging_rabbit.processname = nova-conductor {{(pid=98633) log_opt_values /opt/stack/data/venv/lib/python3.12/site-packages/oslo_config/cfg.py:3253}}
Jun 22 13:58:57.241852 np0000003386 nova-conductor[98633]: DEBUG cotyledon.oslo_config_glue [-] oslo_messaging_rabbit.rabbit_ha_queues = False {{(pid=98633) log_opt_values /opt/stack/data/venv/lib/python3.12/site-packages/oslo_config/cfg.py:3253}}
Jun 22 13:58:57.241852 np0000003386 nova-conductor[98633]: DEBUG cotyledon.oslo_config_glue [-] oslo_messaging_rabbit.rabbit_interval_max = 30 {{(pid=98633) log_opt_values /opt/stack/data/venv/lib/python3.12/site-packages/oslo_config/cfg.py:3253}}
Jun 22 13:58:57.242025 np0000003386 nova-conductor[98633]: DEBUG cotyledon.oslo_config_glue [-] oslo_messaging_rabbit.rabbit_login_method = AMQPLAIN {{(pid=98633) log_opt_values /opt/stack/data/venv/lib/python3.12/site-packages/oslo_config/cfg.py:3253}}
Jun 22 13:58:57.242025 np0000003386 nova-conductor[98633]: DEBUG cotyledon.oslo_config_glue [-] oslo_messaging_rabbit.rabbit_qos_prefetch_count = 0 {{(pid=98633) log_opt_values /opt/stack/data/venv/lib/python3.12/site-packages/oslo_config/cfg.py:3253}}
Jun 22 13:58:57.242025 np0000003386 nova-conductor[98633]: DEBUG cotyledon.oslo_config_glue [-] oslo_messaging_rabbit.rabbit_quorum_delivery_limit = 0 {{(pid=98633) log_opt_values /opt/stack/data/venv/lib/python3.12/site-packages/oslo_config/cfg.py:3253}}
Jun 22 13:58:57.242025 np0000003386 nova-conductor[98633]: DEBUG cotyledon.oslo_config_glue [-] oslo_messaging_rabbit.rabbit_quorum_max_memory_bytes = 0 {{(pid=98633) log_opt_values /opt/stack/data/venv/lib/python3.12/site-packages/oslo_config/cfg.py:3253}}
Jun 22 13:58:57.242025 np0000003386 nova-conductor[98633]: DEBUG cotyledon.oslo_config_glue [-] oslo_messaging_rabbit.rabbit_quorum_max_memory_length = 0 {{(pid=98633) log_opt_values /opt/stack/data/venv/lib/python3.12/site-packages/oslo_config/cfg.py:3253}}
Jun 22 13:58:57.242025 np0000003386 nova-conductor[98633]: DEBUG cotyledon.oslo_config_glue [-] oslo_messaging_rabbit.rabbit_quorum_queue = False {{(pid=98633) log_opt_values /opt/stack/data/venv/lib/python3.12/site-packages/oslo_config/cfg.py:3253}}
Jun 22 13:58:57.242025 np0000003386 nova-conductor[98633]: DEBUG cotyledon.oslo_config_glue [-] oslo_messaging_rabbit.rabbit_retry_backoff = 2 {{(pid=98633) log_opt_values /opt/stack/data/venv/lib/python3.12/site-packages/oslo_config/cfg.py:3253}}
Jun 22 13:58:57.242025 np0000003386 nova-conductor[98633]: DEBUG cotyledon.oslo_config_glue [-] oslo_messaging_rabbit.rabbit_retry_interval = 1 {{(pid=98633) log_opt_values /opt/stack/data/venv/lib/python3.12/site-packages/oslo_config/cfg.py:3253}}
Jun 22 13:58:57.242025 np0000003386 nova-conductor[98633]: DEBUG cotyledon.oslo_config_glue [-] oslo_messaging_rabbit.rabbit_stream_fanout = False {{(pid=98633) log_opt_values /opt/stack/data/venv/lib/python3.12/site-packages/oslo_config/cfg.py:3253}}
Jun 22 13:58:57.242221 np0000003386 nova-conductor[98633]: DEBUG cotyledon.oslo_config_glue [-] oslo_messaging_rabbit.rabbit_transient_queues_ttl = 1800 {{(pid=98633) log_opt_values /opt/stack/data/venv/lib/python3.12/site-packages/oslo_config/cfg.py:3253}}
Jun 22 13:58:57.242221 np0000003386 nova-conductor[98633]: DEBUG cotyledon.oslo_config_glue [-] oslo_messaging_rabbit.rabbit_transient_quorum_queue = False {{(pid=98633) log_opt_values /opt/stack/data/venv/lib/python3.12/site-packages/oslo_config/cfg.py:3253}}
Jun 22 13:58:57.242221 np0000003386 nova-conductor[98633]: DEBUG cotyledon.oslo_config_glue [-] oslo_messaging_rabbit.rpc_conn_pool_size = 30 {{(pid=98633) log_opt_values /opt/stack/data/venv/lib/python3.12/site-packages/oslo_config/cfg.py:3253}}
Jun 22 13:58:57.242221 np0000003386 nova-conductor[98633]: DEBUG cotyledon.oslo_config_glue [-] oslo_messaging_rabbit.ssl = False {{(pid=98633) log_opt_values /opt/stack/data/venv/lib/python3.12/site-packages/oslo_config/cfg.py:3253}}
Jun 22 13:58:57.242221 np0000003386 nova-conductor[98633]: DEBUG cotyledon.oslo_config_glue [-] oslo_messaging_rabbit.ssl_ca_file = {{(pid=98633) log_opt_values /opt/stack/data/venv/lib/python3.12/site-packages/oslo_config/cfg.py:3253}}
Jun 22 13:58:57.242221 np0000003386 nova-conductor[98633]: DEBUG cotyledon.oslo_config_glue [-] oslo_messaging_rabbit.ssl_cert_file = {{(pid=98633) log_opt_values /opt/stack/data/venv/lib/python3.12/site-packages/oslo_config/cfg.py:3253}}
Jun 22 13:58:57.242221 np0000003386 nova-conductor[98633]: DEBUG cotyledon.oslo_config_glue [-] oslo_messaging_rabbit.ssl_enforce_fips_mode = False {{(pid=98633) log_opt_values /opt/stack/data/venv/lib/python3.12/site-packages/oslo_config/cfg.py:3253}}
Jun 22 13:58:57.242221 np0000003386 nova-conductor[98633]: DEBUG cotyledon.oslo_config_glue [-] oslo_messaging_rabbit.ssl_enforce_hostname_verification = True {{(pid=98633) log_opt_values /opt/stack/data/venv/lib/python3.12/site-packages/oslo_config/cfg.py:3253}}
Jun 22 13:58:57.242221 np0000003386 nova-conductor[98633]: DEBUG cotyledon.oslo_config_glue [-] oslo_messaging_rabbit.ssl_key_file = {{(pid=98633) log_opt_values /opt/stack/data/venv/lib/python3.12/site-packages/oslo_config/cfg.py:3253}}
Jun 22 13:58:57.242764 np0000003386 nova-conductor[98633]: DEBUG cotyledon.oslo_config_glue [-] oslo_messaging_rabbit.ssl_version = {{(pid=98633) log_opt_values /opt/stack/data/venv/lib/python3.12/site-packages/oslo_config/cfg.py:3253}}
Jun 22 13:58:57.242764 np0000003386 nova-conductor[98633]: DEBUG cotyledon.oslo_config_glue [-] oslo_messaging_rabbit.use_queue_manager = False {{(pid=98633) log_opt_values /opt/stack/data/venv/lib/python3.12/site-packages/oslo_config/cfg.py:3253}}
Jun 22 13:58:57.242764 np0000003386 nova-conductor[98633]: DEBUG cotyledon.oslo_config_glue [-] oslo_messaging_notifications.driver = ['messagingv2'] {{(pid=98633) log_opt_values /opt/stack/data/venv/lib/python3.12/site-packages/oslo_config/cfg.py:3253}}
Jun 22 13:58:57.242764 np0000003386 nova-conductor[98633]: DEBUG cotyledon.oslo_config_glue [-] oslo_messaging_notifications.retry = -1 {{(pid=98633) log_opt_values /opt/stack/data/venv/lib/python3.12/site-packages/oslo_config/cfg.py:3253}}
Jun 22 13:58:57.242764 np0000003386 nova-conductor[98633]: DEBUG cotyledon.oslo_config_glue [-] oslo_messaging_notifications.topics = ['notifications'] {{(pid=98633) log_opt_values /opt/stack/data/venv/lib/python3.12/site-packages/oslo_config/cfg.py:3253}}
Jun 22 13:58:57.242764 np0000003386 nova-conductor[98633]: DEBUG cotyledon.oslo_config_glue [-] oslo_messaging_notifications.transport_url = **** {{(pid=98633) log_opt_values /opt/stack/data/venv/lib/python3.12/site-packages/oslo_config/cfg.py:3253}}
Jun 22 13:58:57.242764 np0000003386 nova-conductor[98633]: DEBUG cotyledon.oslo_config_glue [-] oslo_limit.auth_section = None {{(pid=98633) log_opt_values /opt/stack/data/venv/lib/python3.12/site-packages/oslo_config/cfg.py:3253}}
Jun 22 13:58:57.242764 np0000003386 nova-conductor[98633]: DEBUG cotyledon.oslo_config_glue [-] oslo_limit.auth_type = None {{(pid=98633) log_opt_values /opt/stack/data/venv/lib/python3.12/site-packages/oslo_config/cfg.py:3253}}
Jun 22 13:58:57.242764 np0000003386 nova-conductor[98633]: DEBUG cotyledon.oslo_config_glue [-] oslo_limit.cafile = None {{(pid=98633) log_opt_values /opt/stack/data/venv/lib/python3.12/site-packages/oslo_config/cfg.py:3253}}
Jun 22 13:58:57.243173 np0000003386 nova-conductor[98633]: DEBUG cotyledon.oslo_config_glue [-] oslo_limit.certfile = None {{(pid=98633) log_opt_values /opt/stack/data/venv/lib/python3.12/site-packages/oslo_config/cfg.py:3253}}
Jun 22 13:58:57.243173 np0000003386 nova-conductor[98633]: DEBUG cotyledon.oslo_config_glue [-] oslo_limit.collect_timing = False {{(pid=98633) log_opt_values /opt/stack/data/venv/lib/python3.12/site-packages/oslo_config/cfg.py:3253}}
Jun 22 13:58:57.243173 np0000003386 nova-conductor[98633]: DEBUG cotyledon.oslo_config_glue [-] oslo_limit.connect_retries = None {{(pid=98633) log_opt_values /opt/stack/data/venv/lib/python3.12/site-packages/oslo_config/cfg.py:3253}}
Jun 22 13:58:57.243173 np0000003386 nova-conductor[98633]: DEBUG cotyledon.oslo_config_glue [-] oslo_limit.connect_retry_delay = None {{(pid=98633) log_opt_values /opt/stack/data/venv/lib/python3.12/site-packages/oslo_config/cfg.py:3253}}
Jun 22 13:58:57.243173 np0000003386 nova-conductor[98633]: DEBUG cotyledon.oslo_config_glue [-] oslo_limit.endpoint_id = None {{(pid=98633) log_opt_values /opt/stack/data/venv/lib/python3.12/site-packages/oslo_config/cfg.py:3253}}
Jun 22 13:58:57.243173 np0000003386 nova-conductor[98633]: DEBUG cotyledon.oslo_config_glue [-] oslo_limit.endpoint_interface = public {{(pid=98633) log_opt_values /opt/stack/data/venv/lib/python3.12/site-packages/oslo_config/cfg.py:3253}}
Jun 22 13:58:57.243173 np0000003386 nova-conductor[98633]: DEBUG cotyledon.oslo_config_glue [-] oslo_limit.endpoint_override = None {{(pid=98633) log_opt_values /opt/stack/data/venv/lib/python3.12/site-packages/oslo_config/cfg.py:3253}}
Jun 22 13:58:57.243173 np0000003386 nova-conductor[98633]: DEBUG cotyledon.oslo_config_glue [-] oslo_limit.endpoint_region_name = None {{(pid=98633) log_opt_values /opt/stack/data/venv/lib/python3.12/site-packages/oslo_config/cfg.py:3253}}
Jun 22 13:58:57.243173 np0000003386 nova-conductor[98633]: DEBUG cotyledon.oslo_config_glue [-] oslo_limit.endpoint_service_name = None {{(pid=98633) log_opt_values /opt/stack/data/venv/lib/python3.12/site-packages/oslo_config/cfg.py:3253}}
Jun 22 13:58:57.243689 np0000003386 nova-conductor[98633]: DEBUG cotyledon.oslo_config_glue [-] oslo_limit.endpoint_service_type = None {{(pid=98633) log_opt_values /opt/stack/data/venv/lib/python3.12/site-packages/oslo_config/cfg.py:3253}}
Jun 22 13:58:57.243689 np0000003386 nova-conductor[98633]: DEBUG cotyledon.oslo_config_glue [-] oslo_limit.insecure = False {{(pid=98633) log_opt_values /opt/stack/data/venv/lib/python3.12/site-packages/oslo_config/cfg.py:3253}}
Jun 22 13:58:57.243689 np0000003386 nova-conductor[98633]: DEBUG cotyledon.oslo_config_glue [-] oslo_limit.keyfile = None {{(pid=98633) log_opt_values /opt/stack/data/venv/lib/python3.12/site-packages/oslo_config/cfg.py:3253}}
Jun 22 13:58:57.243689 np0000003386 nova-conductor[98633]: DEBUG cotyledon.oslo_config_glue [-] oslo_limit.max_version = None {{(pid=98633) log_opt_values /opt/stack/data/venv/lib/python3.12/site-packages/oslo_config/cfg.py:3253}}
Jun 22 13:58:57.243689 np0000003386 nova-conductor[98633]: DEBUG cotyledon.oslo_config_glue [-] oslo_limit.min_version = None {{(pid=98633) log_opt_values /opt/stack/data/venv/lib/python3.12/site-packages/oslo_config/cfg.py:3253}}
Jun 22 13:58:57.243689 np0000003386 nova-conductor[98633]: DEBUG cotyledon.oslo_config_glue [-] oslo_limit.region_name = None {{(pid=98633) log_opt_values /opt/stack/data/venv/lib/python3.12/site-packages/oslo_config/cfg.py:3253}}
Jun 22 13:58:57.243689 np0000003386 nova-conductor[98633]: DEBUG cotyledon.oslo_config_glue [-] oslo_limit.retriable_status_codes = None {{(pid=98633) log_opt_values /opt/stack/data/venv/lib/python3.12/site-packages/oslo_config/cfg.py:3253}}
Jun 22 13:58:57.243689 np0000003386 nova-conductor[98633]: DEBUG cotyledon.oslo_config_glue [-] oslo_limit.service_name = None {{(pid=98633) log_opt_values /opt/stack/data/venv/lib/python3.12/site-packages/oslo_config/cfg.py:3253}}
Jun 22 13:58:57.243689 np0000003386 nova-conductor[98633]: DEBUG cotyledon.oslo_config_glue [-] oslo_limit.service_type = None {{(pid=98633) log_opt_values /opt/stack/data/venv/lib/python3.12/site-packages/oslo_config/cfg.py:3253}}
Jun 22 13:58:57.243859 np0000003386 nova-conductor[98633]: DEBUG cotyledon.oslo_config_glue [-] oslo_limit.split_loggers = False {{(pid=98633) log_opt_values /opt/stack/data/venv/lib/python3.12/site-packages/oslo_config/cfg.py:3253}}
Jun 22 13:58:57.243859 np0000003386 nova-conductor[98633]: DEBUG cotyledon.oslo_config_glue [-] oslo_limit.status_code_retries = None {{(pid=98633) log_opt_values /opt/stack/data/venv/lib/python3.12/site-packages/oslo_config/cfg.py:3253}}
Jun 22 13:58:57.243859 np0000003386 nova-conductor[98633]: DEBUG cotyledon.oslo_config_glue [-] oslo_limit.status_code_retry_delay = None {{(pid=98633) log_opt_values /opt/stack/data/venv/lib/python3.12/site-packages/oslo_config/cfg.py:3253}}
Jun 22 13:58:57.243859 np0000003386 nova-conductor[98633]: DEBUG cotyledon.oslo_config_glue [-] oslo_limit.timeout = None {{(pid=98633) log_opt_values /opt/stack/data/venv/lib/python3.12/site-packages/oslo_config/cfg.py:3253}}
Jun 22 13:58:57.243859 np0000003386 nova-conductor[98633]: DEBUG cotyledon.oslo_config_glue [-] oslo_limit.valid_interfaces = None {{(pid=98633) log_opt_values /opt/stack/data/venv/lib/python3.12/site-packages/oslo_config/cfg.py:3253}}
Jun 22 13:58:57.243859 np0000003386 nova-conductor[98633]: DEBUG cotyledon.oslo_config_glue [-] oslo_limit.version = None {{(pid=98633) log_opt_values /opt/stack/data/venv/lib/python3.12/site-packages/oslo_config/cfg.py:3253}}
Jun 22 13:58:57.243859 np0000003386 nova-conductor[98633]: DEBUG cotyledon.oslo_config_glue [-] oslo_reports.file_event_handler = None {{(pid=98633) log_opt_values /opt/stack/data/venv/lib/python3.12/site-packages/oslo_config/cfg.py:3253}}
Jun 22 13:58:57.243859 np0000003386 nova-conductor[98633]: DEBUG cotyledon.oslo_config_glue [-] oslo_reports.file_event_handler_interval = 1 {{(pid=98633) log_opt_values /opt/stack/data/venv/lib/python3.12/site-packages/oslo_config/cfg.py:3253}}
Jun 22 13:58:57.243859 np0000003386 nova-conductor[98633]: DEBUG cotyledon.oslo_config_glue [-] oslo_reports.log_dir = None {{(pid=98633) log_opt_values /opt/stack/data/venv/lib/python3.12/site-packages/oslo_config/cfg.py:3253}}
Jun 22 13:58:57.244030 np0000003386 nova-conductor[98633]: DEBUG cotyledon.oslo_config_glue [-] ******************************************************************************** {{(pid=98633) log_opt_values /opt/stack/data/venv/lib/python3.12/site-packages/oslo_config/cfg.py:3260}}
Jun 22 13:58:57.244030 np0000003386 nova-conductor[98633]: DEBUG cotyledon._service_worker [-] Run service ServiceWrapper(3) [98633] {{(pid=98633) wait_forever /opt/stack/data/venv/lib/python3.12/site-packages/cotyledon/_service_worker.py:218}}
Jun 22 13:58:57.244030 np0000003386 nova-conductor[98633]: INFO nova.service [-] Starting conductor node (version 33.1.0)
Jun 22 13:58:57.244092 np0000003386 nova-conductor[98603]: DEBUG oslo_db.sqlalchemy.engines [None req-9b04213d-d74b-41ad-bb04-c4514e00def6 None None] MySQL server mode set to STRICT_TRANS_TABLES,STRICT_ALL_TABLES,NO_ZERO_IN_DATE,NO_ZERO_DATE,ERROR_FOR_DIVISION_BY_ZERO,TRADITIONAL,NO_ENGINE_SUBSTITUTION {{(pid=98603) _check_effective_sql_mode /opt/stack/data/venv/lib/python3.12/site-packages/oslo_db/sqlalchemy/engines.py:325}}
Jun 22 13:58:57.244119 np0000003386 nova-conductor[98633]: INFO dbcounter [None req-3f89bec0-bf2d-424d-8a7e-18d627065437 None None] Registered counter for database nova_cell0
Jun 22 13:58:57.244158 np0000003386 nova-conductor[98603]: DEBUG dbcounter [-] [98603] Writer thread running {{(pid=98603) stat_writer /opt/stack/data/venv/lib/python3.12/site-packages/dbcounter.py:102}}
Jun 22 13:58:57.244201 np0000003386 nova-conductor[98612]: DEBUG oslo_db.sqlalchemy.engines [None req-46278320-69cf-476a-845c-93f21d943f00 None None] MySQL server mode set to STRICT_TRANS_TABLES,STRICT_ALL_TABLES,NO_ZERO_IN_DATE,NO_ZERO_DATE,ERROR_FOR_DIVISION_BY_ZERO,TRADITIONAL,NO_ENGINE_SUBSTITUTION {{(pid=98612) _check_effective_sql_mode /opt/stack/data/venv/lib/python3.12/site-packages/oslo_db/sqlalchemy/engines.py:325}}
Jun 22 13:58:57.244242 np0000003386 nova-conductor[98625]: DEBUG oslo_db.sqlalchemy.engines [None req-5c97d0b3-5979-47ed-8d1e-c24f4cf6b47b None None] MySQL server mode set to STRICT_TRANS_TABLES,STRICT_ALL_TABLES,NO_ZERO_IN_DATE,NO_ZERO_DATE,ERROR_FOR_DIVISION_BY_ZERO,TRADITIONAL,NO_ENGINE_SUBSTITUTION {{(pid=98625) _check_effective_sql_mode /opt/stack/data/venv/lib/python3.12/site-packages/oslo_db/sqlalchemy/engines.py:325}}
Jun 22 13:58:57.244272 np0000003386 nova-conductor[98603]: DEBUG nova.service [None req-9b04213d-d74b-41ad-bb04-c4514e00def6 None None] Creating RPC server for service: nova-conductor on topic: conductor {{(pid=98603) start /opt/stack/nova/nova/service.py:196}}
Jun 22 13:58:57.244300 np0000003386 nova-conductor[98612]: DEBUG dbcounter [-] [98612] Writer thread running {{(pid=98612) stat_writer /opt/stack/data/venv/lib/python3.12/site-packages/dbcounter.py:102}}
Jun 22 13:58:57.245121 np0000003386 nova-conductor[98625]: DEBUG dbcounter [-] [98625] Writer thread running {{(pid=98625) stat_writer /opt/stack/data/venv/lib/python3.12/site-packages/dbcounter.py:102}}
Jun 22 13:58:57.247822 np0000003386 nova-conductor[98612]: DEBUG nova.service [None req-46278320-69cf-476a-845c-93f21d943f00 None None] Creating RPC server for service: nova-conductor on topic: conductor {{(pid=98612) start /opt/stack/nova/nova/service.py:196}}
Jun 22 13:58:57.248705 np0000003386 nova-conductor[98625]: DEBUG nova.service [None req-5c97d0b3-5979-47ed-8d1e-c24f4cf6b47b None None] Creating RPC server for service: nova-conductor on topic: conductor {{(pid=98625) start /opt/stack/nova/nova/service.py:196}}
Jun 22 13:58:57.258311 np0000003386 nova-conductor[98633]: DEBUG oslo_db.sqlalchemy.engines [None req-3f89bec0-bf2d-424d-8a7e-18d627065437 None None] MySQL server mode set to STRICT_TRANS_TABLES,STRICT_ALL_TABLES,NO_ZERO_IN_DATE,NO_ZERO_DATE,ERROR_FOR_DIVISION_BY_ZERO,TRADITIONAL,NO_ENGINE_SUBSTITUTION {{(pid=98633) _check_effective_sql_mode /opt/stack/data/venv/lib/python3.12/site-packages/oslo_db/sqlalchemy/engines.py:325}}
Jun 22 13:58:57.262380 np0000003386 nova-conductor[98603]: DEBUG nova.service [None req-9b04213d-d74b-41ad-bb04-c4514e00def6 None None] Join ServiceGroup membership for this service conductor {{(pid=98603) start /opt/stack/nova/nova/service.py:222}}
Jun 22 13:58:57.262577 np0000003386 nova-conductor[98603]: DEBUG nova.servicegroup.drivers.db [None req-9b04213d-d74b-41ad-bb04-c4514e00def6 None None] DB_Driver: join new ServiceGroup member np0000003386 to the conductor group, service = {{(pid=98603) join /opt/stack/nova/nova/servicegroup/drivers/db.py:44}}
Jun 22 13:58:57.269327 np0000003386 nova-conductor[98612]: DEBUG nova.service [None req-46278320-69cf-476a-845c-93f21d943f00 None None] Join ServiceGroup membership for this service conductor {{(pid=98612) start /opt/stack/nova/nova/service.py:222}}
Jun 22 13:58:57.269598 np0000003386 nova-conductor[98612]: DEBUG nova.servicegroup.drivers.db [None req-46278320-69cf-476a-845c-93f21d943f00 None None] DB_Driver: join new ServiceGroup member np0000003386 to the conductor group, service = {{(pid=98612) join /opt/stack/nova/nova/servicegroup/drivers/db.py:44}}
Jun 22 13:58:57.269798 np0000003386 nova-conductor[98633]: DEBUG dbcounter [-] [98633] Writer thread running {{(pid=98633) stat_writer /opt/stack/data/venv/lib/python3.12/site-packages/dbcounter.py:102}}
Jun 22 13:58:57.270472 np0000003386 nova-conductor[98625]: DEBUG nova.service [None req-5c97d0b3-5979-47ed-8d1e-c24f4cf6b47b None None] Join ServiceGroup membership for this service conductor {{(pid=98625) start /opt/stack/nova/nova/service.py:222}}
Jun 22 13:58:57.270736 np0000003386 nova-conductor[98625]: DEBUG nova.servicegroup.drivers.db [None req-5c97d0b3-5979-47ed-8d1e-c24f4cf6b47b None None] DB_Driver: join new ServiceGroup member np0000003386 to the conductor group, service = {{(pid=98625) join /opt/stack/nova/nova/servicegroup/drivers/db.py:44}}
Jun 22 13:58:57.273663 np0000003386 nova-conductor[98633]: DEBUG nova.service [None req-3f89bec0-bf2d-424d-8a7e-18d627065437 None None] Creating RPC server for service: nova-conductor on topic: conductor {{(pid=98633) start /opt/stack/nova/nova/service.py:196}}
Jun 22 13:58:57.291918 np0000003386 nova-conductor[98633]: DEBUG nova.service [None req-3f89bec0-bf2d-424d-8a7e-18d627065437 None None] Join ServiceGroup membership for this service conductor {{(pid=98633) start /opt/stack/nova/nova/service.py:222}}
Jun 22 13:58:57.292110 np0000003386 nova-conductor[98633]: DEBUG nova.servicegroup.drivers.db [None req-3f89bec0-bf2d-424d-8a7e-18d627065437 None None] DB_Driver: join new ServiceGroup member np0000003386 to the conductor group, service = {{(pid=98633) join /opt/stack/nova/nova/servicegroup/drivers/db.py:44}}
Jun 22 13:59:02.284999 np0000003386 nova-conductor[98603]: DEBUG oslo.service.backend._threading.loopingcall [-] Fixed interval looping call 'nova.servicegroup.drivers.db.DbDriver._report_state' sleeping for 119.98 seconds {{(pid=98603) _run_loop /opt/stack/data/venv/lib/python3.12/site-packages/oslo_service/backend/_threading/loopingcall.py:125}}
Jun 22 13:59:02.285404 np0000003386 nova-conductor[98612]: DEBUG oslo.service.backend._threading.loopingcall [-] Fixed interval looping call 'nova.servicegroup.drivers.db.DbDriver._report_state' sleeping for 119.99 seconds {{(pid=98612) _run_loop /opt/stack/data/venv/lib/python3.12/site-packages/oslo_service/backend/_threading/loopingcall.py:125}}
Jun 22 13:59:02.286395 np0000003386 nova-conductor[98625]: DEBUG oslo.service.backend._threading.loopingcall [-] Fixed interval looping call 'nova.servicegroup.drivers.db.DbDriver._report_state' sleeping for 119.99 seconds {{(pid=98625) _run_loop /opt/stack/data/venv/lib/python3.12/site-packages/oslo_service/backend/_threading/loopingcall.py:125}}
Jun 22 13:59:02.304877 np0000003386 nova-conductor[98633]: DEBUG oslo.service.backend._threading.loopingcall [-] Fixed interval looping call 'nova.servicegroup.drivers.db.DbDriver._report_state' sleeping for 119.99 seconds {{(pid=98633) _run_loop /opt/stack/data/venv/lib/python3.12/site-packages/oslo_service/backend/_threading/loopingcall.py:125}}
Jun 22 13:59:05.849313 np0000003386 nova-conductor[97159]: DEBUG dbcounter [-] [97159] Writing DB stats nova_api:SELECT=1 {{(pid=97159) stat_writer /opt/stack/data/venv/lib/python3.12/site-packages/dbcounter.py:115}}
Jun 22 13:59:05.980097 np0000003386 nova-conductor[97159]: DEBUG dbcounter [-] [97159] Writing DB stats nova_cell1:SELECT=1 {{(pid=97159) stat_writer /opt/stack/data/venv/lib/python3.12/site-packages/dbcounter.py:115}}
Jun 22 13:59:05.985152 np0000003386 nova-conductor[97159]: DEBUG dbcounter [-] [97159] Writing DB stats nova_cell0:SELECT=1 {{(pid=97159) stat_writer /opt/stack/data/venv/lib/python3.12/site-packages/dbcounter.py:115}}
Jun 22 13:59:12.270795 np0000003386 nova-conductor[98603]: DEBUG dbcounter [-] [98603] Writing DB stats nova_cell0:SELECT=4,nova_cell0:INSERT=1,nova_cell0:UPDATE=1 {{(pid=98603) stat_writer /opt/stack/data/venv/lib/python3.12/site-packages/dbcounter.py:115}}
Jun 22 13:59:12.281907 np0000003386 nova-conductor[98612]: DEBUG dbcounter [-] [98612] Writing DB stats nova_cell0:SELECT=3,nova_cell0:UPDATE=1 {{(pid=98612) stat_writer /opt/stack/data/venv/lib/python3.12/site-packages/dbcounter.py:115}}
Jun 22 13:59:12.283760 np0000003386 nova-conductor[98625]: DEBUG dbcounter [-] [98625] Writing DB stats nova_cell0:SELECT=3,nova_cell0:UPDATE=1 {{(pid=98625) stat_writer /opt/stack/data/venv/lib/python3.12/site-packages/dbcounter.py:115}}
Jun 22 13:59:12.299893 np0000003386 nova-conductor[98633]: DEBUG dbcounter [-] [98633] Writing DB stats nova_cell0:SELECT=3 {{(pid=98633) stat_writer /opt/stack/data/venv/lib/python3.12/site-packages/dbcounter.py:115}}
Jun 22 13:59:16.294058 np0000003386 nova-conductor[98633]: DEBUG oslo.service.backend._threading.loopingcall [None req-af1bd060-1f3a-4496-ba83-61ac96d8f8b0 None None] Dynamic interval looping call 'nova.service.Service.periodic_tasks' sleeping for 60.00 seconds {{(pid=98633) _run_loop /opt/stack/data/venv/lib/python3.12/site-packages/oslo_service/backend/_threading/loopingcall.py:125}}
Jun 22 13:59:29.273118 np0000003386 nova-conductor[98625]: DEBUG oslo.service.backend._threading.loopingcall [None req-3334f6f9-a1e9-4177-9c98-211fbf36feee None None] Dynamic interval looping call 'nova.service.Service.periodic_tasks' sleeping for 60.00 seconds {{(pid=98625) _run_loop /opt/stack/data/venv/lib/python3.12/site-packages/oslo_service/backend/_threading/loopingcall.py:125}}
Jun 22 13:59:32.271881 np0000003386 nova-conductor[98612]: DEBUG oslo.service.backend._threading.loopingcall [None req-e285e1db-bc30-485d-8e5b-9024f0cd5bb8 None None] Dynamic interval looping call 'nova.service.Service.periodic_tasks' sleeping for 60.00 seconds {{(pid=98612) _run_loop /opt/stack/data/venv/lib/python3.12/site-packages/oslo_service/backend/_threading/loopingcall.py:125}}
Jun 22 13:59:55.264351 np0000003386 nova-conductor[98603]: DEBUG oslo.service.backend._threading.loopingcall [None req-5aeb8cb3-8ce8-4087-939e-db4fb8a357de None None] Dynamic interval looping call 'nova.service.Service.periodic_tasks' sleeping for 60.00 seconds {{(pid=98603) _run_loop /opt/stack/data/venv/lib/python3.12/site-packages/oslo_service/backend/_threading/loopingcall.py:125}}
Jun 22 14:00:16.294570 np0000003386 nova-conductor[98633]: DEBUG oslo.service.backend._threading.loopingcall [None req-af1bd060-1f3a-4496-ba83-61ac96d8f8b0 None None] Dynamic interval looping call 'nova.service.Service.periodic_tasks' sleeping for 60.00 seconds {{(pid=98633) _run_loop /opt/stack/data/venv/lib/python3.12/site-packages/oslo_service/backend/_threading/loopingcall.py:125}}
Jun 22 14:00:29.274012 np0000003386 nova-conductor[98625]: DEBUG oslo.service.backend._threading.loopingcall [None req-3334f6f9-a1e9-4177-9c98-211fbf36feee None None] Dynamic interval looping call 'nova.service.Service.periodic_tasks' sleeping for 60.00 seconds {{(pid=98625) _run_loop /opt/stack/data/venv/lib/python3.12/site-packages/oslo_service/backend/_threading/loopingcall.py:125}}
Jun 22 14:00:32.272355 np0000003386 nova-conductor[98612]: DEBUG oslo.service.backend._threading.loopingcall [None req-e285e1db-bc30-485d-8e5b-9024f0cd5bb8 None None] Dynamic interval looping call 'nova.service.Service.periodic_tasks' sleeping for 60.00 seconds {{(pid=98612) _run_loop /opt/stack/data/venv/lib/python3.12/site-packages/oslo_service/backend/_threading/loopingcall.py:125}}
Jun 22 14:00:55.264902 np0000003386 nova-conductor[98603]: DEBUG oslo.service.backend._threading.loopingcall [None req-5aeb8cb3-8ce8-4087-939e-db4fb8a357de None None] Dynamic interval looping call 'nova.service.Service.periodic_tasks' sleeping for 60.00 seconds {{(pid=98603) _run_loop /opt/stack/data/venv/lib/python3.12/site-packages/oslo_service/backend/_threading/loopingcall.py:125}}
Jun 22 14:01:02.283376 np0000003386 nova-conductor[98603]: DEBUG oslo.service.backend._threading.loopingcall [-] Fixed interval looping call 'nova.servicegroup.drivers.db.DbDriver._report_state' sleeping for 119.98 seconds {{(pid=98603) _run_loop /opt/stack/data/venv/lib/python3.12/site-packages/oslo_service/backend/_threading/loopingcall.py:125}}
Jun 22 14:01:02.283888 np0000003386 nova-conductor[98625]: DEBUG oslo.service.backend._threading.loopingcall [-] Fixed interval looping call 'nova.servicegroup.drivers.db.DbDriver._report_state' sleeping for 119.99 seconds {{(pid=98625) _run_loop /opt/stack/data/venv/lib/python3.12/site-packages/oslo_service/backend/_threading/loopingcall.py:125}}
Jun 22 14:01:02.284213 np0000003386 nova-conductor[98612]: DEBUG oslo.service.backend._threading.loopingcall [-] Fixed interval looping call 'nova.servicegroup.drivers.db.DbDriver._report_state' sleeping for 119.99 seconds {{(pid=98612) _run_loop /opt/stack/data/venv/lib/python3.12/site-packages/oslo_service/backend/_threading/loopingcall.py:125}}
Jun 22 14:01:02.298635 np0000003386 nova-conductor[98633]: DEBUG oslo.service.backend._threading.loopingcall [-] Fixed interval looping call 'nova.servicegroup.drivers.db.DbDriver._report_state' sleeping for 120.00 seconds {{(pid=98633) _run_loop /opt/stack/data/venv/lib/python3.12/site-packages/oslo_service/backend/_threading/loopingcall.py:125}}
Jun 22 14:01:12.268121 np0000003386 nova-conductor[98603]: DEBUG dbcounter [-] [98603] Writing DB stats nova_cell0:SELECT=1,nova_cell0:UPDATE=1 {{(pid=98603) stat_writer /opt/stack/data/venv/lib/python3.12/site-packages/dbcounter.py:115}}
Jun 22 14:01:12.279098 np0000003386 nova-conductor[98612]: DEBUG dbcounter [-] [98612] Writing DB stats nova_cell0:SELECT=1,nova_cell0:UPDATE=1 {{(pid=98612) stat_writer /opt/stack/data/venv/lib/python3.12/site-packages/dbcounter.py:115}}
Jun 22 14:01:12.279602 np0000003386 nova-conductor[98625]: DEBUG dbcounter [-] [98625] Writing DB stats nova_cell0:SELECT=1,nova_cell0:UPDATE=1 {{(pid=98625) stat_writer /opt/stack/data/venv/lib/python3.12/site-packages/dbcounter.py:115}}
Jun 22 14:01:12.296794 np0000003386 nova-conductor[98633]: DEBUG dbcounter [-] [98633] Writing DB stats nova_cell0:SELECT=1 {{(pid=98633) stat_writer /opt/stack/data/venv/lib/python3.12/site-packages/dbcounter.py:115}}
Jun 22 14:01:16.294972 np0000003386 nova-conductor[98633]: DEBUG oslo.service.backend._threading.loopingcall [None req-af1bd060-1f3a-4496-ba83-61ac96d8f8b0 None None] Dynamic interval looping call 'nova.service.Service.periodic_tasks' sleeping for 60.00 seconds {{(pid=98633) _run_loop /opt/stack/data/venv/lib/python3.12/site-packages/oslo_service/backend/_threading/loopingcall.py:125}}
Jun 22 14:01:29.274776 np0000003386 nova-conductor[98625]: DEBUG oslo.service.backend._threading.loopingcall [None req-3334f6f9-a1e9-4177-9c98-211fbf36feee None None] Dynamic interval looping call 'nova.service.Service.periodic_tasks' sleeping for 60.00 seconds {{(pid=98625) _run_loop /opt/stack/data/venv/lib/python3.12/site-packages/oslo_service/backend/_threading/loopingcall.py:125}}
Jun 22 14:01:32.273859 np0000003386 nova-conductor[98612]: DEBUG oslo.service.backend._threading.loopingcall [None req-e285e1db-bc30-485d-8e5b-9024f0cd5bb8 None None] Dynamic interval looping call 'nova.service.Service.periodic_tasks' sleeping for 60.00 seconds {{(pid=98612) _run_loop /opt/stack/data/venv/lib/python3.12/site-packages/oslo_service/backend/_threading/loopingcall.py:125}}
Jun 22 14:01:37.935393 np0000003386 nova-conductor[98603]: DEBUG oslo_db.sqlalchemy.engines [None req-ae2620ff-0828-4037-a15c-b6b77d80cd2c tempest-ServerBootFromVolumeStableRescueTest-1311239634 tempest-ServerBootFromVolumeStableRescueTest-1311239634-project-member] Parent process 97159 forked (98603) with an open database connection, which is being discarded and recreated. {{(pid=98603) checkout /opt/stack/data/venv/lib/python3.12/site-packages/oslo_db/sqlalchemy/engines.py:402}}
Jun 22 14:01:37.984661 np0000003386 nova-conductor[98603]: DEBUG dbcounter [-] [98603] Writer thread running {{(pid=98603) stat_writer /opt/stack/data/venv/lib/python3.12/site-packages/dbcounter.py:102}}
Jun 22 14:01:39.008530 np0000003386 nova-conductor[98603]: DEBUG nova.conductor.manager [None req-ae2620ff-0828-4037-a15c-b6b77d80cd2c tempest-ServerBootFromVolumeStableRescueTest-1311239634 tempest-ServerBootFromVolumeStableRescueTest-1311239634-project-member] Took 1.02 seconds to select destinations for 1 instance(s). {{(pid=98603) _schedule_instances /opt/stack/nova/nova/conductor/manager.py:968}}
Jun 22 14:01:39.031588 np0000003386 nova-conductor[98603]: DEBUG oslo_concurrency.lockutils [None req-ae2620ff-0828-4037-a15c-b6b77d80cd2c tempest-ServerBootFromVolumeStableRescueTest-1311239634 tempest-ServerBootFromVolumeStableRescueTest-1311239634-project-member] Acquiring lock "1440f1ef-d939-4a1a-b623-4f6ea640a2f6" by "nova.context.set_target_cell..get_or_set_cached_cell_and_set_connections" {{(pid=98603) inner /opt/stack/data/venv/lib/python3.12/site-packages/oslo_concurrency/lockutils.py:511}}
Jun 22 14:01:39.032007 np0000003386 nova-conductor[98603]: DEBUG oslo_concurrency.lockutils [None req-ae2620ff-0828-4037-a15c-b6b77d80cd2c tempest-ServerBootFromVolumeStableRescueTest-1311239634 tempest-ServerBootFromVolumeStableRescueTest-1311239634-project-member] Lock "1440f1ef-d939-4a1a-b623-4f6ea640a2f6" acquired by "nova.context.set_target_cell..get_or_set_cached_cell_and_set_connections" :: waited 0.000s {{(pid=98603) inner /opt/stack/data/venv/lib/python3.12/site-packages/oslo_concurrency/lockutils.py:524}}
Jun 22 14:01:39.033189 np0000003386 nova-conductor[98603]: DEBUG oslo_concurrency.lockutils [None req-ae2620ff-0828-4037-a15c-b6b77d80cd2c tempest-ServerBootFromVolumeStableRescueTest-1311239634 tempest-ServerBootFromVolumeStableRescueTest-1311239634-project-member] Lock "1440f1ef-d939-4a1a-b623-4f6ea640a2f6" "released" by "nova.context.set_target_cell..get_or_set_cached_cell_and_set_connections" :: held 0.001s {{(pid=98603) inner /opt/stack/data/venv/lib/python3.12/site-packages/oslo_concurrency/lockutils.py:543}}
Jun 22 14:01:39.034733 np0000003386 nova-conductor[98603]: INFO dbcounter [None req-ae2620ff-0828-4037-a15c-b6b77d80cd2c tempest-ServerBootFromVolumeStableRescueTest-1311239634 tempest-ServerBootFromVolumeStableRescueTest-1311239634-project-member] Registered counter for database nova_cell1
Jun 22 14:01:39.074820 np0000003386 nova-conductor[98603]: DEBUG oslo_db.sqlalchemy.engines [None req-ae2620ff-0828-4037-a15c-b6b77d80cd2c tempest-ServerBootFromVolumeStableRescueTest-1311239634 tempest-ServerBootFromVolumeStableRescueTest-1311239634-project-member] MySQL server mode set to STRICT_TRANS_TABLES,STRICT_ALL_TABLES,NO_ZERO_IN_DATE,NO_ZERO_DATE,ERROR_FOR_DIVISION_BY_ZERO,TRADITIONAL,NO_ENGINE_SUBSTITUTION {{(pid=98603) _check_effective_sql_mode /opt/stack/data/venv/lib/python3.12/site-packages/oslo_db/sqlalchemy/engines.py:325}}
Jun 22 14:01:39.080894 np0000003386 nova-conductor[98603]: DEBUG dbcounter [-] [98603] Writer thread running {{(pid=98603) stat_writer /opt/stack/data/venv/lib/python3.12/site-packages/dbcounter.py:102}}
Jun 22 14:01:39.138402 np0000003386 nova-conductor[98603]: INFO nova.utils [None req-ae2620ff-0828-4037-a15c-b6b77d80cd2c tempest-ServerBootFromVolumeStableRescueTest-1311239634 tempest-ServerBootFromVolumeStableRescueTest-1311239634-project-member] The cell worker thread pool ForkProcess-1.cell_worker is initialized
Jun 22 14:01:39.138703 np0000003386 nova-conductor[98603]: DEBUG oslo_concurrency.lockutils [None req-ae2620ff-0828-4037-a15c-b6b77d80cd2c tempest-ServerBootFromVolumeStableRescueTest-1311239634 tempest-ServerBootFromVolumeStableRescueTest-1311239634-project-member] Acquiring lock "00000000-0000-0000-0000-000000000000" by "nova.context.set_target_cell..get_or_set_cached_cell_and_set_connections" {{(pid=98603) inner /opt/stack/data/venv/lib/python3.12/site-packages/oslo_concurrency/lockutils.py:511}}
Jun 22 14:01:39.138893 np0000003386 nova-conductor[98603]: DEBUG oslo_concurrency.lockutils [None req-ae2620ff-0828-4037-a15c-b6b77d80cd2c tempest-ServerBootFromVolumeStableRescueTest-1311239634 tempest-ServerBootFromVolumeStableRescueTest-1311239634-project-member] Lock "00000000-0000-0000-0000-000000000000" acquired by "nova.context.set_target_cell..get_or_set_cached_cell_and_set_connections" :: waited 0.000s {{(pid=98603) inner /opt/stack/data/venv/lib/python3.12/site-packages/oslo_concurrency/lockutils.py:524}}
Jun 22 14:01:39.139310 np0000003386 nova-conductor[98603]: DEBUG oslo_concurrency.lockutils [None req-ae2620ff-0828-4037-a15c-b6b77d80cd2c tempest-ServerBootFromVolumeStableRescueTest-1311239634 tempest-ServerBootFromVolumeStableRescueTest-1311239634-project-member] Lock "00000000-0000-0000-0000-000000000000" "released" by "nova.context.set_target_cell..get_or_set_cached_cell_and_set_connections" :: held 0.000s {{(pid=98603) inner /opt/stack/data/venv/lib/python3.12/site-packages/oslo_concurrency/lockutils.py:543}}
Jun 22 14:01:39.140010 np0000003386 nova-conductor[98603]: DEBUG oslo_concurrency.lockutils [None req-ae2620ff-0828-4037-a15c-b6b77d80cd2c tempest-ServerBootFromVolumeStableRescueTest-1311239634 tempest-ServerBootFromVolumeStableRescueTest-1311239634-project-member] Acquiring lock "1440f1ef-d939-4a1a-b623-4f6ea640a2f6" by "nova.context.set_target_cell..get_or_set_cached_cell_and_set_connections" {{(pid=98603) inner /opt/stack/data/venv/lib/python3.12/site-packages/oslo_concurrency/lockutils.py:511}}
Jun 22 14:01:39.141417 np0000003386 nova-conductor[98603]: INFO dbcounter [None req-ae2620ff-0828-4037-a15c-b6b77d80cd2c tempest-ServerBootFromVolumeStableRescueTest-1311239634 tempest-ServerBootFromVolumeStableRescueTest-1311239634-project-member] Registered counter for database nova_cell0
Jun 22 14:01:39.142489 np0000003386 nova-conductor[98603]: DEBUG oslo_concurrency.lockutils [None req-ae2620ff-0828-4037-a15c-b6b77d80cd2c tempest-ServerBootFromVolumeStableRescueTest-1311239634 tempest-ServerBootFromVolumeStableRescueTest-1311239634-project-member] Lock "1440f1ef-d939-4a1a-b623-4f6ea640a2f6" acquired by "nova.context.set_target_cell..get_or_set_cached_cell_and_set_connections" :: waited 0.001s {{(pid=98603) inner /opt/stack/data/venv/lib/python3.12/site-packages/oslo_concurrency/lockutils.py:524}}
Jun 22 14:01:39.142675 np0000003386 nova-conductor[98603]: DEBUG oslo_concurrency.lockutils [None req-ae2620ff-0828-4037-a15c-b6b77d80cd2c tempest-ServerBootFromVolumeStableRescueTest-1311239634 tempest-ServerBootFromVolumeStableRescueTest-1311239634-project-member] Lock "1440f1ef-d939-4a1a-b623-4f6ea640a2f6" "released" by "nova.context.set_target_cell..get_or_set_cached_cell_and_set_connections" :: held 0.001s {{(pid=98603) inner /opt/stack/data/venv/lib/python3.12/site-packages/oslo_concurrency/lockutils.py:543}}
Jun 22 14:01:39.185898 np0000003386 nova-conductor[98603]: DEBUG oslo_db.sqlalchemy.engines [None req-ae2620ff-0828-4037-a15c-b6b77d80cd2c tempest-ServerBootFromVolumeStableRescueTest-1311239634 tempest-ServerBootFromVolumeStableRescueTest-1311239634-project-member] MySQL server mode set to STRICT_TRANS_TABLES,STRICT_ALL_TABLES,NO_ZERO_IN_DATE,NO_ZERO_DATE,ERROR_FOR_DIVISION_BY_ZERO,TRADITIONAL,NO_ENGINE_SUBSTITUTION {{(pid=98603) _check_effective_sql_mode /opt/stack/data/venv/lib/python3.12/site-packages/oslo_db/sqlalchemy/engines.py:325}}
Jun 22 14:01:39.191878 np0000003386 nova-conductor[98603]: DEBUG dbcounter [-] [98603] Writer thread running {{(pid=98603) stat_writer /opt/stack/data/venv/lib/python3.12/site-packages/dbcounter.py:102}}
Jun 22 14:01:39.204167 np0000003386 nova-conductor[98603]: DEBUG nova.quota [None req-ae2620ff-0828-4037-a15c-b6b77d80cd2c tempest-ServerBootFromVolumeStableRescueTest-1311239634 tempest-ServerBootFromVolumeStableRescueTest-1311239634-project-member] Getting quotas for project 8ba72f46b5e44a9181d45c497d3753f6. Resources: {'cores', 'instances', 'ram'} {{(pid=98603) _get_quotas /opt/stack/nova/nova/quota.py:392}}
Jun 22 14:01:39.210864 np0000003386 nova-conductor[98603]: DEBUG nova.quota [None req-ae2620ff-0828-4037-a15c-b6b77d80cd2c tempest-ServerBootFromVolumeStableRescueTest-1311239634 tempest-ServerBootFromVolumeStableRescueTest-1311239634-project-member] Getting quotas for user 34c989b4e30640c290490aae2209af26 and project 8ba72f46b5e44a9181d45c497d3753f6. Resources: {'cores', 'instances', 'ram'} {{(pid=98603) _get_quotas /opt/stack/nova/nova/quota.py:382}}
Jun 22 14:01:39.217812 np0000003386 nova-conductor[98603]: DEBUG nova.conductor.manager [None req-ae2620ff-0828-4037-a15c-b6b77d80cd2c tempest-ServerBootFromVolumeStableRescueTest-1311239634 tempest-ServerBootFromVolumeStableRescueTest-1311239634-project-member] [instance: b4d71e12-8d9c-44fc-a70a-ced754e0db7c] Selected host: np0000003386; Selected node: np0000003386; Alternates: [] {{(pid=98603) schedule_and_build_instances /opt/stack/nova/nova/conductor/manager.py:1784}}
Jun 22 14:01:39.218393 np0000003386 nova-conductor[98603]: DEBUG oslo_concurrency.lockutils [None req-ae2620ff-0828-4037-a15c-b6b77d80cd2c tempest-ServerBootFromVolumeStableRescueTest-1311239634 tempest-ServerBootFromVolumeStableRescueTest-1311239634-project-member] Acquiring lock "1440f1ef-d939-4a1a-b623-4f6ea640a2f6" by "nova.context.set_target_cell..get_or_set_cached_cell_and_set_connections" {{(pid=98603) inner /opt/stack/data/venv/lib/python3.12/site-packages/oslo_concurrency/lockutils.py:511}}
Jun 22 14:01:39.218620 np0000003386 nova-conductor[98603]: DEBUG oslo_concurrency.lockutils [None req-ae2620ff-0828-4037-a15c-b6b77d80cd2c tempest-ServerBootFromVolumeStableRescueTest-1311239634 tempest-ServerBootFromVolumeStableRescueTest-1311239634-project-member] Lock "1440f1ef-d939-4a1a-b623-4f6ea640a2f6" acquired by "nova.context.set_target_cell..get_or_set_cached_cell_and_set_connections" :: waited 0.000s {{(pid=98603) inner /opt/stack/data/venv/lib/python3.12/site-packages/oslo_concurrency/lockutils.py:524}}
Jun 22 14:01:39.218801 np0000003386 nova-conductor[98603]: DEBUG oslo_concurrency.lockutils [None req-ae2620ff-0828-4037-a15c-b6b77d80cd2c tempest-ServerBootFromVolumeStableRescueTest-1311239634 tempest-ServerBootFromVolumeStableRescueTest-1311239634-project-member] Lock "1440f1ef-d939-4a1a-b623-4f6ea640a2f6" "released" by "nova.context.set_target_cell..get_or_set_cached_cell_and_set_connections" :: held 0.000s {{(pid=98603) inner /opt/stack/data/venv/lib/python3.12/site-packages/oslo_concurrency/lockutils.py:543}}
Jun 22 14:01:39.234830 np0000003386 nova-conductor[98603]: DEBUG nova.conductor.manager [None req-ae2620ff-0828-4037-a15c-b6b77d80cd2c tempest-ServerBootFromVolumeStableRescueTest-1311239634 tempest-ServerBootFromVolumeStableRescueTest-1311239634-project-member] [instance: b4d71e12-8d9c-44fc-a70a-ced754e0db7c] block_device_mapping [BlockDeviceMapping(attachment_id=,boot_index=0,connection_info=None,created_at=,delete_on_termination=True,deleted=,deleted_at=,destination_type='local',device_name=None,device_type='disk',disk_bus=None,encrypted=False,encryption_format=None,encryption_options=None,encryption_secret_uuid=None,guest_format=None,id=,image_id='a00a9421-9c2f-48e6-a516-087a3f6c3b2c',instance=,instance_uuid=,no_device=False,snapshot_id=None,source_type='image',tag=None,updated_at=,uuid=,volume_id=None,volume_size=None,volume_type=None)] {{(pid=98603) _create_block_device_mapping /opt/stack/nova/nova/conductor/manager.py:1529}}
Jun 22 14:01:39.236747 np0000003386 nova-conductor[98603]: DEBUG oslo_concurrency.lockutils [None req-ae2620ff-0828-4037-a15c-b6b77d80cd2c tempest-ServerBootFromVolumeStableRescueTest-1311239634 tempest-ServerBootFromVolumeStableRescueTest-1311239634-project-member] Acquiring lock "1440f1ef-d939-4a1a-b623-4f6ea640a2f6" by "nova.context.set_target_cell..get_or_set_cached_cell_and_set_connections" {{(pid=98603) inner /opt/stack/data/venv/lib/python3.12/site-packages/oslo_concurrency/lockutils.py:511}}
Jun 22 14:01:39.236747 np0000003386 nova-conductor[98603]: DEBUG oslo_concurrency.lockutils [None req-ae2620ff-0828-4037-a15c-b6b77d80cd2c tempest-ServerBootFromVolumeStableRescueTest-1311239634 tempest-ServerBootFromVolumeStableRescueTest-1311239634-project-member] Lock "1440f1ef-d939-4a1a-b623-4f6ea640a2f6" acquired by "nova.context.set_target_cell..get_or_set_cached_cell_and_set_connections" :: waited 0.000s {{(pid=98603) inner /opt/stack/data/venv/lib/python3.12/site-packages/oslo_concurrency/lockutils.py:524}}
Jun 22 14:01:39.236747 np0000003386 nova-conductor[98603]: DEBUG oslo_concurrency.lockutils [None req-ae2620ff-0828-4037-a15c-b6b77d80cd2c tempest-ServerBootFromVolumeStableRescueTest-1311239634 tempest-ServerBootFromVolumeStableRescueTest-1311239634-project-member] Lock "1440f1ef-d939-4a1a-b623-4f6ea640a2f6" "released" by "nova.context.set_target_cell..get_or_set_cached_cell_and_set_connections" :: held 0.000s {{(pid=98603) inner /opt/stack/data/venv/lib/python3.12/site-packages/oslo_concurrency/lockutils.py:543}}
Jun 22 14:01:39.278983 np0000003386 nova-conductor[98603]: DEBUG oslo_concurrency.lockutils [None req-ae2620ff-0828-4037-a15c-b6b77d80cd2c tempest-ServerBootFromVolumeStableRescueTest-1311239634 tempest-ServerBootFromVolumeStableRescueTest-1311239634-project-member] Acquiring lock "1440f1ef-d939-4a1a-b623-4f6ea640a2f6" by "nova.context.set_target_cell..get_or_set_cached_cell_and_set_connections" {{(pid=98603) inner /opt/stack/data/venv/lib/python3.12/site-packages/oslo_concurrency/lockutils.py:511}}
