Jun 22 13:58:24.904514 np0000003386 devstack@neutron-api.service[90417]: INFO neutron.quota.resource_registry [None req-2e5b2716-2940-4638-9b82-ba1c61d2831e None None] Creating instance of CountableResource for resource:rbac_policy
Jun 22 13:58:24.904657 np0000003386 devstack@neutron-api.service[90414]: INFO neutron.api.extensions [None req-d6f85846-dc88-492e-ba5a-f902a5342c73 None None] Extension port-security-groups-filtering not supported by any of loaded plugins
Jun 22 13:58:24.904657 np0000003386 devstack@neutron-api.service[90414]: DEBUG neutron.api.extensions [None req-d6f85846-dc88-492e-ba5a-f902a5342c73 None None] Loading extension file: security_groups_remote_address_group.py {{(pid=90414) _load_all_extensions_from_path /opt/stack/neutron/neutron/api/extensions.py:449}}
Jun 22 13:58:24.904790 np0000003386 devstack@neutron-api.service[90417]: WARNING neutron.quota.resource_registry [None req-2e5b2716-2940-4638-9b82-ba1c61d2831e None None] rbac_policy is already registered
Jun 22 13:58:24.904891 np0000003386 devstack@neutron-api.service[90414]: DEBUG neutron.api.extensions [None req-d6f85846-dc88-492e-ba5a-f902a5342c73 None None] Ext name="Remote address group id field for security group rules" alias="security-groups-remote-address-group" description="Add new field of remote address group id in SG rules" updated="2020-08-25T10:00:00-00:00" {{(pid=90414) _check_extension /opt/stack/neutron/neutron/api/extensions.py:415}}
Jun 22 13:58:24.904891 np0000003386 devstack@neutron-api.service[90414]: INFO neutron.api.extensions [None req-d6f85846-dc88-492e-ba5a-f902a5342c73 None None] Loaded extension: security-groups-remote-address-group
Jun 22 13:58:24.904891 np0000003386 devstack@neutron-api.service[90414]: DEBUG neutron.api.extensions [None req-d6f85846-dc88-492e-ba5a-f902a5342c73 None None] Loading extension file: security_groups_rules_belongs_to_default_sg.py {{(pid=90414) _load_all_extensions_from_path /opt/stack/neutron/neutron/api/extensions.py:449}}
Jun 22 13:58:24.904891 np0000003386 devstack@neutron-api.service[90414]: DEBUG neutron.api.extensions [None req-d6f85846-dc88-492e-ba5a-f902a5342c73 None None] Ext name="Security group rule belongs to the project's default security group" alias="security-groups-rules-belongs-to-default-sg" description="Flag to determine if the security group rule belongs to the project's default security group" updated="2023-05-23T10:00:00-00:00" {{(pid=90414) _check_extension /opt/stack/neutron/neutron/api/extensions.py:415}}
Jun 22 13:58:24.904891 np0000003386 devstack@neutron-api.service[90414]: INFO neutron.api.extensions [None req-d6f85846-dc88-492e-ba5a-f902a5342c73 None None] Loaded extension: security-groups-rules-belongs-to-default-sg
Jun 22 13:58:24.904891 np0000003386 devstack@neutron-api.service[90414]: DEBUG neutron.api.extensions [None req-d6f85846-dc88-492e-ba5a-f902a5342c73 None None] Loading extension file: security_groups_shared_filtering.py {{(pid=90414) _load_all_extensions_from_path /opt/stack/neutron/neutron/api/extensions.py:449}}
Jun 22 13:58:24.905118 np0000003386 devstack@neutron-api.service[90417]: INFO neutron.quota.resource_registry [None req-2e5b2716-2940-4638-9b82-ba1c61d2831e None None] Creating instance of TrackedResource for resource:security_group
Jun 22 13:58:24.905235 np0000003386 devstack@neutron-api.service[90414]: DEBUG neutron.api.extensions [None req-d6f85846-dc88-492e-ba5a-f902a5342c73 None None] Ext name="Security group filtering on the shared field" alias="security-groups-shared-filtering" description="Support filtering security groups on the shared field" updated="2021-10-05T09:00:00-00:00" {{(pid=90414) _check_extension /opt/stack/neutron/neutron/api/extensions.py:415}}
Jun 22 13:58:24.905332 np0000003386 devstack@neutron-api.service[90417]: WARNING neutron.quota.resource_registry [None req-2e5b2716-2940-4638-9b82-ba1c61d2831e None None] security_group is already registered
Jun 22 13:58:24.905427 np0000003386 devstack@neutron-api.service[90414]: INFO neutron.api.extensions [None req-d6f85846-dc88-492e-ba5a-f902a5342c73 None None] Loaded extension: security-groups-shared-filtering
Jun 22 13:58:24.905427 np0000003386 devstack@neutron-api.service[90414]: DEBUG neutron.api.extensions [None req-d6f85846-dc88-492e-ba5a-f902a5342c73 None None] Loading extension file: securitygroup.py {{(pid=90414) _load_all_extensions_from_path /opt/stack/neutron/neutron/api/extensions.py:449}}
Jun 22 13:58:24.905527 np0000003386 devstack@neutron-api.service[90417]: INFO neutron.quota.resource_registry [None req-2e5b2716-2940-4638-9b82-ba1c61d2831e None None] Creating instance of TrackedResource for resource:security_group_rule
Jun 22 13:58:24.905527 np0000003386 devstack@neutron-api.service[90417]: WARNING neutron.quota.resource_registry [None req-2e5b2716-2940-4638-9b82-ba1c61d2831e None None] security_group_rule is already registered
Jun 22 13:58:24.905527 np0000003386 devstack@neutron-api.service[90417]: DEBUG neutron.api.v2.resource_helper [None req-2e5b2716-2940-4638-9b82-ba1c61d2831e None None] Service CORE assigned prefix: {{(pid=90417) build_resource_info /opt/stack/neutron/neutron/api/v2/resource_helper.py:77}}
Jun 22 13:58:24.905527 np0000003386 devstack@neutron-api.service[90417]: INFO neutron.quota.resource_registry [None req-2e5b2716-2940-4638-9b82-ba1c61d2831e None None] Creating instance of TrackedResource for resource:subnetpool
Jun 22 13:58:24.905527 np0000003386 devstack@neutron-api.service[90417]: WARNING neutron.quota.resource_registry [None req-2e5b2716-2940-4638-9b82-ba1c61d2831e None None] subnetpool is already registered
Jun 22 13:58:24.905727 np0000003386 devstack@neutron-api.service[90414]: DEBUG neutron.api.extensions [None req-d6f85846-dc88-492e-ba5a-f902a5342c73 None None] Ext name="security-group" alias="security-group" description="The security groups extension." updated="2012-10-05T10:00:00-00:00" {{(pid=90414) _check_extension /opt/stack/neutron/neutron/api/extensions.py:415}}
Jun 22 13:58:24.905727 np0000003386 devstack@neutron-api.service[90414]: INFO neutron.api.extensions [None req-d6f85846-dc88-492e-ba5a-f902a5342c73 None None] Loaded extension: security-group
Jun 22 13:58:24.905727 np0000003386 devstack@neutron-api.service[90414]: DEBUG neutron.api.extensions [None req-d6f85846-dc88-492e-ba5a-f902a5342c73 None None] Loading extension file: segment.py {{(pid=90414) _load_all_extensions_from_path /opt/stack/neutron/neutron/api/extensions.py:449}}
Jun 22 13:58:24.906793 np0000003386 devstack@neutron-api.service[90417]: DEBUG neutron.api.v2.resource_helper [None req-2e5b2716-2940-4638-9b82-ba1c61d2831e None None] Service CORE assigned prefix: {{(pid=90417) build_resource_info /opt/stack/neutron/neutron/api/v2/resource_helper.py:77}}
Jun 22 13:58:24.906793 np0000003386 devstack@neutron-api.service[90417]: INFO neutron.quota.resource_registry [None req-2e5b2716-2940-4638-9b82-ba1c61d2831e None None] Creating instance of TrackedResource for resource:subnetpool
Jun 22 13:58:24.906993 np0000003386 devstack@neutron-api.service[90414]: DEBUG neutron.api.extensions [None req-d6f85846-dc88-492e-ba5a-f902a5342c73 None None] Ext name="Segment" alias="segment" description="Segments extension." updated="2016-02-24T17:00:00-00:00" {{(pid=90414) _check_extension /opt/stack/neutron/neutron/api/extensions.py:415}}
Jun 22 13:58:24.906993 np0000003386 devstack@neutron-api.service[90414]: INFO neutron.api.extensions [None req-d6f85846-dc88-492e-ba5a-f902a5342c73 None None] Extension segment not supported by any of loaded plugins
Jun 22 13:58:24.907192 np0000003386 devstack@neutron-api.service[90417]: WARNING neutron.quota.resource_registry [None req-2e5b2716-2940-4638-9b82-ba1c61d2831e None None] subnetpool is already registered
Jun 22 13:58:24.907418 np0000003386 devstack@neutron-api.service[90414]: DEBUG neutron.api.extensions [None req-d6f85846-dc88-492e-ba5a-f902a5342c73 None None] Loading extension file: segments_peer_subnet_host_routes.py {{(pid=90414) _load_all_extensions_from_path /opt/stack/neutron/neutron/api/extensions.py:449}}
Jun 22 13:58:24.907418 np0000003386 devstack@neutron-api.service[90414]: DEBUG neutron.api.extensions [None req-d6f85846-dc88-492e-ba5a-f902a5342c73 None None] Ext name="Segments peer-subnet host routes" alias="segments-peer-subnet-host-routes" description="Add host routes to subnets on a routed network (segments)" updated="2018-06-12T10:00:00-00:00" {{(pid=90414) _check_extension /opt/stack/neutron/neutron/api/extensions.py:415}}
Jun 22 13:58:24.907622 np0000003386 devstack@neutron-api.service[90416]: DEBUG neutron_lib.callbacks.manager [None req-6a85a5fa-54e9-4064-9c02-636b9275f2d2 None None] Subscribe: > router before_delete 55550000, False {{(pid=90416) subscribe /opt/stack/data/venv/lib/python3.12/site-packages/neutron_lib/callbacks/manager.py:52}}
Jun 22 13:58:24.907767 np0000003386 devstack@neutron-api.service[90414]: INFO neutron.api.extensions [None req-d6f85846-dc88-492e-ba5a-f902a5342c73 None None] Extension segments-peer-subnet-host-routes not supported by any of loaded plugins
Jun 22 13:58:24.907767 np0000003386 devstack@neutron-api.service[90414]: DEBUG neutron.api.extensions [None req-d6f85846-dc88-492e-ba5a-f902a5342c73 None None] Loading extension file: servicetype.py {{(pid=90414) _load_all_extensions_from_path /opt/stack/neutron/neutron/api/extensions.py:449}}
Jun 22 13:58:24.907928 np0000003386 devstack@neutron-api.service[90417]: DEBUG neutron.api.extensions [None req-2e5b2716-2940-4638-9b82-ba1c61d2831e None None] Extended resource: extensions {{(pid=90417) __init__ /opt/stack/neutron/neutron/api/extensions.py:156}}
Jun 22 13:58:24.908058 np0000003386 devstack@neutron-api.service[90416]: DEBUG neutron_lib.callbacks.manager [None req-6a85a5fa-54e9-4064-9c02-636b9275f2d2 None None] Subscribe: port before_update 55550000, False {{(pid=90416) subscribe /opt/stack/data/venv/lib/python3.12/site-packages/neutron_lib/callbacks/manager.py:52}}
Jun 22 13:58:24.908182 np0000003386 devstack@neutron-api.service[90414]: DEBUG neutron.api.extensions [None req-d6f85846-dc88-492e-ba5a-f902a5342c73 None None] Ext name="Neutron Service Type Management" alias="service-type" description="API for retrieving service providers for Neutron advanced services" updated="2013-01-20T00:00:00-00:00" {{(pid=90414) _check_extension /opt/stack/neutron/neutron/api/extensions.py:415}}
Jun 22 13:58:24.908294 np0000003386 devstack@neutron-api.service[90416]: DEBUG neutron_lib.callbacks.manager [None req-6a85a5fa-54e9-4064-9c02-636b9275f2d2 None None] Subscribe: port after_update 55550000, False {{(pid=90416) subscribe /opt/stack/data/venv/lib/python3.12/site-packages/neutron_lib/callbacks/manager.py:52}}
Jun 22 13:58:24.908412 np0000003386 devstack@neutron-api.service[90414]: INFO neutron.api.extensions [None req-d6f85846-dc88-492e-ba5a-f902a5342c73 None None] Loaded extension: service-type
Jun 22 13:58:24.908412 np0000003386 devstack@neutron-api.service[90414]: DEBUG neutron.api.extensions [None req-d6f85846-dc88-492e-ba5a-f902a5342c73 None None] Loading extension file: sorting.py {{(pid=90414) _load_all_extensions_from_path /opt/stack/neutron/neutron/api/extensions.py:449}}
Jun 22 13:58:24.908622 np0000003386 devstack@neutron-api.service[90416]: DEBUG neutron_lib.callbacks.manager [None req-6a85a5fa-54e9-4064-9c02-636b9275f2d2 None None] Subscribe: > port precommit_delete 55550000, False {{(pid=90416) subscribe /opt/stack/data/venv/lib/python3.12/site-packages/neutron_lib/callbacks/manager.py:52}}
Jun 22 13:58:24.908622 np0000003386 devstack@neutron-api.service[90416]: DEBUG neutron_lib.callbacks.manager [None req-6a85a5fa-54e9-4064-9c02-636b9275f2d2 None None] Subscribe: port before_update 55550000, False {{(pid=90416) subscribe /opt/stack/data/venv/lib/python3.12/site-packages/neutron_lib/callbacks/manager.py:52}}
Jun 22 13:58:24.908767 np0000003386 devstack@neutron-api.service[90414]: DEBUG neutron.api.extensions [None req-d6f85846-dc88-492e-ba5a-f902a5342c73 None None] Ext name="Sorting support" alias="sorting" description="Extension that indicates that sorting is enabled." updated="2016-06-12T00:00:00-00:00" {{(pid=90414) _check_extension /opt/stack/neutron/neutron/api/extensions.py:415}}
Jun 22 13:58:24.908767 np0000003386 devstack@neutron-api.service[90414]: INFO neutron.api.extensions [None req-d6f85846-dc88-492e-ba5a-f902a5342c73 None None] Loaded extension: sorting
Jun 22 13:58:24.908944 np0000003386 devstack@neutron-api.service[90416]: DEBUG neutron_lib.callbacks.manager [None req-6a85a5fa-54e9-4064-9c02-636b9275f2d2 None None] Subscribe: port before_delete 55550000, False {{(pid=90416) subscribe /opt/stack/data/venv/lib/python3.12/site-packages/neutron_lib/callbacks/manager.py:52}}
Jun 22 13:58:24.909072 np0000003386 devstack@neutron-api.service[90414]: DEBUG neutron.api.extensions [None req-d6f85846-dc88-492e-ba5a-f902a5342c73 None None] Loading extension file: standard_attr_segment.py {{(pid=90414) _load_all_extensions_from_path /opt/stack/neutron/neutron/api/extensions.py:449}}
Jun 22 13:58:24.909244 np0000003386 devstack@neutron-api.service[90416]: DEBUG neutron_lib.callbacks.manager [None req-6a85a5fa-54e9-4064-9c02-636b9275f2d2 None None] Subscribe: > router precommit_create 55550000, False {{(pid=90416) subscribe /opt/stack/data/venv/lib/python3.12/site-packages/neutron_lib/callbacks/manager.py:52}}
Jun 22 13:58:24.909376 np0000003386 devstack@neutron-api.service[90414]: DEBUG neutron.api.extensions [None req-d6f85846-dc88-492e-ba5a-f902a5342c73 None None] Ext name="Standard Attribute Segment Extension" alias="standard-attr-segment" description="Add standard attributes to Segment resource" updated="2018-04-09T10:00:00-00:00" {{(pid=90414) _check_extension /opt/stack/neutron/neutron/api/extensions.py:415}}
Jun 22 13:58:24.909508 np0000003386 devstack@neutron-api.service[90417]: DEBUG neutron.api.extensions [None req-2e5b2716-2940-4638-9b82-ba1c61d2831e None None] Extended resource: address-groups {{(pid=90417) __init__ /opt/stack/neutron/neutron/api/extensions.py:156}}
Jun 22 13:58:24.909675 np0000003386 devstack@neutron-api.service[90416]: DEBUG neutron_lib.callbacks.manager [None req-6a85a5fa-54e9-4064-9c02-636b9275f2d2 None None] Subscribe: > router precommit_create 55550000, False {{(pid=90416) subscribe /opt/stack/data/venv/lib/python3.12/site-packages/neutron_lib/callbacks/manager.py:52}}
Jun 22 13:58:24.909810 np0000003386 devstack@neutron-api.service[90414]: INFO neutron.api.extensions [None req-d6f85846-dc88-492e-ba5a-f902a5342c73 None None] Extension standard-attr-segment not supported by any of loaded plugins
Jun 22 13:58:24.909933 np0000003386 devstack@neutron-api.service[90416]: DEBUG neutron_lib.callbacks.manager [None req-6a85a5fa-54e9-4064-9c02-636b9275f2d2 None None] Subscribe: > router precommit_update 55550000, False {{(pid=90416) subscribe /opt/stack/data/venv/lib/python3.12/site-packages/neutron_lib/callbacks/manager.py:52}}
Jun 22 13:58:24.910070 np0000003386 devstack@neutron-api.service[90414]: DEBUG neutron.api.extensions [None req-d6f85846-dc88-492e-ba5a-f902a5342c73 None None] Loading extension file: standardattrdescription.py {{(pid=90414) _load_all_extensions_from_path /opt/stack/neutron/neutron/api/extensions.py:449}}
Jun 22 13:58:24.910237 np0000003386 devstack@neutron-api.service[90416]: DEBUG neutron_lib.callbacks.manager [None req-6a85a5fa-54e9-4064-9c02-636b9275f2d2 None None] Subscribe: subnet after_update 55550000, False {{(pid=90416) subscribe /opt/stack/data/venv/lib/python3.12/site-packages/neutron_lib/callbacks/manager.py:52}}
Jun 22 13:58:24.910367 np0000003386 devstack@neutron-api.service[90414]: DEBUG neutron.api.extensions [None req-d6f85846-dc88-492e-ba5a-f902a5342c73 None None] Ext name="standard-attr-description" alias="standard-attr-description" description="Extension to add descriptions to standard attributes" updated="2016-02-10T10:00:00-00:00" {{(pid=90414) _check_extension /opt/stack/neutron/neutron/api/extensions.py:415}}
Jun 22 13:58:24.910593 np0000003386 devstack@neutron-api.service[90416]: DEBUG neutron.quota.resource_registry [None req-6a85a5fa-54e9-4064-9c02-636b9275f2d2 None None] Tracking information for resource: router configured {{(pid=90416) set_tracked_resource /opt/stack/neutron/neutron/quota/resource_registry.py:203}}
Jun 22 13:58:24.910723 np0000003386 devstack@neutron-api.service[90414]: INFO neutron.api.extensions [None req-d6f85846-dc88-492e-ba5a-f902a5342c73 None None] Loaded extension: standard-attr-description
Jun 22 13:58:24.910723 np0000003386 devstack@neutron-api.service[90414]: DEBUG neutron.api.extensions [None req-d6f85846-dc88-492e-ba5a-f902a5342c73 None None] Loading extension file: stateful_security_group.py {{(pid=90414) _load_all_extensions_from_path /opt/stack/neutron/neutron/api/extensions.py:449}}
Jun 22 13:58:24.910892 np0000003386 devstack@neutron-api.service[90417]: DEBUG neutron.api.extensions [None req-2e5b2716-2940-4638-9b82-ba1c61d2831e None None] Extended resource: address-scopes {{(pid=90417) __init__ /opt/stack/neutron/neutron/api/extensions.py:156}}
Jun 22 13:58:24.911171 np0000003386 devstack@neutron-api.service[90416]: DEBUG neutron.quota.resource_registry [None req-6a85a5fa-54e9-4064-9c02-636b9275f2d2 None None] Tracking information for resource: floatingip configured {{(pid=90416) set_tracked_resource /opt/stack/neutron/neutron/quota/resource_registry.py:203}}
Jun 22 13:58:24.911171 np0000003386 devstack@neutron-api.service[90416]: INFO neutron.services.ovn_l3.plugin [None req-6a85a5fa-54e9-4064-9c02-636b9275f2d2 None None] Starting OVNL3RouterPlugin
Jun 22 13:58:24.911344 np0000003386 devstack@neutron-api.service[90414]: DEBUG neutron.api.extensions [None req-d6f85846-dc88-492e-ba5a-f902a5342c73 None None] Ext name="Stateful security group" alias="stateful-security-group" description="Indicates if the security group is stateful or not" updated="2019-11-26T09:00:00-00:00" {{(pid=90414) _check_extension /opt/stack/neutron/neutron/api/extensions.py:415}}
Jun 22 13:58:24.911344 np0000003386 devstack@neutron-api.service[90414]: INFO neutron.api.extensions [None req-d6f85846-dc88-492e-ba5a-f902a5342c73 None None] Loaded extension: stateful-security-group
Jun 22 13:58:24.911344 np0000003386 devstack@neutron-api.service[90414]: DEBUG neutron.api.extensions [None req-d6f85846-dc88-492e-ba5a-f902a5342c73 None None] Loading extension file: stdattrs_common.py {{(pid=90414) _load_all_extensions_from_path /opt/stack/neutron/neutron/api/extensions.py:449}}
Jun 22 13:58:24.911529 np0000003386 devstack@neutron-api.service[90416]: DEBUG neutron_lib.callbacks.manager [None req-6a85a5fa-54e9-4064-9c02-636b9275f2d2 None None] Subscribe: > port_forwarding_plugin after_init 55550000, False {{(pid=90416) subscribe /opt/stack/data/venv/lib/python3.12/site-packages/neutron_lib/callbacks/manager.py:52}}
Jun 22 13:58:24.911673 np0000003386 devstack@neutron-api.service[90417]: DEBUG neutron.api.extensions [None req-2e5b2716-2940-4638-9b82-ba1c61d2831e None None] Extended resource: agents {{(pid=90417) __init__ /opt/stack/neutron/neutron/api/extensions.py:156}}
Jun 22 13:58:24.911858 np0000003386 devstack@neutron-api.service[90414]: WARNING neutron.api.extensions [None req-d6f85846-dc88-492e-ba5a-f902a5342c73 None None] Did not find expected name "Stdattrs_common" in /opt/stack/neutron/neutron/extensions/stdattrs_common.py
Jun 22 13:58:24.911858 np0000003386 devstack@neutron-api.service[90414]: DEBUG neutron.api.extensions [None req-d6f85846-dc88-492e-ba5a-f902a5342c73 None None] Loading extension file: subnet_dns_publish_fixed_ip.py {{(pid=90414) _load_all_extensions_from_path /opt/stack/neutron/neutron/api/extensions.py:449}}
Jun 22 13:58:24.912072 np0000003386 devstack@neutron-api.service[90416]: DEBUG neutron_lib.callbacks.manager [None req-6a85a5fa-54e9-4064-9c02-636b9275f2d2 None None] Subscribe: > router before_create 55550100, False {{(pid=90416) subscribe /opt/stack/data/venv/lib/python3.12/site-packages/neutron_lib/callbacks/manager.py:52}}
Jun 22 13:58:24.912219 np0000003386 devstack@neutron-api.service[90414]: DEBUG neutron.api.extensions [None req-d6f85846-dc88-492e-ba5a-f902a5342c73 None None] Ext name="Subnet DNS publish fixed IP" alias="subnet-dns-publish-fixed-ip" description="Support choosing to publish DNS records for IPs from a subnet" updated="2019-05-24T10:00:00-00:00" {{(pid=90414) _check_extension /opt/stack/neutron/neutron/api/extensions.py:415}}
Jun 22 13:58:24.912356 np0000003386 devstack@neutron-api.service[90416]: DEBUG neutron_lib.callbacks.manager [None req-6a85a5fa-54e9-4064-9c02-636b9275f2d2 None None] Subscribe: > router precommit_delete 55550100, False {{(pid=90416) subscribe /opt/stack/data/venv/lib/python3.12/site-packages/neutron_lib/callbacks/manager.py:52}}
Jun 22 13:58:24.912495 np0000003386 devstack@neutron-api.service[90414]: INFO neutron.api.extensions [None req-d6f85846-dc88-492e-ba5a-f902a5342c73 None None] Loaded extension: subnet-dns-publish-fixed-ip
Jun 22 13:58:24.912495 np0000003386 devstack@neutron-api.service[90414]: DEBUG neutron.api.extensions [None req-d6f85846-dc88-492e-ba5a-f902a5342c73 None None] Loading extension file: subnet_external_network.py {{(pid=90414) _load_all_extensions_from_path /opt/stack/neutron/neutron/api/extensions.py:449}}
Jun 22 13:58:24.912666 np0000003386 devstack@neutron-api.service[90416]: DEBUG neutron_lib.callbacks.manager [None req-6a85a5fa-54e9-4064-9c02-636b9275f2d2 None None] Subscribe: > router precommit_create 55550100, False {{(pid=90416) subscribe /opt/stack/data/venv/lib/python3.12/site-packages/neutron_lib/callbacks/manager.py:52}}
Jun 22 13:58:24.912805 np0000003386 devstack@neutron-api.service[90417]: DEBUG neutron.api.extensions [None req-2e5b2716-2940-4638-9b82-ba1c61d2831e None None] Extended resource: auto-allocated-topology {{(pid=90417) __init__ /opt/stack/neutron/neutron/api/extensions.py:156}}
Jun 22 13:58:24.912929 np0000003386 devstack@neutron-api.service[90416]: DEBUG neutron_lib.callbacks.manager [None req-6a85a5fa-54e9-4064-9c02-636b9275f2d2 None None] Subscribe: > router precommit_update 55550100, False {{(pid=90416) subscribe /opt/stack/data/venv/lib/python3.12/site-packages/neutron_lib/callbacks/manager.py:52}}
Jun 22 13:58:24.913070 np0000003386 devstack@neutron-api.service[90414]: DEBUG neutron.api.extensions [None req-d6f85846-dc88-492e-ba5a-f902a5342c73 None None] Ext name="Subnet belongs to an external network" alias="subnet-external-network" description="Informs if the subnet belongs to an external network" updated="2024-02-05T18:00:00-00:00" {{(pid=90414) _check_extension /opt/stack/neutron/neutron/api/extensions.py:415}}
Jun 22 13:58:24.913070 np0000003386 devstack@neutron-api.service[90414]: INFO neutron.api.extensions [None req-d6f85846-dc88-492e-ba5a-f902a5342c73 None None] Loaded extension: subnet-external-network
Jun 22 13:58:24.913070 np0000003386 devstack@neutron-api.service[90414]: DEBUG neutron.api.extensions [None req-d6f85846-dc88-492e-ba5a-f902a5342c73 None None] Loading extension file: subnet_onboard.py {{(pid=90414) _load_all_extensions_from_path /opt/stack/neutron/neutron/api/extensions.py:449}}
Jun 22 13:58:24.913070 np0000003386 devstack@neutron-api.service[90414]: DEBUG neutron.api.extensions [None req-d6f85846-dc88-492e-ba5a-f902a5342c73 None None] Ext name="Subnet Onboard" alias="subnet_onboard" description="Provides support for onboarding subnets into subnet pools" updated="2018-12-18T09:00:00-00:00" {{(pid=90414) _check_extension /opt/stack/neutron/neutron/api/extensions.py:415}}
Jun 22 13:58:24.913317 np0000003386 devstack@neutron-api.service[90417]: DEBUG neutron.api.extensions [None req-2e5b2716-2940-4638-9b82-ba1c61d2831e None None] Extended resource: availability_zones {{(pid=90417) __init__ /opt/stack/neutron/neutron/api/extensions.py:156}}
Jun 22 13:58:24.913451 np0000003386 devstack@neutron-api.service[90414]: INFO neutron.api.extensions [None req-d6f85846-dc88-492e-ba5a-f902a5342c73 None None] Loaded extension: subnet_onboard
Jun 22 13:58:24.913451 np0000003386 devstack@neutron-api.service[90414]: DEBUG neutron.api.extensions [None req-d6f85846-dc88-492e-ba5a-f902a5342c73 None None] Loading extension file: subnet_segmentid_writable.py {{(pid=90414) _load_all_extensions_from_path /opt/stack/neutron/neutron/api/extensions.py:449}}
Jun 22 13:58:24.913451 np0000003386 devstack@neutron-api.service[90414]: DEBUG neutron.api.extensions [None req-d6f85846-dc88-492e-ba5a-f902a5342c73 None None] Ext name="Subnet SegmentID (writable)" alias="subnet-segmentid-writable" description="Provides a writable segment_id attribute for a subnet resource." updated="2018-03-12T00:00:00-00:00" {{(pid=90414) _check_extension /opt/stack/neutron/neutron/api/extensions.py:415}}
Jun 22 13:58:24.913451 np0000003386 devstack@neutron-api.service[90414]: INFO neutron.api.extensions [None req-d6f85846-dc88-492e-ba5a-f902a5342c73 None None] Extension subnet-segmentid-writable not supported by any of loaded plugins
Jun 22 13:58:24.913451 np0000003386 devstack@neutron-api.service[90414]: DEBUG neutron.api.extensions [None req-d6f85846-dc88-492e-ba5a-f902a5342c73 None None] Loading extension file: subnet_service_types.py {{(pid=90414) _load_all_extensions_from_path /opt/stack/neutron/neutron/api/extensions.py:449}}
Jun 22 13:58:24.913862 np0000003386 devstack@neutron-api.service[90417]: DEBUG neutron.api.extensions [None req-2e5b2716-2940-4638-9b82-ba1c61d2831e None None] Extended resource: dhcp-networks {{(pid=90417) __init__ /opt/stack/neutron/neutron/api/extensions.py:156}}
Jun 22 13:58:24.914024 np0000003386 devstack@neutron-api.service[90414]: DEBUG neutron.api.extensions [None req-d6f85846-dc88-492e-ba5a-f902a5342c73 None None] Ext name="Subnet service types" alias="subnet-service-types" description="Provides ability to set the subnet service_types field" updated="2016-03-15T18:00:00-00:00" {{(pid=90414) _check_extension /opt/stack/neutron/neutron/api/extensions.py:415}}
Jun 22 13:58:24.914024 np0000003386 devstack@neutron-api.service[90414]: INFO neutron.api.extensions [None req-d6f85846-dc88-492e-ba5a-f902a5342c73 None None] Loaded extension: subnet-service-types
Jun 22 13:58:24.914024 np0000003386 devstack@neutron-api.service[90414]: DEBUG neutron.api.extensions [None req-d6f85846-dc88-492e-ba5a-f902a5342c73 None None] Loading extension file: subnetallocation.py {{(pid=90414) _load_all_extensions_from_path /opt/stack/neutron/neutron/api/extensions.py:449}}
Jun 22 13:58:24.914024 np0000003386 devstack@neutron-api.service[90414]: DEBUG neutron.api.extensions [None req-d6f85846-dc88-492e-ba5a-f902a5342c73 None None] Ext name="Subnet Allocation" alias="subnet_allocation" description="Enables allocation of subnets from a subnet pool" updated="2015-03-30T10:00:00-00:00" {{(pid=90414) _check_extension /opt/stack/neutron/neutron/api/extensions.py:415}}
Jun 22 13:58:24.914024 np0000003386 devstack@neutron-api.service[90414]: INFO neutron.api.extensions [None req-d6f85846-dc88-492e-ba5a-f902a5342c73 None None] Loaded extension: subnet_allocation
Jun 22 13:58:24.914297 np0000003386 devstack@neutron-api.service[90417]: DEBUG neutron.api.extensions [None req-2e5b2716-2940-4638-9b82-ba1c61d2831e None None] Extended resource: dhcp-agents {{(pid=90417) __init__ /opt/stack/neutron/neutron/api/extensions.py:156}}
Jun 22 13:58:24.914422 np0000003386 devstack@neutron-api.service[90414]: DEBUG neutron.api.extensions [None req-d6f85846-dc88-492e-ba5a-f902a5342c73 None None] Loading extension file: subnetpool_prefix_ops.py {{(pid=90414) _load_all_extensions_from_path /opt/stack/neutron/neutron/api/extensions.py:449}}
Jun 22 13:58:24.914422 np0000003386 devstack@neutron-api.service[90414]: DEBUG neutron.api.extensions [None req-d6f85846-dc88-492e-ba5a-f902a5342c73 None None] Ext name="Subnet Pool Prefix Operations" alias="subnetpool-prefix-ops" description="Provides support for adjusting the prefix list of subnet pools" updated="2019-02-08T10:00:00-00:00" {{(pid=90414) _check_extension /opt/stack/neutron/neutron/api/extensions.py:415}}
Jun 22 13:58:24.914422 np0000003386 devstack@neutron-api.service[90414]: INFO neutron.api.extensions [None req-d6f85846-dc88-492e-ba5a-f902a5342c73 None None] Loaded extension: subnetpool-prefix-ops
Jun 22 13:58:24.914422 np0000003386 devstack@neutron-api.service[90414]: DEBUG neutron.api.extensions [None req-d6f85846-dc88-492e-ba5a-f902a5342c73 None None] Loading extension file: tag_creation.py {{(pid=90414) _load_all_extensions_from_path /opt/stack/neutron/neutron/api/extensions.py:449}}
Jun 22 13:58:24.914422 np0000003386 devstack@neutron-api.service[90414]: DEBUG neutron.api.extensions [None req-d6f85846-dc88-492e-ba5a-f902a5342c73 None None] Ext name="Tag creation extension" alias="tag-creation" description="Allow to create multiple tags for a resource" updated="2024-23-07T10:00:00-00:00" {{(pid=90414) _check_extension /opt/stack/neutron/neutron/api/extensions.py:415}}
Jun 22 13:58:24.914706 np0000003386 devstack@neutron-api.service[90417]: DEBUG neutron.api.extensions [None req-2e5b2716-2940-4638-9b82-ba1c61d2831e None None] Extended resource: routers {{(pid=90417) __init__ /opt/stack/neutron/neutron/api/extensions.py:156}}
Jun 22 13:58:24.915005 np0000003386 devstack@neutron-api.service[90414]: INFO neutron.api.extensions [None req-d6f85846-dc88-492e-ba5a-f902a5342c73 None None] Loaded extension: tag-creation
Jun 22 13:58:24.915005 np0000003386 devstack@neutron-api.service[90414]: DEBUG neutron.api.extensions [None req-d6f85846-dc88-492e-ba5a-f902a5342c73 None None] Loading extension file: tag_ports_during_bulk_creation.py {{(pid=90414) _load_all_extensions_from_path /opt/stack/neutron/neutron/api/extensions.py:449}}
Jun 22 13:58:24.915005 np0000003386 devstack@neutron-api.service[90414]: DEBUG neutron.api.extensions [None req-d6f85846-dc88-492e-ba5a-f902a5342c73 None None] Ext name="Tag Ports During Bulk Creation" alias="tag-ports-during-bulk-creation" description="Allow to tag ports during bulk creation" updated="2019-12-29T19:00:00-00:00" {{(pid=90414) _check_extension /opt/stack/neutron/neutron/api/extensions.py:415}}
Jun 22 13:58:24.915005 np0000003386 devstack@neutron-api.service[90414]: INFO neutron.api.extensions [None req-d6f85846-dc88-492e-ba5a-f902a5342c73 None None] Extension tag-ports-during-bulk-creation not supported by any of loaded plugins
Jun 22 13:58:24.915005 np0000003386 devstack@neutron-api.service[90414]: DEBUG neutron.api.extensions [None req-d6f85846-dc88-492e-ba5a-f902a5342c73 None None] Loading extension file: tagging.py {{(pid=90414) _load_all_extensions_from_path /opt/stack/neutron/neutron/api/extensions.py:449}}
Jun 22 13:58:24.915292 np0000003386 devstack@neutron-api.service[90417]: DEBUG neutron.api.extensions [None req-2e5b2716-2940-4638-9b82-ba1c61d2831e None None] Extended resource: flavors {{(pid=90417) __init__ /opt/stack/neutron/neutron/api/extensions.py:156}}
Jun 22 13:58:24.915292 np0000003386 devstack@neutron-api.service[90417]: DEBUG neutron.api.extensions [None req-2e5b2716-2940-4638-9b82-ba1c61d2831e None None] Extended resource: service_profiles {{(pid=90417) __init__ /opt/stack/neutron/neutron/api/extensions.py:156}}
Jun 22 13:58:24.915560 np0000003386 devstack@neutron-api.service[90414]: DEBUG neutron.api.extensions [None req-d6f85846-dc88-492e-ba5a-f902a5342c73 None None] Ext name="Tag support for resources with standard attribute: port, subnet, subnetpool, network, security_group, router, floatingip, policy, trunk, network_segment_range" alias="standard-attr-tag" description="Enables to set tag on resources with standard attribute." updated="2017-01-01T00:00:00-00:00" {{(pid=90414) _check_extension /opt/stack/neutron/neutron/api/extensions.py:415}}
Jun 22 13:58:24.915766 np0000003386 devstack@neutron-api.service[90417]: DEBUG neutron.api.extensions [None req-2e5b2716-2940-4638-9b82-ba1c61d2831e None None] Extended resource: next_providers {{(pid=90417) __init__ /opt/stack/neutron/neutron/api/extensions.py:156}}
Jun 22 13:58:24.915907 np0000003386 devstack@neutron-api.service[90414]: INFO neutron.api.extensions [None req-d6f85846-dc88-492e-ba5a-f902a5342c73 None None] Loaded extension: standard-attr-tag
Jun 22 13:58:24.915907 np0000003386 devstack@neutron-api.service[90414]: DEBUG neutron.api.extensions [None req-d6f85846-dc88-492e-ba5a-f902a5342c73 None None] Loading extension file: timestamp.py {{(pid=90414) _load_all_extensions_from_path /opt/stack/neutron/neutron/api/extensions.py:449}}
Jun 22 13:58:24.915907 np0000003386 devstack@neutron-api.service[90414]: DEBUG neutron.api.extensions [None req-d6f85846-dc88-492e-ba5a-f902a5342c73 None None] Ext name="Resource timestamps" alias="standard-attr-timestamp" description="Adds created_at and updated_at fields to all Neutron resources that have Neutron standard attributes." updated="2016-09-12T10:00:00-00:00" {{(pid=90414) _check_extension /opt/stack/neutron/neutron/api/extensions.py:415}}
Jun 22 13:58:24.915907 np0000003386 devstack@neutron-api.service[90414]: INFO neutron.api.extensions [None req-d6f85846-dc88-492e-ba5a-f902a5342c73 None None] Loaded extension: standard-attr-timestamp
Jun 22 13:58:24.916132 np0000003386 devstack@neutron-api.service[90417]: DEBUG neutron.api.extensions [None req-2e5b2716-2940-4638-9b82-ba1c61d2831e None None] Extended resource: service_profiles {{(pid=90417) __init__ /opt/stack/neutron/neutron/api/extensions.py:156}}
Jun 22 13:58:24.916284 np0000003386 devstack@neutron-api.service[90414]: DEBUG neutron.api.extensions [None req-d6f85846-dc88-492e-ba5a-f902a5342c73 None None] Loading extension file: trunk.py {{(pid=90414) _load_all_extensions_from_path /opt/stack/neutron/neutron/api/extensions.py:449}}
Jun 22 13:58:24.916284 np0000003386 devstack@neutron-api.service[90414]: DEBUG neutron.api.extensions [None req-d6f85846-dc88-492e-ba5a-f902a5342c73 None None] Ext name="Trunk Extension" alias="trunk" description="Provides support for trunk ports" updated="2016-01-01T10:00:00-00:00" {{(pid=90414) _check_extension /opt/stack/neutron/neutron/api/extensions.py:415}}
Jun 22 13:58:24.916459 np0000003386 devstack@neutron-api.service[90416]: DEBUG neutron.services.provider_configuration [None req-6a85a5fa-54e9-4064-9c02-636b9275f2d2 None None] Service providers = [] {{(pid=90416) parse_service_provider_opt /opt/stack/neutron/neutron/services/provider_configuration.py:170}}
Jun 22 13:58:24.916610 np0000003386 devstack@neutron-api.service[90417]: DEBUG neutron.api.extensions [None req-2e5b2716-2940-4638-9b82-ba1c61d2831e None None] Extended resource: floatingip-pools {{(pid=90417) __init__ /opt/stack/neutron/neutron/api/extensions.py:156}}
Jun 22 13:58:24.916757 np0000003386 devstack@neutron-api.service[90416]: DEBUG neutron.db.servicetype_db [None req-6a85a5fa-54e9-4064-9c02-636b9275f2d2 None None] Adding provider configuration for service L3_ROUTER_NAT {{(pid=90416) add_provider_configuration /opt/stack/neutron/neutron/db/servicetype_db.py:45}}
Jun 22 13:58:24.916899 np0000003386 devstack@neutron-api.service[90414]: INFO neutron.api.extensions [None req-d6f85846-dc88-492e-ba5a-f902a5342c73 None None] Extension trunk not supported by any of loaded plugins
Jun 22 13:58:24.916899 np0000003386 devstack@neutron-api.service[90414]: DEBUG neutron.api.extensions [None req-d6f85846-dc88-492e-ba5a-f902a5342c73 None None] Loading extension file: trunk_details.py {{(pid=90414) _load_all_extensions_from_path /opt/stack/neutron/neutron/api/extensions.py:449}}
Jun 22 13:58:24.917058 np0000003386 devstack@neutron-api.service[90417]: DEBUG neutron.api.extensions [None req-2e5b2716-2940-4638-9b82-ba1c61d2831e None None] Extended resource: routers {{(pid=90417) __init__ /opt/stack/neutron/neutron/api/extensions.py:156}}
Jun 22 13:58:24.917207 np0000003386 devstack@neutron-api.service[90414]: DEBUG neutron.api.extensions [None req-d6f85846-dc88-492e-ba5a-f902a5342c73 None None] Ext name="Trunk port details" alias="trunk-details" description="Expose trunk port details" updated="2016-01-01T10:00:00-00:00" {{(pid=90414) _check_extension /opt/stack/neutron/neutron/api/extensions.py:415}}
Jun 22 13:58:24.917207 np0000003386 devstack@neutron-api.service[90414]: INFO neutron.api.extensions [None req-d6f85846-dc88-492e-ba5a-f902a5342c73 None None] Extension trunk-details not supported by any of loaded plugins
Jun 22 13:58:24.917207 np0000003386 devstack@neutron-api.service[90414]: DEBUG neutron.api.extensions [None req-d6f85846-dc88-492e-ba5a-f902a5342c73 None None] Loading extension file: uplink_status_propagation.py {{(pid=90414) _load_all_extensions_from_path /opt/stack/neutron/neutron/api/extensions.py:449}}
Jun 22 13:58:24.917406 np0000003386 devstack@neutron-api.service[90417]: DEBUG neutron.api.extensions [None req-2e5b2716-2940-4638-9b82-ba1c61d2831e None None] Extended resource: floatingips {{(pid=90417) __init__ /opt/stack/neutron/neutron/api/extensions.py:156}}
Jun 22 13:58:24.917532 np0000003386 devstack@neutron-api.service[90414]: DEBUG neutron.api.extensions [None req-d6f85846-dc88-492e-ba5a-f902a5342c73 None None] Ext name="Uplink status propagation extension" alias="uplink-status-propagation" description="Provides ability to propagate port uplink status." updated="2018-05-31T18:00:00-00:00" {{(pid=90414) _check_extension /opt/stack/neutron/neutron/api/extensions.py:415}}
Jun 22 13:58:24.917532 np0000003386 devstack@neutron-api.service[90414]: INFO neutron.api.extensions [None req-d6f85846-dc88-492e-ba5a-f902a5342c73 None None] Extension uplink-status-propagation not supported by any of loaded plugins
Jun 22 13:58:24.917711 np0000003386 devstack@neutron-api.service[90417]: DEBUG neutron.api.extensions [None req-2e5b2716-2940-4638-9b82-ba1c61d2831e None None] Extended resource: l3-routers {{(pid=90417) __init__ /opt/stack/neutron/neutron/api/extensions.py:156}}
Jun 22 13:58:24.917840 np0000003386 devstack@neutron-api.service[90414]: DEBUG neutron.api.extensions [None req-d6f85846-dc88-492e-ba5a-f902a5342c73 None None] Loading extension file: uplink_status_propagation_updatable.py {{(pid=90414) _load_all_extensions_from_path /opt/stack/neutron/neutron/api/extensions.py:449}}
Jun 22 13:58:24.917987 np0000003386 devstack@neutron-api.service[90416]: DEBUG neutron_lib.callbacks.manager [None req-6a85a5fa-54e9-4064-9c02-636b9275f2d2 None None] Subscribe: > router precommit_create 55549900, False {{(pid=90416) subscribe /opt/stack/data/venv/lib/python3.12/site-packages/neutron_lib/callbacks/manager.py:52}}
Jun 22 13:58:24.917987 np0000003386 devstack@neutron-api.service[90416]: DEBUG neutron_lib.callbacks.manager [None req-6a85a5fa-54e9-4064-9c02-636b9275f2d2 None None] Subscribe: > router_interface after_create 55550000, False {{(pid=90416) subscribe /opt/stack/data/venv/lib/python3.12/site-packages/neutron_lib/callbacks/manager.py:52}}
Jun 22 13:58:24.918184 np0000003386 devstack@neutron-api.service[90414]: DEBUG neutron.api.extensions [None req-d6f85846-dc88-492e-ba5a-f902a5342c73 None None] Ext name="Uplink status propagation updatable extension" alias="uplink-status-propagation-updatable" description="Provides ability to update the port uplink status." updated="2024-09-03T18:00:00-00:00" {{(pid=90414) _check_extension /opt/stack/neutron/neutron/api/extensions.py:415}}
Jun 22 13:58:24.918320 np0000003386 devstack@neutron-api.service[90416]: DEBUG neutron_lib.callbacks.manager [None req-6a85a5fa-54e9-4064-9c02-636b9275f2d2 None None] Subscribe: > floatingip after_create 55550000, False {{(pid=90416) subscribe /opt/stack/data/venv/lib/python3.12/site-packages/neutron_lib/callbacks/manager.py:52}}
Jun 22 13:58:24.918460 np0000003386 devstack@neutron-api.service[90414]: INFO neutron.api.extensions [None req-d6f85846-dc88-492e-ba5a-f902a5342c73 None None] Extension uplink-status-propagation-updatable not supported by any of loaded plugins
Jun 22 13:58:24.918604 np0000003386 devstack@neutron-api.service[90416]: DEBUG neutron_lib.callbacks.manager [None req-6a85a5fa-54e9-4064-9c02-636b9275f2d2 None None] Subscribe: > floatingip precommit_create 55550000, False {{(pid=90416) subscribe /opt/stack/data/venv/lib/python3.12/site-packages/neutron_lib/callbacks/manager.py:52}}
Jun 22 13:58:24.918761 np0000003386 devstack@neutron-api.service[90417]: DEBUG neutron.api.extensions [None req-2e5b2716-2940-4638-9b82-ba1c61d2831e None None] Extended resource: l3-agents {{(pid=90417) __init__ /opt/stack/neutron/neutron/api/extensions.py:156}}
Jun 22 13:58:24.918907 np0000003386 devstack@neutron-api.service[90414]: DEBUG neutron.api.extensions [None req-d6f85846-dc88-492e-ba5a-f902a5342c73 None None] Loading extension file: vlantransparent.py {{(pid=90414) _load_all_extensions_from_path /opt/stack/neutron/neutron/api/extensions.py:449}}
Jun 22 13:58:24.919047 np0000003386 devstack@neutron-api.service[90416]: DEBUG neutron_lib.callbacks.manager [None req-6a85a5fa-54e9-4064-9c02-636b9275f2d2 None None] Subscribe: > floatingip precommit_update 55550000, False {{(pid=90416) subscribe /opt/stack/data/venv/lib/python3.12/site-packages/neutron_lib/callbacks/manager.py:52}}
Jun 22 13:58:24.919047 np0000003386 devstack@neutron-api.service[90416]: DEBUG neutron_lib.callbacks.manager [None req-6a85a5fa-54e9-4064-9c02-636b9275f2d2 None None] Subscribe: > floatingip after_delete 55550000, False {{(pid=90416) subscribe /opt/stack/data/venv/lib/python3.12/site-packages/neutron_lib/callbacks/manager.py:52}}
Jun 22 13:58:24.919300 np0000003386 devstack@neutron-api.service[90414]: DEBUG neutron.api.extensions [None req-d6f85846-dc88-492e-ba5a-f902a5342c73 None None] Ext name="Vlantransparent" alias="vlan-transparent" description="Provides Vlan Transparent Networks" updated="2015-03-23T09:00:00-00:00" {{(pid=90414) _check_extension /opt/stack/neutron/neutron/api/extensions.py:415}}
Jun 22 13:58:24.919448 np0000003386 devstack@neutron-api.service[90416]: DEBUG neutron_lib.callbacks.manager [None req-6a85a5fa-54e9-4064-9c02-636b9275f2d2 None None] Subscribe: > floatingip after_status_update 55550000, False {{(pid=90416) subscribe /opt/stack/data/venv/lib/python3.12/site-packages/neutron_lib/callbacks/manager.py:52}}
Jun 22 13:58:24.919605 np0000003386 devstack@neutron-api.service[90417]: DEBUG neutron.api.extensions [None req-2e5b2716-2940-4638-9b82-ba1c61d2831e None None] Extended resource: network-ip-availabilities {{(pid=90417) __init__ /opt/stack/neutron/neutron/api/extensions.py:156}}
Jun 22 13:58:24.920127 np0000003386 devstack@neutron-api.service[90416]: DEBUG neutron_lib.callbacks.manager [None req-6a85a5fa-54e9-4064-9c02-636b9275f2d2 None None] Subscribe: > floatingip after_update 55550000, False {{(pid=90416) subscribe /opt/stack/data/venv/lib/python3.12/site-packages/neutron_lib/callbacks/manager.py:52}}
Jun 22 13:58:24.920301 np0000003386 devstack@neutron-api.service[90414]: INFO neutron.api.extensions [None req-d6f85846-dc88-492e-ba5a-f902a5342c73 None None] Loaded extension: vlan-transparent
Jun 22 13:58:24.920470 np0000003386 devstack@neutron-api.service[90416]: DEBUG neutron_lib.callbacks.manager [None req-6a85a5fa-54e9-4064-9c02-636b9275f2d2 None None] Subscribe: > port_forwarding after_create 55550000, False {{(pid=90416) subscribe /opt/stack/data/venv/lib/python3.12/site-packages/neutron_lib/callbacks/manager.py:52}}
Jun 22 13:58:24.920470 np0000003386 devstack@neutron-api.service[90416]: DEBUG neutron_lib.callbacks.manager [None req-6a85a5fa-54e9-4064-9c02-636b9275f2d2 None None] Subscribe: > router_interface after_delete 55550000, False {{(pid=90416) subscribe /opt/stack/data/venv/lib/python3.12/site-packages/neutron_lib/callbacks/manager.py:52}}
Jun 22 13:58:24.920678 np0000003386 devstack@neutron-api.service[90417]: DEBUG neutron.api.extensions [None req-2e5b2716-2940-4638-9b82-ba1c61d2831e None None] Extended resource: network-ip-availabilities {{(pid=90417) __init__ /opt/stack/neutron/neutron/api/extensions.py:156}}
Jun 22 13:58:24.920817 np0000003386 devstack@neutron-api.service[90416]: DEBUG neutron_lib.callbacks.manager [None req-6a85a5fa-54e9-4064-9c02-636b9275f2d2 None None] Subscribe: > router after_create 55550000, False {{(pid=90416) subscribe /opt/stack/data/venv/lib/python3.12/site-packages/neutron_lib/callbacks/manager.py:52}}
Jun 22 13:58:24.920817 np0000003386 devstack@neutron-api.service[90416]: DEBUG neutron_lib.callbacks.manager [None req-6a85a5fa-54e9-4064-9c02-636b9275f2d2 None None] Subscribe: > router precommit_create 55550000, False {{(pid=90416) subscribe /opt/stack/data/venv/lib/python3.12/site-packages/neutron_lib/callbacks/manager.py:52}}
Jun 22 13:58:24.920817 np0000003386 devstack@neutron-api.service[90416]: DEBUG neutron_lib.callbacks.manager [None req-6a85a5fa-54e9-4064-9c02-636b9275f2d2 None None] Subscribe: > router after_delete 55550000, False {{(pid=90416) subscribe /opt/stack/data/venv/lib/python3.12/site-packages/neutron_lib/callbacks/manager.py:52}}
Jun 22 13:58:24.920817 np0000003386 devstack@neutron-api.service[90416]: DEBUG neutron_lib.callbacks.manager [None req-6a85a5fa-54e9-4064-9c02-636b9275f2d2 None None] Subscribe: > router after_update 55550000, False {{(pid=90416) subscribe /opt/stack/data/venv/lib/python3.12/site-packages/neutron_lib/callbacks/manager.py:52}}
Jun 22 13:58:24.920817 np0000003386 devstack@neutron-api.service[90416]: DEBUG neutron.services.service_base [None req-6a85a5fa-54e9-4064-9c02-636b9275f2d2 None None] Loaded 'neutron.services.ovn_l3.service_providers.ovn.OvnDriver' provider for service L3_ROUTER_NAT {{(pid=90416) load_drivers /opt/stack/neutron/neutron/services/service_base.py:49}}
Jun 22 13:58:24.921072 np0000003386 devstack@neutron-api.service[90416]: DEBUG neutron_lib.callbacks.manager [None req-6a85a5fa-54e9-4064-9c02-636b9275f2d2 None None] Subscribe: > process after_init 55550001, True {{(pid=90416) subscribe /opt/stack/data/venv/lib/python3.12/site-packages/neutron_lib/callbacks/manager.py:52}}
Jun 22 13:58:24.921072 np0000003386 devstack@neutron-api.service[90416]: DEBUG neutron.manager [None req-6a85a5fa-54e9-4064-9c02-636b9275f2d2 None None] Successfully loaded L3_ROUTER_NAT plugin. Description: L3 Router Service Plugin for basic L3 forwarding using OVN {{(pid=90416) _create_and_add_service_plugin /opt/stack/neutron/neutron/manager.py:236}}
Jun 22 13:58:24.921072 np0000003386 devstack@neutron-api.service[90416]: INFO neutron.manager [None req-6a85a5fa-54e9-4064-9c02-636b9275f2d2 None None] Loading Plugin: auto_allocate
Jun 22 13:58:24.921288 np0000003386 devstack@neutron-api.service[90417]: DEBUG neutron.api.extensions [None req-2e5b2716-2940-4638-9b82-ba1c61d2831e None None] Extended resource: bindings {{(pid=90417) __init__ /opt/stack/neutron/neutron/api/extensions.py:156}}
Jun 22 13:58:24.921414 np0000003386 devstack@neutron-api.service[90414]: INFO neutron.quota.resource_registry [None req-d6f85846-dc88-492e-ba5a-f902a5342c73 None None] Creating instance of TrackedResource for resource:network
Jun 22 13:58:24.921573 np0000003386 devstack@neutron-api.service[90417]: DEBUG neutron.api.extensions [None req-2e5b2716-2940-4638-9b82-ba1c61d2831e None None] Extended resource: quotas {{(pid=90417) __init__ /opt/stack/neutron/neutron/api/extensions.py:156}}
Jun 22 13:58:24.921733 np0000003386 devstack@neutron-api.service[90414]: INFO neutron.quota.resource_registry [None req-d6f85846-dc88-492e-ba5a-f902a5342c73 None None] Creating instance of TrackedResource for resource:subnet
Jun 22 13:58:24.921883 np0000003386 devstack@neutron-api.service[90416]: DEBUG neutron_lib.callbacks.manager [None req-6a85a5fa-54e9-4064-9c02-636b9275f2d2 None None] Subscribe: network precommit_update 55550000, False {{(pid=90416) subscribe /opt/stack/data/venv/lib/python3.12/site-packages/neutron_lib/callbacks/manager.py:52}}
Jun 22 13:58:24.922034 np0000003386 devstack@neutron-api.service[90414]: INFO neutron.quota.resource_registry [None req-d6f85846-dc88-492e-ba5a-f902a5342c73 None None] Creating instance of TrackedResource for resource:subnetpool
Jun 22 13:58:24.922177 np0000003386 devstack@neutron-api.service[90416]: DEBUG neutron_lib.callbacks.manager [None req-6a85a5fa-54e9-4064-9c02-636b9275f2d2 None None] Subscribe: network precommit_create 55550000, False {{(pid=90416) subscribe /opt/stack/data/venv/lib/python3.12/site-packages/neutron_lib/callbacks/manager.py:52}}
Jun 22 13:58:24.922316 np0000003386 devstack@neutron-api.service[90414]: INFO neutron.quota.resource_registry [None req-d6f85846-dc88-492e-ba5a-f902a5342c73 None None] Creating instance of TrackedResource for resource:port
Jun 22 13:58:24.922450 np0000003386 devstack@neutron-api.service[90417]: DEBUG neutron.api.extensions [None req-2e5b2716-2940-4638-9b82-ba1c61d2831e None None] Extended resource: quotas {{(pid=90417) __init__ /opt/stack/neutron/neutron/api/extensions.py:156}}
Jun 22 13:58:24.922614 np0000003386 devstack@neutron-api.service[90416]: DEBUG neutron.manager [None req-6a85a5fa-54e9-4064-9c02-636b9275f2d2 None None] Successfully loaded auto-allocated-topology plugin. Description: Auto Allocated Topology - aka get me a network. {{(pid=90416) _create_and_add_service_plugin /opt/stack/neutron/neutron/manager.py:236}}
Jun 22 13:58:24.922614 np0000003386 devstack@neutron-api.service[90416]: INFO neutron.manager [None req-6a85a5fa-54e9-4064-9c02-636b9275f2d2 None None] Loading Plugin: tag
Jun 22 13:58:24.922786 np0000003386 devstack@neutron-api.service[90417]: DEBUG neutron.api.extensions [None req-2e5b2716-2940-4638-9b82-ba1c61d2831e None None] Extended resource: rbac-policies {{(pid=90417) __init__ /opt/stack/neutron/neutron/api/extensions.py:156}}
Jun 22 13:58:24.922786 np0000003386 devstack@neutron-api.service[90417]: DEBUG neutron.api.extensions [None req-2e5b2716-2940-4638-9b82-ba1c61d2831e None None] Extended resource: default-security-group-rules {{(pid=90417) __init__ /opt/stack/neutron/neutron/api/extensions.py:156}}
