Aug 12 22:25:28.390415 np0000007127 nova-scheduler[96487]: DEBUG cotyledon.oslo_config_glue [-] workarounds.libvirt_disable_apic = False {{(pid=96487) log_opt_values /opt/stack/data/venv/lib/python3.12/site-packages/oslo_config/cfg.py:3545}}
Aug 12 22:25:28.390415 np0000007127 nova-scheduler[96487]: DEBUG cotyledon.oslo_config_glue [-] workarounds.never_download_image_if_on_rbd = False {{(pid=96487) log_opt_values /opt/stack/data/venv/lib/python3.12/site-packages/oslo_config/cfg.py:3545}}
Aug 12 22:25:28.390415 np0000007127 nova-scheduler[96487]: DEBUG cotyledon.oslo_config_glue [-] workarounds.qemu_monitor_announce_self_count = 3 {{(pid=96487) log_opt_values /opt/stack/data/venv/lib/python3.12/site-packages/oslo_config/cfg.py:3545}}
Aug 12 22:25:28.390415 np0000007127 nova-scheduler[96487]: DEBUG cotyledon.oslo_config_glue [-] workarounds.qemu_monitor_announce_self_interval = 1 {{(pid=96487) log_opt_values /opt/stack/data/venv/lib/python3.12/site-packages/oslo_config/cfg.py:3545}}
Aug 12 22:25:28.390415 np0000007127 nova-scheduler[96487]: DEBUG cotyledon.oslo_config_glue [-] workarounds.reserve_disk_resource_for_image_cache = False {{(pid=96487) log_opt_values /opt/stack/data/venv/lib/python3.12/site-packages/oslo_config/cfg.py:3545}}
Aug 12 22:25:28.390415 np0000007127 nova-scheduler[96487]: DEBUG cotyledon.oslo_config_glue [-] workarounds.skip_cpu_compare_at_startup = False {{(pid=96487) log_opt_values /opt/stack/data/venv/lib/python3.12/site-packages/oslo_config/cfg.py:3545}}
Aug 12 22:25:28.390415 np0000007127 nova-scheduler[96487]: DEBUG cotyledon.oslo_config_glue [-] workarounds.skip_cpu_compare_on_dest = False {{(pid=96487) log_opt_values /opt/stack/data/venv/lib/python3.12/site-packages/oslo_config/cfg.py:3545}}
Aug 12 22:25:28.390415 np0000007127 nova-scheduler[96487]: DEBUG cotyledon.oslo_config_glue [-] workarounds.skip_hypervisor_version_check_on_lm = False {{(pid=96487) log_opt_values /opt/stack/data/venv/lib/python3.12/site-packages/oslo_config/cfg.py:3545}}
Aug 12 22:25:28.390766 np0000007127 nova-scheduler[96487]: DEBUG cotyledon.oslo_config_glue [-] workarounds.skip_reserve_in_use_ironic_nodes = False {{(pid=96487) log_opt_values /opt/stack/data/venv/lib/python3.12/site-packages/oslo_config/cfg.py:3545}}
Aug 12 22:25:28.390766 np0000007127 nova-scheduler[96487]: DEBUG cotyledon.oslo_config_glue [-] workarounds.unified_limits_count_pcpu_as_vcpu = False {{(pid=96487) log_opt_values /opt/stack/data/venv/lib/python3.12/site-packages/oslo_config/cfg.py:3545}}
Aug 12 22:25:28.390766 np0000007127 nova-scheduler[96487]: DEBUG cotyledon.oslo_config_glue [-] workarounds.wait_for_vif_plugged_event_during_hard_reboot = [] {{(pid=96487) log_opt_values /opt/stack/data/venv/lib/python3.12/site-packages/oslo_config/cfg.py:3545}}
Aug 12 22:25:28.390766 np0000007127 nova-scheduler[96487]: DEBUG cotyledon.oslo_config_glue [-] wsgi.api_paste_config = /etc/nova/api-paste.ini {{(pid=96487) log_opt_values /opt/stack/data/venv/lib/python3.12/site-packages/oslo_config/cfg.py:3545}}
Aug 12 22:25:28.390766 np0000007127 nova-scheduler[96487]: DEBUG cotyledon.oslo_config_glue [-] wsgi.secure_proxy_ssl_header = None {{(pid=96487) log_opt_values /opt/stack/data/venv/lib/python3.12/site-packages/oslo_config/cfg.py:3545}}
Aug 12 22:25:28.390766 np0000007127 nova-scheduler[96487]: DEBUG cotyledon.oslo_config_glue [-] zvm.ca_file = None {{(pid=96487) log_opt_values /opt/stack/data/venv/lib/python3.12/site-packages/oslo_config/cfg.py:3545}}
Aug 12 22:25:28.390766 np0000007127 nova-scheduler[96487]: DEBUG cotyledon.oslo_config_glue [-] zvm.cloud_connector_url = None {{(pid=96487) log_opt_values /opt/stack/data/venv/lib/python3.12/site-packages/oslo_config/cfg.py:3545}}
Aug 12 22:25:28.390766 np0000007127 nova-scheduler[96487]: DEBUG cotyledon.oslo_config_glue [-] zvm.image_tmp_path = /opt/stack/data/nova/images {{(pid=96487) log_opt_values /opt/stack/data/venv/lib/python3.12/site-packages/oslo_config/cfg.py:3545}}
Aug 12 22:25:28.390766 np0000007127 nova-scheduler[96487]: DEBUG cotyledon.oslo_config_glue [-] zvm.reachable_timeout = 300 {{(pid=96487) log_opt_values /opt/stack/data/venv/lib/python3.12/site-packages/oslo_config/cfg.py:3545}}
Aug 12 22:25:28.391107 np0000007127 nova-scheduler[96487]: DEBUG cotyledon.oslo_config_glue [-] oslo_versionedobjects.fatal_exception_format_errors = False {{(pid=96487) log_opt_values /opt/stack/data/venv/lib/python3.12/site-packages/oslo_config/cfg.py:3545}}
Aug 12 22:25:28.391107 np0000007127 nova-scheduler[96487]: DEBUG cotyledon.oslo_config_glue [-] oslo_middleware.http_basic_auth_user_file = /etc/htpasswd {{(pid=96487) log_opt_values /opt/stack/data/venv/lib/python3.12/site-packages/oslo_config/cfg.py:3545}}
Aug 12 22:25:28.391107 np0000007127 nova-scheduler[96487]: DEBUG cotyledon.oslo_config_glue [-] oslo_messaging_metrics.metrics_buffer_size = 1000 {{(pid=96487) log_opt_values /opt/stack/data/venv/lib/python3.12/site-packages/oslo_config/cfg.py:3545}}
Aug 12 22:25:28.391107 np0000007127 nova-scheduler[96487]: DEBUG cotyledon.oslo_config_glue [-] oslo_messaging_metrics.metrics_enabled = False {{(pid=96487) log_opt_values /opt/stack/data/venv/lib/python3.12/site-packages/oslo_config/cfg.py:3545}}
Aug 12 22:25:28.391107 np0000007127 nova-scheduler[96487]: DEBUG cotyledon.oslo_config_glue [-] oslo_messaging_metrics.metrics_process_name = {{(pid=96487) log_opt_values /opt/stack/data/venv/lib/python3.12/site-packages/oslo_config/cfg.py:3545}}
Aug 12 22:25:28.391107 np0000007127 nova-scheduler[96487]: DEBUG cotyledon.oslo_config_glue [-] oslo_messaging_metrics.metrics_socket_file = /var/tmp/metrics_collector.sock {{(pid=96487) log_opt_values /opt/stack/data/venv/lib/python3.12/site-packages/oslo_config/cfg.py:3545}}
Aug 12 22:25:28.391107 np0000007127 nova-scheduler[96487]: DEBUG cotyledon.oslo_config_glue [-] oslo_messaging_metrics.metrics_thread_stop_timeout = 10 {{(pid=96487) log_opt_values /opt/stack/data/venv/lib/python3.12/site-packages/oslo_config/cfg.py:3545}}
Aug 12 22:25:28.391107 np0000007127 nova-scheduler[96487]: DEBUG cotyledon.oslo_config_glue [-] profiler.connection_string = messaging:// {{(pid=96487) log_opt_values /opt/stack/data/venv/lib/python3.12/site-packages/oslo_config/cfg.py:3545}}
Aug 12 22:25:28.391381 np0000007127 nova-scheduler[96487]: DEBUG cotyledon.oslo_config_glue [-] profiler.enabled = False {{(pid=96487) log_opt_values /opt/stack/data/venv/lib/python3.12/site-packages/oslo_config/cfg.py:3545}}
Aug 12 22:25:28.391381 np0000007127 nova-scheduler[96487]: DEBUG cotyledon.oslo_config_glue [-] profiler.es_doc_type = notification {{(pid=96487) log_opt_values /opt/stack/data/venv/lib/python3.12/site-packages/oslo_config/cfg.py:3545}}
Aug 12 22:25:28.391381 np0000007127 nova-scheduler[96487]: DEBUG cotyledon.oslo_config_glue [-] profiler.es_scroll_size = 10000 {{(pid=96487) log_opt_values /opt/stack/data/venv/lib/python3.12/site-packages/oslo_config/cfg.py:3545}}
Aug 12 22:25:28.391381 np0000007127 nova-scheduler[96487]: DEBUG cotyledon.oslo_config_glue [-] profiler.es_scroll_time = 2m {{(pid=96487) log_opt_values /opt/stack/data/venv/lib/python3.12/site-packages/oslo_config/cfg.py:3545}}
Aug 12 22:25:28.391381 np0000007127 nova-scheduler[96487]: DEBUG cotyledon.oslo_config_glue [-] profiler.filter_error_trace = False {{(pid=96487) log_opt_values /opt/stack/data/venv/lib/python3.12/site-packages/oslo_config/cfg.py:3545}}
Aug 12 22:25:28.391381 np0000007127 nova-scheduler[96487]: DEBUG cotyledon.oslo_config_glue [-] profiler.hmac_keys = **** {{(pid=96487) log_opt_values /opt/stack/data/venv/lib/python3.12/site-packages/oslo_config/cfg.py:3545}}
Aug 12 22:25:28.391381 np0000007127 nova-scheduler[96487]: DEBUG cotyledon.oslo_config_glue [-] profiler.sentinel_service_name = mymaster {{(pid=96487) log_opt_values /opt/stack/data/venv/lib/python3.12/site-packages/oslo_config/cfg.py:3545}}
Aug 12 22:25:28.391381 np0000007127 nova-scheduler[96487]: DEBUG cotyledon.oslo_config_glue [-] profiler.socket_timeout = 0.1 {{(pid=96487) log_opt_values /opt/stack/data/venv/lib/python3.12/site-packages/oslo_config/cfg.py:3545}}
Aug 12 22:25:28.391381 np0000007127 nova-scheduler[96487]: DEBUG cotyledon.oslo_config_glue [-] profiler.trace_requests = False {{(pid=96487) log_opt_values /opt/stack/data/venv/lib/python3.12/site-packages/oslo_config/cfg.py:3545}}
Aug 12 22:25:28.391735 np0000007127 nova-scheduler[96487]: DEBUG cotyledon.oslo_config_glue [-] profiler.trace_sqlalchemy = False {{(pid=96487) log_opt_values /opt/stack/data/venv/lib/python3.12/site-packages/oslo_config/cfg.py:3545}}
Aug 12 22:25:28.391735 np0000007127 nova-scheduler[96487]: DEBUG cotyledon.oslo_config_glue [-] profiler_jaeger.process_tags = {} {{(pid=96487) log_opt_values /opt/stack/data/venv/lib/python3.12/site-packages/oslo_config/cfg.py:3545}}
Aug 12 22:25:28.391735 np0000007127 nova-scheduler[96487]: DEBUG cotyledon.oslo_config_glue [-] profiler_jaeger.service_name_prefix = None {{(pid=96487) log_opt_values /opt/stack/data/venv/lib/python3.12/site-packages/oslo_config/cfg.py:3545}}
Aug 12 22:25:28.391735 np0000007127 nova-scheduler[96487]: DEBUG cotyledon.oslo_config_glue [-] profiler_otlp.service_name_prefix = None {{(pid=96487) log_opt_values /opt/stack/data/venv/lib/python3.12/site-packages/oslo_config/cfg.py:3545}}
Aug 12 22:25:28.391735 np0000007127 nova-scheduler[96487]: DEBUG cotyledon.oslo_config_glue [-] oslo_messaging_rabbit.amqp_auto_delete = False {{(pid=96487) log_opt_values /opt/stack/data/venv/lib/python3.12/site-packages/oslo_config/cfg.py:3545}}
Aug 12 22:25:28.391735 np0000007127 nova-scheduler[96487]: DEBUG cotyledon.oslo_config_glue [-] oslo_messaging_rabbit.amqp_durable_queues = False {{(pid=96487) log_opt_values /opt/stack/data/venv/lib/python3.12/site-packages/oslo_config/cfg.py:3545}}
Aug 12 22:25:28.391735 np0000007127 nova-scheduler[96487]: DEBUG cotyledon.oslo_config_glue [-] oslo_messaging_rabbit.conn_pool_min_size = 2 {{(pid=96487) log_opt_values /opt/stack/data/venv/lib/python3.12/site-packages/oslo_config/cfg.py:3545}}
Aug 12 22:25:28.391735 np0000007127 nova-scheduler[96487]: DEBUG cotyledon.oslo_config_glue [-] oslo_messaging_rabbit.conn_pool_ttl = 1200 {{(pid=96487) log_opt_values /opt/stack/data/venv/lib/python3.12/site-packages/oslo_config/cfg.py:3545}}
Aug 12 22:25:28.391735 np0000007127 nova-scheduler[96487]: DEBUG cotyledon.oslo_config_glue [-] oslo_messaging_rabbit.direct_mandatory_flag = True {{(pid=96487) log_opt_values /opt/stack/data/venv/lib/python3.12/site-packages/oslo_config/cfg.py:3545}}
Aug 12 22:25:28.392070 np0000007127 nova-scheduler[96487]: DEBUG cotyledon.oslo_config_glue [-] oslo_messaging_rabbit.enable_cancel_on_failover = False {{(pid=96487) log_opt_values /opt/stack/data/venv/lib/python3.12/site-packages/oslo_config/cfg.py:3545}}
Aug 12 22:25:28.392070 np0000007127 nova-scheduler[96487]: DEBUG cotyledon.oslo_config_glue [-] oslo_messaging_rabbit.heartbeat_rate = 3 {{(pid=96487) log_opt_values /opt/stack/data/venv/lib/python3.12/site-packages/oslo_config/cfg.py:3545}}
Aug 12 22:25:28.392070 np0000007127 nova-scheduler[96487]: DEBUG cotyledon.oslo_config_glue [-] oslo_messaging_rabbit.heartbeat_timeout_threshold = 60 {{(pid=96487) log_opt_values /opt/stack/data/venv/lib/python3.12/site-packages/oslo_config/cfg.py:3545}}
Aug 12 22:25:28.392070 np0000007127 nova-scheduler[96487]: DEBUG cotyledon.oslo_config_glue [-] oslo_messaging_rabbit.hostname = np0000007127 {{(pid=96487) log_opt_values /opt/stack/data/venv/lib/python3.12/site-packages/oslo_config/cfg.py:3545}}
Aug 12 22:25:28.392070 np0000007127 nova-scheduler[96487]: DEBUG cotyledon.oslo_config_glue [-] oslo_messaging_rabbit.kombu_compression = None {{(pid=96487) log_opt_values /opt/stack/data/venv/lib/python3.12/site-packages/oslo_config/cfg.py:3545}}
Aug 12 22:25:28.392070 np0000007127 nova-scheduler[96487]: DEBUG cotyledon.oslo_config_glue [-] oslo_messaging_rabbit.kombu_failover_strategy = round-robin {{(pid=96487) log_opt_values /opt/stack/data/venv/lib/python3.12/site-packages/oslo_config/cfg.py:3545}}
Aug 12 22:25:28.392070 np0000007127 nova-scheduler[96487]: DEBUG cotyledon.oslo_config_glue [-] oslo_messaging_rabbit.kombu_missing_consumer_retry_timeout = 60 {{(pid=96487) log_opt_values /opt/stack/data/venv/lib/python3.12/site-packages/oslo_config/cfg.py:3545}}
Aug 12 22:25:28.392070 np0000007127 nova-scheduler[96487]: DEBUG cotyledon.oslo_config_glue [-] oslo_messaging_rabbit.kombu_reconnect_delay = 1.0 {{(pid=96487) log_opt_values /opt/stack/data/venv/lib/python3.12/site-packages/oslo_config/cfg.py:3545}}
Aug 12 22:25:28.392070 np0000007127 nova-scheduler[96487]: DEBUG cotyledon.oslo_config_glue [-] oslo_messaging_rabbit.kombu_reconnect_splay = 0.0 {{(pid=96487) log_opt_values /opt/stack/data/venv/lib/python3.12/site-packages/oslo_config/cfg.py:3545}}
Aug 12 22:25:28.392378 np0000007127 nova-scheduler[96487]: DEBUG cotyledon.oslo_config_glue [-] oslo_messaging_rabbit.processname = nova-scheduler {{(pid=96487) log_opt_values /opt/stack/data/venv/lib/python3.12/site-packages/oslo_config/cfg.py:3545}}
Aug 12 22:25:28.392378 np0000007127 nova-scheduler[96487]: DEBUG cotyledon.oslo_config_glue [-] oslo_messaging_rabbit.rabbit_ha_queues = False {{(pid=96487) log_opt_values /opt/stack/data/venv/lib/python3.12/site-packages/oslo_config/cfg.py:3545}}
Aug 12 22:25:28.392378 np0000007127 nova-scheduler[96487]: DEBUG cotyledon.oslo_config_glue [-] oslo_messaging_rabbit.rabbit_interval_max = 30 {{(pid=96487) log_opt_values /opt/stack/data/venv/lib/python3.12/site-packages/oslo_config/cfg.py:3545}}
Aug 12 22:25:28.392378 np0000007127 nova-scheduler[96487]: DEBUG cotyledon.oslo_config_glue [-] oslo_messaging_rabbit.rabbit_login_method = AMQPLAIN {{(pid=96487) log_opt_values /opt/stack/data/venv/lib/python3.12/site-packages/oslo_config/cfg.py:3545}}
Aug 12 22:25:28.392378 np0000007127 nova-scheduler[96487]: DEBUG cotyledon.oslo_config_glue [-] oslo_messaging_rabbit.rabbit_qos_prefetch_count = 0 {{(pid=96487) log_opt_values /opt/stack/data/venv/lib/python3.12/site-packages/oslo_config/cfg.py:3545}}
Aug 12 22:25:28.392378 np0000007127 nova-scheduler[96487]: DEBUG cotyledon.oslo_config_glue [-] oslo_messaging_rabbit.rabbit_quorum_delivery_limit = 0 {{(pid=96487) log_opt_values /opt/stack/data/venv/lib/python3.12/site-packages/oslo_config/cfg.py:3545}}
Aug 12 22:25:28.392378 np0000007127 nova-scheduler[96487]: DEBUG cotyledon.oslo_config_glue [-] oslo_messaging_rabbit.rabbit_quorum_max_memory_bytes = 0 {{(pid=96487) log_opt_values /opt/stack/data/venv/lib/python3.12/site-packages/oslo_config/cfg.py:3545}}
Aug 12 22:25:28.392378 np0000007127 nova-scheduler[96487]: DEBUG cotyledon.oslo_config_glue [-] oslo_messaging_rabbit.rabbit_quorum_max_memory_length = 0 {{(pid=96487) log_opt_values /opt/stack/data/venv/lib/python3.12/site-packages/oslo_config/cfg.py:3545}}
Aug 12 22:25:28.392378 np0000007127 nova-scheduler[96487]: DEBUG cotyledon.oslo_config_glue [-] oslo_messaging_rabbit.rabbit_quorum_queue = False {{(pid=96487) log_opt_values /opt/stack/data/venv/lib/python3.12/site-packages/oslo_config/cfg.py:3545}}
Aug 12 22:25:28.392705 np0000007127 nova-scheduler[96487]: DEBUG cotyledon.oslo_config_glue [-] oslo_messaging_rabbit.rabbit_retry_backoff = 2 {{(pid=96487) log_opt_values /opt/stack/data/venv/lib/python3.12/site-packages/oslo_config/cfg.py:3545}}
Aug 12 22:25:28.392705 np0000007127 nova-scheduler[96487]: DEBUG cotyledon.oslo_config_glue [-] oslo_messaging_rabbit.rabbit_retry_interval = 1 {{(pid=96487) log_opt_values /opt/stack/data/venv/lib/python3.12/site-packages/oslo_config/cfg.py:3545}}
Aug 12 22:25:28.392705 np0000007127 nova-scheduler[96487]: DEBUG cotyledon.oslo_config_glue [-] oslo_messaging_rabbit.rabbit_stream_fanout = False {{(pid=96487) log_opt_values /opt/stack/data/venv/lib/python3.12/site-packages/oslo_config/cfg.py:3545}}
Aug 12 22:25:28.392705 np0000007127 nova-scheduler[96487]: DEBUG cotyledon.oslo_config_glue [-] oslo_messaging_rabbit.rabbit_transient_queues_ttl = 1800 {{(pid=96487) log_opt_values /opt/stack/data/venv/lib/python3.12/site-packages/oslo_config/cfg.py:3545}}
Aug 12 22:25:28.392705 np0000007127 nova-scheduler[96487]: DEBUG cotyledon.oslo_config_glue [-] oslo_messaging_rabbit.rabbit_transient_quorum_queue = False {{(pid=96487) log_opt_values /opt/stack/data/venv/lib/python3.12/site-packages/oslo_config/cfg.py:3545}}
Aug 12 22:25:28.392705 np0000007127 nova-scheduler[96487]: DEBUG cotyledon.oslo_config_glue [-] oslo_messaging_rabbit.rpc_conn_pool_size = 30 {{(pid=96487) log_opt_values /opt/stack/data/venv/lib/python3.12/site-packages/oslo_config/cfg.py:3545}}
Aug 12 22:25:28.392705 np0000007127 nova-scheduler[96487]: DEBUG cotyledon.oslo_config_glue [-] oslo_messaging_rabbit.ssl = False {{(pid=96487) log_opt_values /opt/stack/data/venv/lib/python3.12/site-packages/oslo_config/cfg.py:3545}}
Aug 12 22:25:28.392705 np0000007127 nova-scheduler[96487]: DEBUG cotyledon.oslo_config_glue [-] oslo_messaging_rabbit.ssl_ca_file = {{(pid=96487) log_opt_values /opt/stack/data/venv/lib/python3.12/site-packages/oslo_config/cfg.py:3545}}
Aug 12 22:25:28.392705 np0000007127 nova-scheduler[96487]: DEBUG cotyledon.oslo_config_glue [-] oslo_messaging_rabbit.ssl_cert_file = {{(pid=96487) log_opt_values /opt/stack/data/venv/lib/python3.12/site-packages/oslo_config/cfg.py:3545}}
Aug 12 22:25:28.393072 np0000007127 nova-scheduler[96487]: DEBUG cotyledon.oslo_config_glue [-] oslo_messaging_rabbit.ssl_enforce_fips_mode = False {{(pid=96487) log_opt_values /opt/stack/data/venv/lib/python3.12/site-packages/oslo_config/cfg.py:3545}}
Aug 12 22:25:28.393072 np0000007127 nova-scheduler[96487]: DEBUG cotyledon.oslo_config_glue [-] oslo_messaging_rabbit.ssl_enforce_hostname_verification = True {{(pid=96487) log_opt_values /opt/stack/data/venv/lib/python3.12/site-packages/oslo_config/cfg.py:3545}}
Aug 12 22:25:28.393072 np0000007127 nova-scheduler[96487]: DEBUG cotyledon.oslo_config_glue [-] oslo_messaging_rabbit.ssl_key_file = {{(pid=96487) log_opt_values /opt/stack/data/venv/lib/python3.12/site-packages/oslo_config/cfg.py:3545}}
Aug 12 22:25:28.393072 np0000007127 nova-scheduler[96487]: DEBUG cotyledon.oslo_config_glue [-] oslo_messaging_rabbit.ssl_version = {{(pid=96487) log_opt_values /opt/stack/data/venv/lib/python3.12/site-packages/oslo_config/cfg.py:3545}}
Aug 12 22:25:28.393072 np0000007127 nova-scheduler[96487]: DEBUG cotyledon.oslo_config_glue [-] oslo_messaging_rabbit.use_queue_manager = False {{(pid=96487) log_opt_values /opt/stack/data/venv/lib/python3.12/site-packages/oslo_config/cfg.py:3545}}
Aug 12 22:25:28.393072 np0000007127 nova-scheduler[96487]: DEBUG cotyledon.oslo_config_glue [-] oslo_messaging_notifications.driver = ['messagingv2'] {{(pid=96487) log_opt_values /opt/stack/data/venv/lib/python3.12/site-packages/oslo_config/cfg.py:3545}}
Aug 12 22:25:28.393072 np0000007127 nova-scheduler[96487]: DEBUG cotyledon.oslo_config_glue [-] oslo_messaging_notifications.retry = -1 {{(pid=96487) log_opt_values /opt/stack/data/venv/lib/python3.12/site-packages/oslo_config/cfg.py:3545}}
Aug 12 22:25:28.393072 np0000007127 nova-scheduler[96487]: DEBUG cotyledon.oslo_config_glue [-] oslo_messaging_notifications.topics = ['notifications'] {{(pid=96487) log_opt_values /opt/stack/data/venv/lib/python3.12/site-packages/oslo_config/cfg.py:3545}}
Aug 12 22:25:28.393072 np0000007127 nova-scheduler[96487]: DEBUG cotyledon.oslo_config_glue [-] oslo_messaging_notifications.transport_url = **** {{(pid=96487) log_opt_values /opt/stack/data/venv/lib/python3.12/site-packages/oslo_config/cfg.py:3545}}
Aug 12 22:25:28.393408 np0000007127 nova-scheduler[96487]: DEBUG cotyledon.oslo_config_glue [-] oslo_limit.auth_section = None {{(pid=96487) log_opt_values /opt/stack/data/venv/lib/python3.12/site-packages/oslo_config/cfg.py:3545}}
Aug 12 22:25:28.393408 np0000007127 nova-scheduler[96487]: DEBUG cotyledon.oslo_config_glue [-] oslo_limit.auth_type = None {{(pid=96487) log_opt_values /opt/stack/data/venv/lib/python3.12/site-packages/oslo_config/cfg.py:3545}}
Aug 12 22:25:28.393408 np0000007127 nova-scheduler[96487]: DEBUG cotyledon.oslo_config_glue [-] oslo_limit.cafile = None {{(pid=96487) log_opt_values /opt/stack/data/venv/lib/python3.12/site-packages/oslo_config/cfg.py:3545}}
Aug 12 22:25:28.393408 np0000007127 nova-scheduler[96487]: DEBUG cotyledon.oslo_config_glue [-] oslo_limit.certfile = None {{(pid=96487) log_opt_values /opt/stack/data/venv/lib/python3.12/site-packages/oslo_config/cfg.py:3545}}
Aug 12 22:25:28.393408 np0000007127 nova-scheduler[96487]: DEBUG cotyledon.oslo_config_glue [-] oslo_limit.collect_timing = False {{(pid=96487) log_opt_values /opt/stack/data/venv/lib/python3.12/site-packages/oslo_config/cfg.py:3545}}
Aug 12 22:25:28.393408 np0000007127 nova-scheduler[96487]: DEBUG cotyledon.oslo_config_glue [-] oslo_limit.connect_retries = None {{(pid=96487) log_opt_values /opt/stack/data/venv/lib/python3.12/site-packages/oslo_config/cfg.py:3545}}
Aug 12 22:25:28.393408 np0000007127 nova-scheduler[96487]: DEBUG cotyledon.oslo_config_glue [-] oslo_limit.connect_retry_delay = None {{(pid=96487) log_opt_values /opt/stack/data/venv/lib/python3.12/site-packages/oslo_config/cfg.py:3545}}
Aug 12 22:25:28.393408 np0000007127 nova-scheduler[96487]: DEBUG cotyledon.oslo_config_glue [-] oslo_limit.endpoint_id = None {{(pid=96487) log_opt_values /opt/stack/data/venv/lib/python3.12/site-packages/oslo_config/cfg.py:3545}}
Aug 12 22:25:28.393408 np0000007127 nova-scheduler[96487]: DEBUG cotyledon.oslo_config_glue [-] oslo_limit.endpoint_interface = public {{(pid=96487) log_opt_values /opt/stack/data/venv/lib/python3.12/site-packages/oslo_config/cfg.py:3545}}
Aug 12 22:25:28.393708 np0000007127 nova-scheduler[96487]: DEBUG cotyledon.oslo_config_glue [-] oslo_limit.endpoint_override = None {{(pid=96487) log_opt_values /opt/stack/data/venv/lib/python3.12/site-packages/oslo_config/cfg.py:3545}}
Aug 12 22:25:28.393708 np0000007127 nova-scheduler[96487]: DEBUG cotyledon.oslo_config_glue [-] oslo_limit.endpoint_region_name = None {{(pid=96487) log_opt_values /opt/stack/data/venv/lib/python3.12/site-packages/oslo_config/cfg.py:3545}}
Aug 12 22:25:28.393708 np0000007127 nova-scheduler[96487]: DEBUG cotyledon.oslo_config_glue [-] oslo_limit.endpoint_service_name = None {{(pid=96487) log_opt_values /opt/stack/data/venv/lib/python3.12/site-packages/oslo_config/cfg.py:3545}}
Aug 12 22:25:28.393708 np0000007127 nova-scheduler[96487]: DEBUG cotyledon.oslo_config_glue [-] oslo_limit.endpoint_service_type = None {{(pid=96487) log_opt_values /opt/stack/data/venv/lib/python3.12/site-packages/oslo_config/cfg.py:3545}}
Aug 12 22:25:28.393708 np0000007127 nova-scheduler[96487]: DEBUG cotyledon.oslo_config_glue [-] oslo_limit.insecure = False {{(pid=96487) log_opt_values /opt/stack/data/venv/lib/python3.12/site-packages/oslo_config/cfg.py:3545}}
Aug 12 22:25:28.393708 np0000007127 nova-scheduler[96487]: DEBUG cotyledon.oslo_config_glue [-] oslo_limit.keyfile = None {{(pid=96487) log_opt_values /opt/stack/data/venv/lib/python3.12/site-packages/oslo_config/cfg.py:3545}}
Aug 12 22:25:28.393708 np0000007127 nova-scheduler[96487]: DEBUG cotyledon.oslo_config_glue [-] oslo_limit.max_version = None {{(pid=96487) log_opt_values /opt/stack/data/venv/lib/python3.12/site-packages/oslo_config/cfg.py:3545}}
Aug 12 22:25:28.393708 np0000007127 nova-scheduler[96487]: DEBUG cotyledon.oslo_config_glue [-] oslo_limit.min_version = None {{(pid=96487) log_opt_values /opt/stack/data/venv/lib/python3.12/site-packages/oslo_config/cfg.py:3545}}
Aug 12 22:25:28.393708 np0000007127 nova-scheduler[96487]: DEBUG cotyledon.oslo_config_glue [-] oslo_limit.region_name = None {{(pid=96487) log_opt_values /opt/stack/data/venv/lib/python3.12/site-packages/oslo_config/cfg.py:3545}}
Aug 12 22:25:28.394029 np0000007127 nova-scheduler[96487]: DEBUG cotyledon.oslo_config_glue [-] oslo_limit.retriable_status_codes = None {{(pid=96487) log_opt_values /opt/stack/data/venv/lib/python3.12/site-packages/oslo_config/cfg.py:3545}}
Aug 12 22:25:28.394029 np0000007127 nova-scheduler[96487]: DEBUG cotyledon.oslo_config_glue [-] oslo_limit.service_name = None {{(pid=96487) log_opt_values /opt/stack/data/venv/lib/python3.12/site-packages/oslo_config/cfg.py:3545}}
Aug 12 22:25:28.394029 np0000007127 nova-scheduler[96487]: DEBUG cotyledon.oslo_config_glue [-] oslo_limit.service_type = None {{(pid=96487) log_opt_values /opt/stack/data/venv/lib/python3.12/site-packages/oslo_config/cfg.py:3545}}
Aug 12 22:25:28.394029 np0000007127 nova-scheduler[96487]: DEBUG cotyledon.oslo_config_glue [-] oslo_limit.split_loggers = False {{(pid=96487) log_opt_values /opt/stack/data/venv/lib/python3.12/site-packages/oslo_config/cfg.py:3545}}
Aug 12 22:25:28.394029 np0000007127 nova-scheduler[96487]: DEBUG cotyledon.oslo_config_glue [-] oslo_limit.status_code_retries = None {{(pid=96487) log_opt_values /opt/stack/data/venv/lib/python3.12/site-packages/oslo_config/cfg.py:3545}}
Aug 12 22:25:28.394029 np0000007127 nova-scheduler[96487]: DEBUG cotyledon.oslo_config_glue [-] oslo_limit.status_code_retry_delay = None {{(pid=96487) log_opt_values /opt/stack/data/venv/lib/python3.12/site-packages/oslo_config/cfg.py:3545}}
Aug 12 22:25:28.394029 np0000007127 nova-scheduler[96487]: DEBUG cotyledon.oslo_config_glue [-] oslo_limit.timeout = None {{(pid=96487) log_opt_values /opt/stack/data/venv/lib/python3.12/site-packages/oslo_config/cfg.py:3545}}
Aug 12 22:25:28.394029 np0000007127 nova-scheduler[96487]: DEBUG cotyledon.oslo_config_glue [-] oslo_limit.valid_interfaces = None {{(pid=96487) log_opt_values /opt/stack/data/venv/lib/python3.12/site-packages/oslo_config/cfg.py:3545}}
Aug 12 22:25:28.394029 np0000007127 nova-scheduler[96487]: DEBUG cotyledon.oslo_config_glue [-] oslo_limit.version = None {{(pid=96487) log_opt_values /opt/stack/data/venv/lib/python3.12/site-packages/oslo_config/cfg.py:3545}}
Aug 12 22:25:28.394391 np0000007127 nova-scheduler[96487]: DEBUG cotyledon.oslo_config_glue [-] oslo_reports.file_event_handler = None {{(pid=96487) log_opt_values /opt/stack/data/venv/lib/python3.12/site-packages/oslo_config/cfg.py:3545}}
Aug 12 22:25:28.394391 np0000007127 nova-scheduler[96487]: DEBUG cotyledon.oslo_config_glue [-] oslo_reports.file_event_handler_interval = 1 {{(pid=96487) log_opt_values /opt/stack/data/venv/lib/python3.12/site-packages/oslo_config/cfg.py:3545}}
Aug 12 22:25:28.394391 np0000007127 nova-scheduler[96487]: DEBUG cotyledon.oslo_config_glue [-] oslo_reports.log_dir = None {{(pid=96487) log_opt_values /opt/stack/data/venv/lib/python3.12/site-packages/oslo_config/cfg.py:3545}}
Aug 12 22:25:28.394391 np0000007127 nova-scheduler[96487]: DEBUG cotyledon.oslo_config_glue [-] ******************************************************************************** {{(pid=96487) log_opt_values /opt/stack/data/venv/lib/python3.12/site-packages/oslo_config/cfg.py:3552}}
Aug 12 22:25:28.394391 np0000007127 nova-scheduler[96487]: DEBUG cotyledon._service_worker [-] Run service ServiceWrapper(3) [96487] {{(pid=96487) wait_forever /opt/stack/data/venv/lib/python3.12/site-packages/cotyledon/_service_worker.py:218}}
Aug 12 22:25:28.394391 np0000007127 nova-scheduler[96487]: INFO nova.service [-] Starting scheduler node (version 33.1.0)
Aug 12 22:25:28.394391 np0000007127 nova-scheduler[96487]: INFO dbcounter [None req-1cab3461-7a78-4661-b7a0-09d90ae22ff2 None None] Registered counter for database nova_cell0
Aug 12 22:25:28.394650 np0000007127 nova-scheduler[96476]: DEBUG oslo_db.sqlalchemy.engines [None req-af95641c-0e1a-41d2-b09f-1f02c9c3e4ca None None] MySQL server mode set to STRICT_TRANS_TABLES,STRICT_ALL_TABLES,NO_ZERO_IN_DATE,NO_ZERO_DATE,ERROR_FOR_DIVISION_BY_ZERO,TRADITIONAL,NO_ENGINE_SUBSTITUTION {{(pid=96476) _check_effective_sql_mode /opt/stack/data/venv/lib/python3.12/site-packages/oslo_db/sqlalchemy/engines.py:325}}
Aug 12 22:25:28.394650 np0000007127 nova-scheduler[96476]: DEBUG dbcounter [-] [96476] Writer thread running {{(pid=96476) stat_writer /opt/stack/data/venv/lib/python3.12/site-packages/dbcounter.py:102}}
Aug 12 22:25:28.394752 np0000007127 nova-scheduler[96485]: DEBUG oslo_db.sqlalchemy.engines [None req-ae9ce8ec-4ab8-43b7-9e27-4da755b2f30b None None] MySQL server mode set to STRICT_TRANS_TABLES,STRICT_ALL_TABLES,NO_ZERO_IN_DATE,NO_ZERO_DATE,ERROR_FOR_DIVISION_BY_ZERO,TRADITIONAL,NO_ENGINE_SUBSTITUTION {{(pid=96485) _check_effective_sql_mode /opt/stack/data/venv/lib/python3.12/site-packages/oslo_db/sqlalchemy/engines.py:325}}
Aug 12 22:25:28.394805 np0000007127 nova-scheduler[96482]: DEBUG oslo_db.sqlalchemy.engines [None req-46d8664d-c541-4071-b0d9-bfa92660f830 None None] MySQL server mode set to STRICT_TRANS_TABLES,STRICT_ALL_TABLES,NO_ZERO_IN_DATE,NO_ZERO_DATE,ERROR_FOR_DIVISION_BY_ZERO,TRADITIONAL,NO_ENGINE_SUBSTITUTION {{(pid=96482) _check_effective_sql_mode /opt/stack/data/venv/lib/python3.12/site-packages/oslo_db/sqlalchemy/engines.py:325}}
Aug 12 22:25:28.394869 np0000007127 nova-scheduler[96485]: DEBUG dbcounter [-] [96485] Writer thread running {{(pid=96485) stat_writer /opt/stack/data/venv/lib/python3.12/site-packages/dbcounter.py:102}}
Aug 12 22:25:28.394920 np0000007127 nova-scheduler[96482]: DEBUG dbcounter [-] [96482] Writer thread running {{(pid=96482) stat_writer /opt/stack/data/venv/lib/python3.12/site-packages/dbcounter.py:102}}
Aug 12 22:25:28.394976 np0000007127 nova-scheduler[96476]: DEBUG nova.service [None req-af95641c-0e1a-41d2-b09f-1f02c9c3e4ca None None] Creating RPC server for service: nova-scheduler on topic: scheduler {{(pid=96476) start /opt/stack/nova/nova/service.py:196}}
Aug 12 22:25:28.395024 np0000007127 nova-scheduler[96482]: DEBUG nova.service [None req-46d8664d-c541-4071-b0d9-bfa92660f830 None None] Creating RPC server for service: nova-scheduler on topic: scheduler {{(pid=96482) start /opt/stack/nova/nova/service.py:196}}
Aug 12 22:25:28.395069 np0000007127 nova-scheduler[96485]: DEBUG nova.service [None req-ae9ce8ec-4ab8-43b7-9e27-4da755b2f30b None None] Creating RPC server for service: nova-scheduler on topic: scheduler {{(pid=96485) start /opt/stack/nova/nova/service.py:196}}
Aug 12 22:25:28.395114 np0000007127 nova-scheduler[96487]: DEBUG oslo_db.sqlalchemy.engines [None req-1cab3461-7a78-4661-b7a0-09d90ae22ff2 None None] MySQL server mode set to STRICT_TRANS_TABLES,STRICT_ALL_TABLES,NO_ZERO_IN_DATE,NO_ZERO_DATE,ERROR_FOR_DIVISION_BY_ZERO,TRADITIONAL,NO_ENGINE_SUBSTITUTION {{(pid=96487) _check_effective_sql_mode /opt/stack/data/venv/lib/python3.12/site-packages/oslo_db/sqlalchemy/engines.py:325}}
Aug 12 22:25:28.396248 np0000007127 nova-scheduler[96487]: DEBUG dbcounter [-] [96487] Writer thread running {{(pid=96487) stat_writer /opt/stack/data/venv/lib/python3.12/site-packages/dbcounter.py:102}}
Aug 12 22:25:28.399730 np0000007127 nova-scheduler[96487]: DEBUG nova.service [None req-1cab3461-7a78-4661-b7a0-09d90ae22ff2 None None] Creating RPC server for service: nova-scheduler on topic: scheduler {{(pid=96487) start /opt/stack/nova/nova/service.py:196}}
Aug 12 22:25:28.401972 np0000007127 nova-scheduler[96485]: DEBUG nova.service [None req-ae9ce8ec-4ab8-43b7-9e27-4da755b2f30b None None] Join ServiceGroup membership for this service scheduler {{(pid=96485) start /opt/stack/nova/nova/service.py:222}}
Aug 12 22:25:28.402135 np0000007127 nova-scheduler[96485]: DEBUG nova.servicegroup.drivers.db [None req-ae9ce8ec-4ab8-43b7-9e27-4da755b2f30b None None] DB_Driver: join new ServiceGroup member np0000007127 to the scheduler group, service = {{(pid=96485) join /opt/stack/nova/nova/servicegroup/drivers/db.py:44}}
Aug 12 22:25:28.404484 np0000007127 nova-scheduler[96482]: DEBUG nova.service [None req-46d8664d-c541-4071-b0d9-bfa92660f830 None None] Join ServiceGroup membership for this service scheduler {{(pid=96482) start /opt/stack/nova/nova/service.py:222}}
Aug 12 22:25:28.404659 np0000007127 nova-scheduler[96482]: DEBUG nova.servicegroup.drivers.db [None req-46d8664d-c541-4071-b0d9-bfa92660f830 None None] DB_Driver: join new ServiceGroup member np0000007127 to the scheduler group, service = {{(pid=96482) join /opt/stack/nova/nova/servicegroup/drivers/db.py:44}}
Aug 12 22:25:28.408095 np0000007127 nova-scheduler[96476]: DEBUG nova.service [None req-af95641c-0e1a-41d2-b09f-1f02c9c3e4ca None None] Join ServiceGroup membership for this service scheduler {{(pid=96476) start /opt/stack/nova/nova/service.py:222}}
Aug 12 22:25:28.408391 np0000007127 nova-scheduler[96476]: DEBUG nova.servicegroup.drivers.db [None req-af95641c-0e1a-41d2-b09f-1f02c9c3e4ca None None] DB_Driver: join new ServiceGroup member np0000007127 to the scheduler group, service = {{(pid=96476) join /opt/stack/nova/nova/servicegroup/drivers/db.py:44}}
Aug 12 22:25:28.416067 np0000007127 nova-scheduler[96487]: DEBUG nova.service [None req-1cab3461-7a78-4661-b7a0-09d90ae22ff2 None None] Join ServiceGroup membership for this service scheduler {{(pid=96487) start /opt/stack/nova/nova/service.py:222}}
Aug 12 22:25:28.416233 np0000007127 nova-scheduler[96487]: DEBUG nova.servicegroup.drivers.db [None req-1cab3461-7a78-4661-b7a0-09d90ae22ff2 None None] DB_Driver: join new ServiceGroup member np0000007127 to the scheduler group, service = {{(pid=96487) join /opt/stack/nova/nova/servicegroup/drivers/db.py:44}}
Aug 12 22:25:32.410488 np0000007127 nova-scheduler[96476]: DEBUG oslo.service.backend._threading.loopingcall [None req-643dadc6-083d-4606-b424-3e7af29997b9 None None] Dynamic interval looping call 'nova.service.Service.periodic_tasks' sleeping for 60.00 seconds {{(pid=96476) _run_loop /opt/stack/data/venv/lib/python3.12/site-packages/oslo_service/backend/_threading/loopingcall.py:125}}
Aug 12 22:25:33.412182 np0000007127 nova-scheduler[96485]: DEBUG oslo.service.backend._threading.loopingcall [-] Fixed interval looping call 'nova.servicegroup.drivers.db.DbDriver._report_state' sleeping for 119.99 seconds {{(pid=96485) _run_loop /opt/stack/data/venv/lib/python3.12/site-packages/oslo_service/backend/_threading/loopingcall.py:125}}
Aug 12 22:25:33.415513 np0000007127 nova-scheduler[96482]: DEBUG oslo.service.backend._threading.loopingcall [-] Fixed interval looping call 'nova.servicegroup.drivers.db.DbDriver._report_state' sleeping for 119.99 seconds {{(pid=96482) _run_loop /opt/stack/data/venv/lib/python3.12/site-packages/oslo_service/backend/_threading/loopingcall.py:125}}
Aug 12 22:25:33.415732 np0000007127 nova-scheduler[96476]: DEBUG oslo.service.backend._threading.loopingcall [-] Fixed interval looping call 'nova.servicegroup.drivers.db.DbDriver._report_state' sleeping for 119.99 seconds {{(pid=96476) _run_loop /opt/stack/data/venv/lib/python3.12/site-packages/oslo_service/backend/_threading/loopingcall.py:125}}
Aug 12 22:25:33.427625 np0000007127 nova-scheduler[96487]: DEBUG oslo.service.backend._threading.loopingcall [-] Fixed interval looping call 'nova.servicegroup.drivers.db.DbDriver._report_state' sleeping for 119.99 seconds {{(pid=96487) _run_loop /opt/stack/data/venv/lib/python3.12/site-packages/oslo_service/backend/_threading/loopingcall.py:125}}
Aug 12 22:25:36.973814 np0000007127 nova-scheduler[95275]: DEBUG dbcounter [-] [95275] Writing DB stats nova_api:SELECT=3 {{(pid=95275) stat_writer /opt/stack/data/venv/lib/python3.12/site-packages/dbcounter.py:115}}
Aug 12 22:25:37.105751 np0000007127 nova-scheduler[95275]: DEBUG dbcounter [-] [95275] Writing DB stats nova_cell1:SELECT=1 {{(pid=95275) stat_writer /opt/stack/data/venv/lib/python3.12/site-packages/dbcounter.py:115}}
Aug 12 22:25:37.111173 np0000007127 nova-scheduler[95275]: DEBUG dbcounter [-] [95275] Writing DB stats nova_cell0:SELECT=1 {{(pid=95275) stat_writer /opt/stack/data/venv/lib/python3.12/site-packages/dbcounter.py:115}}
Aug 12 22:25:43.408762 np0000007127 nova-scheduler[96485]: DEBUG dbcounter [-] [96485] Writing DB stats nova_cell0:SELECT=4,nova_cell0:INSERT=1,nova_cell0:UPDATE=1 {{(pid=96485) stat_writer /opt/stack/data/venv/lib/python3.12/site-packages/dbcounter.py:115}}
Aug 12 22:25:43.414714 np0000007127 nova-scheduler[96476]: DEBUG dbcounter [-] [96476] Writing DB stats nova_cell0:SELECT=4,nova_cell0:INSERT=1 {{(pid=96476) stat_writer /opt/stack/data/venv/lib/python3.12/site-packages/dbcounter.py:115}}
Aug 12 22:25:43.415029 np0000007127 nova-scheduler[96482]: DEBUG dbcounter [-] [96482] Writing DB stats nova_cell0:SELECT=3 {{(pid=96482) stat_writer /opt/stack/data/venv/lib/python3.12/site-packages/dbcounter.py:115}}
Aug 12 22:25:43.424963 np0000007127 nova-scheduler[96487]: DEBUG dbcounter [-] [96487] Writing DB stats nova_cell0:SELECT=3 {{(pid=96487) stat_writer /opt/stack/data/venv/lib/python3.12/site-packages/dbcounter.py:115}}
Aug 12 22:25:49.404372 np0000007127 nova-scheduler[96485]: DEBUG oslo.service.backend._threading.loopingcall [None req-2f3a1023-83c6-4696-a12a-849e60d27ccf None None] Dynamic interval looping call 'nova.service.Service.periodic_tasks' sleeping for 60.00 seconds {{(pid=96485) _run_loop /opt/stack/data/venv/lib/python3.12/site-packages/oslo_service/backend/_threading/loopingcall.py:125}}
Aug 12 22:26:11.406373 np0000007127 nova-scheduler[96482]: DEBUG oslo.service.backend._threading.loopingcall [None req-2165cc81-ca9d-4223-be86-f41f85f5acef None None] Dynamic interval looping call 'nova.service.Service.periodic_tasks' sleeping for 60.00 seconds {{(pid=96482) _run_loop /opt/stack/data/venv/lib/python3.12/site-packages/oslo_service/backend/_threading/loopingcall.py:125}}
Aug 12 22:26:24.418047 np0000007127 nova-scheduler[96487]: DEBUG oslo.service.backend._threading.loopingcall [None req-de6c89c2-d745-4a79-a29d-974fae662e56 None None] Dynamic interval looping call 'nova.service.Service.periodic_tasks' sleeping for 60.00 seconds {{(pid=96487) _run_loop /opt/stack/data/venv/lib/python3.12/site-packages/oslo_service/backend/_threading/loopingcall.py:125}}
Aug 12 22:26:32.411006 np0000007127 nova-scheduler[96476]: DEBUG oslo.service.backend._threading.loopingcall [None req-643dadc6-083d-4606-b424-3e7af29997b9 None None] Dynamic interval looping call 'nova.service.Service.periodic_tasks' sleeping for 60.00 seconds {{(pid=96476) _run_loop /opt/stack/data/venv/lib/python3.12/site-packages/oslo_service/backend/_threading/loopingcall.py:125}}
Aug 12 22:26:49.404786 np0000007127 nova-scheduler[96485]: DEBUG oslo.service.backend._threading.loopingcall [None req-2f3a1023-83c6-4696-a12a-849e60d27ccf None None] Dynamic interval looping call 'nova.service.Service.periodic_tasks' sleeping for 60.00 seconds {{(pid=96485) _run_loop /opt/stack/data/venv/lib/python3.12/site-packages/oslo_service/backend/_threading/loopingcall.py:125}}
Aug 12 22:27:11.406863 np0000007127 nova-scheduler[96482]: DEBUG oslo.service.backend._threading.loopingcall [None req-2165cc81-ca9d-4223-be86-f41f85f5acef None None] Dynamic interval looping call 'nova.service.Service.periodic_tasks' sleeping for 60.00 seconds {{(pid=96482) _run_loop /opt/stack/data/venv/lib/python3.12/site-packages/oslo_service/backend/_threading/loopingcall.py:125}}
Aug 12 22:27:24.418538 np0000007127 nova-scheduler[96487]: DEBUG oslo.service.backend._threading.loopingcall [None req-de6c89c2-d745-4a79-a29d-974fae662e56 None None] Dynamic interval looping call 'nova.service.Service.periodic_tasks' sleeping for 60.00 seconds {{(pid=96487) _run_loop /opt/stack/data/venv/lib/python3.12/site-packages/oslo_service/backend/_threading/loopingcall.py:125}}
Aug 12 22:27:32.411432 np0000007127 nova-scheduler[96476]: DEBUG oslo.service.backend._threading.loopingcall [None req-643dadc6-083d-4606-b424-3e7af29997b9 None None] Dynamic interval looping call 'nova.service.Service.periodic_tasks' sleeping for 60.00 seconds {{(pid=96476) _run_loop /opt/stack/data/venv/lib/python3.12/site-packages/oslo_service/backend/_threading/loopingcall.py:125}}
Aug 12 22:27:33.408813 np0000007127 nova-scheduler[96485]: DEBUG oslo.service.backend._threading.loopingcall [-] Fixed interval looping call 'nova.servicegroup.drivers.db.DbDriver._report_state' sleeping for 119.99 seconds {{(pid=96485) _run_loop /opt/stack/data/venv/lib/python3.12/site-packages/oslo_service/backend/_threading/loopingcall.py:125}}
Aug 12 22:27:33.411107 np0000007127 nova-scheduler[96476]: DEBUG oslo.service.backend._threading.loopingcall [-] Fixed interval looping call 'nova.servicegroup.drivers.db.DbDriver._report_state' sleeping for 119.99 seconds {{(pid=96476) _run_loop /opt/stack/data/venv/lib/python3.12/site-packages/oslo_service/backend/_threading/loopingcall.py:125}}
Aug 12 22:27:33.411355 np0000007127 nova-scheduler[96482]: DEBUG oslo.service.backend._threading.loopingcall [-] Fixed interval looping call 'nova.servicegroup.drivers.db.DbDriver._report_state' sleeping for 119.99 seconds {{(pid=96482) _run_loop /opt/stack/data/venv/lib/python3.12/site-packages/oslo_service/backend/_threading/loopingcall.py:125}}
Aug 12 22:27:33.421617 np0000007127 nova-scheduler[96487]: DEBUG oslo.service.backend._threading.loopingcall [-] Fixed interval looping call 'nova.servicegroup.drivers.db.DbDriver._report_state' sleeping for 120.00 seconds {{(pid=96487) _run_loop /opt/stack/data/venv/lib/python3.12/site-packages/oslo_service/backend/_threading/loopingcall.py:125}}
Aug 12 22:27:43.405603 np0000007127 nova-scheduler[96485]: DEBUG dbcounter [-] [96485] Writing DB stats nova_cell0:SELECT=1,nova_cell0:UPDATE=1 {{(pid=96485) stat_writer /opt/stack/data/venv/lib/python3.12/site-packages/dbcounter.py:115}}
Aug 12 22:27:43.408058 np0000007127 nova-scheduler[96476]: DEBUG dbcounter [-] [96476] Writing DB stats nova_cell0:SELECT=1 {{(pid=96476) stat_writer /opt/stack/data/venv/lib/python3.12/site-packages/dbcounter.py:115}}
Aug 12 22:27:43.410540 np0000007127 nova-scheduler[96482]: DEBUG dbcounter [-] [96482] Writing DB stats nova_cell0:SELECT=1,nova_cell0:UPDATE=1 {{(pid=96482) stat_writer /opt/stack/data/venv/lib/python3.12/site-packages/dbcounter.py:115}}
Aug 12 22:27:43.422682 np0000007127 nova-scheduler[96487]: DEBUG dbcounter [-] [96487] Writing DB stats nova_cell0:SELECT=1 {{(pid=96487) stat_writer /opt/stack/data/venv/lib/python3.12/site-packages/dbcounter.py:115}}
Aug 12 22:27:46.028034 np0000007127 nova-scheduler[96485]: DEBUG nova.scheduler.manager [None req-80feb418-2303-4566-9ac0-9a4cae3702ae tempest-ServersNegativeTestJSON-281559925 tempest-ServersNegativeTestJSON-281559925-project-member] Starting to schedule for instances: ['9f6b4909-94a0-4ccc-a1b9-7bcf0a4a70a4'] {{(pid=96485) select_destinations /opt/stack/nova/nova/scheduler/manager.py:209}}
Aug 12 22:27:46.028509 np0000007127 nova-scheduler[96485]: DEBUG nova.scheduler.request_filter [None req-80feb418-2303-4566-9ac0-9a4cae3702ae tempest-ServersNegativeTestJSON-281559925 tempest-ServersNegativeTestJSON-281559925-project-member] compute_status_filter request filter added forbidden trait COMPUTE_STATUS_DISABLED {{(pid=96485) compute_status_filter /opt/stack/nova/nova/scheduler/request_filter.py:253}}
Aug 12 22:27:46.028509 np0000007127 nova-scheduler[96485]: DEBUG nova.scheduler.request_filter [None req-80feb418-2303-4566-9ac0-9a4cae3702ae tempest-ServersNegativeTestJSON-281559925 tempest-ServersNegativeTestJSON-281559925-project-member] Request filter 'compute_status_filter' took 0.0 seconds {{(pid=96485) wrapper /opt/stack/nova/nova/scheduler/request_filter.py:46}}
Aug 12 22:27:46.028709 np0000007127 nova-scheduler[96485]: DEBUG nova.scheduler.request_filter [None req-80feb418-2303-4566-9ac0-9a4cae3702ae tempest-ServersNegativeTestJSON-281559925 tempest-ServersNegativeTestJSON-281559925-project-member] Request filter 'accelerators_filter' took 0.0 seconds {{(pid=96485) wrapper /opt/stack/nova/nova/scheduler/request_filter.py:46}}
Aug 12 22:27:46.028865 np0000007127 nova-scheduler[96485]: DEBUG nova.scheduler.request_filter [None req-80feb418-2303-4566-9ac0-9a4cae3702ae tempest-ServersNegativeTestJSON-281559925 tempest-ServersNegativeTestJSON-281559925-project-member] Request filter 'packed_virtqueue_filter' took 0.0 seconds {{(pid=96485) wrapper /opt/stack/nova/nova/scheduler/request_filter.py:46}}
Aug 12 22:27:46.029103 np0000007127 nova-scheduler[96485]: DEBUG nova.scheduler.request_filter [None req-80feb418-2303-4566-9ac0-9a4cae3702ae tempest-ServersNegativeTestJSON-281559925 tempest-ServersNegativeTestJSON-281559925-project-member] Request filter 'remote_managed_ports_filter' took 0.0 seconds {{(pid=96485) wrapper /opt/stack/nova/nova/scheduler/request_filter.py:46}}
Aug 12 22:27:46.029265 np0000007127 nova-scheduler[96485]: DEBUG nova.scheduler.request_filter [None req-80feb418-2303-4566-9ac0-9a4cae3702ae tempest-ServersNegativeTestJSON-281559925 tempest-ServersNegativeTestJSON-281559925-project-member] ephemeral_encryption_filter skipped {{(pid=96485) ephemeral_encryption_filter /opt/stack/nova/nova/scheduler/request_filter.py:426}}
Aug 12 22:27:46.029369 np0000007127 nova-scheduler[96485]: DEBUG nova.scheduler.request_filter [None req-80feb418-2303-4566-9ac0-9a4cae3702ae tempest-ServersNegativeTestJSON-281559925 tempest-ServersNegativeTestJSON-281559925-project-member] virtio_sound_filter skipped {{(pid=96485) virtio_sound_filter /opt/stack/nova/nova/scheduler/request_filter.py:460}}
Aug 12 22:27:46.029502 np0000007127 nova-scheduler[96485]: DEBUG nova.scheduler.request_filter [None req-80feb418-2303-4566-9ac0-9a4cae3702ae tempest-ServersNegativeTestJSON-281559925 tempest-ServersNegativeTestJSON-281559925-project-member] tpm_secret_security_filter skipped {{(pid=96485) tpm_secret_security_filter /opt/stack/nova/nova/scheduler/request_filter.py:477}}
Aug 12 22:27:46.604575 np0000007127 nova-scheduler[96485]: INFO nova.utils [None req-80feb418-2303-4566-9ac0-9a4cae3702ae tempest-ServersNegativeTestJSON-281559925 tempest-ServersNegativeTestJSON-281559925-project-member] The cell worker thread pool ForkProcess-3.cell_worker is initialized
Aug 12 22:27:46.604932 np0000007127 nova-scheduler[96485]: DEBUG oslo_concurrency.lockutils [None req-80feb418-2303-4566-9ac0-9a4cae3702ae tempest-ServersNegativeTestJSON-281559925 tempest-ServersNegativeTestJSON-281559925-project-member] Acquiring lock "10156026-3ddf-4e26-8f19-dbd80c7a38ab" by "nova.context.set_target_cell..get_or_set_cached_cell_and_set_connections" {{(pid=96485) inner /opt/stack/data/venv/lib/python3.12/site-packages/oslo_concurrency/lockutils.py:512}}
Aug 12 22:27:46.605095 np0000007127 nova-scheduler[96485]: DEBUG oslo_concurrency.lockutils [None req-80feb418-2303-4566-9ac0-9a4cae3702ae tempest-ServersNegativeTestJSON-281559925 tempest-ServersNegativeTestJSON-281559925-project-member] Lock "10156026-3ddf-4e26-8f19-dbd80c7a38ab" acquired by "nova.context.set_target_cell..get_or_set_cached_cell_and_set_connections" :: waited 0.000s {{(pid=96485) inner /opt/stack/data/venv/lib/python3.12/site-packages/oslo_concurrency/lockutils.py:525}}
Aug 12 22:27:46.606260 np0000007127 nova-scheduler[96485]: DEBUG oslo_concurrency.lockutils [None req-80feb418-2303-4566-9ac0-9a4cae3702ae tempest-ServersNegativeTestJSON-281559925 tempest-ServersNegativeTestJSON-281559925-project-member] Lock "10156026-3ddf-4e26-8f19-dbd80c7a38ab" "released" by "nova.context.set_target_cell..get_or_set_cached_cell_and_set_connections" :: held 0.001s {{(pid=96485) inner /opt/stack/data/venv/lib/python3.12/site-packages/oslo_concurrency/lockutils.py:544}}
Aug 12 22:27:46.608670 np0000007127 nova-scheduler[96485]: INFO dbcounter [None req-80feb418-2303-4566-9ac0-9a4cae3702ae tempest-ServersNegativeTestJSON-281559925 tempest-ServersNegativeTestJSON-281559925-project-member] Registered counter for database nova_cell1
Aug 12 22:27:46.649754 np0000007127 nova-scheduler[96485]: DEBUG oslo_db.sqlalchemy.engines [None req-80feb418-2303-4566-9ac0-9a4cae3702ae tempest-ServersNegativeTestJSON-281559925 tempest-ServersNegativeTestJSON-281559925-project-member] MySQL server mode set to STRICT_TRANS_TABLES,STRICT_ALL_TABLES,NO_ZERO_IN_DATE,NO_ZERO_DATE,ERROR_FOR_DIVISION_BY_ZERO,TRADITIONAL,NO_ENGINE_SUBSTITUTION {{(pid=96485) _check_effective_sql_mode /opt/stack/data/venv/lib/python3.12/site-packages/oslo_db/sqlalchemy/engines.py:325}}
Aug 12 22:27:46.654703 np0000007127 nova-scheduler[96485]: DEBUG dbcounter [-] [96485] Writer thread running {{(pid=96485) stat_writer /opt/stack/data/venv/lib/python3.12/site-packages/dbcounter.py:102}}
Aug 12 22:27:46.666487 np0000007127 nova-scheduler[96485]: DEBUG oslo_db.sqlalchemy.engines [None req-80feb418-2303-4566-9ac0-9a4cae3702ae tempest-ServersNegativeTestJSON-281559925 tempest-ServersNegativeTestJSON-281559925-project-member] Parent process 95275 forked (96485) with an open database connection, which is being discarded and recreated. {{(pid=96485) checkout /opt/stack/data/venv/lib/python3.12/site-packages/oslo_db/sqlalchemy/engines.py:402}}
Aug 12 22:27:46.718970 np0000007127 nova-scheduler[96485]: DEBUG dbcounter [-] [96485] Writer thread running {{(pid=96485) stat_writer /opt/stack/data/venv/lib/python3.12/site-packages/dbcounter.py:102}}
Aug 12 22:27:46.721383 np0000007127 nova-scheduler[96485]: DEBUG oslo_concurrency.lockutils [None req-80feb418-2303-4566-9ac0-9a4cae3702ae tempest-ServersNegativeTestJSON-281559925 tempest-ServersNegativeTestJSON-281559925-project-member] Acquiring lock "10156026-3ddf-4e26-8f19-dbd80c7a38ab" by "nova.context.set_target_cell..get_or_set_cached_cell_and_set_connections" {{(pid=96485) inner /opt/stack/data/venv/lib/python3.12/site-packages/oslo_concurrency/lockutils.py:512}}
Aug 12 22:27:46.721591 np0000007127 nova-scheduler[96485]: DEBUG oslo_concurrency.lockutils [None req-80feb418-2303-4566-9ac0-9a4cae3702ae tempest-ServersNegativeTestJSON-281559925 tempest-ServersNegativeTestJSON-281559925-project-member] Lock "10156026-3ddf-4e26-8f19-dbd80c7a38ab" acquired by "nova.context.set_target_cell..get_or_set_cached_cell_and_set_connections" :: waited 0.000s {{(pid=96485) inner /opt/stack/data/venv/lib/python3.12/site-packages/oslo_concurrency/lockutils.py:525}}
