Aug 12 22:25:33.315762 np0000007127 nova-conductor[98955]: DEBUG cotyledon.oslo_config_glue [-] workarounds.disable_compute_service_check_for_ffu = False {{(pid=98955) log_opt_values /opt/stack/data/venv/lib/python3.12/site-packages/oslo_config/cfg.py:3545}}
Aug 12 22:25:33.315762 np0000007127 nova-conductor[98955]: DEBUG cotyledon.oslo_config_glue [-] workarounds.disable_deep_image_inspection = False {{(pid=98955) log_opt_values /opt/stack/data/venv/lib/python3.12/site-packages/oslo_config/cfg.py:3545}}
Aug 12 22:25:33.315762 np0000007127 nova-conductor[98955]: DEBUG cotyledon.oslo_config_glue [-] workarounds.disable_fallback_pcpu_query = False {{(pid=98955) log_opt_values /opt/stack/data/venv/lib/python3.12/site-packages/oslo_config/cfg.py:3545}}
Aug 12 22:25:33.315762 np0000007127 nova-conductor[98955]: DEBUG cotyledon.oslo_config_glue [-] workarounds.disable_group_policy_check_upcall = False {{(pid=98955) log_opt_values /opt/stack/data/venv/lib/python3.12/site-packages/oslo_config/cfg.py:3545}}
Aug 12 22:25:33.315762 np0000007127 nova-conductor[98955]: DEBUG cotyledon.oslo_config_glue [-] workarounds.disable_libvirt_livesnapshot = False {{(pid=98955) log_opt_values /opt/stack/data/venv/lib/python3.12/site-packages/oslo_config/cfg.py:3545}}
Aug 12 22:25:33.315762 np0000007127 nova-conductor[98955]: DEBUG cotyledon.oslo_config_glue [-] workarounds.disable_rootwrap = False {{(pid=98955) log_opt_values /opt/stack/data/venv/lib/python3.12/site-packages/oslo_config/cfg.py:3545}}
Aug 12 22:25:33.315762 np0000007127 nova-conductor[98955]: DEBUG cotyledon.oslo_config_glue [-] workarounds.enable_numa_live_migration = False {{(pid=98955) log_opt_values /opt/stack/data/venv/lib/python3.12/site-packages/oslo_config/cfg.py:3545}}
Aug 12 22:25:33.315762 np0000007127 nova-conductor[98955]: DEBUG cotyledon.oslo_config_glue [-] workarounds.enable_qemu_monitor_announce_self = False {{(pid=98955) log_opt_values /opt/stack/data/venv/lib/python3.12/site-packages/oslo_config/cfg.py:3545}}
Aug 12 22:25:33.315960 np0000007127 nova-conductor[98955]: DEBUG cotyledon.oslo_config_glue [-] workarounds.ensure_libvirt_rbd_instance_dir_cleanup = False {{(pid=98955) log_opt_values /opt/stack/data/venv/lib/python3.12/site-packages/oslo_config/cfg.py:3545}}
Aug 12 22:25:33.315960 np0000007127 nova-conductor[98955]: DEBUG cotyledon.oslo_config_glue [-] workarounds.handle_virt_lifecycle_events = True {{(pid=98955) log_opt_values /opt/stack/data/venv/lib/python3.12/site-packages/oslo_config/cfg.py:3545}}
Aug 12 22:25:33.315960 np0000007127 nova-conductor[98955]: DEBUG cotyledon.oslo_config_glue [-] workarounds.libvirt_disable_apic = False {{(pid=98955) log_opt_values /opt/stack/data/venv/lib/python3.12/site-packages/oslo_config/cfg.py:3545}}
Aug 12 22:25:33.315960 np0000007127 nova-conductor[98955]: DEBUG cotyledon.oslo_config_glue [-] workarounds.never_download_image_if_on_rbd = False {{(pid=98955) log_opt_values /opt/stack/data/venv/lib/python3.12/site-packages/oslo_config/cfg.py:3545}}
Aug 12 22:25:33.315960 np0000007127 nova-conductor[98955]: DEBUG cotyledon.oslo_config_glue [-] workarounds.qemu_monitor_announce_self_count = 3 {{(pid=98955) log_opt_values /opt/stack/data/venv/lib/python3.12/site-packages/oslo_config/cfg.py:3545}}
Aug 12 22:25:33.315960 np0000007127 nova-conductor[98955]: DEBUG cotyledon.oslo_config_glue [-] workarounds.qemu_monitor_announce_self_interval = 1 {{(pid=98955) log_opt_values /opt/stack/data/venv/lib/python3.12/site-packages/oslo_config/cfg.py:3545}}
Aug 12 22:25:33.315960 np0000007127 nova-conductor[98955]: DEBUG cotyledon.oslo_config_glue [-] workarounds.reserve_disk_resource_for_image_cache = False {{(pid=98955) log_opt_values /opt/stack/data/venv/lib/python3.12/site-packages/oslo_config/cfg.py:3545}}
Aug 12 22:25:33.315960 np0000007127 nova-conductor[98955]: DEBUG cotyledon.oslo_config_glue [-] workarounds.skip_cpu_compare_at_startup = False {{(pid=98955) log_opt_values /opt/stack/data/venv/lib/python3.12/site-packages/oslo_config/cfg.py:3545}}
Aug 12 22:25:33.315960 np0000007127 nova-conductor[98955]: DEBUG cotyledon.oslo_config_glue [-] workarounds.skip_cpu_compare_on_dest = False {{(pid=98955) log_opt_values /opt/stack/data/venv/lib/python3.12/site-packages/oslo_config/cfg.py:3545}}
Aug 12 22:25:33.316139 np0000007127 nova-conductor[98955]: DEBUG cotyledon.oslo_config_glue [-] workarounds.skip_hypervisor_version_check_on_lm = False {{(pid=98955) log_opt_values /opt/stack/data/venv/lib/python3.12/site-packages/oslo_config/cfg.py:3545}}
Aug 12 22:25:33.316139 np0000007127 nova-conductor[98955]: DEBUG cotyledon.oslo_config_glue [-] workarounds.skip_reserve_in_use_ironic_nodes = False {{(pid=98955) log_opt_values /opt/stack/data/venv/lib/python3.12/site-packages/oslo_config/cfg.py:3545}}
Aug 12 22:25:33.316139 np0000007127 nova-conductor[98955]: DEBUG cotyledon.oslo_config_glue [-] workarounds.unified_limits_count_pcpu_as_vcpu = False {{(pid=98955) log_opt_values /opt/stack/data/venv/lib/python3.12/site-packages/oslo_config/cfg.py:3545}}
Aug 12 22:25:33.316139 np0000007127 nova-conductor[98955]: DEBUG cotyledon.oslo_config_glue [-] workarounds.wait_for_vif_plugged_event_during_hard_reboot = [] {{(pid=98955) log_opt_values /opt/stack/data/venv/lib/python3.12/site-packages/oslo_config/cfg.py:3545}}
Aug 12 22:25:33.316139 np0000007127 nova-conductor[98955]: DEBUG cotyledon.oslo_config_glue [-] wsgi.api_paste_config = /etc/nova/api-paste.ini {{(pid=98955) log_opt_values /opt/stack/data/venv/lib/python3.12/site-packages/oslo_config/cfg.py:3545}}
Aug 12 22:25:33.316139 np0000007127 nova-conductor[98955]: DEBUG cotyledon.oslo_config_glue [-] wsgi.secure_proxy_ssl_header = None {{(pid=98955) log_opt_values /opt/stack/data/venv/lib/python3.12/site-packages/oslo_config/cfg.py:3545}}
Aug 12 22:25:33.316139 np0000007127 nova-conductor[98955]: DEBUG cotyledon.oslo_config_glue [-] zvm.ca_file = None {{(pid=98955) log_opt_values /opt/stack/data/venv/lib/python3.12/site-packages/oslo_config/cfg.py:3545}}
Aug 12 22:25:33.316276 np0000007127 nova-conductor[98935]: DEBUG oslo_db.sqlalchemy.engines [None req-cb5d4392-7d4d-48e0-9914-58de29bde9c7 None None] MySQL server mode set to STRICT_TRANS_TABLES,STRICT_ALL_TABLES,NO_ZERO_IN_DATE,NO_ZERO_DATE,ERROR_FOR_DIVISION_BY_ZERO,TRADITIONAL,NO_ENGINE_SUBSTITUTION {{(pid=98935) _check_effective_sql_mode /opt/stack/data/venv/lib/python3.12/site-packages/oslo_db/sqlalchemy/engines.py:325}}
Aug 12 22:25:33.316304 np0000007127 nova-conductor[98955]: DEBUG cotyledon.oslo_config_glue [-] zvm.cloud_connector_url = None {{(pid=98955) log_opt_values /opt/stack/data/venv/lib/python3.12/site-packages/oslo_config/cfg.py:3545}}
Aug 12 22:25:33.316304 np0000007127 nova-conductor[98955]: DEBUG cotyledon.oslo_config_glue [-] zvm.image_tmp_path = /opt/stack/data/nova/images {{(pid=98955) log_opt_values /opt/stack/data/venv/lib/python3.12/site-packages/oslo_config/cfg.py:3545}}
Aug 12 22:25:33.316304 np0000007127 nova-conductor[98955]: DEBUG cotyledon.oslo_config_glue [-] zvm.reachable_timeout = 300 {{(pid=98955) log_opt_values /opt/stack/data/venv/lib/python3.12/site-packages/oslo_config/cfg.py:3545}}
Aug 12 22:25:33.316304 np0000007127 nova-conductor[98955]: DEBUG cotyledon.oslo_config_glue [-] oslo_versionedobjects.fatal_exception_format_errors = False {{(pid=98955) log_opt_values /opt/stack/data/venv/lib/python3.12/site-packages/oslo_config/cfg.py:3545}}
Aug 12 22:25:33.316304 np0000007127 nova-conductor[98955]: DEBUG cotyledon.oslo_config_glue [-] oslo_middleware.http_basic_auth_user_file = /etc/htpasswd {{(pid=98955) log_opt_values /opt/stack/data/venv/lib/python3.12/site-packages/oslo_config/cfg.py:3545}}
Aug 12 22:25:33.316304 np0000007127 nova-conductor[98955]: DEBUG cotyledon.oslo_config_glue [-] profiler.connection_string = messaging:// {{(pid=98955) log_opt_values /opt/stack/data/venv/lib/python3.12/site-packages/oslo_config/cfg.py:3545}}
Aug 12 22:25:33.316304 np0000007127 nova-conductor[98955]: DEBUG cotyledon.oslo_config_glue [-] profiler.enabled = False {{(pid=98955) log_opt_values /opt/stack/data/venv/lib/python3.12/site-packages/oslo_config/cfg.py:3545}}
Aug 12 22:25:33.316304 np0000007127 nova-conductor[98955]: DEBUG cotyledon.oslo_config_glue [-] profiler.es_doc_type = notification {{(pid=98955) log_opt_values /opt/stack/data/venv/lib/python3.12/site-packages/oslo_config/cfg.py:3545}}
Aug 12 22:25:33.316304 np0000007127 nova-conductor[98955]: DEBUG cotyledon.oslo_config_glue [-] profiler.es_scroll_size = 10000 {{(pid=98955) log_opt_values /opt/stack/data/venv/lib/python3.12/site-packages/oslo_config/cfg.py:3545}}
Aug 12 22:25:33.316472 np0000007127 nova-conductor[98955]: DEBUG cotyledon.oslo_config_glue [-] profiler.es_scroll_time = 2m {{(pid=98955) log_opt_values /opt/stack/data/venv/lib/python3.12/site-packages/oslo_config/cfg.py:3545}}
Aug 12 22:25:33.316472 np0000007127 nova-conductor[98955]: DEBUG cotyledon.oslo_config_glue [-] profiler.filter_error_trace = False {{(pid=98955) log_opt_values /opt/stack/data/venv/lib/python3.12/site-packages/oslo_config/cfg.py:3545}}
Aug 12 22:25:33.316472 np0000007127 nova-conductor[98955]: DEBUG cotyledon.oslo_config_glue [-] profiler.hmac_keys = **** {{(pid=98955) log_opt_values /opt/stack/data/venv/lib/python3.12/site-packages/oslo_config/cfg.py:3545}}
Aug 12 22:25:33.316472 np0000007127 nova-conductor[98955]: DEBUG cotyledon.oslo_config_glue [-] profiler.sentinel_service_name = mymaster {{(pid=98955) log_opt_values /opt/stack/data/venv/lib/python3.12/site-packages/oslo_config/cfg.py:3545}}
Aug 12 22:25:33.316472 np0000007127 nova-conductor[98955]: DEBUG cotyledon.oslo_config_glue [-] profiler.socket_timeout = 0.1 {{(pid=98955) log_opt_values /opt/stack/data/venv/lib/python3.12/site-packages/oslo_config/cfg.py:3545}}
Aug 12 22:25:33.316472 np0000007127 nova-conductor[98955]: DEBUG cotyledon.oslo_config_glue [-] profiler.trace_requests = False {{(pid=98955) log_opt_values /opt/stack/data/venv/lib/python3.12/site-packages/oslo_config/cfg.py:3545}}
Aug 12 22:25:33.316472 np0000007127 nova-conductor[98955]: DEBUG cotyledon.oslo_config_glue [-] profiler.trace_sqlalchemy = False {{(pid=98955) log_opt_values /opt/stack/data/venv/lib/python3.12/site-packages/oslo_config/cfg.py:3545}}
Aug 12 22:25:33.316472 np0000007127 nova-conductor[98955]: DEBUG cotyledon.oslo_config_glue [-] profiler_jaeger.process_tags = {} {{(pid=98955) log_opt_values /opt/stack/data/venv/lib/python3.12/site-packages/oslo_config/cfg.py:3545}}
Aug 12 22:25:33.316472 np0000007127 nova-conductor[98955]: DEBUG cotyledon.oslo_config_glue [-] profiler_jaeger.service_name_prefix = None {{(pid=98955) log_opt_values /opt/stack/data/venv/lib/python3.12/site-packages/oslo_config/cfg.py:3545}}
Aug 12 22:25:33.316636 np0000007127 nova-conductor[98955]: DEBUG cotyledon.oslo_config_glue [-] profiler_otlp.service_name_prefix = None {{(pid=98955) log_opt_values /opt/stack/data/venv/lib/python3.12/site-packages/oslo_config/cfg.py:3545}}
Aug 12 22:25:33.316636 np0000007127 nova-conductor[98955]: DEBUG cotyledon.oslo_config_glue [-] oslo_messaging_rabbit.amqp_auto_delete = False {{(pid=98955) log_opt_values /opt/stack/data/venv/lib/python3.12/site-packages/oslo_config/cfg.py:3545}}
Aug 12 22:25:33.316636 np0000007127 nova-conductor[98955]: DEBUG cotyledon.oslo_config_glue [-] oslo_messaging_rabbit.amqp_durable_queues = False {{(pid=98955) log_opt_values /opt/stack/data/venv/lib/python3.12/site-packages/oslo_config/cfg.py:3545}}
Aug 12 22:25:33.316636 np0000007127 nova-conductor[98955]: DEBUG cotyledon.oslo_config_glue [-] oslo_messaging_rabbit.conn_pool_min_size = 2 {{(pid=98955) log_opt_values /opt/stack/data/venv/lib/python3.12/site-packages/oslo_config/cfg.py:3545}}
Aug 12 22:25:33.316636 np0000007127 nova-conductor[98955]: DEBUG cotyledon.oslo_config_glue [-] oslo_messaging_rabbit.conn_pool_ttl = 1200 {{(pid=98955) log_opt_values /opt/stack/data/venv/lib/python3.12/site-packages/oslo_config/cfg.py:3545}}
Aug 12 22:25:33.316636 np0000007127 nova-conductor[98955]: DEBUG cotyledon.oslo_config_glue [-] oslo_messaging_rabbit.direct_mandatory_flag = True {{(pid=98955) log_opt_values /opt/stack/data/venv/lib/python3.12/site-packages/oslo_config/cfg.py:3545}}
Aug 12 22:25:33.316636 np0000007127 nova-conductor[98955]: DEBUG cotyledon.oslo_config_glue [-] oslo_messaging_rabbit.enable_cancel_on_failover = False {{(pid=98955) log_opt_values /opt/stack/data/venv/lib/python3.12/site-packages/oslo_config/cfg.py:3545}}
Aug 12 22:25:33.316636 np0000007127 nova-conductor[98955]: DEBUG cotyledon.oslo_config_glue [-] oslo_messaging_rabbit.heartbeat_rate = 3 {{(pid=98955) log_opt_values /opt/stack/data/venv/lib/python3.12/site-packages/oslo_config/cfg.py:3545}}
Aug 12 22:25:33.316636 np0000007127 nova-conductor[98955]: DEBUG cotyledon.oslo_config_glue [-] oslo_messaging_rabbit.heartbeat_timeout_threshold = 60 {{(pid=98955) log_opt_values /opt/stack/data/venv/lib/python3.12/site-packages/oslo_config/cfg.py:3545}}
Aug 12 22:25:33.316827 np0000007127 nova-conductor[98955]: DEBUG cotyledon.oslo_config_glue [-] oslo_messaging_rabbit.hostname = np0000007127 {{(pid=98955) log_opt_values /opt/stack/data/venv/lib/python3.12/site-packages/oslo_config/cfg.py:3545}}
Aug 12 22:25:33.316827 np0000007127 nova-conductor[98955]: DEBUG cotyledon.oslo_config_glue [-] oslo_messaging_rabbit.kombu_compression = None {{(pid=98955) log_opt_values /opt/stack/data/venv/lib/python3.12/site-packages/oslo_config/cfg.py:3545}}
Aug 12 22:25:33.316827 np0000007127 nova-conductor[98955]: DEBUG cotyledon.oslo_config_glue [-] oslo_messaging_rabbit.kombu_failover_strategy = round-robin {{(pid=98955) log_opt_values /opt/stack/data/venv/lib/python3.12/site-packages/oslo_config/cfg.py:3545}}
Aug 12 22:25:33.316827 np0000007127 nova-conductor[98955]: DEBUG cotyledon.oslo_config_glue [-] oslo_messaging_rabbit.kombu_missing_consumer_retry_timeout = 60 {{(pid=98955) log_opt_values /opt/stack/data/venv/lib/python3.12/site-packages/oslo_config/cfg.py:3545}}
Aug 12 22:25:33.316827 np0000007127 nova-conductor[98955]: DEBUG cotyledon.oslo_config_glue [-] oslo_messaging_rabbit.kombu_reconnect_delay = 1.0 {{(pid=98955) log_opt_values /opt/stack/data/venv/lib/python3.12/site-packages/oslo_config/cfg.py:3545}}
Aug 12 22:25:33.316827 np0000007127 nova-conductor[98955]: DEBUG cotyledon.oslo_config_glue [-] oslo_messaging_rabbit.kombu_reconnect_splay = 0.0 {{(pid=98955) log_opt_values /opt/stack/data/venv/lib/python3.12/site-packages/oslo_config/cfg.py:3545}}
Aug 12 22:25:33.316827 np0000007127 nova-conductor[98955]: DEBUG cotyledon.oslo_config_glue [-] oslo_messaging_rabbit.processname = nova-conductor {{(pid=98955) log_opt_values /opt/stack/data/venv/lib/python3.12/site-packages/oslo_config/cfg.py:3545}}
Aug 12 22:25:33.316827 np0000007127 nova-conductor[98955]: DEBUG cotyledon.oslo_config_glue [-] oslo_messaging_rabbit.rabbit_ha_queues = False {{(pid=98955) log_opt_values /opt/stack/data/venv/lib/python3.12/site-packages/oslo_config/cfg.py:3545}}
Aug 12 22:25:33.316827 np0000007127 nova-conductor[98955]: DEBUG cotyledon.oslo_config_glue [-] oslo_messaging_rabbit.rabbit_interval_max = 30 {{(pid=98955) log_opt_values /opt/stack/data/venv/lib/python3.12/site-packages/oslo_config/cfg.py:3545}}
Aug 12 22:25:33.317026 np0000007127 nova-conductor[98955]: DEBUG cotyledon.oslo_config_glue [-] oslo_messaging_rabbit.rabbit_login_method = AMQPLAIN {{(pid=98955) log_opt_values /opt/stack/data/venv/lib/python3.12/site-packages/oslo_config/cfg.py:3545}}
Aug 12 22:25:33.317026 np0000007127 nova-conductor[98955]: DEBUG cotyledon.oslo_config_glue [-] oslo_messaging_rabbit.rabbit_qos_prefetch_count = 0 {{(pid=98955) log_opt_values /opt/stack/data/venv/lib/python3.12/site-packages/oslo_config/cfg.py:3545}}
Aug 12 22:25:33.317026 np0000007127 nova-conductor[98955]: DEBUG cotyledon.oslo_config_glue [-] oslo_messaging_rabbit.rabbit_quorum_delivery_limit = 0 {{(pid=98955) log_opt_values /opt/stack/data/venv/lib/python3.12/site-packages/oslo_config/cfg.py:3545}}
Aug 12 22:25:33.317026 np0000007127 nova-conductor[98955]: DEBUG cotyledon.oslo_config_glue [-] oslo_messaging_rabbit.rabbit_quorum_max_memory_bytes = 0 {{(pid=98955) log_opt_values /opt/stack/data/venv/lib/python3.12/site-packages/oslo_config/cfg.py:3545}}
Aug 12 22:25:33.317026 np0000007127 nova-conductor[98955]: DEBUG cotyledon.oslo_config_glue [-] oslo_messaging_rabbit.rabbit_quorum_max_memory_length = 0 {{(pid=98955) log_opt_values /opt/stack/data/venv/lib/python3.12/site-packages/oslo_config/cfg.py:3545}}
Aug 12 22:25:33.317026 np0000007127 nova-conductor[98955]: DEBUG cotyledon.oslo_config_glue [-] oslo_messaging_rabbit.rabbit_quorum_queue = False {{(pid=98955) log_opt_values /opt/stack/data/venv/lib/python3.12/site-packages/oslo_config/cfg.py:3545}}
Aug 12 22:25:33.317026 np0000007127 nova-conductor[98955]: DEBUG cotyledon.oslo_config_glue [-] oslo_messaging_rabbit.rabbit_retry_backoff = 2 {{(pid=98955) log_opt_values /opt/stack/data/venv/lib/python3.12/site-packages/oslo_config/cfg.py:3545}}
Aug 12 22:25:33.317026 np0000007127 nova-conductor[98955]: DEBUG cotyledon.oslo_config_glue [-] oslo_messaging_rabbit.rabbit_retry_interval = 1 {{(pid=98955) log_opt_values /opt/stack/data/venv/lib/python3.12/site-packages/oslo_config/cfg.py:3545}}
Aug 12 22:25:33.317026 np0000007127 nova-conductor[98955]: DEBUG cotyledon.oslo_config_glue [-] oslo_messaging_rabbit.rabbit_stream_fanout = False {{(pid=98955) log_opt_values /opt/stack/data/venv/lib/python3.12/site-packages/oslo_config/cfg.py:3545}}
Aug 12 22:25:33.317383 np0000007127 nova-conductor[98955]: DEBUG cotyledon.oslo_config_glue [-] oslo_messaging_rabbit.rabbit_transient_queues_ttl = 1800 {{(pid=98955) log_opt_values /opt/stack/data/venv/lib/python3.12/site-packages/oslo_config/cfg.py:3545}}
Aug 12 22:25:33.317383 np0000007127 nova-conductor[98955]: DEBUG cotyledon.oslo_config_glue [-] oslo_messaging_rabbit.rabbit_transient_quorum_queue = False {{(pid=98955) log_opt_values /opt/stack/data/venv/lib/python3.12/site-packages/oslo_config/cfg.py:3545}}
Aug 12 22:25:33.317383 np0000007127 nova-conductor[98955]: DEBUG cotyledon.oslo_config_glue [-] oslo_messaging_rabbit.rpc_conn_pool_size = 30 {{(pid=98955) log_opt_values /opt/stack/data/venv/lib/python3.12/site-packages/oslo_config/cfg.py:3545}}
Aug 12 22:25:33.317383 np0000007127 nova-conductor[98955]: DEBUG cotyledon.oslo_config_glue [-] oslo_messaging_rabbit.ssl = False {{(pid=98955) log_opt_values /opt/stack/data/venv/lib/python3.12/site-packages/oslo_config/cfg.py:3545}}
Aug 12 22:25:33.317383 np0000007127 nova-conductor[98955]: DEBUG cotyledon.oslo_config_glue [-] oslo_messaging_rabbit.ssl_ca_file = {{(pid=98955) log_opt_values /opt/stack/data/venv/lib/python3.12/site-packages/oslo_config/cfg.py:3545}}
Aug 12 22:25:33.317383 np0000007127 nova-conductor[98955]: DEBUG cotyledon.oslo_config_glue [-] oslo_messaging_rabbit.ssl_cert_file = {{(pid=98955) log_opt_values /opt/stack/data/venv/lib/python3.12/site-packages/oslo_config/cfg.py:3545}}
Aug 12 22:25:33.317383 np0000007127 nova-conductor[98955]: DEBUG cotyledon.oslo_config_glue [-] oslo_messaging_rabbit.ssl_enforce_fips_mode = False {{(pid=98955) log_opt_values /opt/stack/data/venv/lib/python3.12/site-packages/oslo_config/cfg.py:3545}}
Aug 12 22:25:33.317383 np0000007127 nova-conductor[98955]: DEBUG cotyledon.oslo_config_glue [-] oslo_messaging_rabbit.ssl_enforce_hostname_verification = True {{(pid=98955) log_opt_values /opt/stack/data/venv/lib/python3.12/site-packages/oslo_config/cfg.py:3545}}
Aug 12 22:25:33.317383 np0000007127 nova-conductor[98955]: DEBUG cotyledon.oslo_config_glue [-] oslo_messaging_rabbit.ssl_key_file = {{(pid=98955) log_opt_values /opt/stack/data/venv/lib/python3.12/site-packages/oslo_config/cfg.py:3545}}
Aug 12 22:25:33.317600 np0000007127 nova-conductor[98955]: DEBUG cotyledon.oslo_config_glue [-] oslo_messaging_rabbit.ssl_version = {{(pid=98955) log_opt_values /opt/stack/data/venv/lib/python3.12/site-packages/oslo_config/cfg.py:3545}}
Aug 12 22:25:33.317600 np0000007127 nova-conductor[98955]: DEBUG cotyledon.oslo_config_glue [-] oslo_messaging_rabbit.use_queue_manager = False {{(pid=98955) log_opt_values /opt/stack/data/venv/lib/python3.12/site-packages/oslo_config/cfg.py:3545}}
Aug 12 22:25:33.317600 np0000007127 nova-conductor[98955]: DEBUG cotyledon.oslo_config_glue [-] oslo_messaging_notifications.driver = ['messagingv2'] {{(pid=98955) log_opt_values /opt/stack/data/venv/lib/python3.12/site-packages/oslo_config/cfg.py:3545}}
Aug 12 22:25:33.317600 np0000007127 nova-conductor[98955]: DEBUG cotyledon.oslo_config_glue [-] oslo_messaging_notifications.retry = -1 {{(pid=98955) log_opt_values /opt/stack/data/venv/lib/python3.12/site-packages/oslo_config/cfg.py:3545}}
Aug 12 22:25:33.317600 np0000007127 nova-conductor[98955]: DEBUG cotyledon.oslo_config_glue [-] oslo_messaging_notifications.topics = ['notifications'] {{(pid=98955) log_opt_values /opt/stack/data/venv/lib/python3.12/site-packages/oslo_config/cfg.py:3545}}
Aug 12 22:25:33.317600 np0000007127 nova-conductor[98955]: DEBUG cotyledon.oslo_config_glue [-] oslo_messaging_notifications.transport_url = **** {{(pid=98955) log_opt_values /opt/stack/data/venv/lib/python3.12/site-packages/oslo_config/cfg.py:3545}}
Aug 12 22:25:33.317600 np0000007127 nova-conductor[98955]: DEBUG cotyledon.oslo_config_glue [-] oslo_limit.auth_section = None {{(pid=98955) log_opt_values /opt/stack/data/venv/lib/python3.12/site-packages/oslo_config/cfg.py:3545}}
Aug 12 22:25:33.317600 np0000007127 nova-conductor[98955]: DEBUG cotyledon.oslo_config_glue [-] oslo_limit.auth_type = None {{(pid=98955) log_opt_values /opt/stack/data/venv/lib/python3.12/site-packages/oslo_config/cfg.py:3545}}
Aug 12 22:25:33.317600 np0000007127 nova-conductor[98955]: DEBUG cotyledon.oslo_config_glue [-] oslo_limit.cafile = None {{(pid=98955) log_opt_values /opt/stack/data/venv/lib/python3.12/site-packages/oslo_config/cfg.py:3545}}
Aug 12 22:25:33.317774 np0000007127 nova-conductor[98955]: DEBUG cotyledon.oslo_config_glue [-] oslo_limit.certfile = None {{(pid=98955) log_opt_values /opt/stack/data/venv/lib/python3.12/site-packages/oslo_config/cfg.py:3545}}
Aug 12 22:25:33.317774 np0000007127 nova-conductor[98955]: DEBUG cotyledon.oslo_config_glue [-] oslo_limit.collect_timing = False {{(pid=98955) log_opt_values /opt/stack/data/venv/lib/python3.12/site-packages/oslo_config/cfg.py:3545}}
Aug 12 22:25:33.317774 np0000007127 nova-conductor[98955]: DEBUG cotyledon.oslo_config_glue [-] oslo_limit.connect_retries = None {{(pid=98955) log_opt_values /opt/stack/data/venv/lib/python3.12/site-packages/oslo_config/cfg.py:3545}}
Aug 12 22:25:33.317774 np0000007127 nova-conductor[98955]: DEBUG cotyledon.oslo_config_glue [-] oslo_limit.connect_retry_delay = None {{(pid=98955) log_opt_values /opt/stack/data/venv/lib/python3.12/site-packages/oslo_config/cfg.py:3545}}
Aug 12 22:25:33.317774 np0000007127 nova-conductor[98955]: DEBUG cotyledon.oslo_config_glue [-] oslo_limit.endpoint_id = None {{(pid=98955) log_opt_values /opt/stack/data/venv/lib/python3.12/site-packages/oslo_config/cfg.py:3545}}
Aug 12 22:25:33.317774 np0000007127 nova-conductor[98955]: DEBUG cotyledon.oslo_config_glue [-] oslo_limit.endpoint_interface = public {{(pid=98955) log_opt_values /opt/stack/data/venv/lib/python3.12/site-packages/oslo_config/cfg.py:3545}}
Aug 12 22:25:33.317774 np0000007127 nova-conductor[98955]: DEBUG cotyledon.oslo_config_glue [-] oslo_limit.endpoint_override = None {{(pid=98955) log_opt_values /opt/stack/data/venv/lib/python3.12/site-packages/oslo_config/cfg.py:3545}}
Aug 12 22:25:33.317774 np0000007127 nova-conductor[98955]: DEBUG cotyledon.oslo_config_glue [-] oslo_limit.endpoint_region_name = None {{(pid=98955) log_opt_values /opt/stack/data/venv/lib/python3.12/site-packages/oslo_config/cfg.py:3545}}
Aug 12 22:25:33.317774 np0000007127 nova-conductor[98955]: DEBUG cotyledon.oslo_config_glue [-] oslo_limit.endpoint_service_name = None {{(pid=98955) log_opt_values /opt/stack/data/venv/lib/python3.12/site-packages/oslo_config/cfg.py:3545}}
Aug 12 22:25:33.317950 np0000007127 nova-conductor[98955]: DEBUG cotyledon.oslo_config_glue [-] oslo_limit.endpoint_service_type = None {{(pid=98955) log_opt_values /opt/stack/data/venv/lib/python3.12/site-packages/oslo_config/cfg.py:3545}}
Aug 12 22:25:33.317950 np0000007127 nova-conductor[98955]: DEBUG cotyledon.oslo_config_glue [-] oslo_limit.insecure = False {{(pid=98955) log_opt_values /opt/stack/data/venv/lib/python3.12/site-packages/oslo_config/cfg.py:3545}}
Aug 12 22:25:33.317950 np0000007127 nova-conductor[98955]: DEBUG cotyledon.oslo_config_glue [-] oslo_limit.keyfile = None {{(pid=98955) log_opt_values /opt/stack/data/venv/lib/python3.12/site-packages/oslo_config/cfg.py:3545}}
Aug 12 22:25:33.317950 np0000007127 nova-conductor[98955]: DEBUG cotyledon.oslo_config_glue [-] oslo_limit.max_version = None {{(pid=98955) log_opt_values /opt/stack/data/venv/lib/python3.12/site-packages/oslo_config/cfg.py:3545}}
Aug 12 22:25:33.317950 np0000007127 nova-conductor[98955]: DEBUG cotyledon.oslo_config_glue [-] oslo_limit.min_version = None {{(pid=98955) log_opt_values /opt/stack/data/venv/lib/python3.12/site-packages/oslo_config/cfg.py:3545}}
Aug 12 22:25:33.317950 np0000007127 nova-conductor[98955]: DEBUG cotyledon.oslo_config_glue [-] oslo_limit.region_name = None {{(pid=98955) log_opt_values /opt/stack/data/venv/lib/python3.12/site-packages/oslo_config/cfg.py:3545}}
Aug 12 22:25:33.317950 np0000007127 nova-conductor[98955]: DEBUG cotyledon.oslo_config_glue [-] oslo_limit.retriable_status_codes = None {{(pid=98955) log_opt_values /opt/stack/data/venv/lib/python3.12/site-packages/oslo_config/cfg.py:3545}}
Aug 12 22:25:33.317950 np0000007127 nova-conductor[98955]: DEBUG cotyledon.oslo_config_glue [-] oslo_limit.service_name = None {{(pid=98955) log_opt_values /opt/stack/data/venv/lib/python3.12/site-packages/oslo_config/cfg.py:3545}}
Aug 12 22:25:33.317950 np0000007127 nova-conductor[98955]: DEBUG cotyledon.oslo_config_glue [-] oslo_limit.service_type = None {{(pid=98955) log_opt_values /opt/stack/data/venv/lib/python3.12/site-packages/oslo_config/cfg.py:3545}}
Aug 12 22:25:33.318119 np0000007127 nova-conductor[98955]: DEBUG cotyledon.oslo_config_glue [-] oslo_limit.split_loggers = False {{(pid=98955) log_opt_values /opt/stack/data/venv/lib/python3.12/site-packages/oslo_config/cfg.py:3545}}
Aug 12 22:25:33.318119 np0000007127 nova-conductor[98955]: DEBUG cotyledon.oslo_config_glue [-] oslo_limit.status_code_retries = None {{(pid=98955) log_opt_values /opt/stack/data/venv/lib/python3.12/site-packages/oslo_config/cfg.py:3545}}
Aug 12 22:25:33.318119 np0000007127 nova-conductor[98955]: DEBUG cotyledon.oslo_config_glue [-] oslo_limit.status_code_retry_delay = None {{(pid=98955) log_opt_values /opt/stack/data/venv/lib/python3.12/site-packages/oslo_config/cfg.py:3545}}
Aug 12 22:25:33.318119 np0000007127 nova-conductor[98955]: DEBUG cotyledon.oslo_config_glue [-] oslo_limit.timeout = None {{(pid=98955) log_opt_values /opt/stack/data/venv/lib/python3.12/site-packages/oslo_config/cfg.py:3545}}
Aug 12 22:25:33.318119 np0000007127 nova-conductor[98955]: DEBUG cotyledon.oslo_config_glue [-] oslo_limit.valid_interfaces = None {{(pid=98955) log_opt_values /opt/stack/data/venv/lib/python3.12/site-packages/oslo_config/cfg.py:3545}}
Aug 12 22:25:33.318119 np0000007127 nova-conductor[98955]: DEBUG cotyledon.oslo_config_glue [-] oslo_limit.version = None {{(pid=98955) log_opt_values /opt/stack/data/venv/lib/python3.12/site-packages/oslo_config/cfg.py:3545}}
Aug 12 22:25:33.318119 np0000007127 nova-conductor[98955]: DEBUG cotyledon.oslo_config_glue [-] oslo_reports.file_event_handler = None {{(pid=98955) log_opt_values /opt/stack/data/venv/lib/python3.12/site-packages/oslo_config/cfg.py:3545}}
Aug 12 22:25:33.318119 np0000007127 nova-conductor[98955]: DEBUG cotyledon.oslo_config_glue [-] oslo_reports.file_event_handler_interval = 1 {{(pid=98955) log_opt_values /opt/stack/data/venv/lib/python3.12/site-packages/oslo_config/cfg.py:3545}}
Aug 12 22:25:33.318119 np0000007127 nova-conductor[98955]: DEBUG cotyledon.oslo_config_glue [-] oslo_reports.log_dir = None {{(pid=98955) log_opt_values /opt/stack/data/venv/lib/python3.12/site-packages/oslo_config/cfg.py:3545}}
Aug 12 22:25:33.318306 np0000007127 nova-conductor[98955]: DEBUG cotyledon.oslo_config_glue [-] ******************************************************************************** {{(pid=98955) log_opt_values /opt/stack/data/venv/lib/python3.12/site-packages/oslo_config/cfg.py:3552}}
Aug 12 22:25:33.318306 np0000007127 nova-conductor[98955]: DEBUG cotyledon._service_worker [-] Run service ServiceWrapper(3) [98955] {{(pid=98955) wait_forever /opt/stack/data/venv/lib/python3.12/site-packages/cotyledon/_service_worker.py:218}}
Aug 12 22:25:33.318352 np0000007127 nova-conductor[98932]: DEBUG dbcounter [-] [98932] Writer thread running {{(pid=98932) stat_writer /opt/stack/data/venv/lib/python3.12/site-packages/dbcounter.py:102}}
Aug 12 22:25:33.318380 np0000007127 nova-conductor[98955]: INFO nova.service [-] Starting conductor node (version 33.1.0)
Aug 12 22:25:33.318403 np0000007127 nova-conductor[98935]: DEBUG dbcounter [-] [98935] Writer thread running {{(pid=98935) stat_writer /opt/stack/data/venv/lib/python3.12/site-packages/dbcounter.py:102}}
Aug 12 22:25:33.318429 np0000007127 nova-conductor[98955]: INFO dbcounter [None req-b82b53ca-e5f2-41ba-bc96-978a773e1071 None None] Registered counter for database nova_cell0
Aug 12 22:25:33.318450 np0000007127 nova-conductor[98937]: DEBUG oslo_db.sqlalchemy.engines [None req-3786743c-afef-45a6-b435-555b905f6925 None None] MySQL server mode set to STRICT_TRANS_TABLES,STRICT_ALL_TABLES,NO_ZERO_IN_DATE,NO_ZERO_DATE,ERROR_FOR_DIVISION_BY_ZERO,TRADITIONAL,NO_ENGINE_SUBSTITUTION {{(pid=98937) _check_effective_sql_mode /opt/stack/data/venv/lib/python3.12/site-packages/oslo_db/sqlalchemy/engines.py:325}}
Aug 12 22:25:33.318476 np0000007127 nova-conductor[98932]: DEBUG nova.service [None req-99ce7803-b056-445e-989e-d8b548503018 None None] Creating RPC server for service: nova-conductor on topic: conductor {{(pid=98932) start /opt/stack/nova/nova/service.py:196}}
Aug 12 22:25:33.318499 np0000007127 nova-conductor[98935]: DEBUG nova.service [None req-cb5d4392-7d4d-48e0-9914-58de29bde9c7 None None] Creating RPC server for service: nova-conductor on topic: conductor {{(pid=98935) start /opt/stack/nova/nova/service.py:196}}
Aug 12 22:25:33.318521 np0000007127 nova-conductor[98937]: DEBUG dbcounter [-] [98937] Writer thread running {{(pid=98937) stat_writer /opt/stack/data/venv/lib/python3.12/site-packages/dbcounter.py:102}}
Aug 12 22:25:33.318521 np0000007127 nova-conductor[98937]: DEBUG nova.service [None req-3786743c-afef-45a6-b435-555b905f6925 None None] Creating RPC server for service: nova-conductor on topic: conductor {{(pid=98937) start /opt/stack/nova/nova/service.py:196}}
Aug 12 22:25:33.332206 np0000007127 nova-conductor[98932]: DEBUG nova.service [None req-99ce7803-b056-445e-989e-d8b548503018 None None] Join ServiceGroup membership for this service conductor {{(pid=98932) start /opt/stack/nova/nova/service.py:222}}
Aug 12 22:25:33.332338 np0000007127 nova-conductor[98935]: DEBUG nova.service [None req-cb5d4392-7d4d-48e0-9914-58de29bde9c7 None None] Join ServiceGroup membership for this service conductor {{(pid=98935) start /opt/stack/nova/nova/service.py:222}}
Aug 12 22:25:33.332380 np0000007127 nova-conductor[98932]: DEBUG nova.servicegroup.drivers.db [None req-99ce7803-b056-445e-989e-d8b548503018 None None] DB_Driver: join new ServiceGroup member np0000007127 to the conductor group, service = {{(pid=98932) join /opt/stack/nova/nova/servicegroup/drivers/db.py:44}}
Aug 12 22:25:33.332408 np0000007127 nova-conductor[98935]: DEBUG nova.servicegroup.drivers.db [None req-cb5d4392-7d4d-48e0-9914-58de29bde9c7 None None] DB_Driver: join new ServiceGroup member np0000007127 to the conductor group, service = {{(pid=98935) join /opt/stack/nova/nova/servicegroup/drivers/db.py:44}}
Aug 12 22:25:33.333146 np0000007127 nova-conductor[98937]: DEBUG nova.service [None req-3786743c-afef-45a6-b435-555b905f6925 None None] Join ServiceGroup membership for this service conductor {{(pid=98937) start /opt/stack/nova/nova/service.py:222}}
Aug 12 22:25:33.333415 np0000007127 nova-conductor[98937]: DEBUG nova.servicegroup.drivers.db [None req-3786743c-afef-45a6-b435-555b905f6925 None None] DB_Driver: join new ServiceGroup member np0000007127 to the conductor group, service = {{(pid=98937) join /opt/stack/nova/nova/servicegroup/drivers/db.py:44}}
Aug 12 22:25:33.338942 np0000007127 nova-conductor[98955]: DEBUG oslo_db.sqlalchemy.engines [None req-b82b53ca-e5f2-41ba-bc96-978a773e1071 None None] MySQL server mode set to STRICT_TRANS_TABLES,STRICT_ALL_TABLES,NO_ZERO_IN_DATE,NO_ZERO_DATE,ERROR_FOR_DIVISION_BY_ZERO,TRADITIONAL,NO_ENGINE_SUBSTITUTION {{(pid=98955) _check_effective_sql_mode /opt/stack/data/venv/lib/python3.12/site-packages/oslo_db/sqlalchemy/engines.py:325}}
Aug 12 22:25:33.347556 np0000007127 nova-conductor[98955]: DEBUG dbcounter [-] [98955] Writer thread running {{(pid=98955) stat_writer /opt/stack/data/venv/lib/python3.12/site-packages/dbcounter.py:102}}
Aug 12 22:25:33.350243 np0000007127 nova-conductor[98955]: DEBUG nova.service [None req-b82b53ca-e5f2-41ba-bc96-978a773e1071 None None] Creating RPC server for service: nova-conductor on topic: conductor {{(pid=98955) start /opt/stack/nova/nova/service.py:196}}
Aug 12 22:25:33.364680 np0000007127 nova-conductor[98955]: DEBUG nova.service [None req-b82b53ca-e5f2-41ba-bc96-978a773e1071 None None] Join ServiceGroup membership for this service conductor {{(pid=98955) start /opt/stack/nova/nova/service.py:222}}
Aug 12 22:25:33.364925 np0000007127 nova-conductor[98955]: DEBUG nova.servicegroup.drivers.db [None req-b82b53ca-e5f2-41ba-bc96-978a773e1071 None None] DB_Driver: join new ServiceGroup member np0000007127 to the conductor group, service = {{(pid=98955) join /opt/stack/nova/nova/servicegroup/drivers/db.py:44}}
Aug 12 22:25:38.345007 np0000007127 nova-conductor[98932]: DEBUG oslo.service.backend._threading.loopingcall [-] Fixed interval looping call 'nova.servicegroup.drivers.db.DbDriver._report_state' sleeping for 119.99 seconds {{(pid=98932) _run_loop /opt/stack/data/venv/lib/python3.12/site-packages/oslo_service/backend/_threading/loopingcall.py:125}}
Aug 12 22:25:38.347945 np0000007127 nova-conductor[98937]: DEBUG oslo.service.backend._threading.loopingcall [-] Fixed interval looping call 'nova.servicegroup.drivers.db.DbDriver._report_state' sleeping for 119.99 seconds {{(pid=98937) _run_loop /opt/stack/data/venv/lib/python3.12/site-packages/oslo_service/backend/_threading/loopingcall.py:125}}
Aug 12 22:25:38.348413 np0000007127 nova-conductor[98935]: DEBUG oslo.service.backend._threading.loopingcall [-] Fixed interval looping call 'nova.servicegroup.drivers.db.DbDriver._report_state' sleeping for 119.99 seconds {{(pid=98935) _run_loop /opt/stack/data/venv/lib/python3.12/site-packages/oslo_service/backend/_threading/loopingcall.py:125}}
Aug 12 22:25:38.374510 np0000007127 nova-conductor[98955]: DEBUG oslo.service.backend._threading.loopingcall [-] Fixed interval looping call 'nova.servicegroup.drivers.db.DbDriver._report_state' sleeping for 119.99 seconds {{(pid=98955) _run_loop /opt/stack/data/venv/lib/python3.12/site-packages/oslo_service/backend/_threading/loopingcall.py:125}}
Aug 12 22:25:41.923209 np0000007127 nova-conductor[97423]: DEBUG dbcounter [-] [97423] Writing DB stats nova_api:SELECT=1 {{(pid=97423) stat_writer /opt/stack/data/venv/lib/python3.12/site-packages/dbcounter.py:115}}
Aug 12 22:25:42.056846 np0000007127 nova-conductor[97423]: DEBUG dbcounter [-] [97423] Writing DB stats nova_cell0:SELECT=1 {{(pid=97423) stat_writer /opt/stack/data/venv/lib/python3.12/site-packages/dbcounter.py:115}}
Aug 12 22:25:42.060113 np0000007127 nova-conductor[97423]: DEBUG dbcounter [-] [97423] Writing DB stats nova_cell1:SELECT=1 {{(pid=97423) stat_writer /opt/stack/data/venv/lib/python3.12/site-packages/dbcounter.py:115}}
Aug 12 22:25:45.335254 np0000007127 nova-conductor[98937]: DEBUG oslo.service.backend._threading.loopingcall [None req-d00a041c-e6de-4cb3-868f-2c6d82bf085d None None] Dynamic interval looping call 'nova.service.Service.periodic_tasks' sleeping for 60.00 seconds {{(pid=98937) _run_loop /opt/stack/data/venv/lib/python3.12/site-packages/oslo_service/backend/_threading/loopingcall.py:125}}
Aug 12 22:25:48.342022 np0000007127 nova-conductor[98932]: DEBUG dbcounter [-] [98932] Writing DB stats nova_cell0:SELECT=4,nova_cell0:INSERT=1,nova_cell0:UPDATE=1 {{(pid=98932) stat_writer /opt/stack/data/venv/lib/python3.12/site-packages/dbcounter.py:115}}
Aug 12 22:25:48.343985 np0000007127 nova-conductor[98937]: DEBUG dbcounter [-] [98937] Writing DB stats nova_cell0:SELECT=3,nova_cell0:UPDATE=1 {{(pid=98937) stat_writer /opt/stack/data/venv/lib/python3.12/site-packages/dbcounter.py:115}}
Aug 12 22:25:48.346362 np0000007127 nova-conductor[98935]: DEBUG dbcounter [-] [98935] Writing DB stats nova_cell0:SELECT=5,nova_cell0:INSERT=1,nova_cell0:UPDATE=1 {{(pid=98935) stat_writer /opt/stack/data/venv/lib/python3.12/site-packages/dbcounter.py:115}}
Aug 12 22:25:48.375077 np0000007127 nova-conductor[98955]: DEBUG dbcounter [-] [98955] Writing DB stats nova_cell0:SELECT=3 {{(pid=98955) stat_writer /opt/stack/data/venv/lib/python3.12/site-packages/dbcounter.py:115}}
Aug 12 22:25:49.334085 np0000007127 nova-conductor[98932]: DEBUG oslo.service.backend._threading.loopingcall [None req-fd846486-f43b-40a6-b795-3f51873c8c82 None None] Dynamic interval looping call 'nova.service.Service.periodic_tasks' sleeping for 60.00 seconds {{(pid=98932) _run_loop /opt/stack/data/venv/lib/python3.12/site-packages/oslo_service/backend/_threading/loopingcall.py:125}}
Aug 12 22:26:08.334453 np0000007127 nova-conductor[98935]: DEBUG oslo.service.backend._threading.loopingcall [None req-a75c73fa-4ef5-49be-ae39-0f2777818f9d None None] Dynamic interval looping call 'nova.service.Service.periodic_tasks' sleeping for 60.00 seconds {{(pid=98935) _run_loop /opt/stack/data/venv/lib/python3.12/site-packages/oslo_service/backend/_threading/loopingcall.py:125}}
Aug 12 22:26:28.366659 np0000007127 nova-conductor[98955]: DEBUG oslo.service.backend._threading.loopingcall [None req-eb09077b-3fae-4106-86ab-48649c781720 None None] Dynamic interval looping call 'nova.service.Service.periodic_tasks' sleeping for 60.00 seconds {{(pid=98955) _run_loop /opt/stack/data/venv/lib/python3.12/site-packages/oslo_service/backend/_threading/loopingcall.py:125}}
Aug 12 22:26:45.335726 np0000007127 nova-conductor[98937]: DEBUG oslo.service.backend._threading.loopingcall [None req-d00a041c-e6de-4cb3-868f-2c6d82bf085d None None] Dynamic interval looping call 'nova.service.Service.periodic_tasks' sleeping for 60.00 seconds {{(pid=98937) _run_loop /opt/stack/data/venv/lib/python3.12/site-packages/oslo_service/backend/_threading/loopingcall.py:125}}
Aug 12 22:26:49.334544 np0000007127 nova-conductor[98932]: DEBUG oslo.service.backend._threading.loopingcall [None req-fd846486-f43b-40a6-b795-3f51873c8c82 None None] Dynamic interval looping call 'nova.service.Service.periodic_tasks' sleeping for 60.00 seconds {{(pid=98932) _run_loop /opt/stack/data/venv/lib/python3.12/site-packages/oslo_service/backend/_threading/loopingcall.py:125}}
Aug 12 22:27:08.334915 np0000007127 nova-conductor[98935]: DEBUG oslo.service.backend._threading.loopingcall [None req-a75c73fa-4ef5-49be-ae39-0f2777818f9d None None] Dynamic interval looping call 'nova.service.Service.periodic_tasks' sleeping for 60.00 seconds {{(pid=98935) _run_loop /opt/stack/data/venv/lib/python3.12/site-packages/oslo_service/backend/_threading/loopingcall.py:125}}
Aug 12 22:27:28.367283 np0000007127 nova-conductor[98955]: DEBUG oslo.service.backend._threading.loopingcall [None req-eb09077b-3fae-4106-86ab-48649c781720 None None] Dynamic interval looping call 'nova.service.Service.periodic_tasks' sleeping for 60.00 seconds {{(pid=98955) _run_loop /opt/stack/data/venv/lib/python3.12/site-packages/oslo_service/backend/_threading/loopingcall.py:125}}
Aug 12 22:27:38.342158 np0000007127 nova-conductor[98937]: DEBUG oslo.service.backend._threading.loopingcall [-] Fixed interval looping call 'nova.servicegroup.drivers.db.DbDriver._report_state' sleeping for 119.99 seconds {{(pid=98937) _run_loop /opt/stack/data/venv/lib/python3.12/site-packages/oslo_service/backend/_threading/loopingcall.py:125}}
Aug 12 22:27:38.342490 np0000007127 nova-conductor[98932]: DEBUG oslo.service.backend._threading.loopingcall [-] Fixed interval looping call 'nova.servicegroup.drivers.db.DbDriver._report_state' sleeping for 119.99 seconds {{(pid=98932) _run_loop /opt/stack/data/venv/lib/python3.12/site-packages/oslo_service/backend/_threading/loopingcall.py:125}}
Aug 12 22:27:38.342922 np0000007127 nova-conductor[98935]: DEBUG oslo.service.backend._threading.loopingcall [-] Fixed interval looping call 'nova.servicegroup.drivers.db.DbDriver._report_state' sleeping for 120.00 seconds {{(pid=98935) _run_loop /opt/stack/data/venv/lib/python3.12/site-packages/oslo_service/backend/_threading/loopingcall.py:125}}
Aug 12 22:27:38.368794 np0000007127 nova-conductor[98955]: DEBUG oslo.service.backend._threading.loopingcall [-] Fixed interval looping call 'nova.servicegroup.drivers.db.DbDriver._report_state' sleeping for 120.00 seconds {{(pid=98955) _run_loop /opt/stack/data/venv/lib/python3.12/site-packages/oslo_service/backend/_threading/loopingcall.py:125}}
Aug 12 22:27:45.336227 np0000007127 nova-conductor[98937]: DEBUG oslo.service.backend._threading.loopingcall [None req-d00a041c-e6de-4cb3-868f-2c6d82bf085d None None] Dynamic interval looping call 'nova.service.Service.periodic_tasks' sleeping for 60.00 seconds {{(pid=98937) _run_loop /opt/stack/data/venv/lib/python3.12/site-packages/oslo_service/backend/_threading/loopingcall.py:125}}
Aug 12 22:27:45.947290 np0000007127 nova-conductor[98932]: DEBUG oslo_db.sqlalchemy.engines [None req-80feb418-2303-4566-9ac0-9a4cae3702ae tempest-ServersNegativeTestJSON-281559925 tempest-ServersNegativeTestJSON-281559925-project-member] Parent process 97423 forked (98932) with an open database connection, which is being discarded and recreated. {{(pid=98932) checkout /opt/stack/data/venv/lib/python3.12/site-packages/oslo_db/sqlalchemy/engines.py:402}}
Aug 12 22:27:45.996870 np0000007127 nova-conductor[98932]: DEBUG dbcounter [-] [98932] Writer thread running {{(pid=98932) stat_writer /opt/stack/data/venv/lib/python3.12/site-packages/dbcounter.py:102}}
Aug 12 22:27:46.911597 np0000007127 nova-conductor[98932]: DEBUG nova.conductor.manager [None req-80feb418-2303-4566-9ac0-9a4cae3702ae tempest-ServersNegativeTestJSON-281559925 tempest-ServersNegativeTestJSON-281559925-project-member] Took 0.91 seconds to select destinations for 1 instance(s). {{(pid=98932) _schedule_instances /opt/stack/nova/nova/conductor/manager.py:968}}
Aug 12 22:27:46.939058 np0000007127 nova-conductor[98932]: DEBUG oslo_concurrency.lockutils [None req-80feb418-2303-4566-9ac0-9a4cae3702ae tempest-ServersNegativeTestJSON-281559925 tempest-ServersNegativeTestJSON-281559925-project-member] Acquiring lock "10156026-3ddf-4e26-8f19-dbd80c7a38ab" by "nova.context.set_target_cell..get_or_set_cached_cell_and_set_connections" {{(pid=98932) inner /opt/stack/data/venv/lib/python3.12/site-packages/oslo_concurrency/lockutils.py:512}}
Aug 12 22:27:46.939358 np0000007127 nova-conductor[98932]: DEBUG oslo_concurrency.lockutils [None req-80feb418-2303-4566-9ac0-9a4cae3702ae tempest-ServersNegativeTestJSON-281559925 tempest-ServersNegativeTestJSON-281559925-project-member] Lock "10156026-3ddf-4e26-8f19-dbd80c7a38ab" acquired by "nova.context.set_target_cell..get_or_set_cached_cell_and_set_connections" :: waited 0.000s {{(pid=98932) inner /opt/stack/data/venv/lib/python3.12/site-packages/oslo_concurrency/lockutils.py:525}}
Aug 12 22:27:46.940589 np0000007127 nova-conductor[98932]: DEBUG oslo_concurrency.lockutils [None req-80feb418-2303-4566-9ac0-9a4cae3702ae tempest-ServersNegativeTestJSON-281559925 tempest-ServersNegativeTestJSON-281559925-project-member] Lock "10156026-3ddf-4e26-8f19-dbd80c7a38ab" "released" by "nova.context.set_target_cell..get_or_set_cached_cell_and_set_connections" :: held 0.001s {{(pid=98932) inner /opt/stack/data/venv/lib/python3.12/site-packages/oslo_concurrency/lockutils.py:544}}
Aug 12 22:27:46.942565 np0000007127 nova-conductor[98932]: INFO dbcounter [None req-80feb418-2303-4566-9ac0-9a4cae3702ae tempest-ServersNegativeTestJSON-281559925 tempest-ServersNegativeTestJSON-281559925-project-member] Registered counter for database nova_cell1
Aug 12 22:27:46.978031 np0000007127 nova-conductor[98932]: DEBUG oslo_db.sqlalchemy.engines [None req-80feb418-2303-4566-9ac0-9a4cae3702ae tempest-ServersNegativeTestJSON-281559925 tempest-ServersNegativeTestJSON-281559925-project-member] MySQL server mode set to STRICT_TRANS_TABLES,STRICT_ALL_TABLES,NO_ZERO_IN_DATE,NO_ZERO_DATE,ERROR_FOR_DIVISION_BY_ZERO,TRADITIONAL,NO_ENGINE_SUBSTITUTION {{(pid=98932) _check_effective_sql_mode /opt/stack/data/venv/lib/python3.12/site-packages/oslo_db/sqlalchemy/engines.py:325}}
Aug 12 22:27:46.983780 np0000007127 nova-conductor[98932]: DEBUG dbcounter [-] [98932] Writer thread running {{(pid=98932) stat_writer /opt/stack/data/venv/lib/python3.12/site-packages/dbcounter.py:102}}
Aug 12 22:27:47.039122 np0000007127 nova-conductor[98932]: INFO nova.utils [None req-80feb418-2303-4566-9ac0-9a4cae3702ae tempest-ServersNegativeTestJSON-281559925 tempest-ServersNegativeTestJSON-281559925-project-member] The cell worker thread pool ForkProcess-1.cell_worker is initialized
Aug 12 22:27:47.039364 np0000007127 nova-conductor[98932]: DEBUG oslo_concurrency.lockutils [None req-80feb418-2303-4566-9ac0-9a4cae3702ae tempest-ServersNegativeTestJSON-281559925 tempest-ServersNegativeTestJSON-281559925-project-member] Acquiring lock "00000000-0000-0000-0000-000000000000" by "nova.context.set_target_cell..get_or_set_cached_cell_and_set_connections" {{(pid=98932) inner /opt/stack/data/venv/lib/python3.12/site-packages/oslo_concurrency/lockutils.py:512}}
Aug 12 22:27:47.039496 np0000007127 nova-conductor[98932]: DEBUG oslo_concurrency.lockutils [None req-80feb418-2303-4566-9ac0-9a4cae3702ae tempest-ServersNegativeTestJSON-281559925 tempest-ServersNegativeTestJSON-281559925-project-member] Lock "00000000-0000-0000-0000-000000000000" acquired by "nova.context.set_target_cell..get_or_set_cached_cell_and_set_connections" :: waited 0.000s {{(pid=98932) inner /opt/stack/data/venv/lib/python3.12/site-packages/oslo_concurrency/lockutils.py:525}}
Aug 12 22:27:47.040208 np0000007127 nova-conductor[98932]: DEBUG oslo_concurrency.lockutils [None req-80feb418-2303-4566-9ac0-9a4cae3702ae tempest-ServersNegativeTestJSON-281559925 tempest-ServersNegativeTestJSON-281559925-project-member] Lock "00000000-0000-0000-0000-000000000000" "released" by "nova.context.set_target_cell..get_or_set_cached_cell_and_set_connections" :: held 0.000s {{(pid=98932) inner /opt/stack/data/venv/lib/python3.12/site-packages/oslo_concurrency/lockutils.py:544}}
Aug 12 22:27:47.041336 np0000007127 nova-conductor[98932]: DEBUG oslo_concurrency.lockutils [None req-80feb418-2303-4566-9ac0-9a4cae3702ae tempest-ServersNegativeTestJSON-281559925 tempest-ServersNegativeTestJSON-281559925-project-member] Acquiring lock "10156026-3ddf-4e26-8f19-dbd80c7a38ab" by "nova.context.set_target_cell..get_or_set_cached_cell_and_set_connections" {{(pid=98932) inner /opt/stack/data/venv/lib/python3.12/site-packages/oslo_concurrency/lockutils.py:512}}
Aug 12 22:27:47.041336 np0000007127 nova-conductor[98932]: DEBUG oslo_concurrency.lockutils [None req-80feb418-2303-4566-9ac0-9a4cae3702ae tempest-ServersNegativeTestJSON-281559925 tempest-ServersNegativeTestJSON-281559925-project-member] Lock "10156026-3ddf-4e26-8f19-dbd80c7a38ab" acquired by "nova.context.set_target_cell..get_or_set_cached_cell_and_set_connections" :: waited 0.000s {{(pid=98932) inner /opt/stack/data/venv/lib/python3.12/site-packages/oslo_concurrency/lockutils.py:525}}
Aug 12 22:27:47.041336 np0000007127 nova-conductor[98932]: DEBUG oslo_concurrency.lockutils [None req-80feb418-2303-4566-9ac0-9a4cae3702ae tempest-ServersNegativeTestJSON-281559925 tempest-ServersNegativeTestJSON-281559925-project-member] Lock "10156026-3ddf-4e26-8f19-dbd80c7a38ab" "released" by "nova.context.set_target_cell..get_or_set_cached_cell_and_set_connections" :: held 0.000s {{(pid=98932) inner /opt/stack/data/venv/lib/python3.12/site-packages/oslo_concurrency/lockutils.py:544}}
Aug 12 22:27:47.042084 np0000007127 nova-conductor[98932]: INFO dbcounter [None req-80feb418-2303-4566-9ac0-9a4cae3702ae tempest-ServersNegativeTestJSON-281559925 tempest-ServersNegativeTestJSON-281559925-project-member] Registered counter for database nova_cell0
Aug 12 22:27:47.083270 np0000007127 nova-conductor[98932]: DEBUG oslo_db.sqlalchemy.engines [None req-80feb418-2303-4566-9ac0-9a4cae3702ae tempest-ServersNegativeTestJSON-281559925 tempest-ServersNegativeTestJSON-281559925-project-member] MySQL server mode set to STRICT_TRANS_TABLES,STRICT_ALL_TABLES,NO_ZERO_IN_DATE,NO_ZERO_DATE,ERROR_FOR_DIVISION_BY_ZERO,TRADITIONAL,NO_ENGINE_SUBSTITUTION {{(pid=98932) _check_effective_sql_mode /opt/stack/data/venv/lib/python3.12/site-packages/oslo_db/sqlalchemy/engines.py:325}}
Aug 12 22:27:47.088902 np0000007127 nova-conductor[98932]: DEBUG dbcounter [-] [98932] Writer thread running {{(pid=98932) stat_writer /opt/stack/data/venv/lib/python3.12/site-packages/dbcounter.py:102}}
