May 19 09:39:07.185061 np0000001034 neutron-periodic-workers[88686]: DEBUG cotyledon.oslo_config_glue [-] ovn.enable_distributed_floating_ip = False {{(pid=88686) log_opt_values /opt/stack/data/venv/lib/python3.12/site-packages/oslo_config/cfg.py:3006}}
May 19 09:39:07.185061 np0000001034 neutron-periodic-workers[88686]: DEBUG cotyledon.oslo_config_glue [-] ovn.fdb_age_threshold = 300 {{(pid=88686) log_opt_values /opt/stack/data/venv/lib/python3.12/site-packages/oslo_config/cfg.py:3006}}
May 19 09:39:07.185061 np0000001034 neutron-periodic-workers[88686]: DEBUG cotyledon.oslo_config_glue [-] ovn.ha_failover_strategy = normal {{(pid=88686) log_opt_values /opt/stack/data/venv/lib/python3.12/site-packages/oslo_config/cfg.py:3006}}
May 19 09:39:07.185061 np0000001034 neutron-periodic-workers[88686]: DEBUG cotyledon.oslo_config_glue [-] ovn.live_migration_activation_strategy = rarp {{(pid=88686) log_opt_values /opt/stack/data/venv/lib/python3.12/site-packages/oslo_config/cfg.py:3006}}
May 19 09:39:07.185061 np0000001034 neutron-periodic-workers[88686]: DEBUG cotyledon.oslo_config_glue [-] ovn.localnet_learn_fdb = False {{(pid=88686) log_opt_values /opt/stack/data/venv/lib/python3.12/site-packages/oslo_config/cfg.py:3006}}
May 19 09:39:07.185061 np0000001034 neutron-periodic-workers[88686]: DEBUG cotyledon.oslo_config_glue [-] ovn.mac_binding_age_threshold = 300 {{(pid=88686) log_opt_values /opt/stack/data/venv/lib/python3.12/site-packages/oslo_config/cfg.py:3006}}
May 19 09:39:07.185061 np0000001034 neutron-periodic-workers[88686]: DEBUG cotyledon.oslo_config_glue [-] ovn.neutron_sync_mode = log {{(pid=88686) log_opt_values /opt/stack/data/venv/lib/python3.12/site-packages/oslo_config/cfg.py:3006}}
May 19 09:39:07.185239 np0000001034 neutron-periodic-workers[88686]: DEBUG cotyledon.oslo_config_glue [-] ovn.ovn_dhcp4_global_options = {} {{(pid=88686) log_opt_values /opt/stack/data/venv/lib/python3.12/site-packages/oslo_config/cfg.py:3006}}
May 19 09:39:07.185239 np0000001034 neutron-periodic-workers[88686]: DEBUG cotyledon.oslo_config_glue [-] ovn.ovn_dhcp6_global_options = {} {{(pid=88686) log_opt_values /opt/stack/data/venv/lib/python3.12/site-packages/oslo_config/cfg.py:3006}}
May 19 09:39:07.185239 np0000001034 neutron-periodic-workers[88686]: DEBUG cotyledon.oslo_config_glue [-] ovn.ovn_l3_scheduler = leastloaded {{(pid=88686) log_opt_values /opt/stack/data/venv/lib/python3.12/site-packages/oslo_config/cfg.py:3006}}
May 19 09:39:07.185239 np0000001034 neutron-periodic-workers[88686]: DEBUG cotyledon.oslo_config_glue [-] ovn.ovn_metadata_enabled = True {{(pid=88686) log_opt_values /opt/stack/data/venv/lib/python3.12/site-packages/oslo_config/cfg.py:3006}}
May 19 09:39:07.185239 np0000001034 neutron-periodic-workers[88686]: DEBUG cotyledon.oslo_config_glue [-] ovn.ovn_nb_ca_cert = /opt/stack/data/CA/int-ca/ca-chain.pem {{(pid=88686) log_opt_values /opt/stack/data/venv/lib/python3.12/site-packages/oslo_config/cfg.py:3006}}
May 19 09:39:07.185239 np0000001034 neutron-periodic-workers[88686]: DEBUG cotyledon.oslo_config_glue [-] ovn.ovn_nb_certificate = /opt/stack/data/CA/int-ca/devstack-cert.crt {{(pid=88686) log_opt_values /opt/stack/data/venv/lib/python3.12/site-packages/oslo_config/cfg.py:3006}}
May 19 09:39:07.185239 np0000001034 neutron-periodic-workers[88686]: DEBUG cotyledon.oslo_config_glue [-] ovn.ovn_nb_connection = ['ssl:10.4.3.173:6641'] {{(pid=88686) log_opt_values /opt/stack/data/venv/lib/python3.12/site-packages/oslo_config/cfg.py:3006}}
May 19 09:39:07.185239 np0000001034 neutron-periodic-workers[88686]: DEBUG cotyledon.oslo_config_glue [-] ovn.ovn_nb_private_key = /opt/stack/data/CA/int-ca/private/devstack-cert.key {{(pid=88686) log_opt_values /opt/stack/data/venv/lib/python3.12/site-packages/oslo_config/cfg.py:3006}}
May 19 09:39:07.185393 np0000001034 neutron-periodic-workers[88686]: DEBUG cotyledon.oslo_config_glue [-] ovn.ovn_router_indirect_snat = False {{(pid=88686) log_opt_values /opt/stack/data/venv/lib/python3.12/site-packages/oslo_config/cfg.py:3006}}
May 19 09:39:07.185393 np0000001034 neutron-periodic-workers[88686]: DEBUG cotyledon.oslo_config_glue [-] ovn.ovn_sb_ca_cert = /opt/stack/data/CA/int-ca/ca-chain.pem {{(pid=88686) log_opt_values /opt/stack/data/venv/lib/python3.12/site-packages/oslo_config/cfg.py:3006}}
May 19 09:39:07.185393 np0000001034 neutron-periodic-workers[88686]: DEBUG cotyledon.oslo_config_glue [-] ovn.ovn_sb_certificate = /opt/stack/data/CA/int-ca/devstack-cert.crt {{(pid=88686) log_opt_values /opt/stack/data/venv/lib/python3.12/site-packages/oslo_config/cfg.py:3006}}
May 19 09:39:07.185393 np0000001034 neutron-periodic-workers[88686]: DEBUG cotyledon.oslo_config_glue [-] ovn.ovn_sb_connection = ['ssl:10.4.3.173:6642'] {{(pid=88686) log_opt_values /opt/stack/data/venv/lib/python3.12/site-packages/oslo_config/cfg.py:3006}}
May 19 09:39:07.185393 np0000001034 neutron-periodic-workers[88686]: DEBUG cotyledon.oslo_config_glue [-] ovn.ovn_sb_private_key = /opt/stack/data/CA/int-ca/private/devstack-cert.key {{(pid=88686) log_opt_values /opt/stack/data/venv/lib/python3.12/site-packages/oslo_config/cfg.py:3006}}
May 19 09:39:07.185393 np0000001034 neutron-periodic-workers[88686]: DEBUG cotyledon.oslo_config_glue [-] ovn.ovs_create_tap = False {{(pid=88686) log_opt_values /opt/stack/data/venv/lib/python3.12/site-packages/oslo_config/cfg.py:3006}}
May 19 09:39:07.185393 np0000001034 neutron-periodic-workers[88686]: DEBUG cotyledon.oslo_config_glue [-] ovn.ovsdb_connection_timeout = 180 {{(pid=88686) log_opt_values /opt/stack/data/venv/lib/python3.12/site-packages/oslo_config/cfg.py:3006}}
May 19 09:39:07.185393 np0000001034 neutron-periodic-workers[88686]: DEBUG cotyledon.oslo_config_glue [-] ovn.ovsdb_log_level = INFO {{(pid=88686) log_opt_values /opt/stack/data/venv/lib/python3.12/site-packages/oslo_config/cfg.py:3006}}
May 19 09:39:07.185545 np0000001034 neutron-periodic-workers[88686]: DEBUG cotyledon.oslo_config_glue [-] ovn.ovsdb_probe_interval = 60000 {{(pid=88686) log_opt_values /opt/stack/data/venv/lib/python3.12/site-packages/oslo_config/cfg.py:3006}}
May 19 09:39:07.185545 np0000001034 neutron-periodic-workers[88686]: DEBUG cotyledon.oslo_config_glue [-] ovn.ovsdb_retry_max_interval = 180 {{(pid=88686) log_opt_values /opt/stack/data/venv/lib/python3.12/site-packages/oslo_config/cfg.py:3006}}
May 19 09:39:07.185545 np0000001034 neutron-periodic-workers[88686]: DEBUG cotyledon.oslo_config_glue [-] ovn.stateless_nat_enabled = False {{(pid=88686) log_opt_values /opt/stack/data/venv/lib/python3.12/site-packages/oslo_config/cfg.py:3006}}
May 19 09:39:07.185545 np0000001034 neutron-periodic-workers[88686]: DEBUG cotyledon.oslo_config_glue [-] ovn.vhost_sock_dir = /var/run/openvswitch {{(pid=88686) log_opt_values /opt/stack/data/venv/lib/python3.12/site-packages/oslo_config/cfg.py:3006}}
May 19 09:39:07.185545 np0000001034 neutron-periodic-workers[88686]: DEBUG cotyledon.oslo_config_glue [-] OVS.bridge_mac_table_size = 50000 {{(pid=88686) log_opt_values /opt/stack/data/venv/lib/python3.12/site-packages/oslo_config/cfg.py:3006}}
May 19 09:39:07.185545 np0000001034 neutron-periodic-workers[88686]: DEBUG cotyledon.oslo_config_glue [-] OVS.igmp_flood = False {{(pid=88686) log_opt_values /opt/stack/data/venv/lib/python3.12/site-packages/oslo_config/cfg.py:3006}}
May 19 09:39:07.185665 np0000001034 neutron-periodic-workers[88686]: DEBUG cotyledon.oslo_config_glue [-] OVS.igmp_flood_reports = True {{(pid=88686) log_opt_values /opt/stack/data/venv/lib/python3.12/site-packages/oslo_config/cfg.py:3006}}
May 19 09:39:07.185665 np0000001034 neutron-periodic-workers[88686]: DEBUG cotyledon.oslo_config_glue [-] OVS.igmp_flood_unregistered = False {{(pid=88686) log_opt_values /opt/stack/data/venv/lib/python3.12/site-packages/oslo_config/cfg.py:3006}}
May 19 09:39:07.185665 np0000001034 neutron-periodic-workers[88686]: DEBUG cotyledon.oslo_config_glue [-] OVS.igmp_snooping_enable = False {{(pid=88686) log_opt_values /opt/stack/data/venv/lib/python3.12/site-packages/oslo_config/cfg.py:3006}}
May 19 09:39:07.185725 np0000001034 neutron-periodic-workers[88686]: DEBUG cotyledon.oslo_config_glue [-] OVS.ovsdb_timeout = 10 {{(pid=88686) log_opt_values /opt/stack/data/venv/lib/python3.12/site-packages/oslo_config/cfg.py:3006}}
May 19 09:39:07.185748 np0000001034 neutron-periodic-workers[88686]: DEBUG cotyledon.oslo_config_glue [-] ovn_nb_global.fdb_removal_limit = 0 {{(pid=88686) log_opt_values /opt/stack/data/venv/lib/python3.12/site-packages/oslo_config/cfg.py:3006}}
May 19 09:39:07.185778 np0000001034 neutron-periodic-workers[88686]: DEBUG cotyledon.oslo_config_glue [-] ovn_nb_global.ignore_lsp_down = False {{(pid=88686) log_opt_values /opt/stack/data/venv/lib/python3.12/site-packages/oslo_config/cfg.py:3006}}
May 19 09:39:07.185838 np0000001034 neutron-periodic-workers[88686]: DEBUG cotyledon.oslo_config_glue [-] ovn_nb_global.mac_binding_removal_limit = 0 {{(pid=88686) log_opt_values /opt/stack/data/venv/lib/python3.12/site-packages/oslo_config/cfg.py:3006}}
May 19 09:39:07.185881 np0000001034 neutron-periodic-workers[88686]: DEBUG cotyledon.oslo_config_glue [-] ******************************************************************************** {{(pid=88686) log_opt_values /opt/stack/data/venv/lib/python3.12/site-packages/oslo_config/cfg.py:3013}}
May 19 09:39:07.186629 np0000001034 neutron-periodic-workers[88686]: DEBUG cotyledon._service_worker [-] Run service ServiceWrapper(0) [88686] {{(pid=88686) wait_forever /opt/stack/data/venv/lib/python3.12/site-packages/cotyledon/_service_worker.py:218}}
May 19 09:39:16.858969 np0000001034 neutron-periodic-workers[87742]: DEBUG dbcounter [-] [87742] Writing DB stats neutron:SELECT=4 {{(pid=87742) stat_writer /opt/stack/data/venv/lib/python3.12/site-packages/dbcounter.py:115}}
May 19 09:39:56.175434 np0000001034 neutron-periodic-workers[88676]: DEBUG oslo_db.sqlalchemy.engines [None req-0f34a158-f6d9-4285-9acb-ad899fe7fa95 None None] Parent process 87742 forked (88676) with an open database connection, which is being discarded and recreated. {{(pid=88676) checkout /opt/stack/data/venv/lib/python3.12/site-packages/oslo_db/sqlalchemy/engines.py:402}}
May 19 09:39:56.182365 np0000001034 neutron-periodic-workers[88676]: DEBUG dbcounter [-] [88676] Writer thread running {{(pid=88676) stat_writer /opt/stack/data/venv/lib/python3.12/site-packages/dbcounter.py:102}}
May 19 09:39:56.185584 np0000001034 neutron-periodic-workers[88676]: DEBUG neutron.db.agents_db [None req-0f34a158-f6d9-4285-9acb-ad899fe7fa95 None None] Agent healthcheck: found 0 active agents {{(pid=88676) agent_health_check /opt/stack/neutron/neutron/db/agents_db.py:322}}
May 19 09:39:56.185751 np0000001034 neutron-periodic-workers[88676]: DEBUG oslo.service.backend._threading.loopingcall [None req-0f34a158-f6d9-4285-9acb-ad899fe7fa95 None None] Fixed interval looping call 'neutron.plugins.ml2.plugin.AgentDbMixin.agent_health_check' sleeping for 36.98 seconds {{(pid=88676) _run_loop /opt/stack/data/venv/lib/python3.12/site-packages/oslo_service/backend/_threading/loopingcall.py:125}}
May 19 09:40:06.183170 np0000001034 neutron-periodic-workers[88676]: DEBUG dbcounter [-] [88676] Writing DB stats neutron:SELECT=1 {{(pid=88676) stat_writer /opt/stack/data/venv/lib/python3.12/site-packages/dbcounter.py:115}}
May 19 09:40:20.166108 np0000001034 neutron-periodic-workers[88667]: DEBUG dbcounter [-] [88667] Writer thread running {{(pid=88667) stat_writer /opt/stack/data/venv/lib/python3.12/site-packages/dbcounter.py:102}}
May 19 09:40:20.174633 np0000001034 neutron-periodic-workers[88667]: DEBUG oslo.service.backend._threading.loopingcall [None req-c6145ba8-93ad-48e3-95c8-ef1a6afbd2d9 None None] Fixed interval looping call 'neutron.plugins.ml2.plugin.DhcpAgentSchedulerDbMixin.remove_networks_from_down_agents' sleeping for 36.98 seconds {{(pid=88667) _run_loop /opt/stack/data/venv/lib/python3.12/site-packages/oslo_service/backend/_threading/loopingcall.py:125}}
May 19 09:40:30.173580 np0000001034 neutron-periodic-workers[88667]: DEBUG dbcounter [-] [88667] Writing DB stats neutron:SELECT=3 {{(pid=88667) stat_writer /opt/stack/data/venv/lib/python3.12/site-packages/dbcounter.py:115}}
May 19 09:40:33.168747 np0000001034 neutron-periodic-workers[88676]: DEBUG neutron.db.agents_db [None req-0f34a158-f6d9-4285-9acb-ad899fe7fa95 None None] Agent healthcheck: found 0 active agents {{(pid=88676) agent_health_check /opt/stack/neutron/neutron/db/agents_db.py:322}}
May 19 09:40:33.169163 np0000001034 neutron-periodic-workers[88676]: DEBUG oslo.service.backend._threading.loopingcall [None req-0f34a158-f6d9-4285-9acb-ad899fe7fa95 None None] Fixed interval looping call 'neutron.plugins.ml2.plugin.AgentDbMixin.agent_health_check' sleeping for 37.00 seconds {{(pid=88676) _run_loop /opt/stack/data/venv/lib/python3.12/site-packages/oslo_service/backend/_threading/loopingcall.py:125}}
May 19 09:40:43.168900 np0000001034 neutron-periodic-workers[88676]: DEBUG dbcounter [-] [88676] Writing DB stats neutron:SELECT=1 {{(pid=88676) stat_writer /opt/stack/data/venv/lib/python3.12/site-packages/dbcounter.py:115}}
May 19 09:40:57.159911 np0000001034 neutron-periodic-workers[88667]: DEBUG oslo.service.backend._threading.loopingcall [None req-c6145ba8-93ad-48e3-95c8-ef1a6afbd2d9 None None] Fixed interval looping call 'neutron.plugins.ml2.plugin.DhcpAgentSchedulerDbMixin.remove_networks_from_down_agents' sleeping for 37.00 seconds {{(pid=88667) _run_loop /opt/stack/data/venv/lib/python3.12/site-packages/oslo_service/backend/_threading/loopingcall.py:125}}
May 19 09:41:07.159174 np0000001034 neutron-periodic-workers[88667]: DEBUG dbcounter [-] [88667] Writing DB stats neutron:SELECT=3 {{(pid=88667) stat_writer /opt/stack/data/venv/lib/python3.12/site-packages/dbcounter.py:115}}
May 19 09:41:07.196386 np0000001034 neutron-periodic-workers[88686]: DEBUG dbcounter [-] [88686] Writer thread running {{(pid=88686) stat_writer /opt/stack/data/venv/lib/python3.12/site-packages/dbcounter.py:102}}
May 19 09:41:07.197890 np0000001034 neutron-periodic-workers[88686]: DEBUG oslo.service.backend._threading.loopingcall [None req-0cd0568b-696d-4754-8a4c-428da3b7a207 None None] Fixed interval looping call 'neutron.db.quota.driver_nolock.DbQuotaNoLockDriver._remove_expired_reservations' sleeping for 119.99 seconds {{(pid=88686) _run_loop /opt/stack/data/venv/lib/python3.12/site-packages/oslo_service/backend/_threading/loopingcall.py:125}}
May 19 09:41:10.171988 np0000001034 neutron-periodic-workers[88676]: DEBUG neutron.db.agents_db [None req-0f34a158-f6d9-4285-9acb-ad899fe7fa95 None None] Agent healthcheck: found 0 active agents {{(pid=88676) agent_health_check /opt/stack/neutron/neutron/db/agents_db.py:322}}
May 19 09:41:10.172436 np0000001034 neutron-periodic-workers[88676]: DEBUG oslo.service.backend._threading.loopingcall [None req-0f34a158-f6d9-4285-9acb-ad899fe7fa95 None None] Fixed interval looping call 'neutron.plugins.ml2.plugin.AgentDbMixin.agent_health_check' sleeping for 37.00 seconds {{(pid=88676) _run_loop /opt/stack/data/venv/lib/python3.12/site-packages/oslo_service/backend/_threading/loopingcall.py:125}}
May 19 09:41:17.196845 np0000001034 neutron-periodic-workers[88686]: DEBUG dbcounter [-] [88686] Writing DB stats neutron:DELETE=1 {{(pid=88686) stat_writer /opt/stack/data/venv/lib/python3.12/site-packages/dbcounter.py:115}}
May 19 09:41:20.171101 np0000001034 neutron-periodic-workers[88676]: DEBUG dbcounter [-] [88676] Writing DB stats neutron:SELECT=1 {{(pid=88676) stat_writer /opt/stack/data/venv/lib/python3.12/site-packages/dbcounter.py:115}}
May 19 09:41:34.165366 np0000001034 neutron-periodic-workers[88667]: DEBUG oslo.service.backend._threading.loopingcall [None req-c6145ba8-93ad-48e3-95c8-ef1a6afbd2d9 None None] Fixed interval looping call 'neutron.plugins.ml2.plugin.DhcpAgentSchedulerDbMixin.remove_networks_from_down_agents' sleeping for 36.99 seconds {{(pid=88667) _run_loop /opt/stack/data/venv/lib/python3.12/site-packages/oslo_service/backend/_threading/loopingcall.py:125}}
May 19 09:41:44.164720 np0000001034 neutron-periodic-workers[88667]: DEBUG dbcounter [-] [88667] Writing DB stats neutron:SELECT=3 {{(pid=88667) stat_writer /opt/stack/data/venv/lib/python3.12/site-packages/dbcounter.py:115}}
May 19 09:41:47.174885 np0000001034 neutron-periodic-workers[88676]: DEBUG neutron.db.agents_db [None req-0f34a158-f6d9-4285-9acb-ad899fe7fa95 None None] Agent healthcheck: found 0 active agents {{(pid=88676) agent_health_check /opt/stack/neutron/neutron/db/agents_db.py:322}}
May 19 09:41:47.174885 np0000001034 neutron-periodic-workers[88676]: DEBUG oslo.service.backend._threading.loopingcall [None req-0f34a158-f6d9-4285-9acb-ad899fe7fa95 None None] Fixed interval looping call 'neutron.plugins.ml2.plugin.AgentDbMixin.agent_health_check' sleeping for 37.00 seconds {{(pid=88676) _run_loop /opt/stack/data/venv/lib/python3.12/site-packages/oslo_service/backend/_threading/loopingcall.py:125}}
May 19 09:41:57.174236 np0000001034 neutron-periodic-workers[88676]: DEBUG dbcounter [-] [88676] Writing DB stats neutron:SELECT=1 {{(pid=88676) stat_writer /opt/stack/data/venv/lib/python3.12/site-packages/dbcounter.py:115}}
May 19 09:42:11.160452 np0000001034 neutron-periodic-workers[88667]: DEBUG oslo.service.backend._threading.loopingcall [None req-c6145ba8-93ad-48e3-95c8-ef1a6afbd2d9 None None] Fixed interval looping call 'neutron.plugins.ml2.plugin.DhcpAgentSchedulerDbMixin.remove_networks_from_down_agents' sleeping for 37.00 seconds {{(pid=88667) _run_loop /opt/stack/data/venv/lib/python3.12/site-packages/oslo_service/backend/_threading/loopingcall.py:125}}
May 19 09:42:13.182099 np0000001034 neutron-periodic-workers[88660]: DEBUG dbcounter [-] [88660] Writer thread running {{(pid=88660) stat_writer /opt/stack/data/venv/lib/python3.12/site-packages/dbcounter.py:102}}
May 19 09:42:13.193846 np0000001034 neutron-periodic-workers[88660]: DEBUG oslo.service.backend._threading.loopingcall [None req-154249fb-7e5d-4ee4-8cfb-8c38237ab448 None None] Fixed interval looping call 'neutron.services.ovn_l3.plugin.L3_NAT_dbonly_mixin._clean_garbage' sleeping for 299.96 seconds {{(pid=88660) _run_loop /opt/stack/data/venv/lib/python3.12/site-packages/oslo_service/backend/_threading/loopingcall.py:125}}
May 19 09:42:21.162013 np0000001034 neutron-periodic-workers[88667]: DEBUG dbcounter [-] [88667] Writing DB stats neutron:SELECT=3 {{(pid=88667) stat_writer /opt/stack/data/venv/lib/python3.12/site-packages/dbcounter.py:115}}
May 19 09:42:23.182513 np0000001034 neutron-periodic-workers[88660]: DEBUG dbcounter [-] [88660] Writing DB stats neutron:SELECT=1 {{(pid=88660) stat_writer /opt/stack/data/venv/lib/python3.12/site-packages/dbcounter.py:115}}
May 19 09:42:24.180914 np0000001034 neutron-periodic-workers[88676]: DEBUG neutron.db.agents_db [None req-0f34a158-f6d9-4285-9acb-ad899fe7fa95 None None] Agent healthcheck: found 0 active agents {{(pid=88676) agent_health_check /opt/stack/neutron/neutron/db/agents_db.py:322}}
May 19 09:42:24.181400 np0000001034 neutron-periodic-workers[88676]: DEBUG oslo.service.backend._threading.loopingcall [None req-0f34a158-f6d9-4285-9acb-ad899fe7fa95 None None] Fixed interval looping call 'neutron.plugins.ml2.plugin.AgentDbMixin.agent_health_check' sleeping for 36.99 seconds {{(pid=88676) _run_loop /opt/stack/data/venv/lib/python3.12/site-packages/oslo_service/backend/_threading/loopingcall.py:125}}
May 19 09:42:34.179051 np0000001034 neutron-periodic-workers[88676]: DEBUG dbcounter [-] [88676] Writing DB stats neutron:SELECT=1 {{(pid=88676) stat_writer /opt/stack/data/venv/lib/python3.12/site-packages/dbcounter.py:115}}
May 19 09:42:48.171139 np0000001034 neutron-periodic-workers[88667]: DEBUG oslo.service.backend._threading.loopingcall [None req-c6145ba8-93ad-48e3-95c8-ef1a6afbd2d9 None None] Fixed interval looping call 'neutron.plugins.ml2.plugin.DhcpAgentSchedulerDbMixin.remove_networks_from_down_agents' sleeping for 36.99 seconds {{(pid=88667) _run_loop /opt/stack/data/venv/lib/python3.12/site-packages/oslo_service/backend/_threading/loopingcall.py:125}}
May 19 09:42:58.168126 np0000001034 neutron-periodic-workers[88667]: DEBUG dbcounter [-] [88667] Writing DB stats neutron:SELECT=3 {{(pid=88667) stat_writer /opt/stack/data/venv/lib/python3.12/site-packages/dbcounter.py:115}}
May 19 09:43:01.177086 np0000001034 neutron-periodic-workers[88676]: DEBUG neutron.db.agents_db [None req-0f34a158-f6d9-4285-9acb-ad899fe7fa95 None None] Agent healthcheck: found 0 active agents {{(pid=88676) agent_health_check /opt/stack/neutron/neutron/db/agents_db.py:322}}
May 19 09:43:01.177784 np0000001034 neutron-periodic-workers[88676]: DEBUG oslo.service.backend._threading.loopingcall [None req-0f34a158-f6d9-4285-9acb-ad899fe7fa95 None None] Fixed interval looping call 'neutron.plugins.ml2.plugin.AgentDbMixin.agent_health_check' sleeping for 36.99 seconds {{(pid=88676) _run_loop /opt/stack/data/venv/lib/python3.12/site-packages/oslo_service/backend/_threading/loopingcall.py:125}}
May 19 09:43:07.196559 np0000001034 neutron-periodic-workers[88686]: DEBUG oslo.service.backend._threading.loopingcall [None req-0cd0568b-696d-4754-8a4c-428da3b7a207 None None] Fixed interval looping call 'neutron.db.quota.driver_nolock.DbQuotaNoLockDriver._remove_expired_reservations' sleeping for 119.99 seconds {{(pid=88686) _run_loop /opt/stack/data/venv/lib/python3.12/site-packages/oslo_service/backend/_threading/loopingcall.py:125}}
May 19 09:43:11.175005 np0000001034 neutron-periodic-workers[88676]: DEBUG dbcounter [-] [88676] Writing DB stats neutron:SELECT=1 {{(pid=88676) stat_writer /opt/stack/data/venv/lib/python3.12/site-packages/dbcounter.py:115}}
May 19 09:43:17.193915 np0000001034 neutron-periodic-workers[88686]: DEBUG dbcounter [-] [88686] Writing DB stats neutron:DELETE=1 {{(pid=88686) stat_writer /opt/stack/data/venv/lib/python3.12/site-packages/dbcounter.py:115}}
May 19 09:43:25.169076 np0000001034 neutron-periodic-workers[88667]: DEBUG oslo.service.backend._threading.loopingcall [None req-c6145ba8-93ad-48e3-95c8-ef1a6afbd2d9 None None] Fixed interval looping call 'neutron.plugins.ml2.plugin.DhcpAgentSchedulerDbMixin.remove_networks_from_down_agents' sleeping for 36.99 seconds {{(pid=88667) _run_loop /opt/stack/data/venv/lib/python3.12/site-packages/oslo_service/backend/_threading/loopingcall.py:125}}
May 19 09:43:35.168179 np0000001034 neutron-periodic-workers[88667]: DEBUG dbcounter [-] [88667] Writing DB stats neutron:SELECT=3 {{(pid=88667) stat_writer /opt/stack/data/venv/lib/python3.12/site-packages/dbcounter.py:115}}
May 19 09:43:38.174307 np0000001034 neutron-periodic-workers[88676]: DEBUG neutron.db.agents_db [None req-0f34a158-f6d9-4285-9acb-ad899fe7fa95 None None] Agent healthcheck: found 0 active agents {{(pid=88676) agent_health_check /opt/stack/neutron/neutron/db/agents_db.py:322}}
May 19 09:43:38.174711 np0000001034 neutron-periodic-workers[88676]: DEBUG oslo.service.backend._threading.loopingcall [None req-0f34a158-f6d9-4285-9acb-ad899fe7fa95 None None] Fixed interval looping call 'neutron.plugins.ml2.plugin.AgentDbMixin.agent_health_check' sleeping for 36.99 seconds {{(pid=88676) _run_loop /opt/stack/data/venv/lib/python3.12/site-packages/oslo_service/backend/_threading/loopingcall.py:125}}
May 19 09:43:48.173293 np0000001034 neutron-periodic-workers[88676]: DEBUG dbcounter [-] [88676] Writing DB stats neutron:SELECT=1 {{(pid=88676) stat_writer /opt/stack/data/venv/lib/python3.12/site-packages/dbcounter.py:115}}
May 19 09:44:02.172935 np0000001034 neutron-periodic-workers[88667]: DEBUG oslo.service.backend._threading.loopingcall [None req-c6145ba8-93ad-48e3-95c8-ef1a6afbd2d9 None None] Fixed interval looping call 'neutron.plugins.ml2.plugin.DhcpAgentSchedulerDbMixin.remove_networks_from_down_agents' sleeping for 36.99 seconds {{(pid=88667) _run_loop /opt/stack/data/venv/lib/python3.12/site-packages/oslo_service/backend/_threading/loopingcall.py:125}}
May 19 09:44:12.173488 np0000001034 neutron-periodic-workers[88667]: DEBUG dbcounter [-] [88667] Writing DB stats neutron:SELECT=3 {{(pid=88667) stat_writer /opt/stack/data/venv/lib/python3.12/site-packages/dbcounter.py:115}}
May 19 09:44:15.171375 np0000001034 neutron-periodic-workers[88676]: DEBUG neutron.db.agents_db [None req-0f34a158-f6d9-4285-9acb-ad899fe7fa95 None None] Agent healthcheck: found 0 active agents {{(pid=88676) agent_health_check /opt/stack/neutron/neutron/db/agents_db.py:322}}
May 19 09:44:15.171830 np0000001034 neutron-periodic-workers[88676]: DEBUG oslo.service.backend._threading.loopingcall [None req-0f34a158-f6d9-4285-9acb-ad899fe7fa95 None None] Fixed interval looping call 'neutron.plugins.ml2.plugin.AgentDbMixin.agent_health_check' sleeping for 36.99 seconds {{(pid=88676) _run_loop /opt/stack/data/venv/lib/python3.12/site-packages/oslo_service/backend/_threading/loopingcall.py:125}}
May 19 09:44:25.167691 np0000001034 neutron-periodic-workers[88676]: DEBUG dbcounter [-] [88676] Writing DB stats neutron:SELECT=1 {{(pid=88676) stat_writer /opt/stack/data/venv/lib/python3.12/site-packages/dbcounter.py:115}}
May 19 09:44:39.168487 np0000001034 neutron-periodic-workers[88667]: DEBUG oslo.service.backend._threading.loopingcall [None req-c6145ba8-93ad-48e3-95c8-ef1a6afbd2d9 None None] Fixed interval looping call 'neutron.plugins.ml2.plugin.DhcpAgentSchedulerDbMixin.remove_networks_from_down_agents' sleeping for 36.99 seconds {{(pid=88667) _run_loop /opt/stack/data/venv/lib/python3.12/site-packages/oslo_service/backend/_threading/loopingcall.py:125}}
May 19 09:44:49.167821 np0000001034 neutron-periodic-workers[88667]: DEBUG dbcounter [-] [88667] Writing DB stats neutron:SELECT=3 {{(pid=88667) stat_writer /opt/stack/data/venv/lib/python3.12/site-packages/dbcounter.py:115}}
May 19 09:44:52.167455 np0000001034 neutron-periodic-workers[88676]: DEBUG neutron.db.agents_db [None req-0f34a158-f6d9-4285-9acb-ad899fe7fa95 None None] Agent healthcheck: found 0 active agents {{(pid=88676) agent_health_check /opt/stack/neutron/neutron/db/agents_db.py:322}}
May 19 09:44:52.168517 np0000001034 neutron-periodic-workers[88676]: DEBUG oslo.service.backend._threading.loopingcall [None req-0f34a158-f6d9-4285-9acb-ad899fe7fa95 None None] Fixed interval looping call 'neutron.plugins.ml2.plugin.AgentDbMixin.agent_health_check' sleeping for 36.99 seconds {{(pid=88676) _run_loop /opt/stack/data/venv/lib/python3.12/site-packages/oslo_service/backend/_threading/loopingcall.py:125}}
May 19 09:45:02.169252 np0000001034 neutron-periodic-workers[88676]: DEBUG dbcounter [-] [88676] Writing DB stats neutron:SELECT=1 {{(pid=88676) stat_writer /opt/stack/data/venv/lib/python3.12/site-packages/dbcounter.py:115}}
May 19 09:45:07.194835 np0000001034 neutron-periodic-workers[88686]: DEBUG oslo.service.backend._threading.loopingcall [None req-0cd0568b-696d-4754-8a4c-428da3b7a207 None None] Fixed interval looping call 'neutron.db.quota.driver_nolock.DbQuotaNoLockDriver._remove_expired_reservations' sleeping for 120.00 seconds {{(pid=88686) _run_loop /opt/stack/data/venv/lib/python3.12/site-packages/oslo_service/backend/_threading/loopingcall.py:125}}
May 19 09:45:16.168957 np0000001034 neutron-periodic-workers[88667]: DEBUG oslo.service.backend._threading.loopingcall [None req-c6145ba8-93ad-48e3-95c8-ef1a6afbd2d9 None None] Fixed interval looping call 'neutron.plugins.ml2.plugin.DhcpAgentSchedulerDbMixin.remove_networks_from_down_agents' sleeping for 36.99 seconds {{(pid=88667) _run_loop /opt/stack/data/venv/lib/python3.12/site-packages/oslo_service/backend/_threading/loopingcall.py:125}}
May 19 09:45:17.190637 np0000001034 neutron-periodic-workers[88686]: DEBUG dbcounter [-] [88686] Writing DB stats neutron:DELETE=1 {{(pid=88686) stat_writer /opt/stack/data/venv/lib/python3.12/site-packages/dbcounter.py:115}}
May 19 09:45:26.167553 np0000001034 neutron-periodic-workers[88667]: DEBUG dbcounter [-] [88667] Writing DB stats neutron:SELECT=3 {{(pid=88667) stat_writer /opt/stack/data/venv/lib/python3.12/site-packages/dbcounter.py:115}}
May 19 09:45:29.167771 np0000001034 neutron-periodic-workers[88676]: DEBUG neutron.db.agents_db [None req-0f34a158-f6d9-4285-9acb-ad899fe7fa95 None None] Agent healthcheck: found 0 active agents {{(pid=88676) agent_health_check /opt/stack/neutron/neutron/db/agents_db.py:322}}
May 19 09:45:29.168370 np0000001034 neutron-periodic-workers[88676]: DEBUG oslo.service.backend._threading.loopingcall [None req-0f34a158-f6d9-4285-9acb-ad899fe7fa95 None None] Fixed interval looping call 'neutron.plugins.ml2.plugin.AgentDbMixin.agent_health_check' sleeping for 36.99 seconds {{(pid=88676) _run_loop /opt/stack/data/venv/lib/python3.12/site-packages/oslo_service/backend/_threading/loopingcall.py:125}}
May 19 09:45:39.161893 np0000001034 neutron-periodic-workers[88676]: DEBUG dbcounter [-] [88676] Writing DB stats neutron:SELECT=1 {{(pid=88676) stat_writer /opt/stack/data/venv/lib/python3.12/site-packages/dbcounter.py:115}}
May 19 09:45:53.166945 np0000001034 neutron-periodic-workers[88667]: DEBUG oslo.service.backend._threading.loopingcall [None req-c6145ba8-93ad-48e3-95c8-ef1a6afbd2d9 None None] Fixed interval looping call 'neutron.plugins.ml2.plugin.DhcpAgentSchedulerDbMixin.remove_networks_from_down_agents' sleeping for 36.99 seconds {{(pid=88667) _run_loop /opt/stack/data/venv/lib/python3.12/site-packages/oslo_service/backend/_threading/loopingcall.py:125}}
May 19 09:46:03.167412 np0000001034 neutron-periodic-workers[88667]: DEBUG dbcounter [-] [88667] Writing DB stats neutron:SELECT=3 {{(pid=88667) stat_writer /opt/stack/data/venv/lib/python3.12/site-packages/dbcounter.py:115}}
May 19 09:46:06.162923 np0000001034 neutron-periodic-workers[88676]: DEBUG neutron.db.agents_db [None req-0f34a158-f6d9-4285-9acb-ad899fe7fa95 None None] Agent healthcheck: found 0 active agents {{(pid=88676) agent_health_check /opt/stack/neutron/neutron/db/agents_db.py:322}}
May 19 09:46:06.163528 np0000001034 neutron-periodic-workers[88676]: DEBUG oslo.service.backend._threading.loopingcall [None req-0f34a158-f6d9-4285-9acb-ad899fe7fa95 None None] Fixed interval looping call 'neutron.plugins.ml2.plugin.AgentDbMixin.agent_health_check' sleeping for 37.00 seconds {{(pid=88676) _run_loop /opt/stack/data/venv/lib/python3.12/site-packages/oslo_service/backend/_threading/loopingcall.py:125}}
May 19 09:46:16.160329 np0000001034 neutron-periodic-workers[88676]: DEBUG dbcounter [-] [88676] Writing DB stats neutron:SELECT=1 {{(pid=88676) stat_writer /opt/stack/data/venv/lib/python3.12/site-packages/dbcounter.py:115}}
May 19 09:46:30.164479 np0000001034 neutron-periodic-workers[88667]: DEBUG oslo.service.backend._threading.loopingcall [None req-c6145ba8-93ad-48e3-95c8-ef1a6afbd2d9 None None] Fixed interval looping call 'neutron.plugins.ml2.plugin.DhcpAgentSchedulerDbMixin.remove_networks_from_down_agents' sleeping for 36.99 seconds {{(pid=88667) _run_loop /opt/stack/data/venv/lib/python3.12/site-packages/oslo_service/backend/_threading/loopingcall.py:125}}
May 19 09:46:40.163586 np0000001034 neutron-periodic-workers[88667]: DEBUG dbcounter [-] [88667] Writing DB stats neutron:SELECT=3 {{(pid=88667) stat_writer /opt/stack/data/venv/lib/python3.12/site-packages/dbcounter.py:115}}
May 19 09:46:43.169234 np0000001034 neutron-periodic-workers[88676]: DEBUG neutron.db.agents_db [None req-0f34a158-f6d9-4285-9acb-ad899fe7fa95 None None] Agent healthcheck: found 0 active agents {{(pid=88676) agent_health_check /opt/stack/neutron/neutron/db/agents_db.py:322}}
May 19 09:46:43.169755 np0000001034 neutron-periodic-workers[88676]: DEBUG oslo.service.backend._threading.loopingcall [None req-0f34a158-f6d9-4285-9acb-ad899fe7fa95 None None] Fixed interval looping call 'neutron.plugins.ml2.plugin.AgentDbMixin.agent_health_check' sleeping for 37.00 seconds {{(pid=88676) _run_loop /opt/stack/data/venv/lib/python3.12/site-packages/oslo_service/backend/_threading/loopingcall.py:125}}
May 19 09:46:53.167882 np0000001034 neutron-periodic-workers[88676]: DEBUG dbcounter [-] [88676] Writing DB stats neutron:SELECT=1 {{(pid=88676) stat_writer /opt/stack/data/venv/lib/python3.12/site-packages/dbcounter.py:115}}
May 19 09:47:07.165699 np0000001034 neutron-periodic-workers[88667]: DEBUG oslo.service.backend._threading.loopingcall [None req-c6145ba8-93ad-48e3-95c8-ef1a6afbd2d9 None None] Fixed interval looping call 'neutron.plugins.ml2.plugin.DhcpAgentSchedulerDbMixin.remove_networks_from_down_agents' sleeping for 36.99 seconds {{(pid=88667) _run_loop /opt/stack/data/venv/lib/python3.12/site-packages/oslo_service/backend/_threading/loopingcall.py:125}}
May 19 09:47:07.195842 np0000001034 neutron-periodic-workers[88686]: DEBUG oslo.service.backend._threading.loopingcall [None req-0cd0568b-696d-4754-8a4c-428da3b7a207 None None] Fixed interval looping call 'neutron.db.quota.driver_nolock.DbQuotaNoLockDriver._remove_expired_reservations' sleeping for 120.00 seconds {{(pid=88686) _run_loop /opt/stack/data/venv/lib/python3.12/site-packages/oslo_service/backend/_threading/loopingcall.py:125}}
May 19 09:47:13.162411 np0000001034 neutron-periodic-workers[88660]: DEBUG oslo.service.backend._threading.loopingcall [None req-154249fb-7e5d-4ee4-8cfb-8c38237ab448 None None] Fixed interval looping call 'neutron.services.ovn_l3.plugin.L3_NAT_dbonly_mixin._clean_garbage' sleeping for 299.99 seconds {{(pid=88660) _run_loop /opt/stack/data/venv/lib/python3.12/site-packages/oslo_service/backend/_threading/loopingcall.py:125}}
May 19 09:47:17.165652 np0000001034 neutron-periodic-workers[88667]: DEBUG dbcounter [-] [88667] Writing DB stats neutron:SELECT=3 {{(pid=88667) stat_writer /opt/stack/data/venv/lib/python3.12/site-packages/dbcounter.py:115}}
May 19 09:47:17.196112 np0000001034 neutron-periodic-workers[88686]: DEBUG dbcounter [-] [88686] Writing DB stats neutron:DELETE=1 {{(pid=88686) stat_writer /opt/stack/data/venv/lib/python3.12/site-packages/dbcounter.py:115}}
May 19 09:47:20.173178 np0000001034 neutron-periodic-workers[88676]: DEBUG neutron.db.agents_db [None req-0f34a158-f6d9-4285-9acb-ad899fe7fa95 None None] Agent healthcheck: found 0 active agents {{(pid=88676) agent_health_check /opt/stack/neutron/neutron/db/agents_db.py:322}}
May 19 09:47:20.173648 np0000001034 neutron-periodic-workers[88676]: DEBUG oslo.service.backend._threading.loopingcall [None req-0f34a158-f6d9-4285-9acb-ad899fe7fa95 None None] Fixed interval looping call 'neutron.plugins.ml2.plugin.AgentDbMixin.agent_health_check' sleeping for 37.00 seconds {{(pid=88676) _run_loop /opt/stack/data/venv/lib/python3.12/site-packages/oslo_service/backend/_threading/loopingcall.py:125}}
May 19 09:47:23.157471 np0000001034 neutron-periodic-workers[88660]: DEBUG dbcounter [-] [88660] Writing DB stats neutron:SELECT=1 {{(pid=88660) stat_writer /opt/stack/data/venv/lib/python3.12/site-packages/dbcounter.py:115}}
May 19 09:47:30.173611 np0000001034 neutron-periodic-workers[88676]: DEBUG dbcounter [-] [88676] Writing DB stats neutron:SELECT=1 {{(pid=88676) stat_writer /opt/stack/data/venv/lib/python3.12/site-packages/dbcounter.py:115}}
May 19 09:47:44.164325 np0000001034 neutron-periodic-workers[88667]: DEBUG oslo.service.backend._threading.loopingcall [None req-c6145ba8-93ad-48e3-95c8-ef1a6afbd2d9 None None] Fixed interval looping call 'neutron.plugins.ml2.plugin.DhcpAgentSchedulerDbMixin.remove_networks_from_down_agents' sleeping for 36.99 seconds {{(pid=88667) _run_loop /opt/stack/data/venv/lib/python3.12/site-packages/oslo_service/backend/_threading/loopingcall.py:125}}
May 19 09:47:54.164457 np0000001034 neutron-periodic-workers[88667]: DEBUG dbcounter [-] [88667] Writing DB stats neutron:SELECT=3 {{(pid=88667) stat_writer /opt/stack/data/venv/lib/python3.12/site-packages/dbcounter.py:115}}
May 19 09:47:57.179181 np0000001034 neutron-periodic-workers[88676]: DEBUG neutron.db.agents_db [None req-0f34a158-f6d9-4285-9acb-ad899fe7fa95 None None] Agent healthcheck: found 0 active agents {{(pid=88676) agent_health_check /opt/stack/neutron/neutron/db/agents_db.py:322}}
May 19 09:47:57.179181 np0000001034 neutron-periodic-workers[88676]: DEBUG oslo.service.backend._threading.loopingcall [None req-0f34a158-f6d9-4285-9acb-ad899fe7fa95 None None] Fixed interval looping call 'neutron.plugins.ml2.plugin.AgentDbMixin.agent_health_check' sleeping for 36.99 seconds {{(pid=88676) _run_loop /opt/stack/data/venv/lib/python3.12/site-packages/oslo_service/backend/_threading/loopingcall.py:125}}
May 19 09:48:07.178244 np0000001034 neutron-periodic-workers[88676]: DEBUG dbcounter [-] [88676] Writing DB stats neutron:SELECT=1 {{(pid=88676) stat_writer /opt/stack/data/venv/lib/python3.12/site-packages/dbcounter.py:115}}
May 19 09:48:21.171693 np0000001034 neutron-periodic-workers[88667]: DEBUG oslo.service.backend._threading.loopingcall [None req-c6145ba8-93ad-48e3-95c8-ef1a6afbd2d9 None None] Fixed interval looping call 'neutron.plugins.ml2.plugin.DhcpAgentSchedulerDbMixin.remove_networks_from_down_agents' sleeping for 36.99 seconds {{(pid=88667) _run_loop /opt/stack/data/venv/lib/python3.12/site-packages/oslo_service/backend/_threading/loopingcall.py:125}}
May 19 09:48:31.170109 np0000001034 neutron-periodic-workers[88667]: DEBUG dbcounter [-] [88667] Writing DB stats neutron:SELECT=3 {{(pid=88667) stat_writer /opt/stack/data/venv/lib/python3.12/site-packages/dbcounter.py:115}}
May 19 09:48:34.175623 np0000001034 neutron-periodic-workers[88676]: DEBUG neutron.db.agents_db [None req-0f34a158-f6d9-4285-9acb-ad899fe7fa95 None None] Agent healthcheck: found 0 active agents {{(pid=88676) agent_health_check /opt/stack/neutron/neutron/db/agents_db.py:322}}
May 19 09:48:34.176505 np0000001034 neutron-periodic-workers[88676]: DEBUG oslo.service.backend._threading.loopingcall [None req-0f34a158-f6d9-4285-9acb-ad899fe7fa95 None None] Fixed interval looping call 'neutron.plugins.ml2.plugin.AgentDbMixin.agent_health_check' sleeping for 36.99 seconds {{(pid=88676) _run_loop /opt/stack/data/venv/lib/python3.12/site-packages/oslo_service/backend/_threading/loopingcall.py:125}}
May 19 09:48:44.171928 np0000001034 neutron-periodic-workers[88676]: DEBUG dbcounter [-] [88676] Writing DB stats neutron:SELECT=1 {{(pid=88676) stat_writer /opt/stack/data/venv/lib/python3.12/site-packages/dbcounter.py:115}}
May 19 09:48:58.168762 np0000001034 neutron-periodic-workers[88667]: DEBUG oslo.service.backend._threading.loopingcall [None req-c6145ba8-93ad-48e3-95c8-ef1a6afbd2d9 None None] Fixed interval looping call 'neutron.plugins.ml2.plugin.DhcpAgentSchedulerDbMixin.remove_networks_from_down_agents' sleeping for 36.99 seconds {{(pid=88667) _run_loop /opt/stack/data/venv/lib/python3.12/site-packages/oslo_service/backend/_threading/loopingcall.py:125}}
May 19 09:49:07.203980 np0000001034 neutron-periodic-workers[88686]: DEBUG oslo.service.backend._threading.loopingcall [None req-0cd0568b-696d-4754-8a4c-428da3b7a207 None None] Fixed interval looping call 'neutron.db.quota.driver_nolock.DbQuotaNoLockDriver._remove_expired_reservations' sleeping for 119.99 seconds {{(pid=88686) _run_loop /opt/stack/data/venv/lib/python3.12/site-packages/oslo_service/backend/_threading/loopingcall.py:125}}
May 19 09:49:08.167044 np0000001034 neutron-periodic-workers[88667]: DEBUG dbcounter [-] [88667] Writing DB stats neutron:SELECT=3 {{(pid=88667) stat_writer /opt/stack/data/venv/lib/python3.12/site-packages/dbcounter.py:115}}
May 19 09:49:11.170328 np0000001034 neutron-periodic-workers[88676]: DEBUG neutron.db.agents_db [None req-0f34a158-f6d9-4285-9acb-ad899fe7fa95 None None] Agent healthcheck: found 0 active agents {{(pid=88676) agent_health_check /opt/stack/neutron/neutron/db/agents_db.py:322}}
May 19 09:49:11.170665 np0000001034 neutron-periodic-workers[88676]: DEBUG oslo.service.backend._threading.loopingcall [None req-0f34a158-f6d9-4285-9acb-ad899fe7fa95 None None] Fixed interval looping call 'neutron.plugins.ml2.plugin.AgentDbMixin.agent_health_check' sleeping for 37.00 seconds {{(pid=88676) _run_loop /opt/stack/data/venv/lib/python3.12/site-packages/oslo_service/backend/_threading/loopingcall.py:125}}
May 19 09:49:17.200310 np0000001034 neutron-periodic-workers[88686]: DEBUG dbcounter [-] [88686] Writing DB stats neutron:DELETE=1 {{(pid=88686) stat_writer /opt/stack/data/venv/lib/python3.12/site-packages/dbcounter.py:115}}
May 19 09:49:21.169510 np0000001034 neutron-periodic-workers[88676]: DEBUG dbcounter [-] [88676] Writing DB stats neutron:SELECT=1 {{(pid=88676) stat_writer /opt/stack/data/venv/lib/python3.12/site-packages/dbcounter.py:115}}
May 19 09:49:35.170222 np0000001034 neutron-periodic-workers[88667]: DEBUG oslo.service.backend._threading.loopingcall [None req-c6145ba8-93ad-48e3-95c8-ef1a6afbd2d9 None None] Fixed interval looping call 'neutron.plugins.ml2.plugin.DhcpAgentSchedulerDbMixin.remove_networks_from_down_agents' sleeping for 36.99 seconds {{(pid=88667) _run_loop /opt/stack/data/venv/lib/python3.12/site-packages/oslo_service/backend/_threading/loopingcall.py:125}}
May 19 09:49:45.169186 np0000001034 neutron-periodic-workers[88667]: DEBUG dbcounter [-] [88667] Writing DB stats neutron:SELECT=3 {{(pid=88667) stat_writer /opt/stack/data/venv/lib/python3.12/site-packages/dbcounter.py:115}}
May 19 09:49:48.173531 np0000001034 neutron-periodic-workers[88676]: DEBUG neutron.db.agents_db [None req-0f34a158-f6d9-4285-9acb-ad899fe7fa95 None None] Agent healthcheck: found 0 active agents {{(pid=88676) agent_health_check /opt/stack/neutron/neutron/db/agents_db.py:322}}
May 19 09:49:48.173889 np0000001034 neutron-periodic-workers[88676]: DEBUG oslo.service.backend._threading.loopingcall [None req-0f34a158-f6d9-4285-9acb-ad899fe7fa95 None None] Fixed interval looping call 'neutron.plugins.ml2.plugin.AgentDbMixin.agent_health_check' sleeping for 37.00 seconds {{(pid=88676) _run_loop /opt/stack/data/venv/lib/python3.12/site-packages/oslo_service/backend/_threading/loopingcall.py:125}}
May 19 09:49:58.172832 np0000001034 neutron-periodic-workers[88676]: DEBUG dbcounter [-] [88676] Writing DB stats neutron:SELECT=1 {{(pid=88676) stat_writer /opt/stack/data/venv/lib/python3.12/site-packages/dbcounter.py:115}}
May 19 09:50:12.169298 np0000001034 neutron-periodic-workers[88667]: DEBUG oslo.service.backend._threading.loopingcall [None req-c6145ba8-93ad-48e3-95c8-ef1a6afbd2d9 None None] Fixed interval looping call 'neutron.plugins.ml2.plugin.DhcpAgentSchedulerDbMixin.remove_networks_from_down_agents' sleeping for 36.99 seconds {{(pid=88667) _run_loop /opt/stack/data/venv/lib/python3.12/site-packages/oslo_service/backend/_threading/loopingcall.py:125}}
May 19 09:50:22.167448 np0000001034 neutron-periodic-workers[88667]: DEBUG dbcounter [-] [88667] Writing DB stats neutron:SELECT=3 {{(pid=88667) stat_writer /opt/stack/data/venv/lib/python3.12/site-packages/dbcounter.py:115}}
May 19 09:50:25.176757 np0000001034 neutron-periodic-workers[88676]: DEBUG neutron.db.agents_db [None req-0f34a158-f6d9-4285-9acb-ad899fe7fa95 None None] Agent healthcheck: found 0 active agents {{(pid=88676) agent_health_check /opt/stack/neutron/neutron/db/agents_db.py:322}}
May 19 09:50:25.177197 np0000001034 neutron-periodic-workers[88676]: DEBUG oslo.service.backend._threading.loopingcall [None req-0f34a158-f6d9-4285-9acb-ad899fe7fa95 None None] Fixed interval looping call 'neutron.plugins.ml2.plugin.AgentDbMixin.agent_health_check' sleeping for 37.00 seconds {{(pid=88676) _run_loop /opt/stack/data/venv/lib/python3.12/site-packages/oslo_service/backend/_threading/loopingcall.py:125}}
May 19 09:50:35.176358 np0000001034 neutron-periodic-workers[88676]: DEBUG dbcounter [-] [88676] Writing DB stats neutron:SELECT=1 {{(pid=88676) stat_writer /opt/stack/data/venv/lib/python3.12/site-packages/dbcounter.py:115}}
May 19 09:50:49.166384 np0000001034 neutron-periodic-workers[88667]: DEBUG oslo.service.backend._threading.loopingcall [None req-c6145ba8-93ad-48e3-95c8-ef1a6afbd2d9 None None] Fixed interval looping call 'neutron.plugins.ml2.plugin.DhcpAgentSchedulerDbMixin.remove_networks_from_down_agents' sleeping for 36.99 seconds {{(pid=88667) _run_loop /opt/stack/data/venv/lib/python3.12/site-packages/oslo_service/backend/_threading/loopingcall.py:125}}
May 19 09:50:59.165589 np0000001034 neutron-periodic-workers[88667]: DEBUG dbcounter [-] [88667] Writing DB stats neutron:SELECT=3 {{(pid=88667) stat_writer /opt/stack/data/venv/lib/python3.12/site-packages/dbcounter.py:115}}
May 19 09:51:02.182974 np0000001034 neutron-periodic-workers[88676]: DEBUG neutron.db.agents_db [None req-0f34a158-f6d9-4285-9acb-ad899fe7fa95 None None] Agent healthcheck: found 0 active agents {{(pid=88676) agent_health_check /opt/stack/neutron/neutron/db/agents_db.py:322}}
May 19 09:51:02.183427 np0000001034 neutron-periodic-workers[88676]: DEBUG oslo.service.backend._threading.loopingcall [None req-0f34a158-f6d9-4285-9acb-ad899fe7fa95 None None] Fixed interval looping call 'neutron.plugins.ml2.plugin.AgentDbMixin.agent_health_check' sleeping for 37.00 seconds {{(pid=88676) _run_loop /opt/stack/data/venv/lib/python3.12/site-packages/oslo_service/backend/_threading/loopingcall.py:125}}
May 19 09:51:07.197667 np0000001034 neutron-periodic-workers[88686]: DEBUG oslo.service.backend._threading.loopingcall [None req-0cd0568b-696d-4754-8a4c-428da3b7a207 None None] Fixed interval looping call 'neutron.db.quota.driver_nolock.DbQuotaNoLockDriver._remove_expired_reservations' sleeping for 120.00 seconds {{(pid=88686) _run_loop /opt/stack/data/venv/lib/python3.12/site-packages/oslo_service/backend/_threading/loopingcall.py:125}}
May 19 09:51:12.183681 np0000001034 neutron-periodic-workers[88676]: DEBUG dbcounter [-] [88676] Writing DB stats neutron:SELECT=1 {{(pid=88676) stat_writer /opt/stack/data/venv/lib/python3.12/site-packages/dbcounter.py:115}}
May 19 09:51:17.197249 np0000001034 neutron-periodic-workers[88686]: DEBUG dbcounter [-] [88686] Writing DB stats neutron:DELETE=1 {{(pid=88686) stat_writer /opt/stack/data/venv/lib/python3.12/site-packages/dbcounter.py:115}}
May 19 09:51:26.166160 np0000001034 neutron-periodic-workers[88667]: DEBUG oslo.service.backend._threading.loopingcall [None req-c6145ba8-93ad-48e3-95c8-ef1a6afbd2d9 None None] Fixed interval looping call 'neutron.plugins.ml2.plugin.DhcpAgentSchedulerDbMixin.remove_networks_from_down_agents' sleeping for 36.99 seconds {{(pid=88667) _run_loop /opt/stack/data/venv/lib/python3.12/site-packages/oslo_service/backend/_threading/loopingcall.py:125}}
May 19 09:51:36.165303 np0000001034 neutron-periodic-workers[88667]: DEBUG dbcounter [-] [88667] Writing DB stats neutron:SELECT=3 {{(pid=88667) stat_writer /opt/stack/data/venv/lib/python3.12/site-packages/dbcounter.py:115}}
May 19 09:51:39.185915 np0000001034 neutron-periodic-workers[88676]: DEBUG neutron.db.agents_db [None req-0f34a158-f6d9-4285-9acb-ad899fe7fa95 None None] Agent healthcheck: found 0 active agents {{(pid=88676) agent_health_check /opt/stack/neutron/neutron/db/agents_db.py:322}}
May 19 09:51:39.186370 np0000001034 neutron-periodic-workers[88676]: DEBUG oslo.service.backend._threading.loopingcall [None req-0f34a158-f6d9-4285-9acb-ad899fe7fa95 None None] Fixed interval looping call 'neutron.plugins.ml2.plugin.AgentDbMixin.agent_health_check' sleeping for 37.00 seconds {{(pid=88676) _run_loop /opt/stack/data/venv/lib/python3.12/site-packages/oslo_service/backend/_threading/loopingcall.py:125}}
May 19 09:51:49.185125 np0000001034 neutron-periodic-workers[88676]: DEBUG dbcounter [-] [88676] Writing DB stats neutron:SELECT=1 {{(pid=88676) stat_writer /opt/stack/data/venv/lib/python3.12/site-packages/dbcounter.py:115}}
May 19 09:52:03.161303 np0000001034 neutron-periodic-workers[88667]: DEBUG oslo.service.backend._threading.loopingcall [None req-c6145ba8-93ad-48e3-95c8-ef1a6afbd2d9 None None] Fixed interval looping call 'neutron.plugins.ml2.plugin.DhcpAgentSchedulerDbMixin.remove_networks_from_down_agents' sleeping for 37.00 seconds {{(pid=88667) _run_loop /opt/stack/data/venv/lib/python3.12/site-packages/oslo_service/backend/_threading/loopingcall.py:125}}
May 19 09:52:13.160893 np0000001034 neutron-periodic-workers[88667]: DEBUG dbcounter [-] [88667] Writing DB stats neutron:SELECT=3 {{(pid=88667) stat_writer /opt/stack/data/venv/lib/python3.12/site-packages/dbcounter.py:115}}
May 19 09:52:13.161751 np0000001034 neutron-periodic-workers[88660]: DEBUG oslo.service.backend._threading.loopingcall [None req-154249fb-7e5d-4ee4-8cfb-8c38237ab448 None None] Fixed interval looping call 'neutron.services.ovn_l3.plugin.L3_NAT_dbonly_mixin._clean_garbage' sleeping for 299.99 seconds {{(pid=88660) _run_loop /opt/stack/data/venv/lib/python3.12/site-packages/oslo_service/backend/_threading/loopingcall.py:125}}
May 19 09:52:16.189392 np0000001034 neutron-periodic-workers[88676]: DEBUG neutron.db.agents_db [None req-0f34a158-f6d9-4285-9acb-ad899fe7fa95 None None] Agent healthcheck: found 0 active agents {{(pid=88676) agent_health_check /opt/stack/neutron/neutron/db/agents_db.py:322}}
May 19 09:52:16.189801 np0000001034 neutron-periodic-workers[88676]: DEBUG oslo.service.backend._threading.loopingcall [None req-0f34a158-f6d9-4285-9acb-ad899fe7fa95 None None] Fixed interval looping call 'neutron.plugins.ml2.plugin.AgentDbMixin.agent_health_check' sleeping for 37.00 seconds {{(pid=88676) _run_loop /opt/stack/data/venv/lib/python3.12/site-packages/oslo_service/backend/_threading/loopingcall.py:125}}
May 19 09:52:23.155878 np0000001034 neutron-periodic-workers[88660]: DEBUG dbcounter [-] [88660] Writing DB stats neutron:SELECT=1 {{(pid=88660) stat_writer /opt/stack/data/venv/lib/python3.12/site-packages/dbcounter.py:115}}
May 19 09:52:26.189168 np0000001034 neutron-periodic-workers[88676]: DEBUG dbcounter [-] [88676] Writing DB stats neutron:SELECT=1 {{(pid=88676) stat_writer /opt/stack/data/venv/lib/python3.12/site-packages/dbcounter.py:115}}
