Jun 23 17:43:09.980923 np0000003479 nova-scheduler[93168]: DEBUG cotyledon.oslo_config_glue [-] oslo_limit.auth_section = None {{(pid=93168) log_opt_values /opt/stack/data/venv/lib/python3.12/site-packages/oslo_config/cfg.py:3253}}
Jun 23 17:43:09.980923 np0000003479 nova-scheduler[93168]: DEBUG cotyledon.oslo_config_glue [-] oslo_limit.auth_type = None {{(pid=93168) log_opt_values /opt/stack/data/venv/lib/python3.12/site-packages/oslo_config/cfg.py:3253}}
Jun 23 17:43:09.980923 np0000003479 nova-scheduler[93168]: DEBUG cotyledon.oslo_config_glue [-] oslo_limit.cafile = None {{(pid=93168) log_opt_values /opt/stack/data/venv/lib/python3.12/site-packages/oslo_config/cfg.py:3253}}
Jun 23 17:43:09.980923 np0000003479 nova-scheduler[93168]: DEBUG cotyledon.oslo_config_glue [-] oslo_limit.certfile = None {{(pid=93168) log_opt_values /opt/stack/data/venv/lib/python3.12/site-packages/oslo_config/cfg.py:3253}}
Jun 23 17:43:09.980923 np0000003479 nova-scheduler[93168]: DEBUG cotyledon.oslo_config_glue [-] oslo_limit.collect_timing = False {{(pid=93168) log_opt_values /opt/stack/data/venv/lib/python3.12/site-packages/oslo_config/cfg.py:3253}}
Jun 23 17:43:09.981235 np0000003479 nova-scheduler[93168]: DEBUG cotyledon.oslo_config_glue [-] oslo_limit.connect_retries = None {{(pid=93168) log_opt_values /opt/stack/data/venv/lib/python3.12/site-packages/oslo_config/cfg.py:3253}}
Jun 23 17:43:09.981235 np0000003479 nova-scheduler[93168]: DEBUG cotyledon.oslo_config_glue [-] oslo_limit.connect_retry_delay = None {{(pid=93168) log_opt_values /opt/stack/data/venv/lib/python3.12/site-packages/oslo_config/cfg.py:3253}}
Jun 23 17:43:09.981235 np0000003479 nova-scheduler[93168]: DEBUG cotyledon.oslo_config_glue [-] oslo_limit.endpoint_id = None {{(pid=93168) log_opt_values /opt/stack/data/venv/lib/python3.12/site-packages/oslo_config/cfg.py:3253}}
Jun 23 17:43:09.981235 np0000003479 nova-scheduler[93168]: DEBUG cotyledon.oslo_config_glue [-] oslo_limit.endpoint_interface = public {{(pid=93168) log_opt_values /opt/stack/data/venv/lib/python3.12/site-packages/oslo_config/cfg.py:3253}}
Jun 23 17:43:09.981235 np0000003479 nova-scheduler[93168]: DEBUG cotyledon.oslo_config_glue [-] oslo_limit.endpoint_override = None {{(pid=93168) log_opt_values /opt/stack/data/venv/lib/python3.12/site-packages/oslo_config/cfg.py:3253}}
Jun 23 17:43:09.981235 np0000003479 nova-scheduler[93168]: DEBUG cotyledon.oslo_config_glue [-] oslo_limit.endpoint_region_name = None {{(pid=93168) log_opt_values /opt/stack/data/venv/lib/python3.12/site-packages/oslo_config/cfg.py:3253}}
Jun 23 17:43:09.981235 np0000003479 nova-scheduler[93168]: DEBUG cotyledon.oslo_config_glue [-] oslo_limit.endpoint_service_name = None {{(pid=93168) log_opt_values /opt/stack/data/venv/lib/python3.12/site-packages/oslo_config/cfg.py:3253}}
Jun 23 17:43:09.981235 np0000003479 nova-scheduler[93168]: DEBUG cotyledon.oslo_config_glue [-] oslo_limit.endpoint_service_type = None {{(pid=93168) log_opt_values /opt/stack/data/venv/lib/python3.12/site-packages/oslo_config/cfg.py:3253}}
Jun 23 17:43:09.981235 np0000003479 nova-scheduler[93168]: DEBUG cotyledon.oslo_config_glue [-] oslo_limit.insecure = False {{(pid=93168) log_opt_values /opt/stack/data/venv/lib/python3.12/site-packages/oslo_config/cfg.py:3253}}
Jun 23 17:43:09.981535 np0000003479 nova-scheduler[93168]: DEBUG cotyledon.oslo_config_glue [-] oslo_limit.keyfile = None {{(pid=93168) log_opt_values /opt/stack/data/venv/lib/python3.12/site-packages/oslo_config/cfg.py:3253}}
Jun 23 17:43:09.981535 np0000003479 nova-scheduler[93168]: DEBUG cotyledon.oslo_config_glue [-] oslo_limit.max_version = None {{(pid=93168) log_opt_values /opt/stack/data/venv/lib/python3.12/site-packages/oslo_config/cfg.py:3253}}
Jun 23 17:43:09.981535 np0000003479 nova-scheduler[93168]: DEBUG cotyledon.oslo_config_glue [-] oslo_limit.min_version = None {{(pid=93168) log_opt_values /opt/stack/data/venv/lib/python3.12/site-packages/oslo_config/cfg.py:3253}}
Jun 23 17:43:09.981535 np0000003479 nova-scheduler[93168]: DEBUG cotyledon.oslo_config_glue [-] oslo_limit.region_name = None {{(pid=93168) log_opt_values /opt/stack/data/venv/lib/python3.12/site-packages/oslo_config/cfg.py:3253}}
Jun 23 17:43:09.981535 np0000003479 nova-scheduler[93168]: DEBUG cotyledon.oslo_config_glue [-] oslo_limit.retriable_status_codes = None {{(pid=93168) log_opt_values /opt/stack/data/venv/lib/python3.12/site-packages/oslo_config/cfg.py:3253}}
Jun 23 17:43:09.981535 np0000003479 nova-scheduler[93168]: DEBUG cotyledon.oslo_config_glue [-] oslo_limit.service_name = None {{(pid=93168) log_opt_values /opt/stack/data/venv/lib/python3.12/site-packages/oslo_config/cfg.py:3253}}
Jun 23 17:43:09.981535 np0000003479 nova-scheduler[93168]: DEBUG cotyledon.oslo_config_glue [-] oslo_limit.service_type = None {{(pid=93168) log_opt_values /opt/stack/data/venv/lib/python3.12/site-packages/oslo_config/cfg.py:3253}}
Jun 23 17:43:09.981535 np0000003479 nova-scheduler[93168]: DEBUG cotyledon.oslo_config_glue [-] oslo_limit.split_loggers = False {{(pid=93168) log_opt_values /opt/stack/data/venv/lib/python3.12/site-packages/oslo_config/cfg.py:3253}}
Jun 23 17:43:09.981535 np0000003479 nova-scheduler[93168]: DEBUG cotyledon.oslo_config_glue [-] oslo_limit.status_code_retries = None {{(pid=93168) log_opt_values /opt/stack/data/venv/lib/python3.12/site-packages/oslo_config/cfg.py:3253}}
Jun 23 17:43:09.981852 np0000003479 nova-scheduler[93168]: DEBUG cotyledon.oslo_config_glue [-] oslo_limit.status_code_retry_delay = None {{(pid=93168) log_opt_values /opt/stack/data/venv/lib/python3.12/site-packages/oslo_config/cfg.py:3253}}
Jun 23 17:43:09.981852 np0000003479 nova-scheduler[93168]: DEBUG cotyledon.oslo_config_glue [-] oslo_limit.timeout = None {{(pid=93168) log_opt_values /opt/stack/data/venv/lib/python3.12/site-packages/oslo_config/cfg.py:3253}}
Jun 23 17:43:09.981852 np0000003479 nova-scheduler[93168]: DEBUG cotyledon.oslo_config_glue [-] oslo_limit.valid_interfaces = None {{(pid=93168) log_opt_values /opt/stack/data/venv/lib/python3.12/site-packages/oslo_config/cfg.py:3253}}
Jun 23 17:43:09.981852 np0000003479 nova-scheduler[93168]: DEBUG cotyledon.oslo_config_glue [-] oslo_limit.version = None {{(pid=93168) log_opt_values /opt/stack/data/venv/lib/python3.12/site-packages/oslo_config/cfg.py:3253}}
Jun 23 17:43:09.981852 np0000003479 nova-scheduler[93168]: DEBUG cotyledon.oslo_config_glue [-] oslo_reports.file_event_handler = None {{(pid=93168) log_opt_values /opt/stack/data/venv/lib/python3.12/site-packages/oslo_config/cfg.py:3253}}
Jun 23 17:43:09.981852 np0000003479 nova-scheduler[93168]: DEBUG cotyledon.oslo_config_glue [-] oslo_reports.file_event_handler_interval = 1 {{(pid=93168) log_opt_values /opt/stack/data/venv/lib/python3.12/site-packages/oslo_config/cfg.py:3253}}
Jun 23 17:43:09.981852 np0000003479 nova-scheduler[93168]: DEBUG cotyledon.oslo_config_glue [-] oslo_reports.log_dir = None {{(pid=93168) log_opt_values /opt/stack/data/venv/lib/python3.12/site-packages/oslo_config/cfg.py:3253}}
Jun 23 17:43:09.981852 np0000003479 nova-scheduler[93168]: DEBUG cotyledon.oslo_config_glue [-] ******************************************************************************** {{(pid=93168) log_opt_values /opt/stack/data/venv/lib/python3.12/site-packages/oslo_config/cfg.py:3260}}
Jun 23 17:43:09.981852 np0000003479 nova-scheduler[93168]: DEBUG cotyledon._service_worker [-] Run service ServiceWrapper(2) [93168] {{(pid=93168) wait_forever /opt/stack/data/venv/lib/python3.12/site-packages/cotyledon/_service_worker.py:218}}
Jun 23 17:43:09.982175 np0000003479 nova-scheduler[93168]: INFO nova.service [-] Starting scheduler node (version 33.1.0)
Jun 23 17:43:09.982175 np0000003479 nova-scheduler[93168]: INFO dbcounter [None req-ee8b96f1-7e13-4246-811c-759fb6b2c13d None None] Registered counter for database nova_cell0
Jun 23 17:43:09.982252 np0000003479 nova-scheduler[93164]: DEBUG oslo_db.sqlalchemy.engines [None req-b38b128b-4a00-4bf8-9134-0098853108dd None None] MySQL server mode set to STRICT_TRANS_TABLES,STRICT_ALL_TABLES,NO_ZERO_IN_DATE,NO_ZERO_DATE,ERROR_FOR_DIVISION_BY_ZERO,TRADITIONAL,NO_ENGINE_SUBSTITUTION {{(pid=93164) _check_effective_sql_mode /opt/stack/data/venv/lib/python3.12/site-packages/oslo_db/sqlalchemy/engines.py:325}}
Jun 23 17:43:09.982839 np0000003479 nova-scheduler[93164]: DEBUG dbcounter [-] [93164] Writer thread running {{(pid=93164) stat_writer /opt/stack/data/venv/lib/python3.12/site-packages/dbcounter.py:102}}
Jun 23 17:43:09.996182 np0000003479 nova-scheduler[93166]: DEBUG oslo_db.sqlalchemy.engines [None req-d0d90d0f-066e-4fe5-8ba0-e3a171504d42 None None] MySQL server mode set to STRICT_TRANS_TABLES,STRICT_ALL_TABLES,NO_ZERO_IN_DATE,NO_ZERO_DATE,ERROR_FOR_DIVISION_BY_ZERO,TRADITIONAL,NO_ENGINE_SUBSTITUTION {{(pid=93166) _check_effective_sql_mode /opt/stack/data/venv/lib/python3.12/site-packages/oslo_db/sqlalchemy/engines.py:325}}
Jun 23 17:43:10.000848 np0000003479 nova-scheduler[93164]: DEBUG nova.service [None req-b38b128b-4a00-4bf8-9134-0098853108dd None None] Creating RPC server for service: nova-scheduler on topic: scheduler {{(pid=93164) start /opt/stack/nova/nova/service.py:196}}
Jun 23 17:43:10.007739 np0000003479 nova-scheduler[93166]: DEBUG dbcounter [-] [93166] Writer thread running {{(pid=93166) stat_writer /opt/stack/data/venv/lib/python3.12/site-packages/dbcounter.py:102}}
Jun 23 17:43:10.008958 np0000003479 nova-scheduler[93168]: DEBUG oslo_db.sqlalchemy.engines [None req-ee8b96f1-7e13-4246-811c-759fb6b2c13d None None] MySQL server mode set to STRICT_TRANS_TABLES,STRICT_ALL_TABLES,NO_ZERO_IN_DATE,NO_ZERO_DATE,ERROR_FOR_DIVISION_BY_ZERO,TRADITIONAL,NO_ENGINE_SUBSTITUTION {{(pid=93168) _check_effective_sql_mode /opt/stack/data/venv/lib/python3.12/site-packages/oslo_db/sqlalchemy/engines.py:325}}
Jun 23 17:43:10.011212 np0000003479 nova-scheduler[93166]: DEBUG nova.service [None req-d0d90d0f-066e-4fe5-8ba0-e3a171504d42 None None] Creating RPC server for service: nova-scheduler on topic: scheduler {{(pid=93166) start /opt/stack/nova/nova/service.py:196}}
Jun 23 17:43:10.019898 np0000003479 nova-scheduler[93168]: DEBUG dbcounter [-] [93168] Writer thread running {{(pid=93168) stat_writer /opt/stack/data/venv/lib/python3.12/site-packages/dbcounter.py:102}}
Jun 23 17:43:10.021978 np0000003479 nova-scheduler[93164]: DEBUG nova.service [None req-b38b128b-4a00-4bf8-9134-0098853108dd None None] Join ServiceGroup membership for this service scheduler {{(pid=93164) start /opt/stack/nova/nova/service.py:222}}
Jun 23 17:43:10.022218 np0000003479 nova-scheduler[93164]: DEBUG nova.servicegroup.drivers.db [None req-b38b128b-4a00-4bf8-9134-0098853108dd None None] DB_Driver: join new ServiceGroup member np0000003479 to the scheduler group, service = {{(pid=93164) join /opt/stack/nova/nova/servicegroup/drivers/db.py:44}}
Jun 23 17:43:10.022802 np0000003479 nova-scheduler[93168]: DEBUG nova.service [None req-ee8b96f1-7e13-4246-811c-759fb6b2c13d None None] Creating RPC server for service: nova-scheduler on topic: scheduler {{(pid=93168) start /opt/stack/nova/nova/service.py:196}}
Jun 23 17:43:10.027667 np0000003479 nova-scheduler[93166]: DEBUG nova.service [None req-d0d90d0f-066e-4fe5-8ba0-e3a171504d42 None None] Join ServiceGroup membership for this service scheduler {{(pid=93166) start /opt/stack/nova/nova/service.py:222}}
Jun 23 17:43:10.027884 np0000003479 nova-scheduler[93166]: DEBUG nova.servicegroup.drivers.db [None req-d0d90d0f-066e-4fe5-8ba0-e3a171504d42 None None] DB_Driver: join new ServiceGroup member np0000003479 to the scheduler group, service = {{(pid=93166) join /opt/stack/nova/nova/servicegroup/drivers/db.py:44}}
Jun 23 17:43:10.042892 np0000003479 nova-scheduler[93168]: DEBUG nova.service [None req-ee8b96f1-7e13-4246-811c-759fb6b2c13d None None] Join ServiceGroup membership for this service scheduler {{(pid=93168) start /opt/stack/nova/nova/service.py:222}}
Jun 23 17:43:10.043262 np0000003479 nova-scheduler[93168]: DEBUG nova.servicegroup.drivers.db [None req-ee8b96f1-7e13-4246-811c-759fb6b2c13d None None] DB_Driver: join new ServiceGroup member np0000003479 to the scheduler group, service = {{(pid=93168) join /opt/stack/nova/nova/servicegroup/drivers/db.py:44}}
Jun 23 17:43:15.035798 np0000003479 nova-scheduler[93164]: DEBUG oslo.service.backend._threading.loopingcall [-] Fixed interval looping call 'nova.servicegroup.drivers.db.DbDriver._report_state' sleeping for 119.99 seconds {{(pid=93164) _run_loop /opt/stack/data/venv/lib/python3.12/site-packages/oslo_service/backend/_threading/loopingcall.py:125}}
Jun 23 17:43:15.042768 np0000003479 nova-scheduler[93166]: DEBUG oslo.service.backend._threading.loopingcall [-] Fixed interval looping call 'nova.servicegroup.drivers.db.DbDriver._report_state' sleeping for 119.99 seconds {{(pid=93166) _run_loop /opt/stack/data/venv/lib/python3.12/site-packages/oslo_service/backend/_threading/loopingcall.py:125}}
Jun 23 17:43:15.053515 np0000003479 nova-scheduler[93168]: DEBUG oslo.service.backend._threading.loopingcall [-] Fixed interval looping call 'nova.servicegroup.drivers.db.DbDriver._report_state' sleeping for 119.99 seconds {{(pid=93168) _run_loop /opt/stack/data/venv/lib/python3.12/site-packages/oslo_service/backend/_threading/loopingcall.py:125}}
Jun 23 17:43:18.622312 np0000003479 nova-scheduler[91885]: DEBUG dbcounter [-] [91885] Writing DB stats nova_api:SELECT=3 {{(pid=91885) stat_writer /opt/stack/data/venv/lib/python3.12/site-packages/dbcounter.py:115}}
Jun 23 17:43:18.759871 np0000003479 nova-scheduler[91885]: DEBUG dbcounter [-] [91885] Writing DB stats nova_cell1:SELECT=1 {{(pid=91885) stat_writer /opt/stack/data/venv/lib/python3.12/site-packages/dbcounter.py:115}}
Jun 23 17:43:18.765811 np0000003479 nova-scheduler[91885]: DEBUG dbcounter [-] [91885] Writing DB stats nova_cell0:SELECT=1 {{(pid=91885) stat_writer /opt/stack/data/venv/lib/python3.12/site-packages/dbcounter.py:115}}
Jun 23 17:43:25.032706 np0000003479 nova-scheduler[93164]: DEBUG dbcounter [-] [93164] Writing DB stats nova_cell0:SELECT=4,nova_cell0:INSERT=1,nova_cell0:UPDATE=1 {{(pid=93164) stat_writer /opt/stack/data/venv/lib/python3.12/site-packages/dbcounter.py:115}}
Jun 23 17:43:25.040070 np0000003479 nova-scheduler[93166]: DEBUG dbcounter [-] [93166] Writing DB stats nova_cell0:SELECT=3 {{(pid=93166) stat_writer /opt/stack/data/venv/lib/python3.12/site-packages/dbcounter.py:115}}
Jun 23 17:43:25.053606 np0000003479 nova-scheduler[93168]: DEBUG dbcounter [-] [93168] Writing DB stats nova_cell0:SELECT=3 {{(pid=93168) stat_writer /opt/stack/data/venv/lib/python3.12/site-packages/dbcounter.py:115}}
Jun 23 17:43:50.031063 np0000003479 nova-scheduler[93166]: DEBUG oslo.service.backend._threading.loopingcall [None req-a0973fe6-3c07-421f-95ff-73fcf62560cd None None] Dynamic interval looping call 'nova.service.Service.periodic_tasks' sleeping for 60.00 seconds {{(pid=93166) _run_loop /opt/stack/data/venv/lib/python3.12/site-packages/oslo_service/backend/_threading/loopingcall.py:125}}
Jun 23 17:43:51.024718 np0000003479 nova-scheduler[93164]: DEBUG oslo.service.backend._threading.loopingcall [None req-ab1299c0-f904-45ff-947d-e67a471d6255 None None] Dynamic interval looping call 'nova.service.Service.periodic_tasks' sleeping for 60.00 seconds {{(pid=93164) _run_loop /opt/stack/data/venv/lib/python3.12/site-packages/oslo_service/backend/_threading/loopingcall.py:125}}
Jun 23 17:43:52.045276 np0000003479 nova-scheduler[93168]: DEBUG oslo.service.backend._threading.loopingcall [None req-bac5872a-0338-420f-8df6-784c4b1af521 None None] Dynamic interval looping call 'nova.service.Service.periodic_tasks' sleeping for 60.00 seconds {{(pid=93168) _run_loop /opt/stack/data/venv/lib/python3.12/site-packages/oslo_service/backend/_threading/loopingcall.py:125}}
Jun 23 17:44:50.032456 np0000003479 nova-scheduler[93166]: DEBUG oslo.service.backend._threading.loopingcall [None req-a0973fe6-3c07-421f-95ff-73fcf62560cd None None] Dynamic interval looping call 'nova.service.Service.periodic_tasks' sleeping for 60.00 seconds {{(pid=93166) _run_loop /opt/stack/data/venv/lib/python3.12/site-packages/oslo_service/backend/_threading/loopingcall.py:125}}
Jun 23 17:44:51.025252 np0000003479 nova-scheduler[93164]: DEBUG oslo.service.backend._threading.loopingcall [None req-ab1299c0-f904-45ff-947d-e67a471d6255 None None] Dynamic interval looping call 'nova.service.Service.periodic_tasks' sleeping for 60.00 seconds {{(pid=93164) _run_loop /opt/stack/data/venv/lib/python3.12/site-packages/oslo_service/backend/_threading/loopingcall.py:125}}
Jun 23 17:44:52.045830 np0000003479 nova-scheduler[93168]: DEBUG oslo.service.backend._threading.loopingcall [None req-bac5872a-0338-420f-8df6-784c4b1af521 None None] Dynamic interval looping call 'nova.service.Service.periodic_tasks' sleeping for 60.00 seconds {{(pid=93168) _run_loop /opt/stack/data/venv/lib/python3.12/site-packages/oslo_service/backend/_threading/loopingcall.py:125}}
Jun 23 17:45:15.033298 np0000003479 nova-scheduler[93164]: DEBUG oslo.service.backend._threading.loopingcall [-] Fixed interval looping call 'nova.servicegroup.drivers.db.DbDriver._report_state' sleeping for 119.99 seconds {{(pid=93164) _run_loop /opt/stack/data/venv/lib/python3.12/site-packages/oslo_service/backend/_threading/loopingcall.py:125}}
Jun 23 17:45:15.036961 np0000003479 nova-scheduler[93166]: DEBUG oslo.service.backend._threading.loopingcall [-] Fixed interval looping call 'nova.servicegroup.drivers.db.DbDriver._report_state' sleeping for 120.00 seconds {{(pid=93166) _run_loop /opt/stack/data/venv/lib/python3.12/site-packages/oslo_service/backend/_threading/loopingcall.py:125}}
Jun 23 17:45:15.046929 np0000003479 nova-scheduler[93168]: DEBUG oslo.service.backend._threading.loopingcall [-] Fixed interval looping call 'nova.servicegroup.drivers.db.DbDriver._report_state' sleeping for 120.00 seconds {{(pid=93168) _run_loop /opt/stack/data/venv/lib/python3.12/site-packages/oslo_service/backend/_threading/loopingcall.py:125}}
Jun 23 17:45:25.029371 np0000003479 nova-scheduler[93164]: DEBUG dbcounter [-] [93164] Writing DB stats nova_cell0:SELECT=1,nova_cell0:UPDATE=1 {{(pid=93164) stat_writer /opt/stack/data/venv/lib/python3.12/site-packages/dbcounter.py:115}}
Jun 23 17:45:25.034468 np0000003479 nova-scheduler[93166]: DEBUG dbcounter [-] [93166] Writing DB stats nova_cell0:SELECT=1 {{(pid=93166) stat_writer /opt/stack/data/venv/lib/python3.12/site-packages/dbcounter.py:115}}
Jun 23 17:45:25.045239 np0000003479 nova-scheduler[93168]: DEBUG dbcounter [-] [93168] Writing DB stats nova_cell0:SELECT=1 {{(pid=93168) stat_writer /opt/stack/data/venv/lib/python3.12/site-packages/dbcounter.py:115}}
Jun 23 17:45:50.033376 np0000003479 nova-scheduler[93166]: DEBUG oslo.service.backend._threading.loopingcall [None req-a0973fe6-3c07-421f-95ff-73fcf62560cd None None] Dynamic interval looping call 'nova.service.Service.periodic_tasks' sleeping for 60.00 seconds {{(pid=93166) _run_loop /opt/stack/data/venv/lib/python3.12/site-packages/oslo_service/backend/_threading/loopingcall.py:125}}
Jun 23 17:45:51.025678 np0000003479 nova-scheduler[93164]: DEBUG oslo.service.backend._threading.loopingcall [None req-ab1299c0-f904-45ff-947d-e67a471d6255 None None] Dynamic interval looping call 'nova.service.Service.periodic_tasks' sleeping for 60.00 seconds {{(pid=93164) _run_loop /opt/stack/data/venv/lib/python3.12/site-packages/oslo_service/backend/_threading/loopingcall.py:125}}
Jun 23 17:45:52.046521 np0000003479 nova-scheduler[93168]: DEBUG oslo.service.backend._threading.loopingcall [None req-bac5872a-0338-420f-8df6-784c4b1af521 None None] Dynamic interval looping call 'nova.service.Service.periodic_tasks' sleeping for 60.00 seconds {{(pid=93168) _run_loop /opt/stack/data/venv/lib/python3.12/site-packages/oslo_service/backend/_threading/loopingcall.py:125}}
Jun 23 17:45:53.741834 np0000003479 nova-scheduler[93164]: DEBUG nova.scheduler.manager [None req-bc8ba14b-2228-4f45-9a0c-b50ad462382d tempest-DeleteServersTestJSON-1624928468 tempest-DeleteServersTestJSON-1624928468-project-member] Starting to schedule for instances: ['37578784-2ac0-44d9-95ea-46761567785d'] {{(pid=93164) select_destinations /opt/stack/nova/nova/scheduler/manager.py:210}}
Jun 23 17:45:53.742518 np0000003479 nova-scheduler[93164]: DEBUG nova.scheduler.request_filter [None req-bc8ba14b-2228-4f45-9a0c-b50ad462382d tempest-DeleteServersTestJSON-1624928468 tempest-DeleteServersTestJSON-1624928468-project-member] compute_status_filter request filter added forbidden trait COMPUTE_STATUS_DISABLED {{(pid=93164) compute_status_filter /opt/stack/nova/nova/scheduler/request_filter.py:253}}
Jun 23 17:45:53.742616 np0000003479 nova-scheduler[93164]: DEBUG nova.scheduler.request_filter [None req-bc8ba14b-2228-4f45-9a0c-b50ad462382d tempest-DeleteServersTestJSON-1624928468 tempest-DeleteServersTestJSON-1624928468-project-member] Request filter 'compute_status_filter' took 0.0 seconds {{(pid=93164) wrapper /opt/stack/nova/nova/scheduler/request_filter.py:46}}
Jun 23 17:45:53.742799 np0000003479 nova-scheduler[93164]: DEBUG nova.scheduler.request_filter [None req-bc8ba14b-2228-4f45-9a0c-b50ad462382d tempest-DeleteServersTestJSON-1624928468 tempest-DeleteServersTestJSON-1624928468-project-member] Request filter 'accelerators_filter' took 0.0 seconds {{(pid=93164) wrapper /opt/stack/nova/nova/scheduler/request_filter.py:46}}
Jun 23 17:45:53.743004 np0000003479 nova-scheduler[93164]: DEBUG nova.scheduler.request_filter [None req-bc8ba14b-2228-4f45-9a0c-b50ad462382d tempest-DeleteServersTestJSON-1624928468 tempest-DeleteServersTestJSON-1624928468-project-member] Request filter 'packed_virtqueue_filter' took 0.0 seconds {{(pid=93164) wrapper /opt/stack/nova/nova/scheduler/request_filter.py:46}}
Jun 23 17:45:53.743256 np0000003479 nova-scheduler[93164]: DEBUG nova.scheduler.request_filter [None req-bc8ba14b-2228-4f45-9a0c-b50ad462382d tempest-DeleteServersTestJSON-1624928468 tempest-DeleteServersTestJSON-1624928468-project-member] Request filter 'remote_managed_ports_filter' took 0.0 seconds {{(pid=93164) wrapper /opt/stack/nova/nova/scheduler/request_filter.py:46}}
Jun 23 17:45:53.743500 np0000003479 nova-scheduler[93164]: DEBUG nova.scheduler.request_filter [None req-bc8ba14b-2228-4f45-9a0c-b50ad462382d tempest-DeleteServersTestJSON-1624928468 tempest-DeleteServersTestJSON-1624928468-project-member] ephemeral_encryption_filter skipped {{(pid=93164) ephemeral_encryption_filter /opt/stack/nova/nova/scheduler/request_filter.py:426}}
Jun 23 17:45:53.743500 np0000003479 nova-scheduler[93164]: DEBUG nova.scheduler.request_filter [None req-bc8ba14b-2228-4f45-9a0c-b50ad462382d tempest-DeleteServersTestJSON-1624928468 tempest-DeleteServersTestJSON-1624928468-project-member] virtio_sound_filter skipped {{(pid=93164) virtio_sound_filter /opt/stack/nova/nova/scheduler/request_filter.py:460}}
Jun 23 17:45:53.743612 np0000003479 nova-scheduler[93164]: DEBUG nova.scheduler.request_filter [None req-bc8ba14b-2228-4f45-9a0c-b50ad462382d tempest-DeleteServersTestJSON-1624928468 tempest-DeleteServersTestJSON-1624928468-project-member] tpm_secret_security_filter skipped {{(pid=93164) tpm_secret_security_filter /opt/stack/nova/nova/scheduler/request_filter.py:477}}
Jun 23 17:45:54.487071 np0000003479 nova-scheduler[93164]: INFO nova.utils [None req-bc8ba14b-2228-4f45-9a0c-b50ad462382d tempest-DeleteServersTestJSON-1624928468 tempest-DeleteServersTestJSON-1624928468-project-member] The cell worker thread pool ForkProcess-1.cell_worker is initialized
Jun 23 17:45:54.487730 np0000003479 nova-scheduler[93164]: DEBUG oslo_concurrency.lockutils [None req-bc8ba14b-2228-4f45-9a0c-b50ad462382d tempest-DeleteServersTestJSON-1624928468 tempest-DeleteServersTestJSON-1624928468-project-member] Acquiring lock "545c6fc3-b605-4208-b0cf-a28f85c540a6" by "nova.context.set_target_cell..get_or_set_cached_cell_and_set_connections" {{(pid=93164) inner /opt/stack/data/venv/lib/python3.12/site-packages/oslo_concurrency/lockutils.py:511}}
Jun 23 17:45:54.488119 np0000003479 nova-scheduler[93164]: DEBUG oslo_concurrency.lockutils [None req-bc8ba14b-2228-4f45-9a0c-b50ad462382d tempest-DeleteServersTestJSON-1624928468 tempest-DeleteServersTestJSON-1624928468-project-member] Lock "545c6fc3-b605-4208-b0cf-a28f85c540a6" acquired by "nova.context.set_target_cell..get_or_set_cached_cell_and_set_connections" :: waited 0.001s {{(pid=93164) inner /opt/stack/data/venv/lib/python3.12/site-packages/oslo_concurrency/lockutils.py:524}}
Jun 23 17:45:54.492024 np0000003479 nova-scheduler[93164]: DEBUG oslo_concurrency.lockutils [None req-bc8ba14b-2228-4f45-9a0c-b50ad462382d tempest-DeleteServersTestJSON-1624928468 tempest-DeleteServersTestJSON-1624928468-project-member] Lock "545c6fc3-b605-4208-b0cf-a28f85c540a6" "released" by "nova.context.set_target_cell..get_or_set_cached_cell_and_set_connections" :: held 0.004s {{(pid=93164) inner /opt/stack/data/venv/lib/python3.12/site-packages/oslo_concurrency/lockutils.py:543}}
Jun 23 17:45:54.495134 np0000003479 nova-scheduler[93164]: INFO dbcounter [None req-bc8ba14b-2228-4f45-9a0c-b50ad462382d tempest-DeleteServersTestJSON-1624928468 tempest-DeleteServersTestJSON-1624928468-project-member] Registered counter for database nova_cell1
Jun 23 17:45:54.533070 np0000003479 nova-scheduler[93164]: DEBUG oslo_db.sqlalchemy.engines [None req-bc8ba14b-2228-4f45-9a0c-b50ad462382d tempest-DeleteServersTestJSON-1624928468 tempest-DeleteServersTestJSON-1624928468-project-member] MySQL server mode set to STRICT_TRANS_TABLES,STRICT_ALL_TABLES,NO_ZERO_IN_DATE,NO_ZERO_DATE,ERROR_FOR_DIVISION_BY_ZERO,TRADITIONAL,NO_ENGINE_SUBSTITUTION {{(pid=93164) _check_effective_sql_mode /opt/stack/data/venv/lib/python3.12/site-packages/oslo_db/sqlalchemy/engines.py:325}}
Jun 23 17:45:54.539145 np0000003479 nova-scheduler[93164]: DEBUG dbcounter [-] [93164] Writer thread running {{(pid=93164) stat_writer /opt/stack/data/venv/lib/python3.12/site-packages/dbcounter.py:102}}
Jun 23 17:45:54.557005 np0000003479 nova-scheduler[93164]: DEBUG oslo_db.sqlalchemy.engines [None req-bc8ba14b-2228-4f45-9a0c-b50ad462382d tempest-DeleteServersTestJSON-1624928468 tempest-DeleteServersTestJSON-1624928468-project-member] Parent process 91885 forked (93164) with an open database connection, which is being discarded and recreated. {{(pid=93164) checkout /opt/stack/data/venv/lib/python3.12/site-packages/oslo_db/sqlalchemy/engines.py:402}}
Jun 23 17:45:54.611972 np0000003479 nova-scheduler[93164]: DEBUG dbcounter [-] [93164] Writer thread running {{(pid=93164) stat_writer /opt/stack/data/venv/lib/python3.12/site-packages/dbcounter.py:102}}
Jun 23 17:45:54.615019 np0000003479 nova-scheduler[93164]: DEBUG oslo_concurrency.lockutils [None req-bc8ba14b-2228-4f45-9a0c-b50ad462382d tempest-DeleteServersTestJSON-1624928468 tempest-DeleteServersTestJSON-1624928468-project-member] Acquiring lock "545c6fc3-b605-4208-b0cf-a28f85c540a6" by "nova.context.set_target_cell..get_or_set_cached_cell_and_set_connections" {{(pid=93164) inner /opt/stack/data/venv/lib/python3.12/site-packages/oslo_concurrency/lockutils.py:511}}
Jun 23 17:45:54.615372 np0000003479 nova-scheduler[93164]: DEBUG oslo_concurrency.lockutils [None req-bc8ba14b-2228-4f45-9a0c-b50ad462382d tempest-DeleteServersTestJSON-1624928468 tempest-DeleteServersTestJSON-1624928468-project-member] Lock "545c6fc3-b605-4208-b0cf-a28f85c540a6" acquired by "nova.context.set_target_cell..get_or_set_cached_cell_and_set_connections" :: waited 0.000s {{(pid=93164) inner /opt/stack/data/venv/lib/python3.12/site-packages/oslo_concurrency/lockutils.py:524}}
Jun 23 17:45:54.615372 np0000003479 nova-scheduler[93164]: DEBUG oslo_concurrency.lockutils [None req-bc8ba14b-2228-4f45-9a0c-b50ad462382d tempest-DeleteServersTestJSON-1624928468 tempest-DeleteServersTestJSON-1624928468-project-member] Lock "545c6fc3-b605-4208-b0cf-a28f85c540a6" "released" by "nova.context.set_target_cell..get_or_set_cached_cell_and_set_connections" :: held 0.000s {{(pid=93164) inner /opt/stack/data/venv/lib/python3.12/site-packages/oslo_concurrency/lockutils.py:543}}
Jun 23 17:45:54.618423 np0000003479 nova-scheduler[93164]: DEBUG oslo_concurrency.lockutils [None req-bc8ba14b-2228-4f45-9a0c-b50ad462382d tempest-DeleteServersTestJSON-1624928468 tempest-DeleteServersTestJSON-1624928468-project-member] Acquiring lock "('np0000003479', 'np0000003479')" by "nova.scheduler.host_manager.HostState.update.._locked_update" {{(pid=93164) inner /opt/stack/data/venv/lib/python3.12/site-packages/oslo_concurrency/lockutils.py:511}}
Jun 23 17:45:54.618609 np0000003479 nova-scheduler[93164]: DEBUG oslo_concurrency.lockutils [None req-bc8ba14b-2228-4f45-9a0c-b50ad462382d tempest-DeleteServersTestJSON-1624928468 tempest-DeleteServersTestJSON-1624928468-project-member] Lock "('np0000003479', 'np0000003479')" acquired by "nova.scheduler.host_manager.HostState.update.._locked_update" :: waited 0.000s {{(pid=93164) inner /opt/stack/data/venv/lib/python3.12/site-packages/oslo_concurrency/lockutils.py:524}}
Jun 23 17:45:54.619908 np0000003479 nova-scheduler[93164]: DEBUG nova.scheduler.host_manager [None req-bc8ba14b-2228-4f45-9a0c-b50ad462382d tempest-DeleteServersTestJSON-1624928468 tempest-DeleteServersTestJSON-1624928468-project-member] Update host state from compute node: ComputeNode(cpu_allocation_ratio=4.0,cpu_info='{"arch": "x86_64", "model": "EPYC-Milan", "vendor": "AMD", "topology": {"cells": 1, "sockets": 16, "cores": 1, "threads": 1}, "maxphysaddr": {"mode": "emulate", "bits": 40}, "features": ["fxsr_opt", "pni", "sse4a", "skip-l1dfl-vmentry", "fsrm", "avx2", "fpu", "nrip-save", "tsc_adjust", "syscall", "pclmuldq", "umip", "abm", "clzero", "stibp", "misalignsse", "mce", "npt", "svm", "vpclmulqdq", "pcid", "osvw", "pschange-mc-no", "lbrv", "de", "ssse3", "amd-psfd", "fxsr", "fma", "invpcid", "lfence-always-serializing", "clflush", "cmov", "pse", "mmxext", "smep", "null-sel-clr-base", "clwb", "vaes", "vgif", "f16c", "hypervisor", "gds-no", "pae", "x2apic", "topoext", "stibp-always-on", "tsc-deadline", "sse2", "3dnowprefetch", "mtrr", "pse36", "smap", "vme", "avx", "perfctr_core", "popcnt", "xsaveerptr", "bmi2", "msr", "no-nested-data-bp", "lm", "sha-ni", "xgetbv1", "movbe", "sep", "cmp_legacy", "tsc", "sse4.2", "rdctl-no", "ibrs", "cx16", "nx", "amd-stibp", "rdseed", "xsaveopt", "arch-capabilities", "erms", "fsgsbase", "ssbd", "rdpid", "ibpb", "mmx", "flushbyasid", "apic", "virt-ssbd", "cx8", "pge", "pfthreshold", "aes", "pdpe1gb", "clflushopt", "mds-no", "vmcb-clean", "v-vmsave-vmload", "pku", "rdtscp", "adx", "cr8legacy", "lahf_lm", "mca", "rdrand", "arat", "pat", "sse4.1", "amd-ssbd", "xsavec", "xsaves", "svme-addr-chk", "pause-filter", "wbnoinvd", "tsc-scale", "sse", "xsave", "spec-ctrl", "bmi1"]}',created_at=2026-06-23T17:43:35Z,current_workload=0,deleted=False,deleted_at=None,disk_allocation_ratio=1.0,disk_available_least=73,free_disk_gb=95,free_ram_mb=62765,host='np0000003479',host_ip=10.4.3.212,hypervisor_hostname='np0000003479',hypervisor_type='QEMU',hypervisor_version=8002002,id=1,local_gb=95,local_gb_used=0,mapped=1,memory_mb=63277,memory_mb_used=512,metrics='[]',numa_topology='{"nova_object.name": "NUMATopology", "nova_object.namespace": "nova", "nova_object.version": "1.2", "nova_object.data": {"cells": [{"nova_object.name": "NUMACell", "nova_object.namespace": "nova", "nova_object.version": "1.5", "nova_object.data": {"id": 0, "cpuset": [0, 1, 2, 3, 4, 5, 6, 7, 8, 9, 10, 11, 12, 13, 14, 15], "pcpuset": [0, 1, 2, 3, 4, 5, 6, 7, 8, 9, 10, 11, 12, 13, 14, 15], "memory": 63277, "cpu_usage": 0, "memory_usage": 0, "pinned_cpus": [], "siblings": [[6], [12], [2], [15], [5], [11], [8], [14], [4], [1], [7], [10], [0], [13], [3], [9]], "mempages": [{"nova_object.name": "NUMAPagesTopology", "nova_object.namespace": "nova", "nova_object.version": "1.1", "nova_object.data": {"size_kb": 4, "total": 16177930, "used": 0, "reserved": 0}, "nova_object.changes": ["used", "size_kb", "total", "reserved"]}, {"nova_object.name": "NUMAPagesTopology", "nova_object.namespace": "nova", "nova_object.version": "1.1", "nova_object.data": {"size_kb": 2048, "total": 41, "used": 0, "reserved": 0}, "nova_object.changes": ["used", "size_kb", "total", "reserved"]}, {"nova_object.name": "NUMAPagesTopology", "nova_object.namespace": "nova", "nova_object.version": "1.1", "nova_object.data": {"size_kb": 1048576, "total": 0, "used": 0, "reserved": 0}, "nova_object.changes": ["used", "size_kb", "total", "reserved"]}], "network_metadata": {"nova_object.name": "NetworkMetadata", "nova_object.namespace": "nova", "nova_object.version": "1.0", "nova_object.data": {"physnets": [], "tunneled": false}, "nova_object.changes": ["tunneled", "physnets"]}, "socket": null}, "nova_object.changes": ["siblings", "pinned_cpus", "pcpuset", "id", "socket", "memory_usage", "memory", "network_metadata", "mempages", "cpuset", "cpu_usage"]}]}, "nova_object.changes": ["cells"]}',pci_device_pools=PciDevicePoolList,ram_allocation_ratio=1.0,running_vms=0,service_id=3,stats={failed_builds='0',uptime=' 17:45:20 up 13 min, 2 users, load average: 1.08, 1.35, 0.80
Jun 23 17:45:54.619908 np0000003479 nova-scheduler[93164]: '},supported_hv_specs=[HVSpec,HVSpec,HVSpec,HVSpec,HVSpec,HVSpec,HVSpec,HVSpec,HVSpec,HVSpec,HVSpec,HVSpec,HVSpec,HVSpec,HVSpec,HVSpec,HVSpec,HVSpec,HVSpec,HVSpec,HVSpec,HVSpec,HVSpec,HVSpec,HVSpec],updated_at=2026-06-23T17:45:22Z,uuid=65162fa5-b5da-4688-ba47-952ed0b3f2d1,vcpus=16,vcpus_used=0) {{(pid=93164) _locked_update /opt/stack/nova/nova/scheduler/host_manager.py:168}}
Jun 23 17:45:54.620666 np0000003479 nova-scheduler[93164]: DEBUG nova.scheduler.host_manager [None req-bc8ba14b-2228-4f45-9a0c-b50ad462382d tempest-DeleteServersTestJSON-1624928468 tempest-DeleteServersTestJSON-1624928468-project-member] Update host state with aggregates: [] {{(pid=93164) _locked_update /opt/stack/nova/nova/scheduler/host_manager.py:171}}
Jun 23 17:45:54.620828 np0000003479 nova-scheduler[93164]: DEBUG nova.scheduler.host_manager [None req-bc8ba14b-2228-4f45-9a0c-b50ad462382d tempest-DeleteServersTestJSON-1624928468 tempest-DeleteServersTestJSON-1624928468-project-member] Update host state with service dict: {'id': 3, 'uuid': 'd0046341-6a52-4aa8-a5a3-57793ba5863d', 'host': 'np0000003479', 'binary': 'nova-compute', 'topic': 'compute', 'report_count': 2, 'disabled': False, 'disabled_reason': None, 'last_seen_up': datetime.datetime(2026, 6, 23, 17, 45, 44, tzinfo=datetime.timezone.utc), 'forced_down': False, 'version': 72, 'created_at': datetime.datetime(2026, 6, 23, 17, 43, 34, tzinfo=datetime.timezone.utc), 'updated_at': datetime.datetime(2026, 6, 23, 17, 45, 44, tzinfo=datetime.timezone.utc), 'deleted_at': None, 'deleted': False} {{(pid=93164) _locked_update /opt/stack/nova/nova/scheduler/host_manager.py:174}}
Jun 23 17:45:54.621106 np0000003479 nova-scheduler[93164]: DEBUG nova.scheduler.host_manager [None req-bc8ba14b-2228-4f45-9a0c-b50ad462382d tempest-DeleteServersTestJSON-1624928468 tempest-DeleteServersTestJSON-1624928468-project-member] Update host state with instances: [] {{(pid=93164) _locked_update /opt/stack/nova/nova/scheduler/host_manager.py:177}}
Jun 23 17:45:54.621282 np0000003479 nova-scheduler[93164]: DEBUG oslo_concurrency.lockutils [None req-bc8ba14b-2228-4f45-9a0c-b50ad462382d tempest-DeleteServersTestJSON-1624928468 tempest-DeleteServersTestJSON-1624928468-project-member] Lock "('np0000003479', 'np0000003479')" "released" by "nova.scheduler.host_manager.HostState.update.._locked_update" :: held 0.003s {{(pid=93164) inner /opt/stack/data/venv/lib/python3.12/site-packages/oslo_concurrency/lockutils.py:543}}
Jun 23 17:45:54.621843 np0000003479 nova-scheduler[93164]: DEBUG nova.filters [None req-bc8ba14b-2228-4f45-9a0c-b50ad462382d tempest-DeleteServersTestJSON-1624928468 tempest-DeleteServersTestJSON-1624928468-project-member] Starting with 1 host(s) {{(pid=93164) get_filtered_objects /opt/stack/nova/nova/filters.py:70}}
Jun 23 17:45:54.622175 np0000003479 nova-scheduler[93164]: DEBUG nova.filters [None req-bc8ba14b-2228-4f45-9a0c-b50ad462382d tempest-DeleteServersTestJSON-1624928468 tempest-DeleteServersTestJSON-1624928468-project-member] Filter ComputeFilter returned 1 host(s) {{(pid=93164) get_filtered_objects /opt/stack/nova/nova/filters.py:102}}
Jun 23 17:45:54.622364 np0000003479 nova-scheduler[93164]: DEBUG nova.filters [None req-bc8ba14b-2228-4f45-9a0c-b50ad462382d tempest-DeleteServersTestJSON-1624928468 tempest-DeleteServersTestJSON-1624928468-project-member] Filter ComputeCapabilitiesFilter returned 1 host(s) {{(pid=93164) get_filtered_objects /opt/stack/nova/nova/filters.py:102}}
Jun 23 17:45:54.622604 np0000003479 nova-scheduler[93164]: DEBUG nova.filters [None req-bc8ba14b-2228-4f45-9a0c-b50ad462382d tempest-DeleteServersTestJSON-1624928468 tempest-DeleteServersTestJSON-1624928468-project-member] Filter ImagePropertiesFilter returned 1 host(s) {{(pid=93164) get_filtered_objects /opt/stack/nova/nova/filters.py:102}}
Jun 23 17:45:54.622770 np0000003479 nova-scheduler[93164]: DEBUG nova.filters [None req-bc8ba14b-2228-4f45-9a0c-b50ad462382d tempest-DeleteServersTestJSON-1624928468 tempest-DeleteServersTestJSON-1624928468-project-member] Filter ServerGroupAntiAffinityFilter returned 1 host(s) {{(pid=93164) get_filtered_objects /opt/stack/nova/nova/filters.py:102}}
Jun 23 17:45:54.622929 np0000003479 nova-scheduler[93164]: DEBUG nova.filters [None req-bc8ba14b-2228-4f45-9a0c-b50ad462382d tempest-DeleteServersTestJSON-1624928468 tempest-DeleteServersTestJSON-1624928468-project-member] Filter ServerGroupAffinityFilter returned 1 host(s) {{(pid=93164) get_filtered_objects /opt/stack/nova/nova/filters.py:102}}
Jun 23 17:45:54.623169 np0000003479 nova-scheduler[93164]: DEBUG nova.filters [None req-bc8ba14b-2228-4f45-9a0c-b50ad462382d tempest-DeleteServersTestJSON-1624928468 tempest-DeleteServersTestJSON-1624928468-project-member] Filter SameHostFilter returned 1 host(s) {{(pid=93164) get_filtered_objects /opt/stack/nova/nova/filters.py:102}}
Jun 23 17:45:54.623367 np0000003479 nova-scheduler[93164]: DEBUG nova.filters [None req-bc8ba14b-2228-4f45-9a0c-b50ad462382d tempest-DeleteServersTestJSON-1624928468 tempest-DeleteServersTestJSON-1624928468-project-member] Filter DifferentHostFilter returned 1 host(s) {{(pid=93164) get_filtered_objects /opt/stack/nova/nova/filters.py:102}}
Jun 23 17:45:54.623573 np0000003479 nova-scheduler[93164]: DEBUG nova.scheduler.manager [None req-bc8ba14b-2228-4f45-9a0c-b50ad462382d tempest-DeleteServersTestJSON-1624928468 tempest-DeleteServersTestJSON-1624928468-project-member] Filtered [(np0000003479, np0000003479) ram: 62765MB disk: 74752MB io_ops: 0 instances: 0, allocation_candidates: 1] {{(pid=93164) _get_sorted_hosts /opt/stack/nova/nova/scheduler/manager.py:743}}
Jun 23 17:45:54.623866 np0000003479 nova-scheduler[93164]: DEBUG nova.scheduler.manager [None req-bc8ba14b-2228-4f45-9a0c-b50ad462382d tempest-DeleteServersTestJSON-1624928468 tempest-DeleteServersTestJSON-1624928468-project-member] Weighed [WeighedHost [host: (np0000003479, np0000003479) ram: 62765MB disk: 74752MB io_ops: 0 instances: 0, allocation_candidates: 1, weight: 0.0]] {{(pid=93164) _get_sorted_hosts /opt/stack/nova/nova/scheduler/manager.py:765}}
Jun 23 17:45:54.624145 np0000003479 nova-scheduler[93164]: DEBUG nova.scheduler.utils [None req-bc8ba14b-2228-4f45-9a0c-b50ad462382d tempest-DeleteServersTestJSON-1624928468 tempest-DeleteServersTestJSON-1624928468-project-member] Attempting to claim resources in the placement API for instance 37578784-2ac0-44d9-95ea-46761567785d {{(pid=93164) claim_resources /opt/stack/nova/nova/scheduler/utils.py:1345}}
Jun 23 17:45:54.769340 np0000003479 nova-scheduler[93164]: DEBUG nova.scheduler.manager [None req-bc8ba14b-2228-4f45-9a0c-b50ad462382d tempest-DeleteServersTestJSON-1624928468 tempest-DeleteServersTestJSON-1624928468-project-member] [instance: 37578784-2ac0-44d9-95ea-46761567785d] Selected host: (np0000003479, np0000003479) ram: 62765MB disk: 74752MB io_ops: 0 instances: 0, allocation_candidates: 1 {{(pid=93164) _consume_selected_host /opt/stack/nova/nova/scheduler/manager.py:625}}
Jun 23 17:45:54.769732 np0000003479 nova-scheduler[93164]: DEBUG oslo_concurrency.lockutils [None req-bc8ba14b-2228-4f45-9a0c-b50ad462382d tempest-DeleteServersTestJSON-1624928468 tempest-DeleteServersTestJSON-1624928468-project-member] Acquiring lock "('np0000003479', 'np0000003479')" by "nova.scheduler.host_manager.HostState.consume_from_request.._locked" {{(pid=93164) inner /opt/stack/data/venv/lib/python3.12/site-packages/oslo_concurrency/lockutils.py:511}}
Jun 23 17:45:54.769971 np0000003479 nova-scheduler[93164]: DEBUG oslo_concurrency.lockutils [None req-bc8ba14b-2228-4f45-9a0c-b50ad462382d tempest-DeleteServersTestJSON-1624928468 tempest-DeleteServersTestJSON-1624928468-project-member] Lock "('np0000003479', 'np0000003479')" acquired by "nova.scheduler.host_manager.HostState.consume_from_request.._locked" :: waited 0.000s {{(pid=93164) inner /opt/stack/data/venv/lib/python3.12/site-packages/oslo_concurrency/lockutils.py:524}}
Jun 23 17:45:54.770193 np0000003479 nova-scheduler[93164]: DEBUG oslo_concurrency.lockutils [None req-bc8ba14b-2228-4f45-9a0c-b50ad462382d tempest-DeleteServersTestJSON-1624928468 tempest-DeleteServersTestJSON-1624928468-project-member] Lock "('np0000003479', 'np0000003479')" "released" by "nova.scheduler.host_manager.HostState.consume_from_request.._locked" :: held 0.000s {{(pid=93164) inner /opt/stack/data/venv/lib/python3.12/site-packages/oslo_concurrency/lockutils.py:543}}
Jun 23 17:45:55.131250 np0000003479 nova-scheduler[93166]: DEBUG nova.scheduler.manager [None req-db732916-bac5-4a3b-947f-263768871f26 tempest-ServerActionsTestOtherA-1184809658 tempest-ServerActionsTestOtherA-1184809658-project-member] Starting to schedule for instances: ['8f4828a5-f37d-4aac-9198-a8421afbb4a0'] {{(pid=93166) select_destinations /opt/stack/nova/nova/scheduler/manager.py:210}}
Jun 23 17:45:55.131663 np0000003479 nova-scheduler[93166]: DEBUG nova.scheduler.request_filter [None req-db732916-bac5-4a3b-947f-263768871f26 tempest-ServerActionsTestOtherA-1184809658 tempest-ServerActionsTestOtherA-1184809658-project-member] compute_status_filter request filter added forbidden trait COMPUTE_STATUS_DISABLED {{(pid=93166) compute_status_filter /opt/stack/nova/nova/scheduler/request_filter.py:253}}
Jun 23 17:45:55.131790 np0000003479 nova-scheduler[93166]: DEBUG nova.scheduler.request_filter [None req-db732916-bac5-4a3b-947f-263768871f26 tempest-ServerActionsTestOtherA-1184809658 tempest-ServerActionsTestOtherA-1184809658-project-member] Request filter 'compute_status_filter' took 0.0 seconds {{(pid=93166) wrapper /opt/stack/nova/nova/scheduler/request_filter.py:46}}
Jun 23 17:45:55.132341 np0000003479 nova-scheduler[93166]: DEBUG nova.scheduler.request_filter [None req-db732916-bac5-4a3b-947f-263768871f26 tempest-ServerActionsTestOtherA-1184809658 tempest-ServerActionsTestOtherA-1184809658-project-member] Request filter 'accelerators_filter' took 0.0 seconds {{(pid=93166) wrapper /opt/stack/nova/nova/scheduler/request_filter.py:46}}
Jun 23 17:45:55.132512 np0000003479 nova-scheduler[93166]: DEBUG nova.scheduler.request_filter [None req-db732916-bac5-4a3b-947f-263768871f26 tempest-ServerActionsTestOtherA-1184809658 tempest-ServerActionsTestOtherA-1184809658-project-member] Request filter 'packed_virtqueue_filter' took 0.0 seconds {{(pid=93166) wrapper /opt/stack/nova/nova/scheduler/request_filter.py:46}}
Jun 23 17:45:55.132755 np0000003479 nova-scheduler[93166]: DEBUG nova.scheduler.request_filter [None req-db732916-bac5-4a3b-947f-263768871f26 tempest-ServerActionsTestOtherA-1184809658 tempest-ServerActionsTestOtherA-1184809658-project-member] Request filter 'remote_managed_ports_filter' took 0.0 seconds {{(pid=93166) wrapper /opt/stack/nova/nova/scheduler/request_filter.py:46}}
Jun 23 17:45:55.132892 np0000003479 nova-scheduler[93166]: DEBUG nova.scheduler.request_filter [None req-db732916-bac5-4a3b-947f-263768871f26 tempest-ServerActionsTestOtherA-1184809658 tempest-ServerActionsTestOtherA-1184809658-project-member] ephemeral_encryption_filter skipped {{(pid=93166) ephemeral_encryption_filter /opt/stack/nova/nova/scheduler/request_filter.py:426}}
Jun 23 17:45:55.133043 np0000003479 nova-scheduler[93166]: DEBUG nova.scheduler.request_filter [None req-db732916-bac5-4a3b-947f-263768871f26 tempest-ServerActionsTestOtherA-1184809658 tempest-ServerActionsTestOtherA-1184809658-project-member] virtio_sound_filter skipped {{(pid=93166) virtio_sound_filter /opt/stack/nova/nova/scheduler/request_filter.py:460}}
Jun 23 17:45:55.133168 np0000003479 nova-scheduler[93166]: DEBUG nova.scheduler.request_filter [None req-db732916-bac5-4a3b-947f-263768871f26 tempest-ServerActionsTestOtherA-1184809658 tempest-ServerActionsTestOtherA-1184809658-project-member] tpm_secret_security_filter skipped {{(pid=93166) tpm_secret_security_filter /opt/stack/nova/nova/scheduler/request_filter.py:477}}
Jun 23 17:45:55.259406 np0000003479 nova-scheduler[93166]: INFO nova.utils [None req-db732916-bac5-4a3b-947f-263768871f26 tempest-ServerActionsTestOtherA-1184809658 tempest-ServerActionsTestOtherA-1184809658-project-member] The cell worker thread pool ForkProcess-2.cell_worker is initialized
Jun 23 17:45:55.259406 np0000003479 nova-scheduler[93166]: DEBUG oslo_concurrency.lockutils [None req-db732916-bac5-4a3b-947f-263768871f26 tempest-ServerActionsTestOtherA-1184809658 tempest-ServerActionsTestOtherA-1184809658-project-member] Acquiring lock "545c6fc3-b605-4208-b0cf-a28f85c540a6" by "nova.context.set_target_cell..get_or_set_cached_cell_and_set_connections" {{(pid=93166) inner /opt/stack/data/venv/lib/python3.12/site-packages/oslo_concurrency/lockutils.py:511}}
Jun 23 17:45:55.259406 np0000003479 nova-scheduler[93166]: DEBUG oslo_concurrency.lockutils [None req-db732916-bac5-4a3b-947f-263768871f26 tempest-ServerActionsTestOtherA-1184809658 tempest-ServerActionsTestOtherA-1184809658-project-member] Lock "545c6fc3-b605-4208-b0cf-a28f85c540a6" acquired by "nova.context.set_target_cell..get_or_set_cached_cell_and_set_connections" :: waited 0.000s {{(pid=93166) inner /opt/stack/data/venv/lib/python3.12/site-packages/oslo_concurrency/lockutils.py:524}}
Jun 23 17:45:55.260448 np0000003479 nova-scheduler[93166]: DEBUG oslo_concurrency.lockutils [None req-db732916-bac5-4a3b-947f-263768871f26 tempest-ServerActionsTestOtherA-1184809658 tempest-ServerActionsTestOtherA-1184809658-project-member] Lock "545c6fc3-b605-4208-b0cf-a28f85c540a6" "released" by "nova.context.set_target_cell..get_or_set_cached_cell_and_set_connections" :: held 0.001s {{(pid=93166) inner /opt/stack/data/venv/lib/python3.12/site-packages/oslo_concurrency/lockutils.py:543}}
Jun 23 17:45:55.263222 np0000003479 nova-scheduler[93166]: INFO dbcounter [None req-db732916-bac5-4a3b-947f-263768871f26 tempest-ServerActionsTestOtherA-1184809658 tempest-ServerActionsTestOtherA-1184809658-project-member] Registered counter for database nova_cell1
Jun 23 17:45:55.301610 np0000003479 nova-scheduler[93166]: DEBUG oslo_db.sqlalchemy.engines [None req-db732916-bac5-4a3b-947f-263768871f26 tempest-ServerActionsTestOtherA-1184809658 tempest-ServerActionsTestOtherA-1184809658-project-member] MySQL server mode set to STRICT_TRANS_TABLES,STRICT_ALL_TABLES,NO_ZERO_IN_DATE,NO_ZERO_DATE,ERROR_FOR_DIVISION_BY_ZERO,TRADITIONAL,NO_ENGINE_SUBSTITUTION {{(pid=93166) _check_effective_sql_mode /opt/stack/data/venv/lib/python3.12/site-packages/oslo_db/sqlalchemy/engines.py:325}}
Jun 23 17:45:55.308080 np0000003479 nova-scheduler[93166]: DEBUG dbcounter [-] [93166] Writer thread running {{(pid=93166) stat_writer /opt/stack/data/venv/lib/python3.12/site-packages/dbcounter.py:102}}
Jun 23 17:45:55.390676 np0000003479 nova-scheduler[93166]: DEBUG dbcounter [-] [93166] Writer thread running {{(pid=93166) stat_writer /opt/stack/data/venv/lib/python3.12/site-packages/dbcounter.py:102}}
Jun 23 17:45:55.403107 np0000003479 nova-scheduler[93166]: DEBUG oslo_concurrency.lockutils [None req-db732916-bac5-4a3b-947f-263768871f26 tempest-ServerActionsTestOtherA-1184809658 tempest-ServerActionsTestOtherA-1184809658-project-member] Acquiring lock "545c6fc3-b605-4208-b0cf-a28f85c540a6" by "nova.context.set_target_cell..get_or_set_cached_cell_and_set_connections" {{(pid=93166) inner /opt/stack/data/venv/lib/python3.12/site-packages/oslo_concurrency/lockutils.py:511}}
Jun 23 17:45:55.403107 np0000003479 nova-scheduler[93166]: DEBUG oslo_concurrency.lockutils [None req-db732916-bac5-4a3b-947f-263768871f26 tempest-ServerActionsTestOtherA-1184809658 tempest-ServerActionsTestOtherA-1184809658-project-member] Lock "545c6fc3-b605-4208-b0cf-a28f85c540a6" acquired by "nova.context.set_target_cell..get_or_set_cached_cell_and_set_connections" :: waited 0.000s {{(pid=93166) inner /opt/stack/data/venv/lib/python3.12/site-packages/oslo_concurrency/lockutils.py:524}}
Jun 23 17:45:55.403107 np0000003479 nova-scheduler[93166]: DEBUG oslo_concurrency.lockutils [None req-db732916-bac5-4a3b-947f-263768871f26 tempest-ServerActionsTestOtherA-1184809658 tempest-ServerActionsTestOtherA-1184809658-project-member] Lock "545c6fc3-b605-4208-b0cf-a28f85c540a6" "released" by "nova.context.set_target_cell..get_or_set_cached_cell_and_set_connections" :: held 0.000s {{(pid=93166) inner /opt/stack/data/venv/lib/python3.12/site-packages/oslo_concurrency/lockutils.py:543}}
Jun 23 17:45:55.405118 np0000003479 nova-scheduler[93166]: DEBUG oslo_concurrency.lockutils [None req-db732916-bac5-4a3b-947f-263768871f26 tempest-ServerActionsTestOtherA-1184809658 tempest-ServerActionsTestOtherA-1184809658-project-member] Acquiring lock "('np0000003479', 'np0000003479')" by "nova.scheduler.host_manager.HostState.update.._locked_update" {{(pid=93166) inner /opt/stack/data/venv/lib/python3.12/site-packages/oslo_concurrency/lockutils.py:511}}
