May 13 17:56:37.724808 np0000000729 devstack@g-api.service[101703]: [pid: 101703|app: 0|req: 77/228] 127.0.0.1 () {44 vars in 1111 bytes} [Wed May 13 17:56:37 2026] GET /v2/images/863e6a7b-5a55-4e40-bef9-19e02947b146 => generated 1696 bytes in 22 msecs (HTTP/1.1 200) 4 headers in 158 bytes (1 switches on core 0)
May 13 17:56:37.773118 np0000000729 devstack@g-api.service[101704]: DEBUG glance.api.middleware.version_negotiation [None req-559ccd25-2909-4481-b336-b03256f898b7 tempest-ServerBootFromVolumeStableRescueTest-2025857897 tempest-ServerBootFromVolumeStableRescueTest-2025857897-project-member] Determining version of request: GET /v2/schemas/image Accept: */* {{(pid=101704) process_request /opt/stack/glance/glance/api/middleware/version_negotiation.py:44}}
May 13 17:56:37.773118 np0000000729 devstack@g-api.service[101704]: DEBUG glance.api.middleware.version_negotiation [None req-559ccd25-2909-4481-b336-b03256f898b7 tempest-ServerBootFromVolumeStableRescueTest-2025857897 tempest-ServerBootFromVolumeStableRescueTest-2025857897-project-member] Using url versioning {{(pid=101704) process_request /opt/stack/glance/glance/api/middleware/version_negotiation.py:57}}
May 13 17:56:37.773118 np0000000729 devstack@g-api.service[101704]: DEBUG glance.api.middleware.version_negotiation [None req-559ccd25-2909-4481-b336-b03256f898b7 tempest-ServerBootFromVolumeStableRescueTest-2025857897 tempest-ServerBootFromVolumeStableRescueTest-2025857897-project-member] Matched version: v2 {{(pid=101704) process_request /opt/stack/glance/glance/api/middleware/version_negotiation.py:69}}
May 13 17:56:37.773118 np0000000729 devstack@g-api.service[101704]: DEBUG glance.api.middleware.version_negotiation [None req-559ccd25-2909-4481-b336-b03256f898b7 tempest-ServerBootFromVolumeStableRescueTest-2025857897 tempest-ServerBootFromVolumeStableRescueTest-2025857897-project-member] new path /v2/schemas/image {{(pid=101704) process_request /opt/stack/glance/glance/api/middleware/version_negotiation.py:70}}
May 13 17:56:37.777837 np0000000729 devstack@g-api.service[101704]: [pid: 101704|app: 0|req: 77/229] 127.0.0.1 () {44 vars in 1051 bytes} [Wed May 13 17:56:37 2026] GET /v2/schemas/image => generated 6083 bytes in 6 msecs (HTTP/1.1 200) 4 headers in 158 bytes (1 switches on core 0)
May 13 17:56:39.545054 np0000000729 devstack@g-api.service[101702]: DEBUG glance.api.middleware.version_negotiation [None req-559ccd25-2909-4481-b336-b03256f898b7 tempest-ServerBootFromVolumeStableRescueTest-2025857897 tempest-ServerBootFromVolumeStableRescueTest-2025857897-project-member] Determining version of request: GET /v2/images/65fdfcd3-824c-4c40-8e9c-d4c40df6951a Accept: */* {{(pid=101702) process_request /opt/stack/glance/glance/api/middleware/version_negotiation.py:44}}
May 13 17:56:39.545285 np0000000729 devstack@g-api.service[101702]: DEBUG glance.api.middleware.version_negotiation [None req-559ccd25-2909-4481-b336-b03256f898b7 tempest-ServerBootFromVolumeStableRescueTest-2025857897 tempest-ServerBootFromVolumeStableRescueTest-2025857897-project-member] Using url versioning {{(pid=101702) process_request /opt/stack/glance/glance/api/middleware/version_negotiation.py:57}}
May 13 17:56:39.545452 np0000000729 devstack@g-api.service[101702]: DEBUG glance.api.middleware.version_negotiation [None req-559ccd25-2909-4481-b336-b03256f898b7 tempest-ServerBootFromVolumeStableRescueTest-2025857897 tempest-ServerBootFromVolumeStableRescueTest-2025857897-project-member] Matched version: v2 {{(pid=101702) process_request /opt/stack/glance/glance/api/middleware/version_negotiation.py:69}}
May 13 17:56:39.545573 np0000000729 devstack@g-api.service[101702]: DEBUG glance.api.middleware.version_negotiation [None req-559ccd25-2909-4481-b336-b03256f898b7 tempest-ServerBootFromVolumeStableRescueTest-2025857897 tempest-ServerBootFromVolumeStableRescueTest-2025857897-project-member] new path /v2/images/65fdfcd3-824c-4c40-8e9c-d4c40df6951a {{(pid=101702) process_request /opt/stack/glance/glance/api/middleware/version_negotiation.py:70}}
May 13 17:56:39.559014 np0000000729 devstack@g-api.service[101702]: [pid: 101702|app: 0|req: 76/230] 127.0.0.1 () {44 vars in 1111 bytes} [Wed May 13 17:56:39 2026] GET /v2/images/65fdfcd3-824c-4c40-8e9c-d4c40df6951a => generated 1044 bytes in 14 msecs (HTTP/1.1 200) 4 headers in 158 bytes (1 switches on core 0)
May 13 17:56:39.598656 np0000000729 devstack@g-api.service[101703]: DEBUG glance.api.middleware.version_negotiation [None req-559ccd25-2909-4481-b336-b03256f898b7 tempest-ServerBootFromVolumeStableRescueTest-2025857897 tempest-ServerBootFromVolumeStableRescueTest-2025857897-project-member] Determining version of request: GET /v2/images/65fdfcd3-824c-4c40-8e9c-d4c40df6951a/file Accept: */* {{(pid=101703) process_request /opt/stack/glance/glance/api/middleware/version_negotiation.py:44}}
May 13 17:56:39.599104 np0000000729 devstack@g-api.service[101703]: DEBUG glance.api.middleware.version_negotiation [None req-559ccd25-2909-4481-b336-b03256f898b7 tempest-ServerBootFromVolumeStableRescueTest-2025857897 tempest-ServerBootFromVolumeStableRescueTest-2025857897-project-member] Using url versioning {{(pid=101703) process_request /opt/stack/glance/glance/api/middleware/version_negotiation.py:57}}
May 13 17:56:39.599104 np0000000729 devstack@g-api.service[101703]: DEBUG glance.api.middleware.version_negotiation [None req-559ccd25-2909-4481-b336-b03256f898b7 tempest-ServerBootFromVolumeStableRescueTest-2025857897 tempest-ServerBootFromVolumeStableRescueTest-2025857897-project-member] Matched version: v2 {{(pid=101703) process_request /opt/stack/glance/glance/api/middleware/version_negotiation.py:69}}
May 13 17:56:39.599104 np0000000729 devstack@g-api.service[101703]: DEBUG glance.api.middleware.version_negotiation [None req-559ccd25-2909-4481-b336-b03256f898b7 tempest-ServerBootFromVolumeStableRescueTest-2025857897 tempest-ServerBootFromVolumeStableRescueTest-2025857897-project-member] new path /v2/images/65fdfcd3-824c-4c40-8e9c-d4c40df6951a/file {{(pid=101703) process_request /opt/stack/glance/glance/api/middleware/version_negotiation.py:70}}
May 13 17:56:39.609943 np0000000729 devstack@g-api.service[101703]: DEBUG glance.api.middleware.cache [None req-443c2db5-5267-4269-8bc0-2f5ffe246146 tempest-ServerActionsTestOtherA-496191262 tempest-ServerActionsTestOtherA-496191262-project-member] Cache hit for image '65fdfcd3-824c-4c40-8e9c-d4c40df6951a' {{(pid=101703) process_request /opt/stack/glance/glance/api/middleware/cache.py:160}}
May 13 17:56:39.694695 np0000000729 devstack@g-api.service[101703]: [pid: 101703|app: 0|req: 78/231] 127.0.0.1 () {44 vars in 1121 bytes} [Wed May 13 17:56:39 2026] GET /v2/images/65fdfcd3-824c-4c40-8e9c-d4c40df6951a/file => generated 21233664 bytes in 96 msecs (HTTP/1.1 200) 5 headers in 217 bytes (331 switches on core 0)
May 13 17:56:39.800088 np0000000729 devstack@g-api.service[101704]: DEBUG glance.api.middleware.version_negotiation [None req-559ccd25-2909-4481-b336-b03256f898b7 tempest-ServerBootFromVolumeStableRescueTest-2025857897 tempest-ServerBootFromVolumeStableRescueTest-2025857897-project-member] Determining version of request: GET /v2/images/65fdfcd3-824c-4c40-8e9c-d4c40df6951a Accept: */* {{(pid=101704) process_request /opt/stack/glance/glance/api/middleware/version_negotiation.py:44}}
May 13 17:56:39.800589 np0000000729 devstack@g-api.service[101704]: DEBUG glance.api.middleware.version_negotiation [None req-559ccd25-2909-4481-b336-b03256f898b7 tempest-ServerBootFromVolumeStableRescueTest-2025857897 tempest-ServerBootFromVolumeStableRescueTest-2025857897-project-member] Using url versioning {{(pid=101704) process_request /opt/stack/glance/glance/api/middleware/version_negotiation.py:57}}
May 13 17:56:39.800589 np0000000729 devstack@g-api.service[101704]: DEBUG glance.api.middleware.version_negotiation [None req-559ccd25-2909-4481-b336-b03256f898b7 tempest-ServerBootFromVolumeStableRescueTest-2025857897 tempest-ServerBootFromVolumeStableRescueTest-2025857897-project-member] Matched version: v2 {{(pid=101704) process_request /opt/stack/glance/glance/api/middleware/version_negotiation.py:69}}
May 13 17:56:39.800589 np0000000729 devstack@g-api.service[101704]: DEBUG glance.api.middleware.version_negotiation [None req-559ccd25-2909-4481-b336-b03256f898b7 tempest-ServerBootFromVolumeStableRescueTest-2025857897 tempest-ServerBootFromVolumeStableRescueTest-2025857897-project-member] new path /v2/images/65fdfcd3-824c-4c40-8e9c-d4c40df6951a {{(pid=101704) process_request /opt/stack/glance/glance/api/middleware/version_negotiation.py:70}}
May 13 17:56:39.811706 np0000000729 devstack@g-api.service[101704]: [pid: 101704|app: 0|req: 78/232] 127.0.0.1 () {44 vars in 1111 bytes} [Wed May 13 17:56:39 2026] GET /v2/images/65fdfcd3-824c-4c40-8e9c-d4c40df6951a => generated 1044 bytes in 12 msecs (HTTP/1.1 200) 4 headers in 158 bytes (1 switches on core 0)
May 13 17:56:39.855744 np0000000729 devstack@g-api.service[101702]: DEBUG glance.api.middleware.version_negotiation [None req-443c2db5-5267-4269-8bc0-2f5ffe246146 tempest-ServerActionsTestOtherA-496191262 tempest-ServerActionsTestOtherA-496191262-project-member] Determining version of request: GET /v2/schemas/image Accept: */* {{(pid=101702) process_request /opt/stack/glance/glance/api/middleware/version_negotiation.py:44}}
May 13 17:56:39.855959 np0000000729 devstack@g-api.service[101702]: DEBUG glance.api.middleware.version_negotiation [None req-443c2db5-5267-4269-8bc0-2f5ffe246146 tempest-ServerActionsTestOtherA-496191262 tempest-ServerActionsTestOtherA-496191262-project-member] Using url versioning {{(pid=101702) process_request /opt/stack/glance/glance/api/middleware/version_negotiation.py:57}}
May 13 17:56:39.856123 np0000000729 devstack@g-api.service[101702]: DEBUG glance.api.middleware.version_negotiation [None req-443c2db5-5267-4269-8bc0-2f5ffe246146 tempest-ServerActionsTestOtherA-496191262 tempest-ServerActionsTestOtherA-496191262-project-member] Matched version: v2 {{(pid=101702) process_request /opt/stack/glance/glance/api/middleware/version_negotiation.py:69}}
May 13 17:56:39.856267 np0000000729 devstack@g-api.service[101702]: DEBUG glance.api.middleware.version_negotiation [None req-443c2db5-5267-4269-8bc0-2f5ffe246146 tempest-ServerActionsTestOtherA-496191262 tempest-ServerActionsTestOtherA-496191262-project-member] new path /v2/schemas/image {{(pid=101702) process_request /opt/stack/glance/glance/api/middleware/version_negotiation.py:70}}
May 13 17:56:39.858866 np0000000729 devstack@g-api.service[101702]: [pid: 101702|app: 0|req: 77/233] 127.0.0.1 () {44 vars in 1051 bytes} [Wed May 13 17:56:39 2026] GET /v2/schemas/image => generated 6083 bytes in 3 msecs (HTTP/1.1 200) 4 headers in 158 bytes (1 switches on core 0)
May 13 17:56:47.900706 np0000000729 devstack@g-api.service[101703]: DEBUG glance.api.middleware.version_negotiation [None req-443c2db5-5267-4269-8bc0-2f5ffe246146 tempest-ServerActionsTestOtherA-496191262 tempest-ServerActionsTestOtherA-496191262-project-member] Determining version of request: DELETE /v2/images/3e74716d-227a-42c4-81e0-087f2b9405ca Accept: */* {{(pid=101703) process_request /opt/stack/glance/glance/api/middleware/version_negotiation.py:44}}
May 13 17:56:47.901133 np0000000729 devstack@g-api.service[101703]: DEBUG glance.api.middleware.version_negotiation [None req-443c2db5-5267-4269-8bc0-2f5ffe246146 tempest-ServerActionsTestOtherA-496191262 tempest-ServerActionsTestOtherA-496191262-project-member] Using url versioning {{(pid=101703) process_request /opt/stack/glance/glance/api/middleware/version_negotiation.py:57}}
May 13 17:56:47.901133 np0000000729 devstack@g-api.service[101703]: DEBUG glance.api.middleware.version_negotiation [None req-443c2db5-5267-4269-8bc0-2f5ffe246146 tempest-ServerActionsTestOtherA-496191262 tempest-ServerActionsTestOtherA-496191262-project-member] Matched version: v2 {{(pid=101703) process_request /opt/stack/glance/glance/api/middleware/version_negotiation.py:69}}
May 13 17:56:47.901133 np0000000729 devstack@g-api.service[101703]: DEBUG glance.api.middleware.version_negotiation [None req-443c2db5-5267-4269-8bc0-2f5ffe246146 tempest-ServerActionsTestOtherA-496191262 tempest-ServerActionsTestOtherA-496191262-project-member] new path /v2/images/3e74716d-227a-42c4-81e0-087f2b9405ca {{(pid=101703) process_request /opt/stack/glance/glance/api/middleware/version_negotiation.py:70}}
May 13 17:56:47.915562 np0000000729 devstack@g-api.service[101703]: WARNING glance.api.v2.images [None req-5a740a73-b02d-43e1-86d9-a3c3006e7b9b tempest-AttachVolumeShelveTestJSON-2106299028 tempest-AttachVolumeShelveTestJSON-2106299028-project-member] After upload to backend, deletion of staged image data has failed because it cannot be found at /tmp/staging//3e74716d-227a-42c4-81e0-087f2b9405ca
May 13 17:56:47.916069 np0000000729 devstack@g-api.service[101703]: DEBUG glance_store.backend [None req-5a740a73-b02d-43e1-86d9-a3c3006e7b9b tempest-AttachVolumeShelveTestJSON-2106299028 tempest-AttachVolumeShelveTestJSON-2106299028-project-member] Attempting to import store swift {{(pid=101703) _load_store /opt/stack/data/venv/lib/python3.12/site-packages/glance_store/backend.py:215}}
May 13 17:56:47.917234 np0000000729 devstack@g-api.service[101703]: DEBUG glance_store.capabilities [None req-5a740a73-b02d-43e1-86d9-a3c3006e7b9b tempest-AttachVolumeShelveTestJSON-2106299028 tempest-AttachVolumeShelveTestJSON-2106299028-project-member] Store glance_store._drivers.swift.store.SingleTenantStore doesn't support updating dynamic storage capabilities. Please overwrite 'update_capabilities' method of the store to implement updating logics if needed. {{(pid=101703) update_capabilities /opt/stack/data/venv/lib/python3.12/site-packages/glance_store/capabilities.py:91}}
May 13 17:56:47.917387 np0000000729 devstack@g-api.service[101703]: DEBUG glance_store.driver [None req-5a740a73-b02d-43e1-86d9-a3c3006e7b9b tempest-AttachVolumeShelveTestJSON-2106299028 tempest-AttachVolumeShelveTestJSON-2106299028-project-member] Late loading location class glance_store._drivers.swift.store.StoreLocation {{(pid=101703) get_store_location_class /opt/stack/data/venv/lib/python3.12/site-packages/glance_store/driver.py:134}}
May 13 17:56:47.917558 np0000000729 devstack@g-api.service[101703]: DEBUG glance_store.location [None req-5a740a73-b02d-43e1-86d9-a3c3006e7b9b tempest-AttachVolumeShelveTestJSON-2106299028 tempest-AttachVolumeShelveTestJSON-2106299028-project-member] Registering scheme swift+https with {'store': , 'location_class': , 'store_entry': 'swift'} {{(pid=101703) register_scheme_map /opt/stack/data/venv/lib/python3.12/site-packages/glance_store/location.py:146}}
May 13 17:56:47.917663 np0000000729 devstack@g-api.service[101703]: DEBUG glance_store.location [None req-5a740a73-b02d-43e1-86d9-a3c3006e7b9b tempest-AttachVolumeShelveTestJSON-2106299028 tempest-AttachVolumeShelveTestJSON-2106299028-project-member] Registering scheme swift+https with {'store': , 'location_class': , 'store_entry': 'swift'} {{(pid=101703) register_scheme_map /opt/stack/data/venv/lib/python3.12/site-packages/glance_store/location.py:146}}
May 13 17:56:47.917799 np0000000729 devstack@g-api.service[101703]: DEBUG glance_store.location [None req-5a740a73-b02d-43e1-86d9-a3c3006e7b9b tempest-AttachVolumeShelveTestJSON-2106299028 tempest-AttachVolumeShelveTestJSON-2106299028-project-member] Registering scheme swift with {'store': , 'location_class': , 'store_entry': 'swift'} {{(pid=101703) register_scheme_map /opt/stack/data/venv/lib/python3.12/site-packages/glance_store/location.py:146}}
May 13 17:56:47.917799 np0000000729 devstack@g-api.service[101703]: DEBUG glance_store.location [None req-5a740a73-b02d-43e1-86d9-a3c3006e7b9b tempest-AttachVolumeShelveTestJSON-2106299028 tempest-AttachVolumeShelveTestJSON-2106299028-project-member] Registering scheme swift+https with {'store': , 'location_class': , 'store_entry': 'swift'} {{(pid=101703) register_scheme_map /opt/stack/data/venv/lib/python3.12/site-packages/glance_store/location.py:146}}
May 13 17:56:47.918046 np0000000729 devstack@g-api.service[101703]: DEBUG glance_store.location [None req-5a740a73-b02d-43e1-86d9-a3c3006e7b9b tempest-AttachVolumeShelveTestJSON-2106299028 tempest-AttachVolumeShelveTestJSON-2106299028-project-member] Registering scheme swift with {'store': , 'location_class': , 'store_entry': 'swift'} {{(pid=101703) register_scheme_map /opt/stack/data/venv/lib/python3.12/site-packages/glance_store/location.py:146}}
May 13 17:56:47.918046 np0000000729 devstack@g-api.service[101703]: DEBUG glance_store.location [None req-5a740a73-b02d-43e1-86d9-a3c3006e7b9b tempest-AttachVolumeShelveTestJSON-2106299028 tempest-AttachVolumeShelveTestJSON-2106299028-project-member] Registering scheme swift+http with {'store': , 'location_class': , 'store_entry': 'swift'} {{(pid=101703) register_scheme_map /opt/stack/data/venv/lib/python3.12/site-packages/glance_store/location.py:146}}
May 13 17:56:47.918046 np0000000729 devstack@g-api.service[101703]: DEBUG glance_store.location [None req-5a740a73-b02d-43e1-86d9-a3c3006e7b9b tempest-AttachVolumeShelveTestJSON-2106299028 tempest-AttachVolumeShelveTestJSON-2106299028-project-member] Registering scheme swift+https with {'store': , 'location_class': , 'store_entry': 'swift'} {{(pid=101703) register_scheme_map /opt/stack/data/venv/lib/python3.12/site-packages/glance_store/location.py:146}}
May 13 17:56:47.918046 np0000000729 devstack@g-api.service[101703]: DEBUG glance_store.location [None req-5a740a73-b02d-43e1-86d9-a3c3006e7b9b tempest-AttachVolumeShelveTestJSON-2106299028 tempest-AttachVolumeShelveTestJSON-2106299028-project-member] Registering scheme swift with {'store': , 'location_class': , 'store_entry': 'swift'} {{(pid=101703) register_scheme_map /opt/stack/data/venv/lib/python3.12/site-packages/glance_store/location.py:146}}
May 13 17:56:47.918301 np0000000729 devstack@g-api.service[101703]: DEBUG glance_store.location [None req-5a740a73-b02d-43e1-86d9-a3c3006e7b9b tempest-AttachVolumeShelveTestJSON-2106299028 tempest-AttachVolumeShelveTestJSON-2106299028-project-member] Registering scheme swift+http with {'store': , 'location_class': , 'store_entry': 'swift'} {{(pid=101703) register_scheme_map /opt/stack/data/venv/lib/python3.12/site-packages/glance_store/location.py:146}}
May 13 17:56:47.918301 np0000000729 devstack@g-api.service[101703]: DEBUG glance_store.location [None req-5a740a73-b02d-43e1-86d9-a3c3006e7b9b tempest-AttachVolumeShelveTestJSON-2106299028 tempest-AttachVolumeShelveTestJSON-2106299028-project-member] Registering scheme swift+config with {'store': , 'location_class': , 'store_entry': 'swift'} {{(pid=101703) register_scheme_map /opt/stack/data/venv/lib/python3.12/site-packages/glance_store/location.py:146}}
May 13 17:56:47.918707 np0000000729 devstack@g-api.service[101703]: DEBUG keystoneclient.auth.identity.v3.base [None req-5a740a73-b02d-43e1-86d9-a3c3006e7b9b tempest-AttachVolumeShelveTestJSON-2106299028 tempest-AttachVolumeShelveTestJSON-2106299028-project-member] Making authentication request to https://10.4.3.98/identity/v3/auth/tokens {{(pid=101703) get_auth_ref /opt/stack/data/venv/lib/python3.12/site-packages/keystoneclient/auth/identity/v3/base.py:185}}
May 13 17:56:48.025756 np0000000729 devstack@g-api.service[101704]: DEBUG glance.api.middleware.version_negotiation [None req-443c2db5-5267-4269-8bc0-2f5ffe246146 tempest-ServerActionsTestOtherA-496191262 tempest-ServerActionsTestOtherA-496191262-project-member] Determining version of request: GET /v2/images/e6708830-044c-410f-81ff-396954a5e27d Accept: application/json {{(pid=101704) process_request /opt/stack/glance/glance/api/middleware/version_negotiation.py:44}}
May 13 17:56:48.026217 np0000000729 devstack@g-api.service[101704]: DEBUG glance.api.middleware.version_negotiation [None req-443c2db5-5267-4269-8bc0-2f5ffe246146 tempest-ServerActionsTestOtherA-496191262 tempest-ServerActionsTestOtherA-496191262-project-member] Using url versioning {{(pid=101704) process_request /opt/stack/glance/glance/api/middleware/version_negotiation.py:57}}
May 13 17:56:48.026217 np0000000729 devstack@g-api.service[101704]: DEBUG glance.api.middleware.version_negotiation [None req-443c2db5-5267-4269-8bc0-2f5ffe246146 tempest-ServerActionsTestOtherA-496191262 tempest-ServerActionsTestOtherA-496191262-project-member] Matched version: v2 {{(pid=101704) process_request /opt/stack/glance/glance/api/middleware/version_negotiation.py:69}}
May 13 17:56:48.026217 np0000000729 devstack@g-api.service[101704]: DEBUG glance.api.middleware.version_negotiation [None req-443c2db5-5267-4269-8bc0-2f5ffe246146 tempest-ServerActionsTestOtherA-496191262 tempest-ServerActionsTestOtherA-496191262-project-member] new path /v2/images/e6708830-044c-410f-81ff-396954a5e27d {{(pid=101704) process_request /opt/stack/glance/glance/api/middleware/version_negotiation.py:70}}
May 13 17:56:48.037467 np0000000729 devstack@g-api.service[101703]: DEBUG keystoneclient.auth.identity.v3.base [None req-5a740a73-b02d-43e1-86d9-a3c3006e7b9b tempest-AttachVolumeShelveTestJSON-2106299028 tempest-AttachVolumeShelveTestJSON-2106299028-project-member] {"token": {"methods": ["password"], "user": {"domain": {"id": "default", "name": "Default"}, "id": "4b0ef47048ec440aa50212634dbf227d", "name": "glance-swift", "password_expires_at": null}, "audit_ids": ["qXUmbQEGQCSzfbAeJ2VbbQ"], "expires_at": "2026-05-13T18:56:47.000000Z", "issued_at": "2026-05-13T17:56:47.000000Z", "project": {"domain": {"id": "default", "name": "Default"}, "id": "3052726a75fe47f196397a101e7bed60", "name": "service"}, "is_domain": false, "roles": [{"id": "dc3bdd6e54684c82bf3b90f149da78d1", "name": "service"}, {"id": "ea025fac9172437393d9e3ff5d59097a", "name": "ResellerAdmin"}], "catalog": [{"endpoints": [{"id": "abe9a13a4ec74f6d801f188df792bfde", "interface": "public", "region_id": "RegionOne", "url": "https://10.4.3.98:8080/v1/AUTH_3052726a75fe47f196397a101e7bed60", "region": "RegionOne"}, {"id": "ba2301448e9f47369d57003f4c797a9c", "interface": "admin", "region_id": "RegionOne", "url": "https://10.4.3.98:8080", "region": "RegionOne"}], "id": "141795dbe7aa40c18537338f1f0e2a31", "type": "object-store", "name": "swift"}, {"endpoints": [{"id": "42d709f1748e4f46bf89f4f3e0a738c1", "interface": "public", "region_id": "RegionOne", "url": "https://10.4.3.98/compute/v2/3052726a75fe47f196397a101e7bed60", "region": "RegionOne"}], "id": "37d4d73ac2924796ac38a2294450aee6", "type": "compute_legacy", "name": "nova_legacy"}, {"endpoints": [{"id": "dff4983b9e114782b0bc0b564c414a6c", "interface": "public", "region_id": "RegionOne", "url": "https://10.4.3.98/compute/v2.1", "region": "RegionOne"}], "id": "3f7fd0c879484e9a87552505339ab781", "type": "compute", "name": "nova"}, {"endpoints": [{"id": "475f6cc698784f51af0bd759424ba7bf", "interface": "public", "region_id": "RegionOne", "url": "https://10.4.3.98/image", "region": "RegionOne"}], "id": "4ac792c4ccea4e7c9a92705bef5413f8", "type": "image", "name": "glance"}, {"endpoints": [{"id": "779b7219293c483cbddf4184e7b76038", "interface": "public", "region_id": "RegionOne", "url": "https://10.4.3.98/placement", "region": "RegionOne"}], "id": "6aa7af8748ee4386a0761e6001f53209", "type": "placement", "name": "placement"}, {"endpoints": [{"id": "2dbf55dae8224cc991f7fd525bea90b8", "interface": "public", "region_id": "RegionOne", "url": "https://10.4.3.98/identity", "region": "RegionOne"}], "id": "97656ada3a3e4ea4a4571c2acdc00294", "type": "identity", "name": "keystone"}, {"endpoints": [{"id": "3de2808c29f2451c8d14b5d1f1be9172", "interface": "public", "region_id": "RegionOne", "url": "https://10.4.3.98/volume/v3", "region": "RegionOne"}], "id": "bbb377f0a4af460a8d10b50a2ffa32c7", "type": "block-storage", "name": "cinder"}, {"endpoints": [{"id": "6c80c12ed19c467191500121448c035f", "interface": "public", "region_id": "RegionOne", "url": "https://10.4.3.98/networking", "region": "RegionOne"}], "id": "db08399055ca404d9892f1977d9fc8a7", "type": "network", "name": "neutron"}]}} {{(pid=101703) get_auth_ref /opt/stack/data/venv/lib/python3.12/site-packages/keystoneclient/auth/identity/v3/base.py:190}}
May 13 17:56:48.037721 np0000000729 devstack@g-api.service[101703]: DEBUG keystoneclient.httpclient [None req-5a740a73-b02d-43e1-86d9-a3c3006e7b9b tempest-AttachVolumeShelveTestJSON-2106299028 tempest-AttachVolumeShelveTestJSON-2106299028-project-member] Failed to find endpoint for management url admin endpoint for identity service not found {{(pid=101703) _process_management_url /opt/stack/data/venv/lib/python3.12/site-packages/keystoneclient/httpclient.py:670}}
May 13 17:56:48.053610 np0000000729 devstack@g-api.service[101704]: [pid: 101704|app: 0|req: 79/234] 127.0.0.1 () {40 vars in 834 bytes} [Wed May 13 17:56:48 2026] GET /v2/images/e6708830-044c-410f-81ff-396954a5e27d => generated 1044 bytes in 28 msecs (HTTP/1.1 200) 4 headers in 158 bytes (1 switches on core 0)
May 13 17:56:48.077215 np0000000729 devstack@g-api.service[101702]: DEBUG glance.api.middleware.version_negotiation [None req-443c2db5-5267-4269-8bc0-2f5ffe246146 tempest-ServerActionsTestOtherA-496191262 tempest-ServerActionsTestOtherA-496191262-project-member] Determining version of request: GET /v2/images/e6708830-044c-410f-81ff-396954a5e27d Accept: */* {{(pid=101702) process_request /opt/stack/glance/glance/api/middleware/version_negotiation.py:44}}
May 13 17:56:48.077620 np0000000729 devstack@g-api.service[101702]: DEBUG glance.api.middleware.version_negotiation [None req-443c2db5-5267-4269-8bc0-2f5ffe246146 tempest-ServerActionsTestOtherA-496191262 tempest-ServerActionsTestOtherA-496191262-project-member] Using url versioning {{(pid=101702) process_request /opt/stack/glance/glance/api/middleware/version_negotiation.py:57}}
May 13 17:56:48.077620 np0000000729 devstack@g-api.service[101702]: DEBUG glance.api.middleware.version_negotiation [None req-443c2db5-5267-4269-8bc0-2f5ffe246146 tempest-ServerActionsTestOtherA-496191262 tempest-ServerActionsTestOtherA-496191262-project-member] Matched version: v2 {{(pid=101702) process_request /opt/stack/glance/glance/api/middleware/version_negotiation.py:69}}
May 13 17:56:48.077734 np0000000729 devstack@g-api.service[101702]: DEBUG glance.api.middleware.version_negotiation [None req-443c2db5-5267-4269-8bc0-2f5ffe246146 tempest-ServerActionsTestOtherA-496191262 tempest-ServerActionsTestOtherA-496191262-project-member] new path /v2/images/e6708830-044c-410f-81ff-396954a5e27d {{(pid=101702) process_request /opt/stack/glance/glance/api/middleware/version_negotiation.py:70}}
May 13 17:56:48.088226 np0000000729 devstack@g-api.service[101702]: [pid: 101702|app: 0|req: 78/235] 127.0.0.1 () {44 vars in 1111 bytes} [Wed May 13 17:56:48 2026] GET /v2/images/e6708830-044c-410f-81ff-396954a5e27d => generated 1044 bytes in 11 msecs (HTTP/1.1 200) 4 headers in 158 bytes (1 switches on core 0)
May 13 17:56:48.097807 np0000000729 devstack@g-api.service[101704]: DEBUG glance.api.middleware.version_negotiation [None req-9e912cbb-619e-4bbf-adb4-788f0cd683da tempest-VolumesBackupsTest-454886691 tempest-VolumesBackupsTest-454886691-project-member] Determining version of request: GET /v2/schemas/image Accept: */* {{(pid=101704) process_request /opt/stack/glance/glance/api/middleware/version_negotiation.py:44}}
May 13 17:56:48.097807 np0000000729 devstack@g-api.service[101704]: DEBUG glance.api.middleware.version_negotiation [None req-9e912cbb-619e-4bbf-adb4-788f0cd683da tempest-VolumesBackupsTest-454886691 tempest-VolumesBackupsTest-454886691-project-member] Using url versioning {{(pid=101704) process_request /opt/stack/glance/glance/api/middleware/version_negotiation.py:57}}
May 13 17:56:48.097807 np0000000729 devstack@g-api.service[101704]: DEBUG glance.api.middleware.version_negotiation [None req-9e912cbb-619e-4bbf-adb4-788f0cd683da tempest-VolumesBackupsTest-454886691 tempest-VolumesBackupsTest-454886691-project-member] Matched version: v2 {{(pid=101704) process_request /opt/stack/glance/glance/api/middleware/version_negotiation.py:69}}
May 13 17:56:48.097807 np0000000729 devstack@g-api.service[101704]: DEBUG glance.api.middleware.version_negotiation [None req-9e912cbb-619e-4bbf-adb4-788f0cd683da tempest-VolumesBackupsTest-454886691 tempest-VolumesBackupsTest-454886691-project-member] new path /v2/schemas/image {{(pid=101704) process_request /opt/stack/glance/glance/api/middleware/version_negotiation.py:70}}
May 13 17:56:48.100107 np0000000729 devstack@g-api.service[101704]: [pid: 101704|app: 0|req: 80/236] 127.0.0.1 () {44 vars in 1051 bytes} [Wed May 13 17:56:48 2026] GET /v2/schemas/image => generated 6083 bytes in 3 msecs (HTTP/1.1 200) 4 headers in 158 bytes (1 switches on core 0)
May 13 17:56:48.110271 np0000000729 devstack@g-api.service[101702]: DEBUG glance.api.middleware.version_negotiation [None req-6d135c2b-daf4-443a-a45c-a7b5e16eea5a tempest-VolumesBackupsTest-454886691 tempest-VolumesBackupsTest-454886691-project-member] Determining version of request: GET /v2/schemas/image Accept: */* {{(pid=101702) process_request /opt/stack/glance/glance/api/middleware/version_negotiation.py:44}}
May 13 17:56:48.110460 np0000000729 devstack@g-api.service[101702]: DEBUG glance.api.middleware.version_negotiation [None req-6d135c2b-daf4-443a-a45c-a7b5e16eea5a tempest-VolumesBackupsTest-454886691 tempest-VolumesBackupsTest-454886691-project-member] Using url versioning {{(pid=101702) process_request /opt/stack/glance/glance/api/middleware/version_negotiation.py:57}}
May 13 17:56:48.110599 np0000000729 devstack@g-api.service[101702]: DEBUG glance.api.middleware.version_negotiation [None req-6d135c2b-daf4-443a-a45c-a7b5e16eea5a tempest-VolumesBackupsTest-454886691 tempest-VolumesBackupsTest-454886691-project-member] Matched version: v2 {{(pid=101702) process_request /opt/stack/glance/glance/api/middleware/version_negotiation.py:69}}
May 13 17:56:48.110727 np0000000729 devstack@g-api.service[101702]: DEBUG glance.api.middleware.version_negotiation [None req-6d135c2b-daf4-443a-a45c-a7b5e16eea5a tempest-VolumesBackupsTest-454886691 tempest-VolumesBackupsTest-454886691-project-member] new path /v2/schemas/image {{(pid=101702) process_request /opt/stack/glance/glance/api/middleware/version_negotiation.py:70}}
May 13 17:56:48.117105 np0000000729 devstack@g-api.service[101702]: [pid: 101702|app: 0|req: 79/237] 127.0.0.1 () {44 vars in 1051 bytes} [Wed May 13 17:56:48 2026] GET /v2/schemas/image => generated 6083 bytes in 7 msecs (HTTP/1.1 200) 4 headers in 158 bytes (1 switches on core 0)
May 13 17:56:48.127321 np0000000729 devstack@g-api.service[101704]: DEBUG glance.api.middleware.version_negotiation [None req-6d135c2b-daf4-443a-a45c-a7b5e16eea5a tempest-VolumesBackupsTest-454886691 tempest-VolumesBackupsTest-454886691-project-member] Determining version of request: GET /v2/images/e6708830-044c-410f-81ff-396954a5e27d Accept: */* {{(pid=101704) process_request /opt/stack/glance/glance/api/middleware/version_negotiation.py:44}}
May 13 17:56:48.127956 np0000000729 devstack@g-api.service[101704]: DEBUG glance.api.middleware.version_negotiation [None req-6d135c2b-daf4-443a-a45c-a7b5e16eea5a tempest-VolumesBackupsTest-454886691 tempest-VolumesBackupsTest-454886691-project-member] Using url versioning {{(pid=101704) process_request /opt/stack/glance/glance/api/middleware/version_negotiation.py:57}}
May 13 17:56:48.128347 np0000000729 devstack@g-api.service[101704]: DEBUG glance.api.middleware.version_negotiation [None req-6d135c2b-daf4-443a-a45c-a7b5e16eea5a tempest-VolumesBackupsTest-454886691 tempest-VolumesBackupsTest-454886691-project-member] Matched version: v2 {{(pid=101704) process_request /opt/stack/glance/glance/api/middleware/version_negotiation.py:69}}
May 13 17:56:48.128639 np0000000729 devstack@g-api.service[101704]: DEBUG glance.api.middleware.version_negotiation [None req-6d135c2b-daf4-443a-a45c-a7b5e16eea5a tempest-VolumesBackupsTest-454886691 tempest-VolumesBackupsTest-454886691-project-member] new path /v2/images/e6708830-044c-410f-81ff-396954a5e27d {{(pid=101704) process_request /opt/stack/glance/glance/api/middleware/version_negotiation.py:70}}
May 13 17:56:48.143619 np0000000729 devstack@g-api.service[101704]: [pid: 101704|app: 0|req: 81/238] 127.0.0.1 () {44 vars in 1111 bytes} [Wed May 13 17:56:48 2026] GET /v2/images/e6708830-044c-410f-81ff-396954a5e27d => generated 1044 bytes in 16 msecs (HTTP/1.1 200) 4 headers in 158 bytes (1 switches on core 0)
May 13 17:56:48.153248 np0000000729 devstack@g-api.service[101702]: DEBUG glance.api.middleware.version_negotiation [None req-6d135c2b-daf4-443a-a45c-a7b5e16eea5a tempest-VolumesBackupsTest-454886691 tempest-VolumesBackupsTest-454886691-project-member] Determining version of request: GET /v2/schemas/image Accept: */* {{(pid=101702) process_request /opt/stack/glance/glance/api/middleware/version_negotiation.py:44}}
May 13 17:56:48.153447 np0000000729 devstack@g-api.service[101702]: DEBUG glance.api.middleware.version_negotiation [None req-6d135c2b-daf4-443a-a45c-a7b5e16eea5a tempest-VolumesBackupsTest-454886691 tempest-VolumesBackupsTest-454886691-project-member] Using url versioning {{(pid=101702) process_request /opt/stack/glance/glance/api/middleware/version_negotiation.py:57}}
May 13 17:56:48.153769 np0000000729 devstack@g-api.service[101702]: DEBUG glance.api.middleware.version_negotiation [None req-6d135c2b-daf4-443a-a45c-a7b5e16eea5a tempest-VolumesBackupsTest-454886691 tempest-VolumesBackupsTest-454886691-project-member] Matched version: v2 {{(pid=101702) process_request /opt/stack/glance/glance/api/middleware/version_negotiation.py:69}}
May 13 17:56:48.153884 np0000000729 devstack@g-api.service[101702]: DEBUG glance.api.middleware.version_negotiation [None req-6d135c2b-daf4-443a-a45c-a7b5e16eea5a tempest-VolumesBackupsTest-454886691 tempest-VolumesBackupsTest-454886691-project-member] new path /v2/schemas/image {{(pid=101702) process_request /opt/stack/glance/glance/api/middleware/version_negotiation.py:70}}
May 13 17:56:48.158094 np0000000729 devstack@g-api.service[101702]: [pid: 101702|app: 0|req: 80/239] 127.0.0.1 () {44 vars in 1051 bytes} [Wed May 13 17:56:48 2026] GET /v2/schemas/image => generated 6083 bytes in 5 msecs (HTTP/1.1 200) 4 headers in 158 bytes (1 switches on core 0)
May 13 17:56:48.175389 np0000000729 devstack@g-api.service[101703]: DEBUG swiftclient [None req-5a740a73-b02d-43e1-86d9-a3c3006e7b9b tempest-AttachVolumeShelveTestJSON-2106299028 tempest-AttachVolumeShelveTestJSON-2106299028-project-member] REQ: curl -i https://10.4.3.98:8080/v1/AUTH_3052726a75fe47f196397a101e7bed60/glance/3e74716d-227a-42c4-81e0-087f2b9405ca -I -H "X-Auth-Token: gAAAAABqBLtfq2lC..." {{(pid=101703) http_log /opt/stack/data/venv/lib/python3.12/site-packages/swiftclient/client.py:160}}
May 13 17:56:48.175389 np0000000729 devstack@g-api.service[101703]: DEBUG swiftclient [None req-5a740a73-b02d-43e1-86d9-a3c3006e7b9b tempest-AttachVolumeShelveTestJSON-2106299028 tempest-AttachVolumeShelveTestJSON-2106299028-project-member] RESP STATUS: 200 OK {{(pid=101703) http_log /opt/stack/data/venv/lib/python3.12/site-packages/swiftclient/client.py:161}}
May 13 17:56:48.175389 np0000000729 devstack@g-api.service[101703]: DEBUG swiftclient [None req-5a740a73-b02d-43e1-86d9-a3c3006e7b9b tempest-AttachVolumeShelveTestJSON-2106299028 tempest-AttachVolumeShelveTestJSON-2106299028-project-member] RESP HEADERS: {'Date': 'Wed, 13 May 2026 17:56:48 GMT', 'Server': 'Apache/2.4.58 (Ubuntu)', 'Content-Type': 'application/octet-stream', 'Content-Length': '53542912', 'X-Object-Manifest': 'glance/3e74716d-227a-42c4-81e0-087f2b9405ca-', 'Last-Modified': 'Wed, 13 May 2026 17:56:15 GMT', 'X-Timestamp': '1778694974.60776', 'Accept-Ranges': 'bytes', 'Etag': '"acf60da9f63e0f00dcbe90b7d7de6825"', 'X-Trans-Id': 'txf03a7d999904410eac87d-006a04bb60', 'X-Openstack-Request-Id': 'txf03a7d999904410eac87d-006a04bb60', 'Connection': 'close'} {{(pid=101703) http_log /opt/stack/data/venv/lib/python3.12/site-packages/swiftclient/client.py:162}}
May 13 17:56:48.177084 np0000000729 devstack@g-api.service[101704]: DEBUG glance.api.middleware.version_negotiation [None req-6d135c2b-daf4-443a-a45c-a7b5e16eea5a tempest-VolumesBackupsTest-454886691 tempest-VolumesBackupsTest-454886691-project-member] Determining version of request: GET /v2/schemas/image Accept: */* {{(pid=101704) process_request /opt/stack/glance/glance/api/middleware/version_negotiation.py:44}}
May 13 17:56:48.177084 np0000000729 devstack@g-api.service[101704]: DEBUG glance.api.middleware.version_negotiation [None req-6d135c2b-daf4-443a-a45c-a7b5e16eea5a tempest-VolumesBackupsTest-454886691 tempest-VolumesBackupsTest-454886691-project-member] Using url versioning {{(pid=101704) process_request /opt/stack/glance/glance/api/middleware/version_negotiation.py:57}}
May 13 17:56:48.177084 np0000000729 devstack@g-api.service[101704]: DEBUG glance.api.middleware.version_negotiation [None req-6d135c2b-daf4-443a-a45c-a7b5e16eea5a tempest-VolumesBackupsTest-454886691 tempest-VolumesBackupsTest-454886691-project-member] Matched version: v2 {{(pid=101704) process_request /opt/stack/glance/glance/api/middleware/version_negotiation.py:69}}
May 13 17:56:48.177084 np0000000729 devstack@g-api.service[101704]: DEBUG glance.api.middleware.version_negotiation [None req-6d135c2b-daf4-443a-a45c-a7b5e16eea5a tempest-VolumesBackupsTest-454886691 tempest-VolumesBackupsTest-454886691-project-member] new path /v2/schemas/image {{(pid=101704) process_request /opt/stack/glance/glance/api/middleware/version_negotiation.py:70}}
May 13 17:56:48.179478 np0000000729 devstack@g-api.service[101704]: [pid: 101704|app: 0|req: 82/240] 127.0.0.1 () {44 vars in 1051 bytes} [Wed May 13 17:56:48 2026] GET /v2/schemas/image => generated 6083 bytes in 3 msecs (HTTP/1.1 200) 4 headers in 158 bytes (1 switches on core 0)
May 13 17:56:48.202360 np0000000729 devstack@g-api.service[101703]: DEBUG swiftclient [None req-5a740a73-b02d-43e1-86d9-a3c3006e7b9b tempest-AttachVolumeShelveTestJSON-2106299028 tempest-AttachVolumeShelveTestJSON-2106299028-project-member] REQ: curl -i https://10.4.3.98:8080/v1/AUTH_3052726a75fe47f196397a101e7bed60/glance?format=json&prefix=3e74716d-227a-42c4-81e0-087f2b9405ca- -X GET -H "X-Auth-Token: gAAAAABqBLtfq2lC..." -H "Accept-Encoding: gzip" {{(pid=101703) http_log /opt/stack/data/venv/lib/python3.12/site-packages/swiftclient/client.py:160}}
May 13 17:56:48.202360 np0000000729 devstack@g-api.service[101703]: DEBUG swiftclient [None req-5a740a73-b02d-43e1-86d9-a3c3006e7b9b tempest-AttachVolumeShelveTestJSON-2106299028 tempest-AttachVolumeShelveTestJSON-2106299028-project-member] RESP STATUS: 200 OK {{(pid=101703) http_log /opt/stack/data/venv/lib/python3.12/site-packages/swiftclient/client.py:161}}
May 13 17:56:48.202360 np0000000729 devstack@g-api.service[101703]: DEBUG swiftclient [None req-5a740a73-b02d-43e1-86d9-a3c3006e7b9b tempest-AttachVolumeShelveTestJSON-2106299028 tempest-AttachVolumeShelveTestJSON-2106299028-project-member] RESP HEADERS: {'Date': 'Wed, 13 May 2026 17:56:48 GMT', 'Server': 'Apache/2.4.58 (Ubuntu)', 'Content-Type': 'application/json; charset=utf-8', 'Content-Length': '210', 'X-Container-Object-Count': '7', 'X-Container-Bytes-Used': '141426688', 'X-Timestamp': '1778694582.67398', 'Last-Modified': 'Wed, 13 May 2026 17:49:43 GMT', 'Accept-Ranges': 'bytes', 'X-Storage-Policy': 'Policy-0', 'X-Container-Sharding': 'False', 'X-Trans-Id': 'tx80d7cec17d414b2b93f3b-006a04bb60', 'X-Openstack-Request-Id': 'tx80d7cec17d414b2b93f3b-006a04bb60', 'Connection': 'close'} {{(pid=101703) http_log /opt/stack/data/venv/lib/python3.12/site-packages/swiftclient/client.py:162}}
May 13 17:56:48.202360 np0000000729 devstack@g-api.service[101703]: DEBUG swiftclient [None req-5a740a73-b02d-43e1-86d9-a3c3006e7b9b tempest-AttachVolumeShelveTestJSON-2106299028 tempest-AttachVolumeShelveTestJSON-2106299028-project-member] RESP BODY: b'[{"bytes": 53542912, "hash": "fdda1b0b437b46cf1b3cf6e802c0bc73", "name": "3e74716d-227a-42c4-81e0-087f2b9405ca-00001", "content_type": "application/octet-stream", "last_modified": "2026-05-13T17:56:13.516830"}]' {{(pid=101703) http_log /opt/stack/data/venv/lib/python3.12/site-packages/swiftclient/client.py:166}}
May 13 17:56:48.212086 np0000000729 devstack@g-api.service[101702]: DEBUG glance.api.middleware.version_negotiation [None req-6d135c2b-daf4-443a-a45c-a7b5e16eea5a tempest-VolumesBackupsTest-454886691 tempest-VolumesBackupsTest-454886691-project-member] Determining version of request: GET /v2/images/e6708830-044c-410f-81ff-396954a5e27d Accept: */* {{(pid=101702) process_request /opt/stack/glance/glance/api/middleware/version_negotiation.py:44}}
May 13 17:56:48.212270 np0000000729 devstack@g-api.service[101702]: DEBUG glance.api.middleware.version_negotiation [None req-6d135c2b-daf4-443a-a45c-a7b5e16eea5a tempest-VolumesBackupsTest-454886691 tempest-VolumesBackupsTest-454886691-project-member] Using url versioning {{(pid=101702) process_request /opt/stack/glance/glance/api/middleware/version_negotiation.py:57}}
May 13 17:56:48.212395 np0000000729 devstack@g-api.service[101702]: DEBUG glance.api.middleware.version_negotiation [None req-6d135c2b-daf4-443a-a45c-a7b5e16eea5a tempest-VolumesBackupsTest-454886691 tempest-VolumesBackupsTest-454886691-project-member] Matched version: v2 {{(pid=101702) process_request /opt/stack/glance/glance/api/middleware/version_negotiation.py:69}}
May 13 17:56:48.212615 np0000000729 devstack@g-api.service[101702]: DEBUG glance.api.middleware.version_negotiation [None req-6d135c2b-daf4-443a-a45c-a7b5e16eea5a tempest-VolumesBackupsTest-454886691 tempest-VolumesBackupsTest-454886691-project-member] new path /v2/images/e6708830-044c-410f-81ff-396954a5e27d {{(pid=101702) process_request /opt/stack/glance/glance/api/middleware/version_negotiation.py:70}}
May 13 17:56:48.223879 np0000000729 devstack@g-api.service[101702]: [pid: 101702|app: 0|req: 81/241] 127.0.0.1 () {44 vars in 1111 bytes} [Wed May 13 17:56:48 2026] GET /v2/images/e6708830-044c-410f-81ff-396954a5e27d => generated 1044 bytes in 12 msecs (HTTP/1.1 200) 4 headers in 158 bytes (1 switches on core 0)
May 13 17:56:48.234476 np0000000729 devstack@g-api.service[101704]: DEBUG glance.api.middleware.version_negotiation [None req-6d135c2b-daf4-443a-a45c-a7b5e16eea5a tempest-VolumesBackupsTest-454886691 tempest-VolumesBackupsTest-454886691-project-member] Determining version of request: GET /v2/schemas/image Accept: */* {{(pid=101704) process_request /opt/stack/glance/glance/api/middleware/version_negotiation.py:44}}
May 13 17:56:48.234476 np0000000729 devstack@g-api.service[101704]: DEBUG glance.api.middleware.version_negotiation [None req-6d135c2b-daf4-443a-a45c-a7b5e16eea5a tempest-VolumesBackupsTest-454886691 tempest-VolumesBackupsTest-454886691-project-member] Using url versioning {{(pid=101704) process_request /opt/stack/glance/glance/api/middleware/version_negotiation.py:57}}
May 13 17:56:48.234476 np0000000729 devstack@g-api.service[101704]: DEBUG glance.api.middleware.version_negotiation [None req-6d135c2b-daf4-443a-a45c-a7b5e16eea5a tempest-VolumesBackupsTest-454886691 tempest-VolumesBackupsTest-454886691-project-member] Matched version: v2 {{(pid=101704) process_request /opt/stack/glance/glance/api/middleware/version_negotiation.py:69}}
May 13 17:56:48.234602 np0000000729 devstack@g-api.service[101704]: DEBUG glance.api.middleware.version_negotiation [None req-6d135c2b-daf4-443a-a45c-a7b5e16eea5a tempest-VolumesBackupsTest-454886691 tempest-VolumesBackupsTest-454886691-project-member] new path /v2/schemas/image {{(pid=101704) process_request /opt/stack/glance/glance/api/middleware/version_negotiation.py:70}}
May 13 17:56:48.241163 np0000000729 devstack@g-api.service[101703]: DEBUG swiftclient [None req-5a740a73-b02d-43e1-86d9-a3c3006e7b9b tempest-AttachVolumeShelveTestJSON-2106299028 tempest-AttachVolumeShelveTestJSON-2106299028-project-member] REQ: curl -i https://10.4.3.98:8080/v1/AUTH_3052726a75fe47f196397a101e7bed60/glance/3e74716d-227a-42c4-81e0-087f2b9405ca-00001 DELETE -H "X-Auth-Token: gAAAAABqBLtfq2lC..." {{(pid=101703) http_log /opt/stack/data/venv/lib/python3.12/site-packages/swiftclient/client.py:160}}
May 13 17:56:48.241285 np0000000729 devstack@g-api.service[101703]: DEBUG swiftclient [None req-5a740a73-b02d-43e1-86d9-a3c3006e7b9b tempest-AttachVolumeShelveTestJSON-2106299028 tempest-AttachVolumeShelveTestJSON-2106299028-project-member] RESP STATUS: 204 No Content {{(pid=101703) http_log /opt/stack/data/venv/lib/python3.12/site-packages/swiftclient/client.py:161}}
May 13 17:56:48.242874 np0000000729 devstack@g-api.service[101703]: DEBUG swiftclient [None req-5a740a73-b02d-43e1-86d9-a3c3006e7b9b tempest-AttachVolumeShelveTestJSON-2106299028 tempest-AttachVolumeShelveTestJSON-2106299028-project-member] RESP HEADERS: {'Date': 'Wed, 13 May 2026 17:56:48 GMT', 'Server': 'Apache/2.4.58 (Ubuntu)', 'Content-Type': 'text/html; charset=UTF-8', 'X-Trans-Id': 'txfd39b4529b4d426d861a0-006a04bb60', 'X-Openstack-Request-Id': 'txfd39b4529b4d426d861a0-006a04bb60', 'Connection': 'close'} {{(pid=101703) http_log /opt/stack/data/venv/lib/python3.12/site-packages/swiftclient/client.py:162}}
May 13 17:56:48.243700 np0000000729 devstack@g-api.service[101704]: [pid: 101704|app: 0|req: 83/242] 127.0.0.1 () {44 vars in 1051 bytes} [Wed May 13 17:56:48 2026] GET /v2/schemas/image => generated 6083 bytes in 10 msecs (HTTP/1.1 200) 4 headers in 158 bytes (1 switches on core 0)
May 13 17:56:48.271958 np0000000729 devstack@g-api.service[101703]: DEBUG swiftclient [None req-5a740a73-b02d-43e1-86d9-a3c3006e7b9b tempest-AttachVolumeShelveTestJSON-2106299028 tempest-AttachVolumeShelveTestJSON-2106299028-project-member] REQ: curl -i https://10.4.3.98:8080/v1/AUTH_3052726a75fe47f196397a101e7bed60/glance/3e74716d-227a-42c4-81e0-087f2b9405ca DELETE -H "X-Auth-Token: gAAAAABqBLtfq2lC..." {{(pid=101703) http_log /opt/stack/data/venv/lib/python3.12/site-packages/swiftclient/client.py:160}}
May 13 17:56:48.272185 np0000000729 devstack@g-api.service[101703]: DEBUG swiftclient [None req-5a740a73-b02d-43e1-86d9-a3c3006e7b9b tempest-AttachVolumeShelveTestJSON-2106299028 tempest-AttachVolumeShelveTestJSON-2106299028-project-member] RESP STATUS: 204 No Content {{(pid=101703) http_log /opt/stack/data/venv/lib/python3.12/site-packages/swiftclient/client.py:161}}
May 13 17:56:48.272242 np0000000729 devstack@g-api.service[101703]: DEBUG swiftclient [None req-5a740a73-b02d-43e1-86d9-a3c3006e7b9b tempest-AttachVolumeShelveTestJSON-2106299028 tempest-AttachVolumeShelveTestJSON-2106299028-project-member] RESP HEADERS: {'Date': 'Wed, 13 May 2026 17:56:48 GMT', 'Server': 'Apache/2.4.58 (Ubuntu)', 'Content-Type': 'text/html; charset=UTF-8', 'X-Trans-Id': 'txc7aba472c5f24060ae562-006a04bb60', 'X-Openstack-Request-Id': 'txc7aba472c5f24060ae562-006a04bb60', 'Connection': 'close'} {{(pid=101703) http_log /opt/stack/data/venv/lib/python3.12/site-packages/swiftclient/client.py:162}}
May 13 17:56:48.401232 np0000000729 devstack@g-api.service[101703]: DEBUG glance.api.middleware.cache [None req-5a740a73-b02d-43e1-86d9-a3c3006e7b9b tempest-AttachVolumeShelveTestJSON-2106299028 tempest-AttachVolumeShelveTestJSON-2106299028-project-member] Removing image 3e74716d-227a-42c4-81e0-087f2b9405ca from cache {{(pid=101703) _process_DELETE_response /opt/stack/glance/glance/api/middleware/cache.py:264}}
May 13 17:56:48.402993 np0000000729 devstack@g-api.service[101703]: DEBUG glance.image_cache.drivers.centralized_db [None req-5a740a73-b02d-43e1-86d9-a3c3006e7b9b tempest-AttachVolumeShelveTestJSON-2106299028 tempest-AttachVolumeShelveTestJSON-2106299028-project-member] Deleting image cache file '/opt/stack/data/glance/cache/3e74716d-227a-42c4-81e0-087f2b9405ca' {{(pid=101703) delete_cached_file /opt/stack/glance/glance/image_cache/drivers/centralized_db.py:395}}
May 13 17:56:48.434077 np0000000729 devstack@g-api.service[101703]: [pid: 101703|app: 0|req: 79/243] 127.0.0.1 () {46 vars in 1133 bytes} [Wed May 13 17:56:47 2026] DELETE /v2/images/3e74716d-227a-42c4-81e0-087f2b9405ca => generated 0 bytes in 534 msecs (HTTP/1.1 204) 4 headers in 171 bytes (1 switches on core 0)
May 13 17:56:48.683864 np0000000729 devstack@g-api.service[101702]: DEBUG glance.api.middleware.version_negotiation [None req-6d135c2b-daf4-443a-a45c-a7b5e16eea5a tempest-VolumesBackupsTest-454886691 tempest-VolumesBackupsTest-454886691-project-member] Determining version of request: GET /versions Accept: */* {{(pid=101702) process_request /opt/stack/glance/glance/api/middleware/version_negotiation.py:44}}
May 13 17:56:48.684714 np0000000729 devstack@g-api.service[101702]: [pid: 101702|app: 0|req: 82/244] 127.0.0.1 () {44 vars in 1035 bytes} [Wed May 13 17:56:48 2026] GET /versions => generated 1394 bytes in 1 msecs (HTTP/1.1 200) 3 headers in 92 bytes (1 switches on core 0)
May 13 17:56:48.695410 np0000000729 devstack@g-api.service[101704]: DEBUG glance.api.middleware.version_negotiation [None req-6d135c2b-daf4-443a-a45c-a7b5e16eea5a tempest-VolumesBackupsTest-454886691 tempest-VolumesBackupsTest-454886691-project-member] Determining version of request: GET /v2/images/e6708830-044c-410f-81ff-396954a5e27d/locations Accept: */* {{(pid=101704) process_request /opt/stack/glance/glance/api/middleware/version_negotiation.py:44}}
May 13 17:56:48.695536 np0000000729 devstack@g-api.service[101704]: DEBUG glance.api.middleware.version_negotiation [None req-6d135c2b-daf4-443a-a45c-a7b5e16eea5a tempest-VolumesBackupsTest-454886691 tempest-VolumesBackupsTest-454886691-project-member] Using url versioning {{(pid=101704) process_request /opt/stack/glance/glance/api/middleware/version_negotiation.py:57}}
