May 13 17:48:50.348350 np0000000729 devstack@neutron-api.service[89667]: DEBUG neutron.api.extensions [None req-5247405a-272d-4db9-8865-ffe2cc66bbf5 None None] Ext name="Segment" alias="segment" description="Segments extension." updated="2016-02-24T17:00:00-00:00" {{(pid=89667) _check_extension /opt/stack/neutron/neutron/api/extensions.py:415}}
May 13 17:48:50.348546 np0000000729 devstack@neutron-api.service[89667]: INFO neutron.api.extensions [None req-5247405a-272d-4db9-8865-ffe2cc66bbf5 None None] Extension segment not supported by any of loaded plugins
May 13 17:48:50.348632 np0000000729 devstack@neutron-api.service[89667]: DEBUG neutron.api.extensions [None req-5247405a-272d-4db9-8865-ffe2cc66bbf5 None None] Loading extension file: segments_peer_subnet_host_routes.py {{(pid=89667) _load_all_extensions_from_path /opt/stack/neutron/neutron/api/extensions.py:449}}
May 13 17:48:50.348845 np0000000729 devstack@neutron-api.service[89665]: DEBUG neutron.api.extensions [None req-6a503e60-749e-4bcf-ba4b-fb31f7609cfa None None] Extended resource: quotas {{(pid=89665) __init__ /opt/stack/neutron/neutron/api/extensions.py:156}}
May 13 17:48:50.348886 np0000000729 devstack@neutron-api.service[89667]: DEBUG neutron.api.extensions [None req-5247405a-272d-4db9-8865-ffe2cc66bbf5 None None] Ext name="Segments peer-subnet host routes" alias="segments-peer-subnet-host-routes" description="Add host routes to subnets on a routed network (segments)" updated="2018-06-12T10:00:00-00:00" {{(pid=89667) _check_extension /opt/stack/neutron/neutron/api/extensions.py:415}}
May 13 17:48:50.348997 np0000000729 devstack@neutron-api.service[89667]: INFO neutron.api.extensions [None req-5247405a-272d-4db9-8865-ffe2cc66bbf5 None None] Extension segments-peer-subnet-host-routes not supported by any of loaded plugins
May 13 17:48:50.349079 np0000000729 devstack@neutron-api.service[89667]: DEBUG neutron.api.extensions [None req-5247405a-272d-4db9-8865-ffe2cc66bbf5 None None] Loading extension file: servicetype.py {{(pid=89667) _load_all_extensions_from_path /opt/stack/neutron/neutron/api/extensions.py:449}}
May 13 17:48:50.349318 np0000000729 devstack@neutron-api.service[89667]: DEBUG neutron.api.extensions [None req-5247405a-272d-4db9-8865-ffe2cc66bbf5 None None] Ext name="Neutron Service Type Management" alias="service-type" description="API for retrieving service providers for Neutron advanced services" updated="2013-01-20T00:00:00-00:00" {{(pid=89667) _check_extension /opt/stack/neutron/neutron/api/extensions.py:415}}
May 13 17:48:50.349511 np0000000729 devstack@neutron-api.service[89667]: INFO neutron.api.extensions [None req-5247405a-272d-4db9-8865-ffe2cc66bbf5 None None] Loaded extension: service-type
May 13 17:48:50.349595 np0000000729 devstack@neutron-api.service[89667]: DEBUG neutron.api.extensions [None req-5247405a-272d-4db9-8865-ffe2cc66bbf5 None None] Loading extension file: sorting.py {{(pid=89667) _load_all_extensions_from_path /opt/stack/neutron/neutron/api/extensions.py:449}}
May 13 17:48:50.349742 np0000000729 devstack@neutron-api.service[89665]: DEBUG neutron.api.extensions [None req-6a503e60-749e-4bcf-ba4b-fb31f7609cfa None None] Extended resource: rbac-policies {{(pid=89665) __init__ /opt/stack/neutron/neutron/api/extensions.py:156}}
May 13 17:48:50.349820 np0000000729 devstack@neutron-api.service[89667]: DEBUG neutron.api.extensions [None req-5247405a-272d-4db9-8865-ffe2cc66bbf5 None None] Ext name="Sorting support" alias="sorting" description="Extension that indicates that sorting is enabled." updated="2016-06-12T00:00:00-00:00" {{(pid=89667) _check_extension /opt/stack/neutron/neutron/api/extensions.py:415}}
May 13 17:48:50.349908 np0000000729 devstack@neutron-api.service[89667]: INFO neutron.api.extensions [None req-5247405a-272d-4db9-8865-ffe2cc66bbf5 None None] Loaded extension: sorting
May 13 17:48:50.349984 np0000000729 devstack@neutron-api.service[89667]: DEBUG neutron.api.extensions [None req-5247405a-272d-4db9-8865-ffe2cc66bbf5 None None] Loading extension file: standard_attr_segment.py {{(pid=89667) _load_all_extensions_from_path /opt/stack/neutron/neutron/api/extensions.py:449}}
May 13 17:48:50.350191 np0000000729 devstack@neutron-api.service[89667]: DEBUG neutron.api.extensions [None req-5247405a-272d-4db9-8865-ffe2cc66bbf5 None None] Ext name="Standard Attribute Segment Extension" alias="standard-attr-segment" description="Add standard attributes to Segment resource" updated="2018-04-09T10:00:00-00:00" {{(pid=89667) _check_extension /opt/stack/neutron/neutron/api/extensions.py:415}}
May 13 17:48:50.350344 np0000000729 devstack@neutron-api.service[89667]: INFO neutron.api.extensions [None req-5247405a-272d-4db9-8865-ffe2cc66bbf5 None None] Extension standard-attr-segment not supported by any of loaded plugins
May 13 17:48:50.350457 np0000000729 devstack@neutron-api.service[89665]: DEBUG neutron.api.extensions [None req-6a503e60-749e-4bcf-ba4b-fb31f7609cfa None None] Extended resource: default-security-group-rules {{(pid=89665) __init__ /opt/stack/neutron/neutron/api/extensions.py:156}}
May 13 17:48:50.350499 np0000000729 devstack@neutron-api.service[89667]: DEBUG neutron.api.extensions [None req-5247405a-272d-4db9-8865-ffe2cc66bbf5 None None] Loading extension file: standardattrdescription.py {{(pid=89667) _load_all_extensions_from_path /opt/stack/neutron/neutron/api/extensions.py:449}}
May 13 17:48:50.350708 np0000000729 devstack@neutron-api.service[89667]: DEBUG neutron.api.extensions [None req-5247405a-272d-4db9-8865-ffe2cc66bbf5 None None] Ext name="standard-attr-description" alias="standard-attr-description" description="Extension to add descriptions to standard attributes" updated="2016-02-10T10:00:00-00:00" {{(pid=89667) _check_extension /opt/stack/neutron/neutron/api/extensions.py:415}}
May 13 17:48:50.350849 np0000000729 devstack@neutron-api.service[89667]: INFO neutron.api.extensions [None req-5247405a-272d-4db9-8865-ffe2cc66bbf5 None None] Loaded extension: standard-attr-description
May 13 17:48:50.350928 np0000000729 devstack@neutron-api.service[89667]: DEBUG neutron.api.extensions [None req-5247405a-272d-4db9-8865-ffe2cc66bbf5 None None] Loading extension file: stateful_security_group.py {{(pid=89667) _load_all_extensions_from_path /opt/stack/neutron/neutron/api/extensions.py:449}}
May 13 17:48:50.351140 np0000000729 devstack@neutron-api.service[89667]: DEBUG neutron.api.extensions [None req-5247405a-272d-4db9-8865-ffe2cc66bbf5 None None] Ext name="Stateful security group" alias="stateful-security-group" description="Indicates if the security group is stateful or not" updated="2019-11-26T09:00:00-00:00" {{(pid=89667) _check_extension /opt/stack/neutron/neutron/api/extensions.py:415}}
May 13 17:48:50.351229 np0000000729 devstack@neutron-api.service[89665]: DEBUG neutron.api.extensions [None req-6a503e60-749e-4bcf-ba4b-fb31f7609cfa None None] Extended resource: security-groups {{(pid=89665) __init__ /opt/stack/neutron/neutron/api/extensions.py:156}}
May 13 17:48:50.351269 np0000000729 devstack@neutron-api.service[89667]: INFO neutron.api.extensions [None req-5247405a-272d-4db9-8865-ffe2cc66bbf5 None None] Loaded extension: stateful-security-group
May 13 17:48:50.351388 np0000000729 devstack@neutron-api.service[89667]: DEBUG neutron.api.extensions [None req-5247405a-272d-4db9-8865-ffe2cc66bbf5 None None] Loading extension file: stdattrs_common.py {{(pid=89667) _load_all_extensions_from_path /opt/stack/neutron/neutron/api/extensions.py:449}}
May 13 17:48:50.351593 np0000000729 devstack@neutron-api.service[89667]: WARNING neutron.api.extensions [None req-5247405a-272d-4db9-8865-ffe2cc66bbf5 None None] Did not find expected name "Stdattrs_common" in /opt/stack/neutron/neutron/extensions/stdattrs_common.py
May 13 17:48:50.351673 np0000000729 devstack@neutron-api.service[89667]: DEBUG neutron.api.extensions [None req-5247405a-272d-4db9-8865-ffe2cc66bbf5 None None] Loading extension file: subnet_dns_publish_fixed_ip.py {{(pid=89667) _load_all_extensions_from_path /opt/stack/neutron/neutron/api/extensions.py:449}}
May 13 17:48:50.351881 np0000000729 devstack@neutron-api.service[89667]: DEBUG neutron.api.extensions [None req-5247405a-272d-4db9-8865-ffe2cc66bbf5 None None] Ext name="Subnet DNS publish fixed IP" alias="subnet-dns-publish-fixed-ip" description="Support choosing to publish DNS records for IPs from a subnet" updated="2019-05-24T10:00:00-00:00" {{(pid=89667) _check_extension /opt/stack/neutron/neutron/api/extensions.py:415}}
May 13 17:48:50.352003 np0000000729 devstack@neutron-api.service[89665]: DEBUG neutron.api.extensions [None req-6a503e60-749e-4bcf-ba4b-fb31f7609cfa None None] Extended resource: security-group-rules {{(pid=89665) __init__ /opt/stack/neutron/neutron/api/extensions.py:156}}
May 13 17:48:50.352041 np0000000729 devstack@neutron-api.service[89667]: INFO neutron.api.extensions [None req-5247405a-272d-4db9-8865-ffe2cc66bbf5 None None] Loaded extension: subnet-dns-publish-fixed-ip
May 13 17:48:50.352131 np0000000729 devstack@neutron-api.service[89667]: DEBUG neutron.api.extensions [None req-5247405a-272d-4db9-8865-ffe2cc66bbf5 None None] Loading extension file: subnet_external_network.py {{(pid=89667) _load_all_extensions_from_path /opt/stack/neutron/neutron/api/extensions.py:449}}
May 13 17:48:50.352392 np0000000729 devstack@neutron-api.service[89667]: DEBUG neutron.api.extensions [None req-5247405a-272d-4db9-8865-ffe2cc66bbf5 None None] Ext name="Subnet belongs to an external network" alias="subnet-external-network" description="Informs if the subnet belongs to an external network" updated="2024-02-05T18:00:00-00:00" {{(pid=89667) _check_extension /opt/stack/neutron/neutron/api/extensions.py:415}}
May 13 17:48:50.352578 np0000000729 devstack@neutron-api.service[89667]: INFO neutron.api.extensions [None req-5247405a-272d-4db9-8865-ffe2cc66bbf5 None None] Loaded extension: subnet-external-network
May 13 17:48:50.352578 np0000000729 devstack@neutron-api.service[89667]: DEBUG neutron.api.extensions [None req-5247405a-272d-4db9-8865-ffe2cc66bbf5 None None] Loading extension file: subnet_onboard.py {{(pid=89667) _load_all_extensions_from_path /opt/stack/neutron/neutron/api/extensions.py:449}}
May 13 17:48:50.352677 np0000000729 devstack@neutron-api.service[89665]: DEBUG neutron.api.extensions [None req-6a503e60-749e-4bcf-ba4b-fb31f7609cfa None None] Extended resource: service-providers {{(pid=89665) __init__ /opt/stack/neutron/neutron/api/extensions.py:156}}
May 13 17:48:50.352784 np0000000729 devstack@neutron-api.service[89667]: DEBUG neutron.api.extensions [None req-5247405a-272d-4db9-8865-ffe2cc66bbf5 None None] Ext name="Subnet Onboard" alias="subnet_onboard" description="Provides support for onboarding subnets into subnet pools" updated="2018-12-18T09:00:00-00:00" {{(pid=89667) _check_extension /opt/stack/neutron/neutron/api/extensions.py:415}}
May 13 17:48:50.352919 np0000000729 devstack@neutron-api.service[89667]: INFO neutron.api.extensions [None req-5247405a-272d-4db9-8865-ffe2cc66bbf5 None None] Extension subnet_onboard not supported by any of loaded plugins
May 13 17:48:50.352995 np0000000729 devstack@neutron-api.service[89667]: DEBUG neutron.api.extensions [None req-5247405a-272d-4db9-8865-ffe2cc66bbf5 None None] Loading extension file: subnet_segmentid_writable.py {{(pid=89667) _load_all_extensions_from_path /opt/stack/neutron/neutron/api/extensions.py:449}}
May 13 17:48:50.353202 np0000000729 devstack@neutron-api.service[89667]: DEBUG neutron.api.extensions [None req-5247405a-272d-4db9-8865-ffe2cc66bbf5 None None] Ext name="Subnet SegmentID (writable)" alias="subnet-segmentid-writable" description="Provides a writable segment_id attribute for a subnet resource." updated="2018-03-12T00:00:00-00:00" {{(pid=89667) _check_extension /opt/stack/neutron/neutron/api/extensions.py:415}}
May 13 17:48:50.353347 np0000000729 devstack@neutron-api.service[89667]: INFO neutron.api.extensions [None req-5247405a-272d-4db9-8865-ffe2cc66bbf5 None None] Extension subnet-segmentid-writable not supported by any of loaded plugins
May 13 17:48:50.353448 np0000000729 devstack@neutron-api.service[89665]: DEBUG neutron.api.extensions [None req-6a503e60-749e-4bcf-ba4b-fb31f7609cfa None None] Extended resource: subnetpools {{(pid=89665) __init__ /opt/stack/neutron/neutron/api/extensions.py:156}}
May 13 17:48:50.353508 np0000000729 devstack@neutron-api.service[89667]: DEBUG neutron.api.extensions [None req-5247405a-272d-4db9-8865-ffe2cc66bbf5 None None] Loading extension file: subnet_service_types.py {{(pid=89667) _load_all_extensions_from_path /opt/stack/neutron/neutron/api/extensions.py:449}}
May 13 17:48:50.353672 np0000000729 devstack@neutron-api.service[89667]: DEBUG neutron.api.extensions [None req-5247405a-272d-4db9-8865-ffe2cc66bbf5 None None] Ext name="Subnet service types" alias="subnet-service-types" description="Provides ability to set the subnet service_types field" updated="2016-03-15T18:00:00-00:00" {{(pid=89667) _check_extension /opt/stack/neutron/neutron/api/extensions.py:415}}
May 13 17:48:50.353808 np0000000729 devstack@neutron-api.service[89667]: INFO neutron.api.extensions [None req-5247405a-272d-4db9-8865-ffe2cc66bbf5 None None] Loaded extension: subnet-service-types
May 13 17:48:50.353884 np0000000729 devstack@neutron-api.service[89667]: DEBUG neutron.api.extensions [None req-5247405a-272d-4db9-8865-ffe2cc66bbf5 None None] Loading extension file: subnetallocation.py {{(pid=89667) _load_all_extensions_from_path /opt/stack/neutron/neutron/api/extensions.py:449}}
May 13 17:48:50.354264 np0000000729 devstack@neutron-api.service[89667]: DEBUG neutron.api.extensions [None req-5247405a-272d-4db9-8865-ffe2cc66bbf5 None None] Ext name="Subnet Allocation" alias="subnet_allocation" description="Enables allocation of subnets from a subnet pool" updated="2015-03-30T10:00:00-00:00" {{(pid=89667) _check_extension /opt/stack/neutron/neutron/api/extensions.py:415}}
May 13 17:48:50.354344 np0000000729 devstack@neutron-api.service[89665]: DEBUG neutron.api.extensions [None req-6a503e60-749e-4bcf-ba4b-fb31f7609cfa None None] Extended resource: tags {{(pid=89665) __init__ /opt/stack/neutron/neutron/api/extensions.py:156}}
May 13 17:48:50.354439 np0000000729 devstack@neutron-api.service[89667]: INFO neutron.api.extensions [None req-5247405a-272d-4db9-8865-ffe2cc66bbf5 None None] Loaded extension: subnet_allocation
May 13 17:48:50.354540 np0000000729 devstack@neutron-api.service[89667]: DEBUG neutron.api.extensions [None req-5247405a-272d-4db9-8865-ffe2cc66bbf5 None None] Loading extension file: subnetpool_prefix_ops.py {{(pid=89667) _load_all_extensions_from_path /opt/stack/neutron/neutron/api/extensions.py:449}}
May 13 17:48:50.354791 np0000000729 devstack@neutron-api.service[89667]: DEBUG neutron.api.extensions [None req-5247405a-272d-4db9-8865-ffe2cc66bbf5 None None] Ext name="Subnet Pool Prefix Operations" alias="subnetpool-prefix-ops" description="Provides support for adjusting the prefix list of subnet pools" updated="2019-02-08T10:00:00-00:00" {{(pid=89667) _check_extension /opt/stack/neutron/neutron/api/extensions.py:415}}
May 13 17:48:50.354936 np0000000729 devstack@neutron-api.service[89667]: INFO neutron.api.extensions [None req-5247405a-272d-4db9-8865-ffe2cc66bbf5 None None] Loaded extension: subnetpool-prefix-ops
May 13 17:48:50.355013 np0000000729 devstack@neutron-api.service[89667]: DEBUG neutron.api.extensions [None req-5247405a-272d-4db9-8865-ffe2cc66bbf5 None None] Loading extension file: tag_creation.py {{(pid=89667) _load_all_extensions_from_path /opt/stack/neutron/neutron/api/extensions.py:449}}
May 13 17:48:50.355228 np0000000729 devstack@neutron-api.service[89667]: DEBUG neutron.api.extensions [None req-5247405a-272d-4db9-8865-ffe2cc66bbf5 None None] Ext name="Tag creation extension" alias="tag-creation" description="Allow to create multiple tags for a resource" updated="2024-23-07T10:00:00-00:00" {{(pid=89667) _check_extension /opt/stack/neutron/neutron/api/extensions.py:415}}
May 13 17:48:50.355391 np0000000729 devstack@neutron-api.service[89667]: INFO neutron.api.extensions [None req-5247405a-272d-4db9-8865-ffe2cc66bbf5 None None] Loaded extension: tag-creation
May 13 17:48:50.355448 np0000000729 devstack@neutron-api.service[89665]: DEBUG neutron.api.extensions [None req-6a503e60-749e-4bcf-ba4b-fb31f7609cfa None None] Extended resource: tags {{(pid=89665) __init__ /opt/stack/neutron/neutron/api/extensions.py:156}}
May 13 17:48:50.355483 np0000000729 devstack@neutron-api.service[89667]: DEBUG neutron.api.extensions [None req-5247405a-272d-4db9-8865-ffe2cc66bbf5 None None] Loading extension file: tag_ports_during_bulk_creation.py {{(pid=89667) _load_all_extensions_from_path /opt/stack/neutron/neutron/api/extensions.py:449}}
May 13 17:48:50.355698 np0000000729 devstack@neutron-api.service[89667]: DEBUG neutron.api.extensions [None req-5247405a-272d-4db9-8865-ffe2cc66bbf5 None None] Ext name="Tag Ports During Bulk Creation" alias="tag-ports-during-bulk-creation" description="Allow to tag ports during bulk creation" updated="2019-12-29T19:00:00-00:00" {{(pid=89667) _check_extension /opt/stack/neutron/neutron/api/extensions.py:415}}
May 13 17:48:50.355855 np0000000729 devstack@neutron-api.service[89667]: INFO neutron.api.extensions [None req-5247405a-272d-4db9-8865-ffe2cc66bbf5 None None] Extension tag-ports-during-bulk-creation not supported by any of loaded plugins
May 13 17:48:50.355913 np0000000729 devstack@neutron-api.service[89667]: DEBUG neutron.api.extensions [None req-5247405a-272d-4db9-8865-ffe2cc66bbf5 None None] Loading extension file: tagging.py {{(pid=89667) _load_all_extensions_from_path /opt/stack/neutron/neutron/api/extensions.py:449}}
May 13 17:48:50.356642 np0000000729 devstack@neutron-api.service[89665]: DEBUG neutron.api.extensions [None req-6a503e60-749e-4bcf-ba4b-fb31f7609cfa None None] Extended resource: tags {{(pid=89665) __init__ /opt/stack/neutron/neutron/api/extensions.py:156}}
May 13 17:48:50.356708 np0000000729 devstack@neutron-api.service[89667]: DEBUG neutron.api.extensions [None req-5247405a-272d-4db9-8865-ffe2cc66bbf5 None None] Ext name="Tag support for resources with standard attribute: port, subnet, subnetpool, network, security_group, router, floatingip, policy, trunk, network_segment_range" alias="standard-attr-tag" description="Enables to set tag on resources with standard attribute." updated="2017-01-01T00:00:00-00:00" {{(pid=89667) _check_extension /opt/stack/neutron/neutron/api/extensions.py:415}}
May 13 17:48:50.356858 np0000000729 devstack@neutron-api.service[89667]: INFO neutron.api.extensions [None req-5247405a-272d-4db9-8865-ffe2cc66bbf5 None None] Loaded extension: standard-attr-tag
May 13 17:48:50.356938 np0000000729 devstack@neutron-api.service[89667]: DEBUG neutron.api.extensions [None req-5247405a-272d-4db9-8865-ffe2cc66bbf5 None None] Loading extension file: timestamp.py {{(pid=89667) _load_all_extensions_from_path /opt/stack/neutron/neutron/api/extensions.py:449}}
May 13 17:48:50.357206 np0000000729 devstack@neutron-api.service[89667]: DEBUG neutron.api.extensions [None req-5247405a-272d-4db9-8865-ffe2cc66bbf5 None None] Ext name="Resource timestamps" alias="standard-attr-timestamp" description="Adds created_at and updated_at fields to all Neutron resources that have Neutron standard attributes." updated="2016-09-12T10:00:00-00:00" {{(pid=89667) _check_extension /opt/stack/neutron/neutron/api/extensions.py:415}}
May 13 17:48:50.357326 np0000000729 devstack@neutron-api.service[89667]: INFO neutron.api.extensions [None req-5247405a-272d-4db9-8865-ffe2cc66bbf5 None None] Loaded extension: standard-attr-timestamp
May 13 17:48:50.357431 np0000000729 devstack@neutron-api.service[89667]: DEBUG neutron.api.extensions [None req-5247405a-272d-4db9-8865-ffe2cc66bbf5 None None] Loading extension file: trunk.py {{(pid=89667) _load_all_extensions_from_path /opt/stack/neutron/neutron/api/extensions.py:449}}
May 13 17:48:50.357682 np0000000729 devstack@neutron-api.service[89667]: DEBUG neutron.api.extensions [None req-5247405a-272d-4db9-8865-ffe2cc66bbf5 None None] Ext name="Trunk Extension" alias="trunk" description="Provides support for trunk ports" updated="2016-01-01T10:00:00-00:00" {{(pid=89667) _check_extension /opt/stack/neutron/neutron/api/extensions.py:415}}
May 13 17:48:50.357726 np0000000729 devstack@neutron-api.service[89665]: DEBUG neutron.api.extensions [None req-6a503e60-749e-4bcf-ba4b-fb31f7609cfa None None] Extended resource: tags {{(pid=89665) __init__ /opt/stack/neutron/neutron/api/extensions.py:156}}
May 13 17:48:50.357824 np0000000729 devstack@neutron-api.service[89667]: INFO neutron.api.extensions [None req-5247405a-272d-4db9-8865-ffe2cc66bbf5 None None] Extension trunk not supported by any of loaded plugins
May 13 17:48:50.357920 np0000000729 devstack@neutron-api.service[89667]: DEBUG neutron.api.extensions [None req-5247405a-272d-4db9-8865-ffe2cc66bbf5 None None] Loading extension file: trunk_details.py {{(pid=89667) _load_all_extensions_from_path /opt/stack/neutron/neutron/api/extensions.py:449}}
May 13 17:48:50.358145 np0000000729 devstack@neutron-api.service[89667]: DEBUG neutron.api.extensions [None req-5247405a-272d-4db9-8865-ffe2cc66bbf5 None None] Ext name="Trunk port details" alias="trunk-details" description="Expose trunk port details" updated="2016-01-01T10:00:00-00:00" {{(pid=89667) _check_extension /opt/stack/neutron/neutron/api/extensions.py:415}}
May 13 17:48:50.358283 np0000000729 devstack@neutron-api.service[89667]: INFO neutron.api.extensions [None req-5247405a-272d-4db9-8865-ffe2cc66bbf5 None None] Extension trunk-details not supported by any of loaded plugins
May 13 17:48:50.358391 np0000000729 devstack@neutron-api.service[89667]: DEBUG neutron.api.extensions [None req-5247405a-272d-4db9-8865-ffe2cc66bbf5 None None] Loading extension file: uplink_status_propagation.py {{(pid=89667) _load_all_extensions_from_path /opt/stack/neutron/neutron/api/extensions.py:449}}
May 13 17:48:50.358620 np0000000729 devstack@neutron-api.service[89667]: DEBUG neutron.api.extensions [None req-5247405a-272d-4db9-8865-ffe2cc66bbf5 None None] Ext name="Uplink status propagation extension" alias="uplink-status-propagation" description="Provides ability to propagate port uplink status." updated="2018-05-31T18:00:00-00:00" {{(pid=89667) _check_extension /opt/stack/neutron/neutron/api/extensions.py:415}}
May 13 17:48:50.358753 np0000000729 devstack@neutron-api.service[89667]: INFO neutron.api.extensions [None req-5247405a-272d-4db9-8865-ffe2cc66bbf5 None None] Extension uplink-status-propagation not supported by any of loaded plugins
May 13 17:48:50.358788 np0000000729 devstack@neutron-api.service[89665]: DEBUG neutron.api.extensions [None req-6a503e60-749e-4bcf-ba4b-fb31f7609cfa None None] Extended resource: tags {{(pid=89665) __init__ /opt/stack/neutron/neutron/api/extensions.py:156}}
May 13 17:48:50.358842 np0000000729 devstack@neutron-api.service[89667]: DEBUG neutron.api.extensions [None req-5247405a-272d-4db9-8865-ffe2cc66bbf5 None None] Loading extension file: uplink_status_propagation_updatable.py {{(pid=89667) _load_all_extensions_from_path /opt/stack/neutron/neutron/api/extensions.py:449}}
May 13 17:48:50.359042 np0000000729 devstack@neutron-api.service[89667]: DEBUG neutron.api.extensions [None req-5247405a-272d-4db9-8865-ffe2cc66bbf5 None None] Ext name="Uplink status propagation updatable extension" alias="uplink-status-propagation-updatable" description="Provides ability to update the port uplink status." updated="2024-09-03T18:00:00-00:00" {{(pid=89667) _check_extension /opt/stack/neutron/neutron/api/extensions.py:415}}
May 13 17:48:50.359174 np0000000729 devstack@neutron-api.service[89667]: INFO neutron.api.extensions [None req-5247405a-272d-4db9-8865-ffe2cc66bbf5 None None] Extension uplink-status-propagation-updatable not supported by any of loaded plugins
May 13 17:48:50.359250 np0000000729 devstack@neutron-api.service[89667]: DEBUG neutron.api.extensions [None req-5247405a-272d-4db9-8865-ffe2cc66bbf5 None None] Loading extension file: vlantransparent.py {{(pid=89667) _load_all_extensions_from_path /opt/stack/neutron/neutron/api/extensions.py:449}}
May 13 17:48:50.359587 np0000000729 devstack@neutron-api.service[89667]: DEBUG neutron.api.extensions [None req-5247405a-272d-4db9-8865-ffe2cc66bbf5 None None] Ext name="Vlantransparent" alias="vlan-transparent" description="Provides Vlan Transparent Networks" updated="2015-03-23T09:00:00-00:00" {{(pid=89667) _check_extension /opt/stack/neutron/neutron/api/extensions.py:415}}
May 13 17:48:50.359736 np0000000729 devstack@neutron-api.service[89667]: INFO neutron.api.extensions [None req-5247405a-272d-4db9-8865-ffe2cc66bbf5 None None] Loaded extension: vlan-transparent
May 13 17:48:50.360057 np0000000729 devstack@neutron-api.service[89665]: DEBUG neutron.api.extensions [None req-6a503e60-749e-4bcf-ba4b-fb31f7609cfa None None] Extended resource: tags {{(pid=89665) __init__ /opt/stack/neutron/neutron/api/extensions.py:156}}
May 13 17:48:50.361112 np0000000729 devstack@neutron-api.service[89667]: INFO neutron.quota.resource_registry [None req-5247405a-272d-4db9-8865-ffe2cc66bbf5 None None] Creating instance of TrackedResource for resource:network
May 13 17:48:50.361149 np0000000729 devstack@neutron-api.service[89665]: DEBUG neutron.api.extensions [None req-6a503e60-749e-4bcf-ba4b-fb31f7609cfa None None] Extended resource: tags {{(pid=89665) __init__ /opt/stack/neutron/neutron/api/extensions.py:156}}
May 13 17:48:50.361338 np0000000729 devstack@neutron-api.service[89667]: INFO neutron.quota.resource_registry [None req-5247405a-272d-4db9-8865-ffe2cc66bbf5 None None] Creating instance of TrackedResource for resource:subnet
May 13 17:48:50.361485 np0000000729 devstack@neutron-api.service[89667]: INFO neutron.quota.resource_registry [None req-5247405a-272d-4db9-8865-ffe2cc66bbf5 None None] Creating instance of TrackedResource for resource:subnetpool
May 13 17:48:50.361592 np0000000729 devstack@neutron-api.service[89667]: INFO neutron.quota.resource_registry [None req-5247405a-272d-4db9-8865-ffe2cc66bbf5 None None] Creating instance of TrackedResource for resource:port
May 13 17:48:50.362428 np0000000729 devstack@neutron-api.service[89665]: DEBUG neutron.api.extensions [None req-6a503e60-749e-4bcf-ba4b-fb31f7609cfa None None] Extended resource: tags {{(pid=89665) __init__ /opt/stack/neutron/neutron/api/extensions.py:156}}
May 13 17:48:50.362992 np0000000729 devstack@neutron-api.service[89667]: DEBUG neutron.api.v2.resource_helper [None req-5247405a-272d-4db9-8865-ffe2cc66bbf5 None None] Service L3_ROUTER_NAT assigned prefix: {{(pid=89667) build_resource_info /opt/stack/neutron/neutron/api/v2/resource_helper.py:77}}
May 13 17:48:50.363346 np0000000729 devstack@neutron-api.service[89667]: DEBUG neutron.api.v2.resource_helper [None req-5247405a-272d-4db9-8865-ffe2cc66bbf5 None None] Service FLAVORS assigned prefix: {{(pid=89667) build_resource_info /opt/stack/neutron/neutron/api/v2/resource_helper.py:77}}
May 13 17:48:50.363563 np0000000729 devstack@neutron-api.service[89665]: DEBUG neutron.api.extensions [None req-6a503e60-749e-4bcf-ba4b-fb31f7609cfa None None] Extended resource: tags {{(pid=89665) __init__ /opt/stack/neutron/neutron/api/extensions.py:156}}
May 13 17:48:50.364179 np0000000729 devstack@neutron-api.service[89667]: DEBUG neutron.api.v2.resource_helper [None req-5247405a-272d-4db9-8865-ffe2cc66bbf5 None None] Service L3_ROUTER_NAT assigned prefix: {{(pid=89667) build_resource_info /opt/stack/neutron/neutron/api/v2/resource_helper.py:77}}
May 13 17:48:50.364590 np0000000729 devstack@neutron-api.service[89665]: DEBUG neutron.api.extensions [None req-6a503e60-749e-4bcf-ba4b-fb31f7609cfa None None] Extended resource: tags {{(pid=89665) __init__ /opt/stack/neutron/neutron/api/extensions.py:156}}
May 13 17:48:50.364633 np0000000729 devstack@neutron-api.service[89667]: DEBUG neutron.api.v2.resource_helper [None req-5247405a-272d-4db9-8865-ffe2cc66bbf5 None None] Service L3_ROUTER_NAT assigned prefix: {{(pid=89667) build_resource_info /opt/stack/neutron/neutron/api/v2/resource_helper.py:77}}
May 13 17:48:50.364743 np0000000729 devstack@neutron-api.service[89667]: INFO neutron.quota.resource_registry [None req-5247405a-272d-4db9-8865-ffe2cc66bbf5 None None] Creating instance of TrackedResource for resource:router
May 13 17:48:50.365139 np0000000729 devstack@neutron-api.service[89667]: INFO neutron.quota.resource_registry [None req-5247405a-272d-4db9-8865-ffe2cc66bbf5 None None] Creating instance of TrackedResource for resource:floatingip
May 13 17:48:50.366023 np0000000729 devstack@neutron-api.service[89667]: INFO neutron.quota.resource_registry [None req-5247405a-272d-4db9-8865-ffe2cc66bbf5 None None] Creating instance of CountableResource for resource:rbac_policy
May 13 17:48:50.366648 np0000000729 devstack@neutron-api.service[89667]: INFO neutron.quota.resource_registry [None req-5247405a-272d-4db9-8865-ffe2cc66bbf5 None None] Creating instance of TrackedResource for resource:security_group
May 13 17:48:50.366977 np0000000729 devstack@neutron-api.service[89667]: INFO neutron.quota.resource_registry [None req-5247405a-272d-4db9-8865-ffe2cc66bbf5 None None] Creating instance of TrackedResource for resource:security_group_rule
May 13 17:48:50.367485 np0000000729 devstack@neutron-api.service[89667]: DEBUG neutron.api.v2.resource_helper [None req-5247405a-272d-4db9-8865-ffe2cc66bbf5 None None] Service CORE assigned prefix: {{(pid=89667) build_resource_info /opt/stack/neutron/neutron/api/v2/resource_helper.py:77}}
May 13 17:48:50.367596 np0000000729 devstack@neutron-api.service[89667]: INFO neutron.quota.resource_registry [None req-5247405a-272d-4db9-8865-ffe2cc66bbf5 None None] Creating instance of TrackedResource for resource:subnetpool
May 13 17:48:50.367730 np0000000729 devstack@neutron-api.service[89667]: WARNING neutron.quota.resource_registry [None req-5247405a-272d-4db9-8865-ffe2cc66bbf5 None None] subnetpool is already registered
May 13 17:48:50.368780 np0000000729 devstack@neutron-api.service[89665]: WARNING keystonemiddleware.auth_token [None req-6a503e60-749e-4bcf-ba4b-fb31f7609cfa None None] AuthToken middleware is set with keystone_authtoken.service_token_roles_required set to False. This is backwards compatible but deprecated behaviour. Please set this to True.
May 13 17:48:50.369944 np0000000729 devstack@neutron-api.service[89667]: DEBUG neutron.api.v2.resource_helper [None req-5247405a-272d-4db9-8865-ffe2cc66bbf5 None None] Service L3_ROUTER_NAT assigned prefix: {{(pid=89667) build_resource_info /opt/stack/neutron/neutron/api/v2/resource_helper.py:77}}
May 13 17:48:50.369944 np0000000729 devstack@neutron-api.service[89667]: DEBUG neutron.api.v2.resource_helper [None req-5247405a-272d-4db9-8865-ffe2cc66bbf5 None None] Service FLAVORS assigned prefix: {{(pid=89667) build_resource_info /opt/stack/neutron/neutron/api/v2/resource_helper.py:77}}
May 13 17:48:50.370725 np0000000729 devstack@neutron-api.service[89667]: DEBUG neutron.api.v2.resource_helper [None req-5247405a-272d-4db9-8865-ffe2cc66bbf5 None None] Service L3_ROUTER_NAT assigned prefix: {{(pid=89667) build_resource_info /opt/stack/neutron/neutron/api/v2/resource_helper.py:77}}
May 13 17:48:50.371001 np0000000729 devstack@neutron-api.service[89667]: DEBUG neutron.api.v2.resource_helper [None req-5247405a-272d-4db9-8865-ffe2cc66bbf5 None None] Service L3_ROUTER_NAT assigned prefix: {{(pid=89667) build_resource_info /opt/stack/neutron/neutron/api/v2/resource_helper.py:77}}
May 13 17:48:50.371100 np0000000729 devstack@neutron-api.service[89667]: INFO neutron.quota.resource_registry [None req-5247405a-272d-4db9-8865-ffe2cc66bbf5 None None] Creating instance of TrackedResource for resource:router
May 13 17:48:50.371212 np0000000729 devstack@neutron-api.service[89667]: WARNING neutron.quota.resource_registry [None req-5247405a-272d-4db9-8865-ffe2cc66bbf5 None None] router is already registered
May 13 17:48:50.371552 np0000000729 devstack@neutron-api.service[89667]: INFO neutron.quota.resource_registry [None req-5247405a-272d-4db9-8865-ffe2cc66bbf5 None None] Creating instance of TrackedResource for resource:floatingip
May 13 17:48:50.371732 np0000000729 devstack@neutron-api.service[89667]: WARNING neutron.quota.resource_registry [None req-5247405a-272d-4db9-8865-ffe2cc66bbf5 None None] floatingip is already registered
May 13 17:48:50.372757 np0000000729 devstack@neutron-api.service[89667]: INFO neutron.quota.resource_registry [None req-5247405a-272d-4db9-8865-ffe2cc66bbf5 None None] Creating instance of CountableResource for resource:rbac_policy
May 13 17:48:50.372869 np0000000729 devstack@neutron-api.service[89667]: WARNING neutron.quota.resource_registry [None req-5247405a-272d-4db9-8865-ffe2cc66bbf5 None None] rbac_policy is already registered
May 13 17:48:50.373441 np0000000729 devstack@neutron-api.service[89667]: INFO neutron.quota.resource_registry [None req-5247405a-272d-4db9-8865-ffe2cc66bbf5 None None] Creating instance of TrackedResource for resource:security_group
May 13 17:48:50.373609 np0000000729 devstack@neutron-api.service[89667]: WARNING neutron.quota.resource_registry [None req-5247405a-272d-4db9-8865-ffe2cc66bbf5 None None] security_group is already registered
May 13 17:48:50.373945 np0000000729 devstack@neutron-api.service[89667]: INFO neutron.quota.resource_registry [None req-5247405a-272d-4db9-8865-ffe2cc66bbf5 None None] Creating instance of TrackedResource for resource:security_group_rule
May 13 17:48:50.374070 np0000000729 devstack@neutron-api.service[89667]: WARNING neutron.quota.resource_registry [None req-5247405a-272d-4db9-8865-ffe2cc66bbf5 None None] security_group_rule is already registered
May 13 17:48:50.374572 np0000000729 devstack@neutron-api.service[89667]: DEBUG neutron.api.v2.resource_helper [None req-5247405a-272d-4db9-8865-ffe2cc66bbf5 None None] Service CORE assigned prefix: {{(pid=89667) build_resource_info /opt/stack/neutron/neutron/api/v2/resource_helper.py:77}}
May 13 17:48:50.374683 np0000000729 devstack@neutron-api.service[89667]: INFO neutron.quota.resource_registry [None req-5247405a-272d-4db9-8865-ffe2cc66bbf5 None None] Creating instance of TrackedResource for resource:subnetpool
May 13 17:48:50.374794 np0000000729 devstack@neutron-api.service[89667]: WARNING neutron.quota.resource_registry [None req-5247405a-272d-4db9-8865-ffe2cc66bbf5 None None] subnetpool is already registered
May 13 17:48:50.375127 np0000000729 devstack@neutron-api.service[89667]: DEBUG neutron.api.extensions [None req-5247405a-272d-4db9-8865-ffe2cc66bbf5 None None] Extended resource: extensions {{(pid=89667) __init__ /opt/stack/neutron/neutron/api/extensions.py:156}}
May 13 17:48:50.375856 np0000000729 devstack@neutron-api.service[89667]: DEBUG neutron.api.extensions [None req-5247405a-272d-4db9-8865-ffe2cc66bbf5 None None] Extended resource: address-groups {{(pid=89667) __init__ /opt/stack/neutron/neutron/api/extensions.py:156}}
May 13 17:48:50.376411 np0000000729 devstack@neutron-api.service[89667]: DEBUG neutron.api.extensions [None req-5247405a-272d-4db9-8865-ffe2cc66bbf5 None None] Extended resource: address-scopes {{(pid=89667) __init__ /opt/stack/neutron/neutron/api/extensions.py:156}}
May 13 17:48:50.376940 np0000000729 devstack@neutron-api.service[89667]: DEBUG neutron.api.extensions [None req-5247405a-272d-4db9-8865-ffe2cc66bbf5 None None] Extended resource: agents {{(pid=89667) __init__ /opt/stack/neutron/neutron/api/extensions.py:156}}
May 13 17:48:50.377440 np0000000729 devstack@neutron-api.service[89667]: DEBUG neutron.api.extensions [None req-5247405a-272d-4db9-8865-ffe2cc66bbf5 None None] Extended resource: auto-allocated-topology {{(pid=89667) __init__ /opt/stack/neutron/neutron/api/extensions.py:156}}
May 13 17:48:50.377931 np0000000729 devstack@neutron-api.service[89667]: DEBUG neutron.api.extensions [None req-5247405a-272d-4db9-8865-ffe2cc66bbf5 None None] Extended resource: availability_zones {{(pid=89667) __init__ /opt/stack/neutron/neutron/api/extensions.py:156}}
May 13 17:48:50.378575 np0000000729 devstack@neutron-api.service[89667]: DEBUG neutron.api.extensions [None req-5247405a-272d-4db9-8865-ffe2cc66bbf5 None None] Extended resource: dhcp-networks {{(pid=89667) __init__ /opt/stack/neutron/neutron/api/extensions.py:156}}
May 13 17:48:50.378669 np0000000729 devstack@neutron-api.service[89665]: DEBUG neutron_lib.callbacks.manager [None req-6a503e60-749e-4bcf-ba4b-fb31f7609cfa None None] Publish callbacks ['neutron.plugins.ml2.drivers.ovn.mech_driver.mech_driver.OVNMechanismDriver.pre_fork_initialize-882474'] for process (None), before_spawn {{(pid=89665) _notify_loop /opt/stack/data/venv/lib/python3.12/site-packages/neutron_lib/callbacks/manager.py:184}}
May 13 17:48:50.378992 np0000000729 devstack@neutron-api.service[89667]: DEBUG neutron.api.extensions [None req-5247405a-272d-4db9-8865-ffe2cc66bbf5 None None] Extended resource: dhcp-agents {{(pid=89667) __init__ /opt/stack/neutron/neutron/api/extensions.py:156}}
May 13 17:48:50.379314 np0000000729 devstack@neutron-api.service[89665]: DEBUG oslo_concurrency.processutils [None req-6a503e60-749e-4bcf-ba4b-fb31f7609cfa None None] Running cmd (subprocess): ovsdb-client transact ssl:10.4.3.98:6641 --timeout 180 -p /opt/stack/data/CA/int-ca/private/devstack-cert.key -c /opt/stack/data/CA/int-ca/devstack-cert.crt -C /opt/stack/data/CA/int-ca/ca-chain.pem ["OVN_Northbound", {"op": "wait", "timeout": 0, "table": "Port_Group", "where": [["name", "==", "neutron_pg_drop"]], "until": "==", "rows": []}, {"op": "insert", "table": "ACL", "row": {"action": "drop", "direction": "to-lport", "match": "outport == @neutron_pg_drop && ip", "priority": 1001}, "uuid-name": "droptoport"}, {"op": "insert", "table": "ACL", "row": {"action": "drop", "direction": "from-lport", "match": "inport == @neutron_pg_drop && ip", "priority": 1001}, "uuid-name": "dropfromport"}, {"op": "insert", "table": "Port_Group", "row": {"name": "neutron_pg_drop", "acls": ["set", [["named-uuid", "droptoport"], ["named-uuid", "dropfromport"]]]}}] {{(pid=89665) execute /opt/stack/data/venv/lib/python3.12/site-packages/oslo_concurrency/processutils.py:440}}
May 13 17:48:50.380854 np0000000729 devstack@neutron-api.service[89667]: DEBUG neutron.api.extensions [None req-5247405a-272d-4db9-8865-ffe2cc66bbf5 None None] Extended resource: routers {{(pid=89667) __init__ /opt/stack/neutron/neutron/api/extensions.py:156}}
May 13 17:48:50.381941 np0000000729 devstack@neutron-api.service[89667]: DEBUG neutron.api.extensions [None req-5247405a-272d-4db9-8865-ffe2cc66bbf5 None None] Extended resource: flavors {{(pid=89667) __init__ /opt/stack/neutron/neutron/api/extensions.py:156}}
May 13 17:48:50.382424 np0000000729 devstack@neutron-api.service[89667]: DEBUG neutron.api.extensions [None req-5247405a-272d-4db9-8865-ffe2cc66bbf5 None None] Extended resource: service_profiles {{(pid=89667) __init__ /opt/stack/neutron/neutron/api/extensions.py:156}}
May 13 17:48:50.382868 np0000000729 devstack@neutron-api.service[89667]: DEBUG neutron.api.extensions [None req-5247405a-272d-4db9-8865-ffe2cc66bbf5 None None] Extended resource: next_providers {{(pid=89667) __init__ /opt/stack/neutron/neutron/api/extensions.py:156}}
May 13 17:48:50.383286 np0000000729 devstack@neutron-api.service[89667]: DEBUG neutron.api.extensions [None req-5247405a-272d-4db9-8865-ffe2cc66bbf5 None None] Extended resource: service_profiles {{(pid=89667) __init__ /opt/stack/neutron/neutron/api/extensions.py:156}}
May 13 17:48:50.383824 np0000000729 devstack@neutron-api.service[89667]: DEBUG neutron.api.extensions [None req-5247405a-272d-4db9-8865-ffe2cc66bbf5 None None] Extended resource: floatingip-pools {{(pid=89667) __init__ /opt/stack/neutron/neutron/api/extensions.py:156}}
May 13 17:48:50.384297 np0000000729 devstack@neutron-api.service[89667]: DEBUG neutron.api.extensions [None req-5247405a-272d-4db9-8865-ffe2cc66bbf5 None None] Extended resource: routers {{(pid=89667) __init__ /opt/stack/neutron/neutron/api/extensions.py:156}}
May 13 17:48:50.384942 np0000000729 devstack@neutron-api.service[89667]: DEBUG neutron.api.extensions [None req-5247405a-272d-4db9-8865-ffe2cc66bbf5 None None] Extended resource: floatingips {{(pid=89667) __init__ /opt/stack/neutron/neutron/api/extensions.py:156}}
May 13 17:48:50.385388 np0000000729 devstack@neutron-api.service[89667]: DEBUG neutron.api.extensions [None req-5247405a-272d-4db9-8865-ffe2cc66bbf5 None None] Extended resource: network-ip-availabilities {{(pid=89667) __init__ /opt/stack/neutron/neutron/api/extensions.py:156}}
May 13 17:48:50.385790 np0000000729 devstack@neutron-api.service[89667]: DEBUG neutron.api.extensions [None req-5247405a-272d-4db9-8865-ffe2cc66bbf5 None None] Extended resource: network-ip-availabilities {{(pid=89667) __init__ /opt/stack/neutron/neutron/api/extensions.py:156}}
May 13 17:48:50.386260 np0000000729 devstack@neutron-api.service[89667]: DEBUG neutron.api.extensions [None req-5247405a-272d-4db9-8865-ffe2cc66bbf5 None None] Extended resource: bindings {{(pid=89667) __init__ /opt/stack/neutron/neutron/api/extensions.py:156}}
May 13 17:48:50.386816 np0000000729 devstack@neutron-api.service[89667]: DEBUG neutron.api.extensions [None req-5247405a-272d-4db9-8865-ffe2cc66bbf5 None None] Extended resource: quotas {{(pid=89667) __init__ /opt/stack/neutron/neutron/api/extensions.py:156}}
May 13 17:48:50.387405 np0000000729 devstack@neutron-api.service[89667]: DEBUG neutron.api.extensions [None req-5247405a-272d-4db9-8865-ffe2cc66bbf5 None None] Extended resource: quotas {{(pid=89667) __init__ /opt/stack/neutron/neutron/api/extensions.py:156}}
May 13 17:48:50.387911 np0000000729 devstack@neutron-api.service[89667]: DEBUG neutron.api.extensions [None req-5247405a-272d-4db9-8865-ffe2cc66bbf5 None None] Extended resource: rbac-policies {{(pid=89667) __init__ /opt/stack/neutron/neutron/api/extensions.py:156}}
May 13 17:48:50.388271 np0000000729 devstack@neutron-api.service[89667]: DEBUG neutron.api.extensions [None req-5247405a-272d-4db9-8865-ffe2cc66bbf5 None None] Extended resource: default-security-group-rules {{(pid=89667) __init__ /opt/stack/neutron/neutron/api/extensions.py:156}}
May 13 17:48:50.388740 np0000000729 devstack@neutron-api.service[89667]: DEBUG neutron.api.extensions [None req-5247405a-272d-4db9-8865-ffe2cc66bbf5 None None] Extended resource: security-groups {{(pid=89667) __init__ /opt/stack/neutron/neutron/api/extensions.py:156}}
May 13 17:48:50.389120 np0000000729 devstack@neutron-api.service[89667]: DEBUG neutron.api.extensions [None req-5247405a-272d-4db9-8865-ffe2cc66bbf5 None None] Extended resource: security-group-rules {{(pid=89667) __init__ /opt/stack/neutron/neutron/api/extensions.py:156}}
May 13 17:48:50.389535 np0000000729 devstack@neutron-api.service[89667]: DEBUG neutron.api.extensions [None req-5247405a-272d-4db9-8865-ffe2cc66bbf5 None None] Extended resource: service-providers {{(pid=89667) __init__ /opt/stack/neutron/neutron/api/extensions.py:156}}
May 13 17:48:50.390070 np0000000729 devstack@neutron-api.service[89667]: DEBUG neutron.api.extensions [None req-5247405a-272d-4db9-8865-ffe2cc66bbf5 None None] Extended resource: subnetpools {{(pid=89667) __init__ /opt/stack/neutron/neutron/api/extensions.py:156}}
May 13 17:48:50.390579 np0000000729 devstack@neutron-api.service[89667]: DEBUG neutron.api.extensions [None req-5247405a-272d-4db9-8865-ffe2cc66bbf5 None None] Extended resource: tags {{(pid=89667) __init__ /opt/stack/neutron/neutron/api/extensions.py:156}}
May 13 17:48:50.391150 np0000000729 devstack@neutron-api.service[89667]: DEBUG neutron.api.extensions [None req-5247405a-272d-4db9-8865-ffe2cc66bbf5 None None] Extended resource: tags {{(pid=89667) __init__ /opt/stack/neutron/neutron/api/extensions.py:156}}
May 13 17:48:50.391907 np0000000729 devstack@neutron-api.service[89667]: DEBUG neutron.api.extensions [None req-5247405a-272d-4db9-8865-ffe2cc66bbf5 None None] Extended resource: tags {{(pid=89667) __init__ /opt/stack/neutron/neutron/api/extensions.py:156}}
May 13 17:48:50.392909 np0000000729 devstack@neutron-api.service[89667]: DEBUG neutron.api.extensions [None req-5247405a-272d-4db9-8865-ffe2cc66bbf5 None None] Extended resource: tags {{(pid=89667) __init__ /opt/stack/neutron/neutron/api/extensions.py:156}}
May 13 17:48:50.393771 np0000000729 devstack@neutron-api.service[89667]: DEBUG neutron.api.extensions [None req-5247405a-272d-4db9-8865-ffe2cc66bbf5 None None] Extended resource: tags {{(pid=89667) __init__ /opt/stack/neutron/neutron/api/extensions.py:156}}
May 13 17:48:50.395152 np0000000729 devstack@neutron-api.service[89667]: DEBUG neutron.api.extensions [None req-5247405a-272d-4db9-8865-ffe2cc66bbf5 None None] Extended resource: tags {{(pid=89667) __init__ /opt/stack/neutron/neutron/api/extensions.py:156}}
May 13 17:48:50.396393 np0000000729 devstack@neutron-api.service[89667]: DEBUG neutron.api.extensions [None req-5247405a-272d-4db9-8865-ffe2cc66bbf5 None None] Extended resource: tags {{(pid=89667) __init__ /opt/stack/neutron/neutron/api/extensions.py:156}}
May 13 17:48:50.397604 np0000000729 devstack@neutron-api.service[89667]: DEBUG neutron.api.extensions [None req-5247405a-272d-4db9-8865-ffe2cc66bbf5 None None] Extended resource: tags {{(pid=89667) __init__ /opt/stack/neutron/neutron/api/extensions.py:156}}
May 13 17:48:50.398854 np0000000729 devstack@neutron-api.service[89667]: DEBUG neutron.api.extensions [None req-5247405a-272d-4db9-8865-ffe2cc66bbf5 None None] Extended resource: tags {{(pid=89667) __init__ /opt/stack/neutron/neutron/api/extensions.py:156}}
May 13 17:48:50.399810 np0000000729 devstack@neutron-api.service[89667]: DEBUG neutron.api.extensions [None req-5247405a-272d-4db9-8865-ffe2cc66bbf5 None None] Extended resource: tags {{(pid=89667) __init__ /opt/stack/neutron/neutron/api/extensions.py:156}}
May 13 17:48:50.404623 np0000000729 devstack@neutron-api.service[89667]: WARNING keystonemiddleware.auth_token [None req-5247405a-272d-4db9-8865-ffe2cc66bbf5 None None] AuthToken middleware is set with keystone_authtoken.service_token_roles_required set to False. This is backwards compatible but deprecated behaviour. Please set this to True.
May 13 17:48:50.409042 np0000000729 devstack@neutron-api.service[89665]: DEBUG oslo_concurrency.processutils [None req-6a503e60-749e-4bcf-ba4b-fb31f7609cfa None None] CMD "ovsdb-client transact ssl:10.4.3.98:6641 --timeout 180 -p /opt/stack/data/CA/int-ca/private/devstack-cert.key -c /opt/stack/data/CA/int-ca/devstack-cert.crt -C /opt/stack/data/CA/int-ca/ca-chain.pem ["OVN_Northbound", {"op": "wait", "timeout": 0, "table": "Port_Group", "where": [["name", "==", "neutron_pg_drop"]], "until": "==", "rows": []}, {"op": "insert", "table": "ACL", "row": {"action": "drop", "direction": "to-lport", "match": "outport == @neutron_pg_drop && ip", "priority": 1001}, "uuid-name": "droptoport"}, {"op": "insert", "table": "ACL", "row": {"action": "drop", "direction": "from-lport", "match": "inport == @neutron_pg_drop && ip", "priority": 1001}, "uuid-name": "dropfromport"}, {"op": "insert", "table": "Port_Group", "row": {"name": "neutron_pg_drop", "acls": ["set", [["named-uuid", "droptoport"], ["named-uuid", "dropfromport"]]]}}]" returned: 0 in 0.029s {{(pid=89665) execute /opt/stack/data/venv/lib/python3.12/site-packages/oslo_concurrency/processutils.py:468}}
May 13 17:48:50.409614 np0000000729 devstack@neutron-api.service[89665]: DEBUG neutron_lib.callbacks.manager [None req-6a503e60-749e-4bcf-ba4b-fb31f7609cfa None None] Publish callbacks ['neutron.plugins.ml2.drivers.ovn.mech_driver.mech_driver.OVNMechanismDriver.post_fork_initialize-878838', 'neutron.services.ovn_l3.plugin.OVNL3RouterPlugin._post_fork_initialize-1651855'] for process (None), after_init {{(pid=89665) _notify_loop /opt/stack/data/venv/lib/python3.12/site-packages/neutron_lib/callbacks/manager.py:184}}
May 13 17:48:50.410075 np0000000729 devstack@neutron-api.service[89665]: DEBUG oslo_concurrency.lockutils [None req-6a503e60-749e-4bcf-ba4b-fb31f7609cfa None None] Acquiring lock "singleton_lock" {{(pid=89665) lock /opt/stack/data/venv/lib/python3.12/site-packages/oslo_concurrency/lockutils.py:390}}
May 13 17:48:50.410181 np0000000729 devstack@neutron-api.service[89665]: DEBUG oslo_concurrency.lockutils [None req-6a503e60-749e-4bcf-ba4b-fb31f7609cfa None None] Acquired lock "singleton_lock" {{(pid=89665) lock /opt/stack/data/venv/lib/python3.12/site-packages/oslo_concurrency/lockutils.py:393}}
May 13 17:48:50.410889 np0000000729 devstack@neutron-api.service[89665]: DEBUG oslo_concurrency.lockutils [None req-6a503e60-749e-4bcf-ba4b-fb31f7609cfa None None] Releasing lock "singleton_lock" {{(pid=89665) lock /opt/stack/data/venv/lib/python3.12/site-packages/oslo_concurrency/lockutils.py:413}}
May 13 17:48:50.412818 np0000000729 devstack@neutron-api.service[89665]: DEBUG neutron.plugins.ml2.drivers.ovn.mech_driver.mech_driver [None req-6a503e60-749e-4bcf-ba4b-fb31f7609cfa None None] Hash Ring setup using WSGI start time 2026-05-13 17:48:44+00:00 {{(pid=89665) _init_hash_ring /opt/stack/neutron/neutron/plugins/ml2/drivers/ovn/mech_driver/mech_driver.py:402}}
May 13 17:48:50.412875 np0000000729 devstack@neutron-api.service[89667]: DEBUG neutron_lib.callbacks.manager [None req-5247405a-272d-4db9-8865-ffe2cc66bbf5 None None] Publish callbacks ['neutron.plugins.ml2.drivers.ovn.mech_driver.mech_driver.OVNMechanismDriver.pre_fork_initialize-853785'] for process (None), before_spawn {{(pid=89667) _notify_loop /opt/stack/data/venv/lib/python3.12/site-packages/neutron_lib/callbacks/manager.py:184}}
