May 13 17:48:50.251046 np0000000729 devstack@neutron-api.service[89667]: DEBUG neutron_lib.callbacks.manager [None req-5247405a-272d-4db9-8865-ffe2cc66bbf5 None None] Subscribe: > process after_init 55550000, True {{(pid=89667) subscribe /opt/stack/data/venv/lib/python3.12/site-packages/neutron_lib/callbacks/manager.py:52}}
May 13 17:48:50.251147 np0000000729 devstack@neutron-api.service[89667]: DEBUG neutron_lib.callbacks.manager [None req-5247405a-272d-4db9-8865-ffe2cc66bbf5 None None] Subscribe: > segment after_create 55550000, False {{(pid=89667) subscribe /opt/stack/data/venv/lib/python3.12/site-packages/neutron_lib/callbacks/manager.py:52}}
May 13 17:48:50.251201 np0000000729 devstack@neutron-api.service[89665]: INFO neutron.api.extensions [None req-6a503e60-749e-4bcf-ba4b-fb31f7609cfa None None] Loaded extension: flavors
May 13 17:48:50.251201 np0000000729 devstack@neutron-api.service[89665]: DEBUG neutron.api.extensions [None req-6a503e60-749e-4bcf-ba4b-fb31f7609cfa None None] Loading extension file: floating_ip_port_forwarding.py {{(pid=89665) _load_all_extensions_from_path /opt/stack/neutron/neutron/api/extensions.py:449}}
May 13 17:48:50.251246 np0000000729 devstack@neutron-api.service[89667]: DEBUG neutron_lib.callbacks.manager [None req-5247405a-272d-4db9-8865-ffe2cc66bbf5 None None] Subscribe: > segment after_create 55550000, False {{(pid=89667) subscribe /opt/stack/data/venv/lib/python3.12/site-packages/neutron_lib/callbacks/manager.py:52}}
May 13 17:48:50.251442 np0000000729 devstack@neutron-api.service[89667]: DEBUG neutron_lib.callbacks.manager [None req-5247405a-272d-4db9-8865-ffe2cc66bbf5 None None] Subscribe: > segment after_delete 55550000, False {{(pid=89667) subscribe /opt/stack/data/venv/lib/python3.12/site-packages/neutron_lib/callbacks/manager.py:52}}
May 13 17:48:50.251540 np0000000729 devstack@neutron-api.service[89667]: DEBUG neutron_lib.callbacks.manager [None req-5247405a-272d-4db9-8865-ffe2cc66bbf5 None None] Subscribe: > allowed_address_pair before_create 55550000, False {{(pid=89667) subscribe /opt/stack/data/venv/lib/python3.12/site-packages/neutron_lib/callbacks/manager.py:52}}
May 13 17:48:50.251562 np0000000729 devstack@neutron-api.service[89665]: DEBUG neutron.api.extensions [None req-6a503e60-749e-4bcf-ba4b-fb31f7609cfa None None] Ext name="Floating IP Port Forwarding" alias="floating-ip-port-forwarding" description="Allow port forwarding from floating IP port to an internal port" updated="2018-01-19T10:00:00-00:00" {{(pid=89665) _check_extension /opt/stack/neutron/neutron/api/extensions.py:415}}
May 13 17:48:50.251605 np0000000729 devstack@neutron-api.service[89667]: DEBUG neutron_lib.callbacks.manager [None req-5247405a-272d-4db9-8865-ffe2cc66bbf5 None None] Subscribe: > security_group precommit_create 55550000, False {{(pid=89667) subscribe /opt/stack/data/venv/lib/python3.12/site-packages/neutron_lib/callbacks/manager.py:52}}
May 13 17:48:50.251728 np0000000729 devstack@neutron-api.service[89665]: INFO neutron.api.extensions [None req-6a503e60-749e-4bcf-ba4b-fb31f7609cfa None None] Extension floating-ip-port-forwarding not supported by any of loaded plugins
May 13 17:48:50.251826 np0000000729 devstack@neutron-api.service[89667]: DEBUG neutron_lib.callbacks.manager [None req-5247405a-272d-4db9-8865-ffe2cc66bbf5 None None] Subscribe: > security_group after_update 55550000, False {{(pid=89667) subscribe /opt/stack/data/venv/lib/python3.12/site-packages/neutron_lib/callbacks/manager.py:52}}
May 13 17:48:50.251866 np0000000729 devstack@neutron-api.service[89665]: DEBUG neutron.api.extensions [None req-6a503e60-749e-4bcf-ba4b-fb31f7609cfa None None] Loading extension file: floatingip_pools.py {{(pid=89665) _load_all_extensions_from_path /opt/stack/neutron/neutron/api/extensions.py:449}}
May 13 17:48:50.251942 np0000000729 devstack@neutron-api.service[89667]: DEBUG neutron_lib.callbacks.manager [None req-5247405a-272d-4db9-8865-ffe2cc66bbf5 None None] Subscribe: > security_group after_create 55550000, False {{(pid=89667) subscribe /opt/stack/data/venv/lib/python3.12/site-packages/neutron_lib/callbacks/manager.py:52}}
May 13 17:48:50.251942 np0000000729 devstack@neutron-api.service[89667]: DEBUG neutron_lib.callbacks.manager [None req-5247405a-272d-4db9-8865-ffe2cc66bbf5 None None] Subscribe: > security_group precommit_delete 55550000, False {{(pid=89667) subscribe /opt/stack/data/venv/lib/python3.12/site-packages/neutron_lib/callbacks/manager.py:52}}
May 13 17:48:50.252016 np0000000729 devstack@neutron-api.service[89665]: DEBUG neutron.api.extensions [None req-6a503e60-749e-4bcf-ba4b-fb31f7609cfa None None] Ext name="Floating IP Pools Extension" alias="floatingip-pools" description="Provides a floating IP pools API." updated="2018-03-21T10:00:00-00:00" {{(pid=89665) _check_extension /opt/stack/neutron/neutron/api/extensions.py:415}}
May 13 17:48:50.252084 np0000000729 devstack@neutron-api.service[89667]: DEBUG neutron_lib.callbacks.manager [None req-5247405a-272d-4db9-8865-ffe2cc66bbf5 None None] Subscribe: > security_group after_delete 55550000, False {{(pid=89667) subscribe /opt/stack/data/venv/lib/python3.12/site-packages/neutron_lib/callbacks/manager.py:52}}
May 13 17:48:50.252111 np0000000729 devstack@neutron-api.service[89667]: DEBUG neutron_lib.callbacks.manager [None req-5247405a-272d-4db9-8865-ffe2cc66bbf5 None None] Subscribe: > security_group_rule precommit_create 55550000, False {{(pid=89667) subscribe /opt/stack/data/venv/lib/python3.12/site-packages/neutron_lib/callbacks/manager.py:52}}
May 13 17:48:50.252132 np0000000729 devstack@neutron-api.service[89665]: INFO neutron.api.extensions [None req-6a503e60-749e-4bcf-ba4b-fb31f7609cfa None None] Loaded extension: floatingip-pools
May 13 17:48:50.252183 np0000000729 devstack@neutron-api.service[89665]: DEBUG neutron.api.extensions [None req-6a503e60-749e-4bcf-ba4b-fb31f7609cfa None None] Loading extension file: ip_allocation.py {{(pid=89665) _load_all_extensions_from_path /opt/stack/neutron/neutron/api/extensions.py:449}}
May 13 17:48:50.252204 np0000000729 devstack@neutron-api.service[89667]: DEBUG neutron_lib.callbacks.manager [None req-5247405a-272d-4db9-8865-ffe2cc66bbf5 None None] Subscribe: > security_group_rule after_create 55550000, False {{(pid=89667) subscribe /opt/stack/data/venv/lib/python3.12/site-packages/neutron_lib/callbacks/manager.py:52}}
May 13 17:48:50.252430 np0000000729 devstack@neutron-api.service[89667]: DEBUG neutron_lib.callbacks.manager [None req-5247405a-272d-4db9-8865-ffe2cc66bbf5 None None] Subscribe: > security_group_rule before_delete 55550000, False {{(pid=89667) subscribe /opt/stack/data/venv/lib/python3.12/site-packages/neutron_lib/callbacks/manager.py:52}}
May 13 17:48:50.252493 np0000000729 devstack@neutron-api.service[89665]: DEBUG neutron.api.extensions [None req-6a503e60-749e-4bcf-ba4b-fb31f7609cfa None None] Ext name="IP Allocation" alias="ip_allocation" description="IP allocation extension." updated="2016-06-10T23:00:00-00:00" {{(pid=89665) _check_extension /opt/stack/neutron/neutron/api/extensions.py:415}}
May 13 17:48:50.252551 np0000000729 devstack@neutron-api.service[89667]: DEBUG neutron_lib.callbacks.manager [None req-5247405a-272d-4db9-8865-ffe2cc66bbf5 None None] Subscribe: > address_group after_create 55550000, False {{(pid=89667) subscribe /opt/stack/data/venv/lib/python3.12/site-packages/neutron_lib/callbacks/manager.py:52}}
May 13 17:48:50.252551 np0000000729 devstack@neutron-api.service[89667]: DEBUG neutron_lib.callbacks.manager [None req-5247405a-272d-4db9-8865-ffe2cc66bbf5 None None] Subscribe: > address_group after_update 55550000, False {{(pid=89667) subscribe /opt/stack/data/venv/lib/python3.12/site-packages/neutron_lib/callbacks/manager.py:52}}
May 13 17:48:50.252669 np0000000729 devstack@neutron-api.service[89665]: INFO neutron.api.extensions [None req-6a503e60-749e-4bcf-ba4b-fb31f7609cfa None None] Extension ip_allocation not supported by any of loaded plugins
May 13 17:48:50.252728 np0000000729 devstack@neutron-api.service[89667]: DEBUG neutron_lib.callbacks.manager [None req-5247405a-272d-4db9-8865-ffe2cc66bbf5 None None] Subscribe: > address_group after_delete 55550000, False {{(pid=89667) subscribe /opt/stack/data/venv/lib/python3.12/site-packages/neutron_lib/callbacks/manager.py:52}}
May 13 17:48:50.252789 np0000000729 devstack@neutron-api.service[89665]: DEBUG neutron.api.extensions [None req-6a503e60-749e-4bcf-ba4b-fb31f7609cfa None None] Loading extension file: ip_substring_port_filtering.py {{(pid=89665) _load_all_extensions_from_path /opt/stack/neutron/neutron/api/extensions.py:449}}
May 13 17:48:50.252846 np0000000729 devstack@neutron-api.service[89667]: DEBUG neutron_lib.callbacks.manager [None req-5247405a-272d-4db9-8865-ffe2cc66bbf5 None None] Subscribe: > qos_plugin after_init 55550000, False {{(pid=89667) subscribe /opt/stack/data/venv/lib/python3.12/site-packages/neutron_lib/callbacks/manager.py:52}}
May 13 17:48:50.252888 np0000000729 devstack@neutron-api.service[89665]: DEBUG neutron.api.extensions [None req-6a503e60-749e-4bcf-ba4b-fb31f7609cfa None None] Ext name="IP address substring filtering" alias="ip-substring-filtering" description="Provides IP address substring filtering when listing ports" updated="2017-11-28T09:00:00-00:00" {{(pid=89665) _check_extension /opt/stack/neutron/neutron/api/extensions.py:415}}
May 13 17:48:50.252943 np0000000729 devstack@neutron-api.service[89667]: DEBUG neutron_lib.callbacks.manager [None req-5247405a-272d-4db9-8865-ffe2cc66bbf5 None None] Subscribe: > trunk_plugin after_init 55550000, False {{(pid=89667) subscribe /opt/stack/data/venv/lib/python3.12/site-packages/neutron_lib/callbacks/manager.py:52}}
May 13 17:48:50.252972 np0000000729 devstack@neutron-api.service[89665]: INFO neutron.api.extensions [None req-6a503e60-749e-4bcf-ba4b-fb31f7609cfa None None] Extension ip-substring-filtering not supported by any of loaded plugins
May 13 17:48:50.253025 np0000000729 devstack@neutron-api.service[89665]: DEBUG neutron.api.extensions [None req-6a503e60-749e-4bcf-ba4b-fb31f7609cfa None None] Loading extension file: l2_adjacency.py {{(pid=89665) _load_all_extensions_from_path /opt/stack/neutron/neutron/api/extensions.py:449}}
May 13 17:48:50.253120 np0000000729 devstack@neutron-api.service[89667]: DEBUG neutron_lib.callbacks.manager [None req-5247405a-272d-4db9-8865-ffe2cc66bbf5 None None] Subscribe: > logging-plugin after_init 55550000, False {{(pid=89667) subscribe /opt/stack/data/venv/lib/python3.12/site-packages/neutron_lib/callbacks/manager.py:52}}
May 13 17:48:50.253228 np0000000729 devstack@neutron-api.service[89665]: DEBUG neutron.api.extensions [None req-6a503e60-749e-4bcf-ba4b-fb31f7609cfa None None] Ext name="L2 Adjacency" alias="l2_adjacency" description="Display L2 Adjacency for Neutron Networks." updated="2016-04-12T16:00:00-00:00" {{(pid=89665) _check_extension /opt/stack/neutron/neutron/api/extensions.py:415}}
May 13 17:48:50.253387 np0000000729 devstack@neutron-api.service[89665]: INFO neutron.api.extensions [None req-6a503e60-749e-4bcf-ba4b-fb31f7609cfa None None] Extension l2_adjacency not supported by any of loaded plugins
May 13 17:48:50.253470 np0000000729 devstack@neutron-api.service[89665]: DEBUG neutron.api.extensions [None req-6a503e60-749e-4bcf-ba4b-fb31f7609cfa None None] Loading extension file: l3.py {{(pid=89665) _load_all_extensions_from_path /opt/stack/neutron/neutron/api/extensions.py:449}}
May 13 17:48:50.253610 np0000000729 devstack@neutron-api.service[89667]: INFO neutron.services.logapi.drivers.ovn.driver [None req-5247405a-272d-4db9-8865-ffe2cc66bbf5 None None] OVN logging driver registered
May 13 17:48:50.253884 np0000000729 devstack@neutron-api.service[89665]: DEBUG neutron.api.extensions [None req-6a503e60-749e-4bcf-ba4b-fb31f7609cfa None None] Ext name="Neutron L3 Router" alias="router" description="Router abstraction for basic L3 forwarding between L2 Neutron networks and access to external networks via a NAT gateway." updated="2012-07-20T10:00:00-00:00" {{(pid=89665) _check_extension /opt/stack/neutron/neutron/api/extensions.py:415}}
May 13 17:48:50.254015 np0000000729 devstack@neutron-api.service[89665]: INFO neutron.api.extensions [None req-6a503e60-749e-4bcf-ba4b-fb31f7609cfa None None] Loaded extension: router
May 13 17:48:50.254134 np0000000729 devstack@neutron-api.service[89665]: DEBUG neutron.api.extensions [None req-6a503e60-749e-4bcf-ba4b-fb31f7609cfa None None] Loading extension file: l3_conntrack_helper.py {{(pid=89665) _load_all_extensions_from_path /opt/stack/neutron/neutron/api/extensions.py:449}}
May 13 17:48:50.254719 np0000000729 devstack@neutron-api.service[89665]: DEBUG neutron.api.extensions [None req-6a503e60-749e-4bcf-ba4b-fb31f7609cfa None None] Ext name="L3 Conntrack helper" alias="l3-conntrack-helper" description="Allow adding CT target rules for conntrack helper" updated="2019-04-04T10:00:00-00:00" {{(pid=89665) _check_extension /opt/stack/neutron/neutron/api/extensions.py:415}}
May 13 17:48:50.254869 np0000000729 devstack@neutron-api.service[89665]: INFO neutron.api.extensions [None req-6a503e60-749e-4bcf-ba4b-fb31f7609cfa None None] Extension l3-conntrack-helper not supported by any of loaded plugins
May 13 17:48:50.254946 np0000000729 devstack@neutron-api.service[89665]: DEBUG neutron.api.extensions [None req-6a503e60-749e-4bcf-ba4b-fb31f7609cfa None None] Loading extension file: l3_enable_default_route_bfd.py {{(pid=89665) _load_all_extensions_from_path /opt/stack/neutron/neutron/api/extensions.py:449}}
May 13 17:48:50.255102 np0000000729 devstack@neutron-api.service[89667]: DEBUG neutron.plugins.ml2.plugin [None req-5247405a-272d-4db9-8865-ffe2cc66bbf5 None None] neutron.plugins.ml2.plugin.Ml2Plugin method _start_rpc_notifiers called with arguments () {} {{(pid=89667) wrapper /opt/stack/data/venv/lib/python3.12/site-packages/oslo_log/helpers.py:77}}
May 13 17:48:50.255177 np0000000729 devstack@neutron-api.service[89665]: DEBUG neutron.api.extensions [None req-6a503e60-749e-4bcf-ba4b-fb31f7609cfa None None] Ext name="Enable Default Route BFD" alias="enable-default-route-bfd" description="Enables configurable BFD behavior for default routes" updated="2023-02-27T00:00:00-00:00" {{(pid=89665) _check_extension /opt/stack/neutron/neutron/api/extensions.py:415}}
May 13 17:48:50.255319 np0000000729 devstack@neutron-api.service[89665]: INFO neutron.api.extensions [None req-6a503e60-749e-4bcf-ba4b-fb31f7609cfa None None] Loaded extension: enable-default-route-bfd
May 13 17:48:50.255415 np0000000729 devstack@neutron-api.service[89667]: DEBUG neutron_lib.callbacks.manager [None req-5247405a-272d-4db9-8865-ffe2cc66bbf5 None None] Subscribe: > port after_create 55550000, False {{(pid=89667) subscribe /opt/stack/data/venv/lib/python3.12/site-packages/neutron_lib/callbacks/manager.py:52}}
May 13 17:48:50.255450 np0000000729 devstack@neutron-api.service[89665]: DEBUG neutron.api.extensions [None req-6a503e60-749e-4bcf-ba4b-fb31f7609cfa None None] Loading extension file: l3_enable_default_route_ecmp.py {{(pid=89665) _load_all_extensions_from_path /opt/stack/neutron/neutron/api/extensions.py:449}}
May 13 17:48:50.255531 np0000000729 devstack@neutron-api.service[89667]: DEBUG neutron_lib.callbacks.manager [None req-5247405a-272d-4db9-8865-ffe2cc66bbf5 None None] Subscribe: > port after_update 55550000, False {{(pid=89667) subscribe /opt/stack/data/venv/lib/python3.12/site-packages/neutron_lib/callbacks/manager.py:52}}
May 13 17:48:50.255597 np0000000729 devstack@neutron-api.service[89667]: DEBUG neutron_lib.callbacks.manager [None req-5247405a-272d-4db9-8865-ffe2cc66bbf5 None None] Subscribe: > port after_delete 55550000, False {{(pid=89667) subscribe /opt/stack/data/venv/lib/python3.12/site-packages/neutron_lib/callbacks/manager.py:52}}
May 13 17:48:50.255651 np0000000729 devstack@neutron-api.service[89665]: DEBUG neutron.api.extensions [None req-6a503e60-749e-4bcf-ba4b-fb31f7609cfa None None] Ext name="Enable Default Route ECMP" alias="enable-default-route-ecmp" description="Enables configurable ECMP behavior for default routes" updated="2023-02-27T00:00:00-00:00" {{(pid=89665) _check_extension /opt/stack/neutron/neutron/api/extensions.py:415}}
May 13 17:48:50.255715 np0000000729 devstack@neutron-api.service[89667]: DEBUG neutron_lib.callbacks.manager [None req-5247405a-272d-4db9-8865-ffe2cc66bbf5 None None] Subscribe: > subnet after_create 55550000, False {{(pid=89667) subscribe /opt/stack/data/venv/lib/python3.12/site-packages/neutron_lib/callbacks/manager.py:52}}
May 13 17:48:50.255773 np0000000729 devstack@neutron-api.service[89667]: DEBUG neutron_lib.callbacks.manager [None req-5247405a-272d-4db9-8865-ffe2cc66bbf5 None None] Subscribe: > subnet after_update 55550000, False {{(pid=89667) subscribe /opt/stack/data/venv/lib/python3.12/site-packages/neutron_lib/callbacks/manager.py:52}}
May 13 17:48:50.255804 np0000000729 devstack@neutron-api.service[89665]: INFO neutron.api.extensions [None req-6a503e60-749e-4bcf-ba4b-fb31f7609cfa None None] Loaded extension: enable-default-route-ecmp
May 13 17:48:50.255872 np0000000729 devstack@neutron-api.service[89665]: DEBUG neutron.api.extensions [None req-6a503e60-749e-4bcf-ba4b-fb31f7609cfa None None] Loading extension file: l3_ext_gw_mode.py {{(pid=89665) _load_all_extensions_from_path /opt/stack/neutron/neutron/api/extensions.py:449}}
May 13 17:48:50.255901 np0000000729 devstack@neutron-api.service[89667]: DEBUG neutron_lib.callbacks.manager [None req-5247405a-272d-4db9-8865-ffe2cc66bbf5 None None] Subscribe: > subnet after_delete 55550000, False {{(pid=89667) subscribe /opt/stack/data/venv/lib/python3.12/site-packages/neutron_lib/callbacks/manager.py:52}}
May 13 17:48:50.255928 np0000000729 devstack@neutron-api.service[89667]: DEBUG neutron_lib.callbacks.manager [None req-5247405a-272d-4db9-8865-ffe2cc66bbf5 None None] Subscribe: > network after_create 55550000, False {{(pid=89667) subscribe /opt/stack/data/venv/lib/python3.12/site-packages/neutron_lib/callbacks/manager.py:52}}
May 13 17:48:50.256026 np0000000729 devstack@neutron-api.service[89667]: DEBUG neutron_lib.callbacks.manager [None req-5247405a-272d-4db9-8865-ffe2cc66bbf5 None None] Subscribe: > network after_update 55550000, False {{(pid=89667) subscribe /opt/stack/data/venv/lib/python3.12/site-packages/neutron_lib/callbacks/manager.py:52}}
May 13 17:48:50.256101 np0000000729 devstack@neutron-api.service[89665]: DEBUG neutron.api.extensions [None req-6a503e60-749e-4bcf-ba4b-fb31f7609cfa None None] Ext name="Neutron L3 Configurable external gateway mode" alias="ext-gw-mode" description="Extension of the router abstraction for specifying whether SNAT should occur on the external gateway" updated="2013-03-28T10:00:00-00:00" {{(pid=89665) _check_extension /opt/stack/neutron/neutron/api/extensions.py:415}}
May 13 17:48:50.256157 np0000000729 devstack@neutron-api.service[89667]: DEBUG neutron_lib.callbacks.manager [None req-5247405a-272d-4db9-8865-ffe2cc66bbf5 None None] Subscribe: > network after_delete 55550000, False {{(pid=89667) subscribe /opt/stack/data/venv/lib/python3.12/site-packages/neutron_lib/callbacks/manager.py:52}}
May 13 17:48:50.256157 np0000000729 devstack@neutron-api.service[89667]: DEBUG neutron_lib.callbacks.manager [None req-5247405a-272d-4db9-8865-ffe2cc66bbf5 None None] Subscribe: > security_group after_create 55550000, False {{(pid=89667) subscribe /opt/stack/data/venv/lib/python3.12/site-packages/neutron_lib/callbacks/manager.py:52}}
May 13 17:48:50.256228 np0000000729 devstack@neutron-api.service[89665]: INFO neutron.api.extensions [None req-6a503e60-749e-4bcf-ba4b-fb31f7609cfa None None] Loaded extension: ext-gw-mode
May 13 17:48:50.256252 np0000000729 devstack@neutron-api.service[89667]: DEBUG neutron_lib.callbacks.manager [None req-5247405a-272d-4db9-8865-ffe2cc66bbf5 None None] Subscribe: > security_group after_update 55550000, False {{(pid=89667) subscribe /opt/stack/data/venv/lib/python3.12/site-packages/neutron_lib/callbacks/manager.py:52}}
May 13 17:48:50.256273 np0000000729 devstack@neutron-api.service[89665]: DEBUG neutron.api.extensions [None req-6a503e60-749e-4bcf-ba4b-fb31f7609cfa None None] Loading extension file: l3_ext_ha_mode.py {{(pid=89665) _load_all_extensions_from_path /opt/stack/neutron/neutron/api/extensions.py:449}}
May 13 17:48:50.256383 np0000000729 devstack@neutron-api.service[89667]: DEBUG neutron_lib.callbacks.manager [None req-5247405a-272d-4db9-8865-ffe2cc66bbf5 None None] Subscribe: > security_group after_delete 55550000, False {{(pid=89667) subscribe /opt/stack/data/venv/lib/python3.12/site-packages/neutron_lib/callbacks/manager.py:52}}
May 13 17:48:50.256473 np0000000729 devstack@neutron-api.service[89667]: DEBUG neutron_lib.callbacks.manager [None req-5247405a-272d-4db9-8865-ffe2cc66bbf5 None None] Subscribe: > security_group_rule after_create 55550000, False {{(pid=89667) subscribe /opt/stack/data/venv/lib/python3.12/site-packages/neutron_lib/callbacks/manager.py:52}}
May 13 17:48:50.256537 np0000000729 devstack@neutron-api.service[89665]: DEBUG neutron.api.extensions [None req-6a503e60-749e-4bcf-ba4b-fb31f7609cfa None None] Ext name="HA Router extension" alias="l3-ha" description="Adds HA capability to routers." updated="2014-04-26T00:00:00-00:00" {{(pid=89665) _check_extension /opt/stack/neutron/neutron/api/extensions.py:415}}
May 13 17:48:50.256600 np0000000729 devstack@neutron-api.service[89667]: DEBUG neutron_lib.callbacks.manager [None req-5247405a-272d-4db9-8865-ffe2cc66bbf5 None None] Subscribe: > security_group_rule after_update 55550000, False {{(pid=89667) subscribe /opt/stack/data/venv/lib/python3.12/site-packages/neutron_lib/callbacks/manager.py:52}}
May 13 17:48:50.256628 np0000000729 devstack@neutron-api.service[89665]: INFO neutron.api.extensions [None req-6a503e60-749e-4bcf-ba4b-fb31f7609cfa None None] Loaded extension: l3-ha
May 13 17:48:50.256649 np0000000729 devstack@neutron-api.service[89667]: DEBUG neutron_lib.callbacks.manager [None req-5247405a-272d-4db9-8865-ffe2cc66bbf5 None None] Subscribe: > security_group_rule after_delete 55550000, False {{(pid=89667) subscribe /opt/stack/data/venv/lib/python3.12/site-packages/neutron_lib/callbacks/manager.py:52}}
May 13 17:48:50.256729 np0000000729 devstack@neutron-api.service[89665]: DEBUG neutron.api.extensions [None req-6a503e60-749e-4bcf-ba4b-fb31f7609cfa None None] Loading extension file: l3_ext_ndp_proxy.py {{(pid=89665) _load_all_extensions_from_path /opt/stack/neutron/neutron/api/extensions.py:449}}
May 13 17:48:50.256777 np0000000729 devstack@neutron-api.service[89667]: DEBUG neutron_lib.callbacks.manager [None req-5247405a-272d-4db9-8865-ffe2cc66bbf5 None None] Subscribe: > address_group after_create 55550000, False {{(pid=89667) subscribe /opt/stack/data/venv/lib/python3.12/site-packages/neutron_lib/callbacks/manager.py:52}}
May 13 17:48:50.256801 np0000000729 devstack@neutron-api.service[89667]: DEBUG neutron_lib.callbacks.manager [None req-5247405a-272d-4db9-8865-ffe2cc66bbf5 None None] Subscribe: > address_group after_update 55550000, False {{(pid=89667) subscribe /opt/stack/data/venv/lib/python3.12/site-packages/neutron_lib/callbacks/manager.py:52}}
May 13 17:48:50.256880 np0000000729 devstack@neutron-api.service[89667]: DEBUG neutron_lib.callbacks.manager [None req-5247405a-272d-4db9-8865-ffe2cc66bbf5 None None] Subscribe: > address_group after_delete 55550000, False {{(pid=89667) subscribe /opt/stack/data/venv/lib/python3.12/site-packages/neutron_lib/callbacks/manager.py:52}}
May 13 17:48:50.256943 np0000000729 devstack@neutron-api.service[89665]: DEBUG neutron.api.extensions [None req-6a503e60-749e-4bcf-ba4b-fb31f7609cfa None None] Ext name="Router support to enable NDP proxy" alias="l3-ext-ndp-proxy" description="Router extension to enable ndp proxy" updated="2020-08-25T00:00:00-00:00" {{(pid=89665) _check_extension /opt/stack/neutron/neutron/api/extensions.py:415}}
May 13 17:48:50.256972 np0000000729 devstack@neutron-api.service[89667]: DEBUG neutron.plugins.ml2.ovo_rpc [None req-5247405a-272d-4db9-8865-ffe2cc66bbf5 None None] ML2 OVO RPC backend initialized. {{(pid=89667) __init__ /opt/stack/neutron/neutron/plugins/ml2/ovo_rpc.py:117}}
May 13 17:48:50.257053 np0000000729 devstack@neutron-api.service[89665]: INFO neutron.api.extensions [None req-6a503e60-749e-4bcf-ba4b-fb31f7609cfa None None] Extension l3-ext-ndp-proxy not supported by any of loaded plugins
May 13 17:48:50.257104 np0000000729 devstack@neutron-api.service[89665]: DEBUG neutron.api.extensions [None req-6a503e60-749e-4bcf-ba4b-fb31f7609cfa None None] Loading extension file: l3_extra_gws.py {{(pid=89665) _load_all_extensions_from_path /opt/stack/neutron/neutron/api/extensions.py:449}}
May 13 17:48:50.257316 np0000000729 devstack@neutron-api.service[89665]: DEBUG neutron.api.extensions [None req-6a503e60-749e-4bcf-ba4b-fb31f7609cfa None None] Ext name="Neutron L3 External Gateway Multihoming" alias="external-gateway-multihoming" description="Allow multiple external gateway ports per router" updated="2023-01-18T00:00:00-00:00" {{(pid=89665) _check_extension /opt/stack/neutron/neutron/api/extensions.py:415}}
May 13 17:48:50.257479 np0000000729 devstack@neutron-api.service[89665]: INFO neutron.api.extensions [None req-6a503e60-749e-4bcf-ba4b-fb31f7609cfa None None] Loaded extension: external-gateway-multihoming
May 13 17:48:50.257559 np0000000729 devstack@neutron-api.service[89665]: DEBUG neutron.api.extensions [None req-6a503e60-749e-4bcf-ba4b-fb31f7609cfa None None] Loading extension file: l3_flavors.py {{(pid=89665) _load_all_extensions_from_path /opt/stack/neutron/neutron/api/extensions.py:449}}
May 13 17:48:50.257761 np0000000729 devstack@neutron-api.service[89667]: INFO neutron.quota [None req-5247405a-272d-4db9-8865-ffe2cc66bbf5 None None] Loaded quota_driver: .
May 13 17:48:50.257794 np0000000729 devstack@neutron-api.service[89665]: DEBUG neutron.api.extensions [None req-6a503e60-749e-4bcf-ba4b-fb31f7609cfa None None] Ext name="Router Flavor Extension" alias="l3-flavors" description="Flavor support for routers." updated="2016-05-17T00:00:00-00:00" {{(pid=89665) _check_extension /opt/stack/neutron/neutron/api/extensions.py:415}}
May 13 17:48:50.257868 np0000000729 devstack@neutron-api.service[89667]: INFO neutron.plugins.ml2.plugin [None req-5247405a-272d-4db9-8865-ffe2cc66bbf5 None None] Modular L2 Plugin initialization complete
May 13 17:48:50.257898 np0000000729 devstack@neutron-api.service[89665]: INFO neutron.api.extensions [None req-6a503e60-749e-4bcf-ba4b-fb31f7609cfa None None] Loaded extension: l3-flavors
May 13 17:48:50.257968 np0000000729 devstack@neutron-api.service[89665]: DEBUG neutron.api.extensions [None req-6a503e60-749e-4bcf-ba4b-fb31f7609cfa None None] Loading extension file: l3_ndp_proxy.py {{(pid=89665) _load_all_extensions_from_path /opt/stack/neutron/neutron/api/extensions.py:449}}
May 13 17:48:50.257999 np0000000729 devstack@neutron-api.service[89667]: DEBUG neutron.manager [None req-5247405a-272d-4db9-8865-ffe2cc66bbf5 None None] Loading services supported by the core plugin {{(pid=89667) _load_services_from_core_plugin /opt/stack/neutron/neutron/manager.py:170}}
May 13 17:48:50.258087 np0000000729 devstack@neutron-api.service[89667]: INFO neutron.plugins.ml2.managers [None req-5247405a-272d-4db9-8865-ffe2cc66bbf5 None None] Got port-security extension from driver 'port_security'
May 13 17:48:50.258236 np0000000729 devstack@neutron-api.service[89665]: DEBUG neutron.api.extensions [None req-6a503e60-749e-4bcf-ba4b-fb31f7609cfa None None] Ext name="name" alias="l3-ndp-proxy" description="description" updated="2021-06-29T10:00:00-00:00" {{(pid=89665) _check_extension /opt/stack/neutron/neutron/api/extensions.py:415}}
May 13 17:48:50.258337 np0000000729 devstack@neutron-api.service[89667]: DEBUG neutron.manager [None req-5247405a-272d-4db9-8865-ffe2cc66bbf5 None None] Loading service plugins: ['ovn-router', 'auto_allocate', 'tag', 'timestamp', 'network_ip_availability', 'flavors', 'revisions'] {{(pid=89667) _load_service_plugins /opt/stack/neutron/neutron/manager.py:195}}
May 13 17:48:50.258388 np0000000729 devstack@neutron-api.service[89665]: INFO neutron.api.extensions [None req-6a503e60-749e-4bcf-ba4b-fb31f7609cfa None None] Extension l3-ndp-proxy not supported by any of loaded plugins
May 13 17:48:50.258464 np0000000729 devstack@neutron-api.service[89667]: INFO neutron.manager [None req-5247405a-272d-4db9-8865-ffe2cc66bbf5 None None] Loading Plugin: ovn-router
May 13 17:48:50.258498 np0000000729 devstack@neutron-api.service[89665]: DEBUG neutron.api.extensions [None req-6a503e60-749e-4bcf-ba4b-fb31f7609cfa None None] Loading extension file: l3_port_ip_change_not_allowed.py {{(pid=89665) _load_all_extensions_from_path /opt/stack/neutron/neutron/api/extensions.py:449}}
May 13 17:48:50.258682 np0000000729 devstack@neutron-api.service[89665]: DEBUG neutron.api.extensions [None req-6a503e60-749e-4bcf-ba4b-fb31f7609cfa None None] Ext name="Prevent L3 router ports IP address change extension" alias="l3-port-ip-change-not-allowed" description="Prevent change of IP address for some L3 router ports" updated="2018-10-09T10:00:00-00:00" {{(pid=89665) _check_extension /opt/stack/neutron/neutron/api/extensions.py:415}}
May 13 17:48:50.258820 np0000000729 devstack@neutron-api.service[89665]: INFO neutron.api.extensions [None req-6a503e60-749e-4bcf-ba4b-fb31f7609cfa None None] Extension l3-port-ip-change-not-allowed not supported by any of loaded plugins
May 13 17:48:50.258900 np0000000729 devstack@neutron-api.service[89665]: DEBUG neutron.api.extensions [None req-6a503e60-749e-4bcf-ba4b-fb31f7609cfa None None] Loading extension file: l3agentscheduler.py {{(pid=89665) _load_all_extensions_from_path /opt/stack/neutron/neutron/api/extensions.py:449}}
May 13 17:48:50.259452 np0000000729 devstack@neutron-api.service[89665]: DEBUG neutron.api.extensions [None req-6a503e60-749e-4bcf-ba4b-fb31f7609cfa None None] Ext name="L3 Agent Scheduler" alias="l3_agent_scheduler" description="Schedule routers among l3 agents" updated="2013-02-07T10:00:00-00:00" {{(pid=89665) _check_extension /opt/stack/neutron/neutron/api/extensions.py:415}}
May 13 17:48:50.259589 np0000000729 devstack@neutron-api.service[89665]: INFO neutron.api.extensions [None req-6a503e60-749e-4bcf-ba4b-fb31f7609cfa None None] Extension l3_agent_scheduler not supported by any of loaded plugins
May 13 17:48:50.259684 np0000000729 devstack@neutron-api.service[89665]: DEBUG neutron.api.extensions [None req-6a503e60-749e-4bcf-ba4b-fb31f7609cfa None None] Loading extension file: local_ip.py {{(pid=89665) _load_all_extensions_from_path /opt/stack/neutron/neutron/api/extensions.py:449}}
May 13 17:48:50.260016 np0000000729 devstack@neutron-api.service[89665]: DEBUG neutron.api.extensions [None req-6a503e60-749e-4bcf-ba4b-fb31f7609cfa None None] Ext name="Local IP" alias="local_ip" description="Support Node Local Virtual IP" updated="2021-07-26T10:00:00-00:00" {{(pid=89665) _check_extension /opt/stack/neutron/neutron/api/extensions.py:415}}
May 13 17:48:50.260124 np0000000729 devstack@neutron-api.service[89665]: INFO neutron.api.extensions [None req-6a503e60-749e-4bcf-ba4b-fb31f7609cfa None None] Extension local_ip not supported by any of loaded plugins
May 13 17:48:50.260198 np0000000729 devstack@neutron-api.service[89665]: DEBUG neutron.api.extensions [None req-6a503e60-749e-4bcf-ba4b-fb31f7609cfa None None] Loading extension file: logging.py {{(pid=89665) _load_all_extensions_from_path /opt/stack/neutron/neutron/api/extensions.py:449}}
May 13 17:48:50.260510 np0000000729 devstack@neutron-api.service[89665]: DEBUG neutron.api.extensions [None req-6a503e60-749e-4bcf-ba4b-fb31f7609cfa None None] Ext name="Logging API Extension" alias="logging" description="Provides a logging API for resources such as security group and firewall." updated="2017-01-01T10:00:00-00:00" {{(pid=89665) _check_extension /opt/stack/neutron/neutron/api/extensions.py:415}}
May 13 17:48:50.260648 np0000000729 devstack@neutron-api.service[89665]: INFO neutron.api.extensions [None req-6a503e60-749e-4bcf-ba4b-fb31f7609cfa None None] Extension logging not supported by any of loaded plugins
May 13 17:48:50.260724 np0000000729 devstack@neutron-api.service[89665]: DEBUG neutron.api.extensions [None req-6a503e60-749e-4bcf-ba4b-fb31f7609cfa None None] Loading extension file: metering.py {{(pid=89665) _load_all_extensions_from_path /opt/stack/neutron/neutron/api/extensions.py:449}}
May 13 17:48:50.261137 np0000000729 devstack@neutron-api.service[89665]: DEBUG neutron.api.extensions [None req-6a503e60-749e-4bcf-ba4b-fb31f7609cfa None None] Ext name="Neutron Metering" alias="metering" description="Neutron Metering extension." updated="2013-06-12T10:00:00-00:00" {{(pid=89665) _check_extension /opt/stack/neutron/neutron/api/extensions.py:415}}
May 13 17:48:50.261280 np0000000729 devstack@neutron-api.service[89665]: INFO neutron.api.extensions [None req-6a503e60-749e-4bcf-ba4b-fb31f7609cfa None None] Extension metering not supported by any of loaded plugins
May 13 17:48:50.261379 np0000000729 devstack@neutron-api.service[89665]: DEBUG neutron.api.extensions [None req-6a503e60-749e-4bcf-ba4b-fb31f7609cfa None None] Loading extension file: metering_source_and_destination_fields.py {{(pid=89665) _load_all_extensions_from_path /opt/stack/neutron/neutron/api/extensions.py:449}}
May 13 17:48:50.261612 np0000000729 devstack@neutron-api.service[89665]: DEBUG neutron.api.extensions [None req-6a503e60-749e-4bcf-ba4b-fb31f7609cfa None None] Ext name="Neutron Metering with source and destination filtering" alias="metering_source_and_destination_fields" description="Neutron Metering extension that enables the use of source and destination IP prefixes to create metering label rules." updated="2020-08-21T08:12:00-00:00" {{(pid=89665) _check_extension /opt/stack/neutron/neutron/api/extensions.py:415}}
May 13 17:48:50.261752 np0000000729 devstack@neutron-api.service[89665]: INFO neutron.api.extensions [None req-6a503e60-749e-4bcf-ba4b-fb31f7609cfa None None] Extension metering_source_and_destination_fields not supported by any of loaded plugins
May 13 17:48:50.261835 np0000000729 devstack@neutron-api.service[89665]: DEBUG neutron.api.extensions [None req-6a503e60-749e-4bcf-ba4b-fb31f7609cfa None None] Loading extension file: multiprovidernet.py {{(pid=89665) _load_all_extensions_from_path /opt/stack/neutron/neutron/api/extensions.py:449}}
May 13 17:48:50.262046 np0000000729 devstack@neutron-api.service[89665]: DEBUG neutron.api.extensions [None req-6a503e60-749e-4bcf-ba4b-fb31f7609cfa None None] Ext name="Multi Provider Network" alias="multi-provider" description="Expose mapping of virtual networks to multiple physical networks" updated="2013-06-27T10:00:00-00:00" {{(pid=89665) _check_extension /opt/stack/neutron/neutron/api/extensions.py:415}}
May 13 17:48:50.262174 np0000000729 devstack@neutron-api.service[89665]: INFO neutron.api.extensions [None req-6a503e60-749e-4bcf-ba4b-fb31f7609cfa None None] Loaded extension: multi-provider
May 13 17:48:50.262253 np0000000729 devstack@neutron-api.service[89665]: DEBUG neutron.api.extensions [None req-6a503e60-749e-4bcf-ba4b-fb31f7609cfa None None] Loading extension file: netmtu.py {{(pid=89665) _load_all_extensions_from_path /opt/stack/neutron/neutron/api/extensions.py:449}}
May 13 17:48:50.262547 np0000000729 devstack@neutron-api.service[89665]: DEBUG neutron.api.extensions [None req-6a503e60-749e-4bcf-ba4b-fb31f7609cfa None None] Ext name="Network MTU" alias="net-mtu" description="Provides MTU attribute for a network resource." updated="2015-03-25T10:00:00-00:00" {{(pid=89665) _check_extension /opt/stack/neutron/neutron/api/extensions.py:415}}
May 13 17:48:50.262680 np0000000729 devstack@neutron-api.service[89665]: INFO neutron.api.extensions [None req-6a503e60-749e-4bcf-ba4b-fb31f7609cfa None None] Loaded extension: net-mtu
May 13 17:48:50.263041 np0000000729 devstack@neutron-api.service[89665]: DEBUG neutron.api.extensions [None req-6a503e60-749e-4bcf-ba4b-fb31f7609cfa None None] Loading extension file: netmtu_writable.py {{(pid=89665) _load_all_extensions_from_path /opt/stack/neutron/neutron/api/extensions.py:449}}
May 13 17:48:50.263041 np0000000729 devstack@neutron-api.service[89665]: DEBUG neutron.api.extensions [None req-6a503e60-749e-4bcf-ba4b-fb31f7609cfa None None] Ext name="Network MTU (writable)" alias="net-mtu-writable" description="Provides a writable MTU attribute for a network resource." updated="2017-07-12T00:00:00-00:00" {{(pid=89665) _check_extension /opt/stack/neutron/neutron/api/extensions.py:415}}
May 13 17:48:50.263089 np0000000729 devstack@neutron-api.service[89665]: INFO neutron.api.extensions [None req-6a503e60-749e-4bcf-ba4b-fb31f7609cfa None None] Loaded extension: net-mtu-writable
May 13 17:48:50.263177 np0000000729 devstack@neutron-api.service[89665]: DEBUG neutron.api.extensions [None req-6a503e60-749e-4bcf-ba4b-fb31f7609cfa None None] Loading extension file: network_availability_zone.py {{(pid=89665) _load_all_extensions_from_path /opt/stack/neutron/neutron/api/extensions.py:449}}
May 13 17:48:50.263428 np0000000729 devstack@neutron-api.service[89665]: DEBUG neutron.api.extensions [None req-6a503e60-749e-4bcf-ba4b-fb31f7609cfa None None] Ext name="Network Availability Zone" alias="network_availability_zone" description="Availability zone support for network." updated="2015-01-01T10:00:00-00:00" {{(pid=89665) _check_extension /opt/stack/neutron/neutron/api/extensions.py:415}}
May 13 17:48:50.263935 np0000000729 devstack@neutron-api.service[89665]: INFO neutron.api.extensions [None req-6a503e60-749e-4bcf-ba4b-fb31f7609cfa None None] Loaded extension: network_availability_zone
May 13 17:48:50.263935 np0000000729 devstack@neutron-api.service[89665]: DEBUG neutron.api.extensions [None req-6a503e60-749e-4bcf-ba4b-fb31f7609cfa None None] Loading extension file: network_ha.py {{(pid=89665) _load_all_extensions_from_path /opt/stack/neutron/neutron/api/extensions.py:449}}
May 13 17:48:50.263935 np0000000729 devstack@neutron-api.service[89665]: DEBUG neutron.api.extensions [None req-6a503e60-749e-4bcf-ba4b-fb31f7609cfa None None] Ext name="Network HA creation flag" alias="network_ha" description="Network high availability creation flag." updated="2023-04-27T10:00:00-00:00" {{(pid=89665) _check_extension /opt/stack/neutron/neutron/api/extensions.py:415}}
May 13 17:48:50.264006 np0000000729 devstack@neutron-api.service[89665]: INFO neutron.api.extensions [None req-6a503e60-749e-4bcf-ba4b-fb31f7609cfa None None] Extension network_ha not supported by any of loaded plugins
May 13 17:48:50.264113 np0000000729 devstack@neutron-api.service[89665]: DEBUG neutron.api.extensions [None req-6a503e60-749e-4bcf-ba4b-fb31f7609cfa None None] Loading extension file: network_ip_availability.py {{(pid=89665) _load_all_extensions_from_path /opt/stack/neutron/neutron/api/extensions.py:449}}
May 13 17:48:50.264295 np0000000729 devstack@neutron-api.service[89665]: DEBUG neutron.api.extensions [None req-6a503e60-749e-4bcf-ba4b-fb31f7609cfa None None] Ext name="Network IP Availability" alias="network-ip-availability" description="Provides IP availability data for each network and subnet." updated="2015-09-24T00:00:00-00:00" {{(pid=89665) _check_extension /opt/stack/neutron/neutron/api/extensions.py:415}}
May 13 17:48:50.264448 np0000000729 devstack@neutron-api.service[89665]: INFO neutron.api.extensions [None req-6a503e60-749e-4bcf-ba4b-fb31f7609cfa None None] Loaded extension: network-ip-availability
May 13 17:48:50.264528 np0000000729 devstack@neutron-api.service[89665]: DEBUG neutron.api.extensions [None req-6a503e60-749e-4bcf-ba4b-fb31f7609cfa None None] Loading extension file: network_ip_availability_details.py {{(pid=89665) _load_all_extensions_from_path /opt/stack/neutron/neutron/api/extensions.py:449}}
May 13 17:48:50.264758 np0000000729 devstack@neutron-api.service[89665]: DEBUG neutron.api.extensions [None req-6a503e60-749e-4bcf-ba4b-fb31f7609cfa None None] Ext name="Network IP Availability Details Extension" alias="network-ip-availability-details" description="Add ip_availability_details attribute to network-ip-availabilities resource." updated="2025-10-31T00:00:00-00:00" {{(pid=89665) _check_extension /opt/stack/neutron/neutron/api/extensions.py:415}}
May 13 17:48:50.264891 np0000000729 devstack@neutron-api.service[89665]: INFO neutron.api.extensions [None req-6a503e60-749e-4bcf-ba4b-fb31f7609cfa None None] Loaded extension: network-ip-availability-details
May 13 17:48:50.264967 np0000000729 devstack@neutron-api.service[89665]: DEBUG neutron.api.extensions [None req-6a503e60-749e-4bcf-ba4b-fb31f7609cfa None None] Loading extension file: network_segment_range.py {{(pid=89665) _load_all_extensions_from_path /opt/stack/neutron/neutron/api/extensions.py:449}}
May 13 17:48:50.265262 np0000000729 devstack@neutron-api.service[89665]: DEBUG neutron.api.extensions [None req-6a503e60-749e-4bcf-ba4b-fb31f7609cfa None None] Ext name="Neutron Network Segment Range" alias="network-segment-range" description="Provides support for the network segment range management" updated="2018-11-29T00:00:00-00:00" {{(pid=89665) _check_extension /opt/stack/neutron/neutron/api/extensions.py:415}}
May 13 17:48:50.265432 np0000000729 devstack@neutron-api.service[89665]: INFO neutron.api.extensions [None req-6a503e60-749e-4bcf-ba4b-fb31f7609cfa None None] Extension network-segment-range not supported by any of loaded plugins
May 13 17:48:50.265560 np0000000729 devstack@neutron-api.service[89665]: DEBUG neutron.api.extensions [None req-6a503e60-749e-4bcf-ba4b-fb31f7609cfa None None] Loading extension file: pagination.py {{(pid=89665) _load_all_extensions_from_path /opt/stack/neutron/neutron/api/extensions.py:449}}
May 13 17:48:50.265730 np0000000729 devstack@neutron-api.service[89665]: DEBUG neutron.api.extensions [None req-6a503e60-749e-4bcf-ba4b-fb31f7609cfa None None] Ext name="Pagination support" alias="pagination" description="Extension that indicates that pagination is enabled." updated="2016-06-12T00:00:00-00:00" {{(pid=89665) _check_extension /opt/stack/neutron/neutron/api/extensions.py:415}}
May 13 17:48:50.265803 np0000000729 devstack@neutron-api.service[89665]: INFO neutron.api.extensions [None req-6a503e60-749e-4bcf-ba4b-fb31f7609cfa None None] Loaded extension: pagination
May 13 17:48:50.265880 np0000000729 devstack@neutron-api.service[89665]: DEBUG neutron.api.extensions [None req-6a503e60-749e-4bcf-ba4b-fb31f7609cfa None None] Loading extension file: port_device_profile.py {{(pid=89665) _load_all_extensions_from_path /opt/stack/neutron/neutron/api/extensions.py:449}}
May 13 17:48:50.266090 np0000000729 devstack@neutron-api.service[89665]: DEBUG neutron.api.extensions [None req-6a503e60-749e-4bcf-ba4b-fb31f7609cfa None None] Ext name="Port device profile" alias="port-device-profile" description="Expose the port device profile (Cyborg)" updated="2020-12-17T10:00:00-00:00" {{(pid=89665) _check_extension /opt/stack/neutron/neutron/api/extensions.py:415}}
May 13 17:48:50.266222 np0000000729 devstack@neutron-api.service[89665]: INFO neutron.api.extensions [None req-6a503e60-749e-4bcf-ba4b-fb31f7609cfa None None] Loaded extension: port-device-profile
May 13 17:48:50.266303 np0000000729 devstack@neutron-api.service[89665]: DEBUG neutron.api.extensions [None req-6a503e60-749e-4bcf-ba4b-fb31f7609cfa None None] Loading extension file: port_hardware_offload_type.py {{(pid=89665) _load_all_extensions_from_path /opt/stack/neutron/neutron/api/extensions.py:449}}
May 13 17:48:50.266548 np0000000729 devstack@neutron-api.service[89665]: DEBUG neutron.api.extensions [None req-6a503e60-749e-4bcf-ba4b-fb31f7609cfa None None] Ext name="Port hardware offload" alias="port-hardware-offload-type" description="Expose port hardware offload extension" updated="2023-05-09T10:00:00-00:00" {{(pid=89665) _check_extension /opt/stack/neutron/neutron/api/extensions.py:415}}
May 13 17:48:50.266677 np0000000729 devstack@neutron-api.service[89665]: INFO neutron.api.extensions [None req-6a503e60-749e-4bcf-ba4b-fb31f7609cfa None None] Extension port-hardware-offload-type not supported by any of loaded plugins
May 13 17:48:50.266754 np0000000729 devstack@neutron-api.service[89665]: DEBUG neutron.api.extensions [None req-6a503e60-749e-4bcf-ba4b-fb31f7609cfa None None] Loading extension file: port_hint_ovs_tx_steering.py {{(pid=89665) _load_all_extensions_from_path /opt/stack/neutron/neutron/api/extensions.py:449}}
May 13 17:48:50.266958 np0000000729 devstack@neutron-api.service[89665]: DEBUG neutron.api.extensions [None req-6a503e60-749e-4bcf-ba4b-fb31f7609cfa None None] Ext name="Port hint: Open vSwitch Tx steering" alias="port-hint-ovs-tx-steering" description="Enable Port hint: Open vSwitch Tx steering" updated="2023-01-01T00:00:00-00:00" {{(pid=89665) _check_extension /opt/stack/neutron/neutron/api/extensions.py:415}}
May 13 17:48:50.267093 np0000000729 devstack@neutron-api.service[89665]: INFO neutron.api.extensions [None req-6a503e60-749e-4bcf-ba4b-fb31f7609cfa None None] Extension port-hint-ovs-tx-steering not supported by any of loaded plugins
May 13 17:48:50.267171 np0000000729 devstack@neutron-api.service[89665]: DEBUG neutron.api.extensions [None req-6a503e60-749e-4bcf-ba4b-fb31f7609cfa None None] Loading extension file: port_hints.py {{(pid=89665) _load_all_extensions_from_path /opt/stack/neutron/neutron/api/extensions.py:449}}
May 13 17:48:50.267399 np0000000729 devstack@neutron-api.service[89665]: DEBUG neutron.api.extensions [None req-6a503e60-749e-4bcf-ba4b-fb31f7609cfa None None] Ext name="Port hints" alias="port-hints" description="Backend specific port hints to allow backend specific tuning" updated="2023-01-01T00:00:00-00:00" {{(pid=89665) _check_extension /opt/stack/neutron/neutron/api/extensions.py:415}}
May 13 17:48:50.267438 np0000000729 devstack@neutron-api.service[89667]: DEBUG neutron_lib.callbacks.manager [None req-5247405a-272d-4db9-8865-ffe2cc66bbf5 None None] Subscribe: > router before_delete 55550000, False {{(pid=89667) subscribe /opt/stack/data/venv/lib/python3.12/site-packages/neutron_lib/callbacks/manager.py:52}}
May 13 17:48:50.267534 np0000000729 devstack@neutron-api.service[89665]: INFO neutron.api.extensions [None req-6a503e60-749e-4bcf-ba4b-fb31f7609cfa None None] Extension port-hints not supported by any of loaded plugins
May 13 17:48:50.267585 np0000000729 devstack@neutron-api.service[89667]: DEBUG neutron_lib.callbacks.manager [None req-5247405a-272d-4db9-8865-ffe2cc66bbf5 None None] Subscribe: port before_update 55550000, False {{(pid=89667) subscribe /opt/stack/data/venv/lib/python3.12/site-packages/neutron_lib/callbacks/manager.py:52}}
May 13 17:48:50.267614 np0000000729 devstack@neutron-api.service[89665]: DEBUG neutron.api.extensions [None req-6a503e60-749e-4bcf-ba4b-fb31f7609cfa None None] Loading extension file: port_mac_address_override.py {{(pid=89665) _load_all_extensions_from_path /opt/stack/neutron/neutron/api/extensions.py:449}}
May 13 17:48:50.267682 np0000000729 devstack@neutron-api.service[89667]: DEBUG neutron_lib.callbacks.manager [None req-5247405a-272d-4db9-8865-ffe2cc66bbf5 None None] Subscribe: port after_update 55550000, False {{(pid=89667) subscribe /opt/stack/data/venv/lib/python3.12/site-packages/neutron_lib/callbacks/manager.py:52}}
May 13 17:48:50.267757 np0000000729 devstack@neutron-api.service[89667]: DEBUG neutron_lib.callbacks.manager [None req-5247405a-272d-4db9-8865-ffe2cc66bbf5 None None] Subscribe: > port precommit_delete 55550000, False {{(pid=89667) subscribe /opt/stack/data/venv/lib/python3.12/site-packages/neutron_lib/callbacks/manager.py:52}}
May 13 17:48:50.267830 np0000000729 devstack@neutron-api.service[89665]: DEBUG neutron.api.extensions [None req-6a503e60-749e-4bcf-ba4b-fb31f7609cfa None None] Ext name="Neutron Port MAC address override" alias="port-mac-override" description="Allow overriding the MAC address of a direct-physical Port via the active binding profile" updated="2022-03-18T10:00:00-00:00" {{(pid=89665) _check_extension /opt/stack/neutron/neutron/api/extensions.py:415}}
May 13 17:48:50.267860 np0000000729 devstack@neutron-api.service[89667]: DEBUG neutron_lib.callbacks.manager [None req-5247405a-272d-4db9-8865-ffe2cc66bbf5 None None] Subscribe: port before_update 55550000, False {{(pid=89667) subscribe /opt/stack/data/venv/lib/python3.12/site-packages/neutron_lib/callbacks/manager.py:52}}
May 13 17:48:50.267931 np0000000729 devstack@neutron-api.service[89667]: DEBUG neutron_lib.callbacks.manager [None req-5247405a-272d-4db9-8865-ffe2cc66bbf5 None None] Subscribe: port before_delete 55550000, False {{(pid=89667) subscribe /opt/stack/data/venv/lib/python3.12/site-packages/neutron_lib/callbacks/manager.py:52}}
May 13 17:48:50.267969 np0000000729 devstack@neutron-api.service[89665]: INFO neutron.api.extensions [None req-6a503e60-749e-4bcf-ba4b-fb31f7609cfa None None] Extension port-mac-override not supported by any of loaded plugins
May 13 17:48:50.268045 np0000000729 devstack@neutron-api.service[89665]: DEBUG neutron.api.extensions [None req-6a503e60-749e-4bcf-ba4b-fb31f7609cfa None None] Loading extension file: port_mac_address_regenerate.py {{(pid=89665) _load_all_extensions_from_path /opt/stack/neutron/neutron/api/extensions.py:449}}
May 13 17:48:50.268087 np0000000729 devstack@neutron-api.service[89667]: DEBUG neutron_lib.callbacks.manager [None req-5247405a-272d-4db9-8865-ffe2cc66bbf5 None None] Subscribe: > router precommit_create 55550000, False {{(pid=89667) subscribe /opt/stack/data/venv/lib/python3.12/site-packages/neutron_lib/callbacks/manager.py:52}}
