May 13 17:48:50.926513 np0000000729 neutron-periodic-workers[91800]: DEBUG cotyledon.oslo_config_glue [-] ovn.bfd_mult = 3 {{(pid=91800) log_opt_values /opt/stack/data/venv/lib/python3.12/site-packages/oslo_config/cfg.py:3006}}
May 13 17:48:50.926513 np0000000729 neutron-periodic-workers[91800]: DEBUG cotyledon.oslo_config_glue [-] ovn.broadcast_arps_to_all_routers = True {{(pid=91800) log_opt_values /opt/stack/data/venv/lib/python3.12/site-packages/oslo_config/cfg.py:3006}}
May 13 17:48:50.926513 np0000000729 neutron-periodic-workers[91800]: DEBUG cotyledon.oslo_config_glue [-] ovn.dhcp_default_lease_time = 43200 {{(pid=91800) log_opt_values /opt/stack/data/venv/lib/python3.12/site-packages/oslo_config/cfg.py:3006}}
May 13 17:48:50.926513 np0000000729 neutron-periodic-workers[91800]: DEBUG cotyledon.oslo_config_glue [-] ovn.disable_ovn_dhcp_for_baremetal_ports = False {{(pid=91800) log_opt_values /opt/stack/data/venv/lib/python3.12/site-packages/oslo_config/cfg.py:3006}}
May 13 17:48:50.926513 np0000000729 neutron-periodic-workers[91800]: DEBUG cotyledon.oslo_config_glue [-] ovn.dns_records_ovn_owned = False {{(pid=91800) log_opt_values /opt/stack/data/venv/lib/python3.12/site-packages/oslo_config/cfg.py:3006}}
May 13 17:48:50.926711 np0000000729 neutron-periodic-workers[91800]: DEBUG cotyledon.oslo_config_glue [-] ovn.dns_servers = [] {{(pid=91800) log_opt_values /opt/stack/data/venv/lib/python3.12/site-packages/oslo_config/cfg.py:3006}}
May 13 17:48:50.926711 np0000000729 neutron-periodic-workers[91800]: DEBUG cotyledon.oslo_config_glue [-] ovn.enable_distributed_floating_ip = False {{(pid=91800) log_opt_values /opt/stack/data/venv/lib/python3.12/site-packages/oslo_config/cfg.py:3006}}
May 13 17:48:50.926711 np0000000729 neutron-periodic-workers[91800]: DEBUG cotyledon.oslo_config_glue [-] ovn.fdb_age_threshold = 300 {{(pid=91800) log_opt_values /opt/stack/data/venv/lib/python3.12/site-packages/oslo_config/cfg.py:3006}}
May 13 17:48:50.926711 np0000000729 neutron-periodic-workers[91800]: DEBUG cotyledon.oslo_config_glue [-] ovn.ha_failover_strategy = normal {{(pid=91800) log_opt_values /opt/stack/data/venv/lib/python3.12/site-packages/oslo_config/cfg.py:3006}}
May 13 17:48:50.926711 np0000000729 neutron-periodic-workers[91800]: DEBUG cotyledon.oslo_config_glue [-] ovn.live_migration_activation_strategy = rarp {{(pid=91800) log_opt_values /opt/stack/data/venv/lib/python3.12/site-packages/oslo_config/cfg.py:3006}}
May 13 17:48:50.926711 np0000000729 neutron-periodic-workers[91800]: DEBUG cotyledon.oslo_config_glue [-] ovn.localnet_learn_fdb = False {{(pid=91800) log_opt_values /opt/stack/data/venv/lib/python3.12/site-packages/oslo_config/cfg.py:3006}}
May 13 17:48:50.926711 np0000000729 neutron-periodic-workers[91800]: DEBUG cotyledon.oslo_config_glue [-] ovn.mac_binding_age_threshold = 300 {{(pid=91800) log_opt_values /opt/stack/data/venv/lib/python3.12/site-packages/oslo_config/cfg.py:3006}}
May 13 17:48:50.926711 np0000000729 neutron-periodic-workers[91800]: DEBUG cotyledon.oslo_config_glue [-] ovn.neutron_sync_mode = log {{(pid=91800) log_opt_values /opt/stack/data/venv/lib/python3.12/site-packages/oslo_config/cfg.py:3006}}
May 13 17:48:50.926711 np0000000729 neutron-periodic-workers[91800]: DEBUG cotyledon.oslo_config_glue [-] ovn.ovn_dhcp4_global_options = {} {{(pid=91800) log_opt_values /opt/stack/data/venv/lib/python3.12/site-packages/oslo_config/cfg.py:3006}}
May 13 17:48:50.926886 np0000000729 neutron-periodic-workers[91800]: DEBUG cotyledon.oslo_config_glue [-] ovn.ovn_dhcp6_global_options = {} {{(pid=91800) log_opt_values /opt/stack/data/venv/lib/python3.12/site-packages/oslo_config/cfg.py:3006}}
May 13 17:48:50.926886 np0000000729 neutron-periodic-workers[91800]: DEBUG cotyledon.oslo_config_glue [-] ovn.ovn_l3_scheduler = leastloaded {{(pid=91800) log_opt_values /opt/stack/data/venv/lib/python3.12/site-packages/oslo_config/cfg.py:3006}}
May 13 17:48:50.926886 np0000000729 neutron-periodic-workers[91800]: DEBUG cotyledon.oslo_config_glue [-] ovn.ovn_metadata_enabled = True {{(pid=91800) log_opt_values /opt/stack/data/venv/lib/python3.12/site-packages/oslo_config/cfg.py:3006}}
May 13 17:48:50.926886 np0000000729 neutron-periodic-workers[91800]: DEBUG cotyledon.oslo_config_glue [-] ovn.ovn_nb_ca_cert = /opt/stack/data/CA/int-ca/ca-chain.pem {{(pid=91800) log_opt_values /opt/stack/data/venv/lib/python3.12/site-packages/oslo_config/cfg.py:3006}}
May 13 17:48:50.926886 np0000000729 neutron-periodic-workers[91800]: DEBUG cotyledon.oslo_config_glue [-] ovn.ovn_nb_certificate = /opt/stack/data/CA/int-ca/devstack-cert.crt {{(pid=91800) log_opt_values /opt/stack/data/venv/lib/python3.12/site-packages/oslo_config/cfg.py:3006}}
May 13 17:48:50.927001 np0000000729 neutron-periodic-workers[91800]: DEBUG cotyledon.oslo_config_glue [-] ovn.ovn_nb_connection = ['ssl:10.4.3.98:6641'] {{(pid=91800) log_opt_values /opt/stack/data/venv/lib/python3.12/site-packages/oslo_config/cfg.py:3006}}
May 13 17:48:50.927001 np0000000729 neutron-periodic-workers[91800]: DEBUG cotyledon.oslo_config_glue [-] ovn.ovn_nb_private_key = /opt/stack/data/CA/int-ca/private/devstack-cert.key {{(pid=91800) log_opt_values /opt/stack/data/venv/lib/python3.12/site-packages/oslo_config/cfg.py:3006}}
May 13 17:48:50.927001 np0000000729 neutron-periodic-workers[91800]: DEBUG cotyledon.oslo_config_glue [-] ovn.ovn_router_indirect_snat = False {{(pid=91800) log_opt_values /opt/stack/data/venv/lib/python3.12/site-packages/oslo_config/cfg.py:3006}}
May 13 17:48:50.927081 np0000000729 neutron-periodic-workers[91800]: DEBUG cotyledon.oslo_config_glue [-] ovn.ovn_sb_ca_cert = /opt/stack/data/CA/int-ca/ca-chain.pem {{(pid=91800) log_opt_values /opt/stack/data/venv/lib/python3.12/site-packages/oslo_config/cfg.py:3006}}
May 13 17:48:50.927081 np0000000729 neutron-periodic-workers[91800]: DEBUG cotyledon.oslo_config_glue [-] ovn.ovn_sb_certificate = /opt/stack/data/CA/int-ca/devstack-cert.crt {{(pid=91800) log_opt_values /opt/stack/data/venv/lib/python3.12/site-packages/oslo_config/cfg.py:3006}}
May 13 17:48:50.927125 np0000000729 neutron-periodic-workers[91800]: DEBUG cotyledon.oslo_config_glue [-] ovn.ovn_sb_connection = ['ssl:10.4.3.98:6642'] {{(pid=91800) log_opt_values /opt/stack/data/venv/lib/python3.12/site-packages/oslo_config/cfg.py:3006}}
May 13 17:48:50.927149 np0000000729 neutron-periodic-workers[91800]: DEBUG cotyledon.oslo_config_glue [-] ovn.ovn_sb_private_key = /opt/stack/data/CA/int-ca/private/devstack-cert.key {{(pid=91800) log_opt_values /opt/stack/data/venv/lib/python3.12/site-packages/oslo_config/cfg.py:3006}}
May 13 17:48:50.927178 np0000000729 neutron-periodic-workers[91800]: DEBUG cotyledon.oslo_config_glue [-] ovn.ovs_create_tap = False {{(pid=91800) log_opt_values /opt/stack/data/venv/lib/python3.12/site-packages/oslo_config/cfg.py:3006}}
May 13 17:48:50.927212 np0000000729 neutron-periodic-workers[91800]: DEBUG cotyledon.oslo_config_glue [-] ovn.ovsdb_connection_timeout = 180 {{(pid=91800) log_opt_values /opt/stack/data/venv/lib/python3.12/site-packages/oslo_config/cfg.py:3006}}
May 13 17:48:50.927253 np0000000729 neutron-periodic-workers[91800]: DEBUG cotyledon.oslo_config_glue [-] ovn.ovsdb_log_level = INFO {{(pid=91800) log_opt_values /opt/stack/data/venv/lib/python3.12/site-packages/oslo_config/cfg.py:3006}}
May 13 17:48:50.927281 np0000000729 neutron-periodic-workers[91800]: DEBUG cotyledon.oslo_config_glue [-] ovn.ovsdb_probe_interval = 60000 {{(pid=91800) log_opt_values /opt/stack/data/venv/lib/python3.12/site-packages/oslo_config/cfg.py:3006}}
May 13 17:48:50.927313 np0000000729 neutron-periodic-workers[91800]: DEBUG cotyledon.oslo_config_glue [-] ovn.ovsdb_retry_max_interval = 180 {{(pid=91800) log_opt_values /opt/stack/data/venv/lib/python3.12/site-packages/oslo_config/cfg.py:3006}}
May 13 17:48:50.927386 np0000000729 neutron-periodic-workers[91800]: DEBUG cotyledon.oslo_config_glue [-] ovn.stateless_nat_enabled = False {{(pid=91800) log_opt_values /opt/stack/data/venv/lib/python3.12/site-packages/oslo_config/cfg.py:3006}}
May 13 17:48:50.927420 np0000000729 neutron-periodic-workers[91800]: DEBUG cotyledon.oslo_config_glue [-] ovn.vhost_sock_dir = /var/run/openvswitch {{(pid=91800) log_opt_values /opt/stack/data/venv/lib/python3.12/site-packages/oslo_config/cfg.py:3006}}
May 13 17:48:50.927481 np0000000729 neutron-periodic-workers[91800]: DEBUG cotyledon.oslo_config_glue [-] OVS.bridge_mac_table_size = 50000 {{(pid=91800) log_opt_values /opt/stack/data/venv/lib/python3.12/site-packages/oslo_config/cfg.py:3006}}
May 13 17:48:50.927519 np0000000729 neutron-periodic-workers[91800]: DEBUG cotyledon.oslo_config_glue [-] OVS.igmp_flood = False {{(pid=91800) log_opt_values /opt/stack/data/venv/lib/python3.12/site-packages/oslo_config/cfg.py:3006}}
May 13 17:48:50.927558 np0000000729 neutron-periodic-workers[91800]: DEBUG cotyledon.oslo_config_glue [-] OVS.igmp_flood_reports = True {{(pid=91800) log_opt_values /opt/stack/data/venv/lib/python3.12/site-packages/oslo_config/cfg.py:3006}}
May 13 17:48:50.927584 np0000000729 neutron-periodic-workers[91800]: DEBUG cotyledon.oslo_config_glue [-] OVS.igmp_flood_unregistered = False {{(pid=91800) log_opt_values /opt/stack/data/venv/lib/python3.12/site-packages/oslo_config/cfg.py:3006}}
May 13 17:48:50.927610 np0000000729 neutron-periodic-workers[91800]: DEBUG cotyledon.oslo_config_glue [-] OVS.igmp_snooping_enable = False {{(pid=91800) log_opt_values /opt/stack/data/venv/lib/python3.12/site-packages/oslo_config/cfg.py:3006}}
May 13 17:48:50.927649 np0000000729 neutron-periodic-workers[91800]: DEBUG cotyledon.oslo_config_glue [-] OVS.ovsdb_timeout = 10 {{(pid=91800) log_opt_values /opt/stack/data/venv/lib/python3.12/site-packages/oslo_config/cfg.py:3006}}
May 13 17:48:50.927700 np0000000729 neutron-periodic-workers[91800]: DEBUG cotyledon.oslo_config_glue [-] ovn_nb_global.fdb_removal_limit = 0 {{(pid=91800) log_opt_values /opt/stack/data/venv/lib/python3.12/site-packages/oslo_config/cfg.py:3006}}
May 13 17:48:50.927777 np0000000729 neutron-periodic-workers[91800]: DEBUG cotyledon.oslo_config_glue [-] ovn_nb_global.ignore_lsp_down = False {{(pid=91800) log_opt_values /opt/stack/data/venv/lib/python3.12/site-packages/oslo_config/cfg.py:3006}}
May 13 17:48:50.927777 np0000000729 neutron-periodic-workers[91800]: DEBUG cotyledon.oslo_config_glue [-] ovn_nb_global.mac_binding_removal_limit = 0 {{(pid=91800) log_opt_values /opt/stack/data/venv/lib/python3.12/site-packages/oslo_config/cfg.py:3006}}
May 13 17:48:50.927824 np0000000729 neutron-periodic-workers[91800]: DEBUG cotyledon.oslo_config_glue [-] ******************************************************************************** {{(pid=91800) log_opt_values /opt/stack/data/venv/lib/python3.12/site-packages/oslo_config/cfg.py:3013}}
May 13 17:48:50.927961 np0000000729 neutron-periodic-workers[91800]: DEBUG cotyledon._service_worker [-] Run service ServiceWrapper(0) [91800] {{(pid=91800) wait_forever /opt/stack/data/venv/lib/python3.12/site-packages/cotyledon/_service_worker.py:218}}
May 13 17:49:00.569142 np0000000729 neutron-periodic-workers[90680]: DEBUG dbcounter [-] [90680] Writing DB stats neutron:SELECT=4 {{(pid=90680) stat_writer /opt/stack/data/venv/lib/python3.12/site-packages/dbcounter.py:115}}
May 13 17:49:43.896284 np0000000729 neutron-periodic-workers[91770]: DEBUG oslo_db.sqlalchemy.engines [None req-71c3165e-87f2-470b-85ca-bae49e4ab06d None None] Parent process 90680 forked (91770) with an open database connection, which is being discarded and recreated. {{(pid=91770) checkout /opt/stack/data/venv/lib/python3.12/site-packages/oslo_db/sqlalchemy/engines.py:402}}
May 13 17:49:43.903622 np0000000729 neutron-periodic-workers[91770]: DEBUG dbcounter [-] [91770] Writer thread running {{(pid=91770) stat_writer /opt/stack/data/venv/lib/python3.12/site-packages/dbcounter.py:102}}
May 13 17:49:43.906555 np0000000729 neutron-periodic-workers[91770]: DEBUG neutron.db.agents_db [None req-71c3165e-87f2-470b-85ca-bae49e4ab06d None None] Agent healthcheck: found 0 active agents {{(pid=91770) agent_health_check /opt/stack/neutron/neutron/db/agents_db.py:322}}
May 13 17:49:43.906764 np0000000729 neutron-periodic-workers[91770]: DEBUG oslo.service.backend._threading.loopingcall [None req-71c3165e-87f2-470b-85ca-bae49e4ab06d None None] Fixed interval looping call 'neutron.plugins.ml2.plugin.AgentDbMixin.agent_health_check' sleeping for 36.99 seconds {{(pid=91770) _run_loop /opt/stack/data/venv/lib/python3.12/site-packages/oslo_service/backend/_threading/loopingcall.py:125}}
May 13 17:49:53.904093 np0000000729 neutron-periodic-workers[91770]: DEBUG dbcounter [-] [91770] Writing DB stats neutron:SELECT=1 {{(pid=91770) stat_writer /opt/stack/data/venv/lib/python3.12/site-packages/dbcounter.py:115}}
May 13 17:49:54.879300 np0000000729 neutron-periodic-workers[91764]: DEBUG dbcounter [-] [91764] Writer thread running {{(pid=91764) stat_writer /opt/stack/data/venv/lib/python3.12/site-packages/dbcounter.py:102}}
May 13 17:49:54.886590 np0000000729 neutron-periodic-workers[91764]: DEBUG oslo.service.backend._threading.loopingcall [None req-23dc5eea-5298-4498-8c63-4f40719890b4 None None] Fixed interval looping call 'neutron.plugins.ml2.plugin.DhcpAgentSchedulerDbMixin.remove_networks_from_down_agents' sleeping for 36.98 seconds {{(pid=91764) _run_loop /opt/stack/data/venv/lib/python3.12/site-packages/oslo_service/backend/_threading/loopingcall.py:125}}
May 13 17:50:04.885684 np0000000729 neutron-periodic-workers[91764]: DEBUG dbcounter [-] [91764] Writing DB stats neutron:SELECT=3 {{(pid=91764) stat_writer /opt/stack/data/venv/lib/python3.12/site-packages/dbcounter.py:115}}
May 13 17:50:20.899772 np0000000729 neutron-periodic-workers[91770]: DEBUG neutron.db.agents_db [None req-71c3165e-87f2-470b-85ca-bae49e4ab06d None None] Agent healthcheck: found 0 active agents {{(pid=91770) agent_health_check /opt/stack/neutron/neutron/db/agents_db.py:322}}
May 13 17:50:20.900173 np0000000729 neutron-periodic-workers[91770]: DEBUG oslo.service.backend._threading.loopingcall [None req-71c3165e-87f2-470b-85ca-bae49e4ab06d None None] Fixed interval looping call 'neutron.plugins.ml2.plugin.AgentDbMixin.agent_health_check' sleeping for 37.00 seconds {{(pid=91770) _run_loop /opt/stack/data/venv/lib/python3.12/site-packages/oslo_service/backend/_threading/loopingcall.py:125}}
May 13 17:50:30.898993 np0000000729 neutron-periodic-workers[91770]: DEBUG dbcounter [-] [91770] Writing DB stats neutron:SELECT=1 {{(pid=91770) stat_writer /opt/stack/data/venv/lib/python3.12/site-packages/dbcounter.py:115}}
May 13 17:50:31.872270 np0000000729 neutron-periodic-workers[91764]: DEBUG oslo.service.backend._threading.loopingcall [None req-23dc5eea-5298-4498-8c63-4f40719890b4 None None] Fixed interval looping call 'neutron.plugins.ml2.plugin.DhcpAgentSchedulerDbMixin.remove_networks_from_down_agents' sleeping for 36.99 seconds {{(pid=91764) _run_loop /opt/stack/data/venv/lib/python3.12/site-packages/oslo_service/backend/_threading/loopingcall.py:125}}
May 13 17:50:41.871636 np0000000729 neutron-periodic-workers[91764]: DEBUG dbcounter [-] [91764] Writing DB stats neutron:SELECT=3 {{(pid=91764) stat_writer /opt/stack/data/venv/lib/python3.12/site-packages/dbcounter.py:115}}
May 13 17:50:50.912917 np0000000729 neutron-periodic-workers[91790]: DEBUG dbcounter [-] [91790] Writer thread running {{(pid=91790) stat_writer /opt/stack/data/venv/lib/python3.12/site-packages/dbcounter.py:102}}
May 13 17:50:50.914425 np0000000729 neutron-periodic-workers[91790]: DEBUG oslo.service.backend._threading.loopingcall [None req-4ce06a35-53df-4780-abf4-aab64979aab2 None None] Fixed interval looping call 'neutron.db.quota.driver_nolock.DbQuotaNoLockDriver._remove_expired_reservations' sleeping for 119.99 seconds {{(pid=91790) _run_loop /opt/stack/data/venv/lib/python3.12/site-packages/oslo_service/backend/_threading/loopingcall.py:125}}
May 13 17:50:57.904199 np0000000729 neutron-periodic-workers[91770]: DEBUG neutron.db.agents_db [None req-71c3165e-87f2-470b-85ca-bae49e4ab06d None None] Agent healthcheck: found 0 active agents {{(pid=91770) agent_health_check /opt/stack/neutron/neutron/db/agents_db.py:322}}
May 13 17:50:57.904199 np0000000729 neutron-periodic-workers[91770]: DEBUG oslo.service.backend._threading.loopingcall [None req-71c3165e-87f2-470b-85ca-bae49e4ab06d None None] Fixed interval looping call 'neutron.plugins.ml2.plugin.AgentDbMixin.agent_health_check' sleeping for 37.00 seconds {{(pid=91770) _run_loop /opt/stack/data/venv/lib/python3.12/site-packages/oslo_service/backend/_threading/loopingcall.py:125}}
May 13 17:51:00.914015 np0000000729 neutron-periodic-workers[91790]: DEBUG dbcounter [-] [91790] Writing DB stats neutron:DELETE=1 {{(pid=91790) stat_writer /opt/stack/data/venv/lib/python3.12/site-packages/dbcounter.py:115}}
May 13 17:51:07.902706 np0000000729 neutron-periodic-workers[91770]: DEBUG dbcounter [-] [91770] Writing DB stats neutron:SELECT=1 {{(pid=91770) stat_writer /opt/stack/data/venv/lib/python3.12/site-packages/dbcounter.py:115}}
May 13 17:51:08.869547 np0000000729 neutron-periodic-workers[91764]: DEBUG oslo.service.backend._threading.loopingcall [None req-23dc5eea-5298-4498-8c63-4f40719890b4 None None] Fixed interval looping call 'neutron.plugins.ml2.plugin.DhcpAgentSchedulerDbMixin.remove_networks_from_down_agents' sleeping for 36.99 seconds {{(pid=91764) _run_loop /opt/stack/data/venv/lib/python3.12/site-packages/oslo_service/backend/_threading/loopingcall.py:125}}
May 13 17:51:18.868712 np0000000729 neutron-periodic-workers[91764]: DEBUG dbcounter [-] [91764] Writing DB stats neutron:SELECT=3 {{(pid=91764) stat_writer /opt/stack/data/venv/lib/python3.12/site-packages/dbcounter.py:115}}
May 13 17:51:34.908384 np0000000729 neutron-periodic-workers[91770]: DEBUG neutron.db.agents_db [None req-71c3165e-87f2-470b-85ca-bae49e4ab06d None None] Agent healthcheck: found 0 active agents {{(pid=91770) agent_health_check /opt/stack/neutron/neutron/db/agents_db.py:322}}
May 13 17:51:34.908384 np0000000729 neutron-periodic-workers[91770]: DEBUG oslo.service.backend._threading.loopingcall [None req-71c3165e-87f2-470b-85ca-bae49e4ab06d None None] Fixed interval looping call 'neutron.plugins.ml2.plugin.AgentDbMixin.agent_health_check' sleeping for 37.00 seconds {{(pid=91770) _run_loop /opt/stack/data/venv/lib/python3.12/site-packages/oslo_service/backend/_threading/loopingcall.py:125}}
May 13 17:51:44.906873 np0000000729 neutron-periodic-workers[91770]: DEBUG dbcounter [-] [91770] Writing DB stats neutron:SELECT=1 {{(pid=91770) stat_writer /opt/stack/data/venv/lib/python3.12/site-packages/dbcounter.py:115}}
May 13 17:51:45.877006 np0000000729 neutron-periodic-workers[91764]: DEBUG oslo.service.backend._threading.loopingcall [None req-23dc5eea-5298-4498-8c63-4f40719890b4 None None] Fixed interval looping call 'neutron.plugins.ml2.plugin.DhcpAgentSchedulerDbMixin.remove_networks_from_down_agents' sleeping for 36.98 seconds {{(pid=91764) _run_loop /opt/stack/data/venv/lib/python3.12/site-packages/oslo_service/backend/_threading/loopingcall.py:125}}
May 13 17:51:55.876392 np0000000729 neutron-periodic-workers[91764]: DEBUG dbcounter [-] [91764] Writing DB stats neutron:SELECT=3 {{(pid=91764) stat_writer /opt/stack/data/venv/lib/python3.12/site-packages/dbcounter.py:115}}
May 13 17:52:11.914572 np0000000729 neutron-periodic-workers[91770]: DEBUG neutron.db.agents_db [None req-71c3165e-87f2-470b-85ca-bae49e4ab06d None None] Agent healthcheck: found 0 active agents {{(pid=91770) agent_health_check /opt/stack/neutron/neutron/db/agents_db.py:322}}
May 13 17:52:11.914990 np0000000729 neutron-periodic-workers[91770]: DEBUG oslo.service.backend._threading.loopingcall [None req-71c3165e-87f2-470b-85ca-bae49e4ab06d None None] Fixed interval looping call 'neutron.plugins.ml2.plugin.AgentDbMixin.agent_health_check' sleeping for 36.99 seconds {{(pid=91770) _run_loop /opt/stack/data/venv/lib/python3.12/site-packages/oslo_service/backend/_threading/loopingcall.py:125}}
May 13 17:52:21.913100 np0000000729 neutron-periodic-workers[91770]: DEBUG dbcounter [-] [91770] Writing DB stats neutron:SELECT=1 {{(pid=91770) stat_writer /opt/stack/data/venv/lib/python3.12/site-packages/dbcounter.py:115}}
May 13 17:52:22.864725 np0000000729 neutron-periodic-workers[91764]: DEBUG oslo.service.backend._threading.loopingcall [None req-23dc5eea-5298-4498-8c63-4f40719890b4 None None] Fixed interval looping call 'neutron.plugins.ml2.plugin.DhcpAgentSchedulerDbMixin.remove_networks_from_down_agents' sleeping for 36.99 seconds {{(pid=91764) _run_loop /opt/stack/data/venv/lib/python3.12/site-packages/oslo_service/backend/_threading/loopingcall.py:125}}
May 13 17:52:32.863925 np0000000729 neutron-periodic-workers[91764]: DEBUG dbcounter [-] [91764] Writing DB stats neutron:SELECT=3 {{(pid=91764) stat_writer /opt/stack/data/venv/lib/python3.12/site-packages/dbcounter.py:115}}
May 13 17:52:48.909219 np0000000729 neutron-periodic-workers[91770]: DEBUG neutron.db.agents_db [None req-71c3165e-87f2-470b-85ca-bae49e4ab06d None None] Agent healthcheck: found 0 active agents {{(pid=91770) agent_health_check /opt/stack/neutron/neutron/db/agents_db.py:322}}
May 13 17:52:48.909990 np0000000729 neutron-periodic-workers[91770]: DEBUG oslo.service.backend._threading.loopingcall [None req-71c3165e-87f2-470b-85ca-bae49e4ab06d None None] Fixed interval looping call 'neutron.plugins.ml2.plugin.AgentDbMixin.agent_health_check' sleeping for 37.00 seconds {{(pid=91770) _run_loop /opt/stack/data/venv/lib/python3.12/site-packages/oslo_service/backend/_threading/loopingcall.py:125}}
May 13 17:52:50.909201 np0000000729 neutron-periodic-workers[91790]: DEBUG oslo.service.backend._threading.loopingcall [None req-4ce06a35-53df-4780-abf4-aab64979aab2 None None] Fixed interval looping call 'neutron.db.quota.driver_nolock.DbQuotaNoLockDriver._remove_expired_reservations' sleeping for 120.00 seconds {{(pid=91790) _run_loop /opt/stack/data/venv/lib/python3.12/site-packages/oslo_service/backend/_threading/loopingcall.py:125}}
May 13 17:52:58.907728 np0000000729 neutron-periodic-workers[91770]: DEBUG dbcounter [-] [91770] Writing DB stats neutron:SELECT=1 {{(pid=91770) stat_writer /opt/stack/data/venv/lib/python3.12/site-packages/dbcounter.py:115}}
May 13 17:52:59.884281 np0000000729 neutron-periodic-workers[91764]: DEBUG oslo.service.backend._threading.loopingcall [None req-23dc5eea-5298-4498-8c63-4f40719890b4 None None] Fixed interval looping call 'neutron.plugins.ml2.plugin.DhcpAgentSchedulerDbMixin.remove_networks_from_down_agents' sleeping for 36.97 seconds {{(pid=91764) _run_loop /opt/stack/data/venv/lib/python3.12/site-packages/oslo_service/backend/_threading/loopingcall.py:125}}
May 13 17:53:00.907648 np0000000729 neutron-periodic-workers[91790]: DEBUG dbcounter [-] [91790] Writing DB stats neutron:DELETE=1 {{(pid=91790) stat_writer /opt/stack/data/venv/lib/python3.12/site-packages/dbcounter.py:115}}
May 13 17:53:09.872668 np0000000729 neutron-periodic-workers[91764]: DEBUG dbcounter [-] [91764] Writing DB stats neutron:SELECT=3 {{(pid=91764) stat_writer /opt/stack/data/venv/lib/python3.12/site-packages/dbcounter.py:115}}
May 13 17:53:23.059685 np0000000729 neutron-periodic-workers[91800]: DEBUG dbcounter [-] [91800] Writer thread running {{(pid=91800) stat_writer /opt/stack/data/venv/lib/python3.12/site-packages/dbcounter.py:102}}
May 13 17:53:23.104249 np0000000729 neutron-periodic-workers[91800]: DEBUG oslo.service.backend._threading.loopingcall [None req-6c45dc48-3df9-4d9e-8047-414be1c93a2f None None] Fixed interval looping call 'neutron.services.ovn_l3.plugin.L3_NAT_dbonly_mixin._clean_garbage' sleeping for 299.83 seconds {{(pid=91800) _run_loop /opt/stack/data/venv/lib/python3.12/site-packages/oslo_service/backend/_threading/loopingcall.py:125}}
May 13 17:53:25.916833 np0000000729 neutron-periodic-workers[91770]: DEBUG neutron.db.agents_db [None req-71c3165e-87f2-470b-85ca-bae49e4ab06d None None] Agent healthcheck: found 0 active agents {{(pid=91770) agent_health_check /opt/stack/neutron/neutron/db/agents_db.py:322}}
May 13 17:53:25.917508 np0000000729 neutron-periodic-workers[91770]: DEBUG oslo.service.backend._threading.loopingcall [None req-71c3165e-87f2-470b-85ca-bae49e4ab06d None None] Fixed interval looping call 'neutron.plugins.ml2.plugin.AgentDbMixin.agent_health_check' sleeping for 36.99 seconds {{(pid=91770) _run_loop /opt/stack/data/venv/lib/python3.12/site-packages/oslo_service/backend/_threading/loopingcall.py:125}}
May 13 17:53:35.914355 np0000000729 neutron-periodic-workers[91770]: DEBUG dbcounter [-] [91770] Writing DB stats neutron:SELECT=1 {{(pid=91770) stat_writer /opt/stack/data/venv/lib/python3.12/site-packages/dbcounter.py:115}}
May 13 17:53:36.863103 np0000000729 neutron-periodic-workers[91764]: DEBUG oslo.service.backend._threading.loopingcall [None req-23dc5eea-5298-4498-8c63-4f40719890b4 None None] Fixed interval looping call 'neutron.plugins.ml2.plugin.DhcpAgentSchedulerDbMixin.remove_networks_from_down_agents' sleeping for 36.99 seconds {{(pid=91764) _run_loop /opt/stack/data/venv/lib/python3.12/site-packages/oslo_service/backend/_threading/loopingcall.py:125}}
May 13 17:53:43.059993 np0000000729 neutron-periodic-workers[91800]: DEBUG dbcounter [-] [91800] Writing DB stats neutron:SELECT=1 {{(pid=91800) stat_writer /opt/stack/data/venv/lib/python3.12/site-packages/dbcounter.py:115}}
May 13 17:53:46.863152 np0000000729 neutron-periodic-workers[91764]: DEBUG dbcounter [-] [91764] Writing DB stats neutron:SELECT=3 {{(pid=91764) stat_writer /opt/stack/data/venv/lib/python3.12/site-packages/dbcounter.py:115}}
May 13 17:54:02.916752 np0000000729 neutron-periodic-workers[91770]: DEBUG neutron.db.agents_db [None req-71c3165e-87f2-470b-85ca-bae49e4ab06d None None] Agent healthcheck: found 0 active agents {{(pid=91770) agent_health_check /opt/stack/neutron/neutron/db/agents_db.py:322}}
May 13 17:54:02.917195 np0000000729 neutron-periodic-workers[91770]: DEBUG oslo.service.backend._threading.loopingcall [None req-71c3165e-87f2-470b-85ca-bae49e4ab06d None None] Fixed interval looping call 'neutron.plugins.ml2.plugin.AgentDbMixin.agent_health_check' sleeping for 36.99 seconds {{(pid=91770) _run_loop /opt/stack/data/venv/lib/python3.12/site-packages/oslo_service/backend/_threading/loopingcall.py:125}}
May 13 17:54:12.911656 np0000000729 neutron-periodic-workers[91770]: DEBUG dbcounter [-] [91770] Writing DB stats neutron:SELECT=1 {{(pid=91770) stat_writer /opt/stack/data/venv/lib/python3.12/site-packages/dbcounter.py:115}}
May 13 17:54:13.870116 np0000000729 neutron-periodic-workers[91764]: DEBUG oslo.service.backend._threading.loopingcall [None req-23dc5eea-5298-4498-8c63-4f40719890b4 None None] Fixed interval looping call 'neutron.plugins.ml2.plugin.DhcpAgentSchedulerDbMixin.remove_networks_from_down_agents' sleeping for 36.98 seconds {{(pid=91764) _run_loop /opt/stack/data/venv/lib/python3.12/site-packages/oslo_service/backend/_threading/loopingcall.py:125}}
May 13 17:54:23.867718 np0000000729 neutron-periodic-workers[91764]: DEBUG dbcounter [-] [91764] Writing DB stats neutron:SELECT=3 {{(pid=91764) stat_writer /opt/stack/data/venv/lib/python3.12/site-packages/dbcounter.py:115}}
May 13 17:54:39.911047 np0000000729 neutron-periodic-workers[91770]: DEBUG neutron.db.agents_db [None req-71c3165e-87f2-470b-85ca-bae49e4ab06d None None] Agent healthcheck: found 0 active agents {{(pid=91770) agent_health_check /opt/stack/neutron/neutron/db/agents_db.py:322}}
May 13 17:54:39.911581 np0000000729 neutron-periodic-workers[91770]: DEBUG oslo.service.backend._threading.loopingcall [None req-71c3165e-87f2-470b-85ca-bae49e4ab06d None None] Fixed interval looping call 'neutron.plugins.ml2.plugin.AgentDbMixin.agent_health_check' sleeping for 37.00 seconds {{(pid=91770) _run_loop /opt/stack/data/venv/lib/python3.12/site-packages/oslo_service/backend/_threading/loopingcall.py:125}}
May 13 17:54:49.909819 np0000000729 neutron-periodic-workers[91770]: DEBUG dbcounter [-] [91770] Writing DB stats neutron:SELECT=1 {{(pid=91770) stat_writer /opt/stack/data/venv/lib/python3.12/site-packages/dbcounter.py:115}}
May 13 17:54:50.858686 np0000000729 neutron-periodic-workers[91764]: DEBUG oslo.service.backend._threading.loopingcall [None req-23dc5eea-5298-4498-8c63-4f40719890b4 None None] Fixed interval looping call 'neutron.plugins.ml2.plugin.DhcpAgentSchedulerDbMixin.remove_networks_from_down_agents' sleeping for 36.99 seconds {{(pid=91764) _run_loop /opt/stack/data/venv/lib/python3.12/site-packages/oslo_service/backend/_threading/loopingcall.py:125}}
May 13 17:54:50.914424 np0000000729 neutron-periodic-workers[91790]: DEBUG oslo.service.backend._threading.loopingcall [None req-4ce06a35-53df-4780-abf4-aab64979aab2 None None] Fixed interval looping call 'neutron.db.quota.driver_nolock.DbQuotaNoLockDriver._remove_expired_reservations' sleeping for 120.00 seconds {{(pid=91790) _run_loop /opt/stack/data/venv/lib/python3.12/site-packages/oslo_service/backend/_threading/loopingcall.py:125}}
May 13 17:55:00.858594 np0000000729 neutron-periodic-workers[91764]: DEBUG dbcounter [-] [91764] Writing DB stats neutron:SELECT=3 {{(pid=91764) stat_writer /opt/stack/data/venv/lib/python3.12/site-packages/dbcounter.py:115}}
May 13 17:55:00.912985 np0000000729 neutron-periodic-workers[91790]: DEBUG dbcounter [-] [91790] Writing DB stats neutron:DELETE=1 {{(pid=91790) stat_writer /opt/stack/data/venv/lib/python3.12/site-packages/dbcounter.py:115}}
May 13 17:55:16.915605 np0000000729 neutron-periodic-workers[91770]: DEBUG neutron.db.agents_db [None req-71c3165e-87f2-470b-85ca-bae49e4ab06d None None] Agent healthcheck: found 0 active agents {{(pid=91770) agent_health_check /opt/stack/neutron/neutron/db/agents_db.py:322}}
May 13 17:55:16.916129 np0000000729 neutron-periodic-workers[91770]: DEBUG oslo.service.backend._threading.loopingcall [None req-71c3165e-87f2-470b-85ca-bae49e4ab06d None None] Fixed interval looping call 'neutron.plugins.ml2.plugin.AgentDbMixin.agent_health_check' sleeping for 37.00 seconds {{(pid=91770) _run_loop /opt/stack/data/venv/lib/python3.12/site-packages/oslo_service/backend/_threading/loopingcall.py:125}}
May 13 17:55:26.913983 np0000000729 neutron-periodic-workers[91770]: DEBUG dbcounter [-] [91770] Writing DB stats neutron:SELECT=1 {{(pid=91770) stat_writer /opt/stack/data/venv/lib/python3.12/site-packages/dbcounter.py:115}}
May 13 17:55:27.866204 np0000000729 neutron-periodic-workers[91764]: DEBUG oslo.service.backend._threading.loopingcall [None req-23dc5eea-5298-4498-8c63-4f40719890b4 None None] Fixed interval looping call 'neutron.plugins.ml2.plugin.DhcpAgentSchedulerDbMixin.remove_networks_from_down_agents' sleeping for 36.98 seconds {{(pid=91764) _run_loop /opt/stack/data/venv/lib/python3.12/site-packages/oslo_service/backend/_threading/loopingcall.py:125}}
May 13 17:55:37.860755 np0000000729 neutron-periodic-workers[91764]: DEBUG dbcounter [-] [91764] Writing DB stats neutron:SELECT=3 {{(pid=91764) stat_writer /opt/stack/data/venv/lib/python3.12/site-packages/dbcounter.py:115}}
May 13 17:55:53.924287 np0000000729 neutron-periodic-workers[91770]: DEBUG neutron.db.agents_db [None req-71c3165e-87f2-470b-85ca-bae49e4ab06d None None] Agent healthcheck: found 0 active agents {{(pid=91770) agent_health_check /opt/stack/neutron/neutron/db/agents_db.py:322}}
May 13 17:55:53.925651 np0000000729 neutron-periodic-workers[91770]: DEBUG oslo.service.backend._threading.loopingcall [None req-71c3165e-87f2-470b-85ca-bae49e4ab06d None None] Fixed interval looping call 'neutron.plugins.ml2.plugin.AgentDbMixin.agent_health_check' sleeping for 36.99 seconds {{(pid=91770) _run_loop /opt/stack/data/venv/lib/python3.12/site-packages/oslo_service/backend/_threading/loopingcall.py:125}}
May 13 17:56:03.922394 np0000000729 neutron-periodic-workers[91770]: DEBUG dbcounter [-] [91770] Writing DB stats neutron:SELECT=1 {{(pid=91770) stat_writer /opt/stack/data/venv/lib/python3.12/site-packages/dbcounter.py:115}}
May 13 17:56:04.879023 np0000000729 neutron-periodic-workers[91764]: DEBUG oslo.service.backend._threading.loopingcall [None req-23dc5eea-5298-4498-8c63-4f40719890b4 None None] Fixed interval looping call 'neutron.plugins.ml2.plugin.DhcpAgentSchedulerDbMixin.remove_networks_from_down_agents' sleeping for 36.97 seconds {{(pid=91764) _run_loop /opt/stack/data/venv/lib/python3.12/site-packages/oslo_service/backend/_threading/loopingcall.py:125}}
May 13 17:56:14.872911 np0000000729 neutron-periodic-workers[91764]: DEBUG dbcounter [-] [91764] Writing DB stats neutron:SELECT=3 {{(pid=91764) stat_writer /opt/stack/data/venv/lib/python3.12/site-packages/dbcounter.py:115}}
May 13 17:56:30.925416 np0000000729 neutron-periodic-workers[91770]: DEBUG neutron.db.agents_db [None req-71c3165e-87f2-470b-85ca-bae49e4ab06d None None] Agent healthcheck: found 0 active agents {{(pid=91770) agent_health_check /opt/stack/neutron/neutron/db/agents_db.py:322}}
May 13 17:56:30.925909 np0000000729 neutron-periodic-workers[91770]: DEBUG oslo.service.backend._threading.loopingcall [None req-71c3165e-87f2-470b-85ca-bae49e4ab06d None None] Fixed interval looping call 'neutron.plugins.ml2.plugin.AgentDbMixin.agent_health_check' sleeping for 36.99 seconds {{(pid=91770) _run_loop /opt/stack/data/venv/lib/python3.12/site-packages/oslo_service/backend/_threading/loopingcall.py:125}}
May 13 17:56:40.920346 np0000000729 neutron-periodic-workers[91770]: DEBUG dbcounter [-] [91770] Writing DB stats neutron:SELECT=1 {{(pid=91770) stat_writer /opt/stack/data/venv/lib/python3.12/site-packages/dbcounter.py:115}}
May 13 17:56:41.858530 np0000000729 neutron-periodic-workers[91764]: DEBUG oslo.service.backend._threading.loopingcall [None req-23dc5eea-5298-4498-8c63-4f40719890b4 None None] Fixed interval looping call 'neutron.plugins.ml2.plugin.DhcpAgentSchedulerDbMixin.remove_networks_from_down_agents' sleeping for 36.99 seconds {{(pid=91764) _run_loop /opt/stack/data/venv/lib/python3.12/site-packages/oslo_service/backend/_threading/loopingcall.py:125}}
May 13 17:56:50.919012 np0000000729 neutron-periodic-workers[91790]: DEBUG oslo.service.backend._threading.loopingcall [None req-4ce06a35-53df-4780-abf4-aab64979aab2 None None] Fixed interval looping call 'neutron.db.quota.driver_nolock.DbQuotaNoLockDriver._remove_expired_reservations' sleeping for 120.00 seconds {{(pid=91790) _run_loop /opt/stack/data/venv/lib/python3.12/site-packages/oslo_service/backend/_threading/loopingcall.py:125}}
May 13 17:56:51.858326 np0000000729 neutron-periodic-workers[91764]: DEBUG dbcounter [-] [91764] Writing DB stats neutron:SELECT=3 {{(pid=91764) stat_writer /opt/stack/data/venv/lib/python3.12/site-packages/dbcounter.py:115}}
May 13 17:57:00.917508 np0000000729 neutron-periodic-workers[91790]: DEBUG dbcounter [-] [91790] Writing DB stats neutron:DELETE=1 {{(pid=91790) stat_writer /opt/stack/data/venv/lib/python3.12/site-packages/dbcounter.py:115}}
May 13 17:57:07.920002 np0000000729 neutron-periodic-workers[91770]: DEBUG neutron.db.agents_db [None req-71c3165e-87f2-470b-85ca-bae49e4ab06d None None] Agent healthcheck: found 0 active agents {{(pid=91770) agent_health_check /opt/stack/neutron/neutron/db/agents_db.py:322}}
May 13 17:57:07.920538 np0000000729 neutron-periodic-workers[91770]: DEBUG oslo.service.backend._threading.loopingcall [None req-71c3165e-87f2-470b-85ca-bae49e4ab06d None None] Fixed interval looping call 'neutron.plugins.ml2.plugin.AgentDbMixin.agent_health_check' sleeping for 37.00 seconds {{(pid=91770) _run_loop /opt/stack/data/venv/lib/python3.12/site-packages/oslo_service/backend/_threading/loopingcall.py:125}}
May 13 17:57:17.918743 np0000000729 neutron-periodic-workers[91770]: DEBUG dbcounter [-] [91770] Writing DB stats neutron:SELECT=1 {{(pid=91770) stat_writer /opt/stack/data/venv/lib/python3.12/site-packages/dbcounter.py:115}}
May 13 17:57:18.854968 np0000000729 neutron-periodic-workers[91764]: DEBUG oslo.service.backend._threading.loopingcall [None req-23dc5eea-5298-4498-8c63-4f40719890b4 None None] Fixed interval looping call 'neutron.plugins.ml2.plugin.DhcpAgentSchedulerDbMixin.remove_networks_from_down_agents' sleeping for 36.99 seconds {{(pid=91764) _run_loop /opt/stack/data/venv/lib/python3.12/site-packages/oslo_service/backend/_threading/loopingcall.py:125}}
May 13 17:57:28.854374 np0000000729 neutron-periodic-workers[91764]: DEBUG dbcounter [-] [91764] Writing DB stats neutron:SELECT=3 {{(pid=91764) stat_writer /opt/stack/data/venv/lib/python3.12/site-packages/dbcounter.py:115}}
May 13 17:57:44.925444 np0000000729 neutron-periodic-workers[91770]: DEBUG neutron.db.agents_db [None req-71c3165e-87f2-470b-85ca-bae49e4ab06d None None] Agent healthcheck: found 0 active agents {{(pid=91770) agent_health_check /opt/stack/neutron/neutron/db/agents_db.py:322}}
May 13 17:57:44.926298 np0000000729 neutron-periodic-workers[91770]: DEBUG oslo.service.backend._threading.loopingcall [None req-71c3165e-87f2-470b-85ca-bae49e4ab06d None None] Fixed interval looping call 'neutron.plugins.ml2.plugin.AgentDbMixin.agent_health_check' sleeping for 36.99 seconds {{(pid=91770) _run_loop /opt/stack/data/venv/lib/python3.12/site-packages/oslo_service/backend/_threading/loopingcall.py:125}}
May 13 17:57:54.924966 np0000000729 neutron-periodic-workers[91770]: DEBUG dbcounter [-] [91770] Writing DB stats neutron:SELECT=1 {{(pid=91770) stat_writer /opt/stack/data/venv/lib/python3.12/site-packages/dbcounter.py:115}}
May 13 17:57:55.859016 np0000000729 neutron-periodic-workers[91764]: DEBUG oslo.service.backend._threading.loopingcall [None req-23dc5eea-5298-4498-8c63-4f40719890b4 None None] Fixed interval looping call 'neutron.plugins.ml2.plugin.DhcpAgentSchedulerDbMixin.remove_networks_from_down_agents' sleeping for 36.99 seconds {{(pid=91764) _run_loop /opt/stack/data/venv/lib/python3.12/site-packages/oslo_service/backend/_threading/loopingcall.py:125}}
May 13 17:58:05.858118 np0000000729 neutron-periodic-workers[91764]: DEBUG dbcounter [-] [91764] Writing DB stats neutron:SELECT=3 {{(pid=91764) stat_writer /opt/stack/data/venv/lib/python3.12/site-packages/dbcounter.py:115}}
May 13 17:58:21.920398 np0000000729 neutron-periodic-workers[91770]: DEBUG neutron.db.agents_db [None req-71c3165e-87f2-470b-85ca-bae49e4ab06d None None] Agent healthcheck: found 0 active agents {{(pid=91770) agent_health_check /opt/stack/neutron/neutron/db/agents_db.py:322}}
May 13 17:58:21.921299 np0000000729 neutron-periodic-workers[91770]: DEBUG oslo.service.backend._threading.loopingcall [None req-71c3165e-87f2-470b-85ca-bae49e4ab06d None None] Fixed interval looping call 'neutron.plugins.ml2.plugin.AgentDbMixin.agent_health_check' sleeping for 37.00 seconds {{(pid=91770) _run_loop /opt/stack/data/venv/lib/python3.12/site-packages/oslo_service/backend/_threading/loopingcall.py:125}}
May 13 17:58:22.950692 np0000000729 neutron-periodic-workers[91800]: DEBUG oslo.service.backend._threading.loopingcall [None req-6c45dc48-3df9-4d9e-8047-414be1c93a2f None None] Fixed interval looping call 'neutron.services.ovn_l3.plugin.L3_NAT_dbonly_mixin._clean_garbage' sleeping for 299.98 seconds {{(pid=91800) _run_loop /opt/stack/data/venv/lib/python3.12/site-packages/oslo_service/backend/_threading/loopingcall.py:125}}
May 13 17:58:31.919461 np0000000729 neutron-periodic-workers[91770]: DEBUG dbcounter [-] [91770] Writing DB stats neutron:SELECT=1 {{(pid=91770) stat_writer /opt/stack/data/venv/lib/python3.12/site-packages/dbcounter.py:115}}
May 13 17:58:32.855487 np0000000729 neutron-periodic-workers[91764]: DEBUG oslo.service.backend._threading.loopingcall [None req-23dc5eea-5298-4498-8c63-4f40719890b4 None None] Fixed interval looping call 'neutron.plugins.ml2.plugin.DhcpAgentSchedulerDbMixin.remove_networks_from_down_agents' sleeping for 36.99 seconds {{(pid=91764) _run_loop /opt/stack/data/venv/lib/python3.12/site-packages/oslo_service/backend/_threading/loopingcall.py:125}}
May 13 17:58:32.937611 np0000000729 neutron-periodic-workers[91800]: DEBUG dbcounter [-] [91800] Writing DB stats neutron:SELECT=1 {{(pid=91800) stat_writer /opt/stack/data/venv/lib/python3.12/site-packages/dbcounter.py:115}}
May 13 17:58:42.856514 np0000000729 neutron-periodic-workers[91764]: DEBUG dbcounter [-] [91764] Writing DB stats neutron:SELECT=3 {{(pid=91764) stat_writer /opt/stack/data/venv/lib/python3.12/site-packages/dbcounter.py:115}}
May 13 17:58:50.926356 np0000000729 neutron-periodic-workers[91790]: DEBUG oslo.service.backend._threading.loopingcall [None req-4ce06a35-53df-4780-abf4-aab64979aab2 None None] Fixed interval looping call 'neutron.db.quota.driver_nolock.DbQuotaNoLockDriver._remove_expired_reservations' sleeping for 120.00 seconds {{(pid=91790) _run_loop /opt/stack/data/venv/lib/python3.12/site-packages/oslo_service/backend/_threading/loopingcall.py:125}}
May 13 17:58:58.924270 np0000000729 neutron-periodic-workers[91770]: DEBUG neutron.db.agents_db [None req-71c3165e-87f2-470b-85ca-bae49e4ab06d None None] Agent healthcheck: found 0 active agents {{(pid=91770) agent_health_check /opt/stack/neutron/neutron/db/agents_db.py:322}}
May 13 17:58:58.924673 np0000000729 neutron-periodic-workers[91770]: DEBUG oslo.service.backend._threading.loopingcall [None req-71c3165e-87f2-470b-85ca-bae49e4ab06d None None] Fixed interval looping call 'neutron.plugins.ml2.plugin.AgentDbMixin.agent_health_check' sleeping for 37.00 seconds {{(pid=91770) _run_loop /opt/stack/data/venv/lib/python3.12/site-packages/oslo_service/backend/_threading/loopingcall.py:125}}
May 13 17:59:00.922538 np0000000729 neutron-periodic-workers[91790]: DEBUG dbcounter [-] [91790] Writing DB stats neutron:DELETE=1 {{(pid=91790) stat_writer /opt/stack/data/venv/lib/python3.12/site-packages/dbcounter.py:115}}
May 13 17:59:08.924715 np0000000729 neutron-periodic-workers[91770]: DEBUG dbcounter [-] [91770] Writing DB stats neutron:SELECT=1 {{(pid=91770) stat_writer /opt/stack/data/venv/lib/python3.12/site-packages/dbcounter.py:115}}
May 13 17:59:09.857019 np0000000729 neutron-periodic-workers[91764]: DEBUG oslo.service.backend._threading.loopingcall [None req-23dc5eea-5298-4498-8c63-4f40719890b4 None None] Fixed interval looping call 'neutron.plugins.ml2.plugin.DhcpAgentSchedulerDbMixin.remove_networks_from_down_agents' sleeping for 36.99 seconds {{(pid=91764) _run_loop /opt/stack/data/venv/lib/python3.12/site-packages/oslo_service/backend/_threading/loopingcall.py:125}}
May 13 17:59:19.855790 np0000000729 neutron-periodic-workers[91764]: DEBUG dbcounter [-] [91764] Writing DB stats neutron:SELECT=3 {{(pid=91764) stat_writer /opt/stack/data/venv/lib/python3.12/site-packages/dbcounter.py:115}}
May 13 17:59:35.929810 np0000000729 neutron-periodic-workers[91770]: DEBUG neutron.db.agents_db [None req-71c3165e-87f2-470b-85ca-bae49e4ab06d None None] Agent healthcheck: found 0 active agents {{(pid=91770) agent_health_check /opt/stack/neutron/neutron/db/agents_db.py:322}}
May 13 17:59:35.930352 np0000000729 neutron-periodic-workers[91770]: DEBUG oslo.service.backend._threading.loopingcall [None req-71c3165e-87f2-470b-85ca-bae49e4ab06d None None] Fixed interval looping call 'neutron.plugins.ml2.plugin.AgentDbMixin.agent_health_check' sleeping for 36.99 seconds {{(pid=91770) _run_loop /opt/stack/data/venv/lib/python3.12/site-packages/oslo_service/backend/_threading/loopingcall.py:125}}
May 13 17:59:45.928590 np0000000729 neutron-periodic-workers[91770]: DEBUG dbcounter [-] [91770] Writing DB stats neutron:SELECT=1 {{(pid=91770) stat_writer /opt/stack/data/venv/lib/python3.12/site-packages/dbcounter.py:115}}
May 13 17:59:46.852999 np0000000729 neutron-periodic-workers[91764]: DEBUG oslo.service.backend._threading.loopingcall [None req-23dc5eea-5298-4498-8c63-4f40719890b4 None None] Fixed interval looping call 'neutron.plugins.ml2.plugin.DhcpAgentSchedulerDbMixin.remove_networks_from_down_agents' sleeping for 36.99 seconds {{(pid=91764) _run_loop /opt/stack/data/venv/lib/python3.12/site-packages/oslo_service/backend/_threading/loopingcall.py:125}}
May 13 17:59:56.852215 np0000000729 neutron-periodic-workers[91764]: DEBUG dbcounter [-] [91764] Writing DB stats neutron:SELECT=3 {{(pid=91764) stat_writer /opt/stack/data/venv/lib/python3.12/site-packages/dbcounter.py:115}}
May 13 18:00:12.923874 np0000000729 neutron-periodic-workers[91770]: DEBUG neutron.db.agents_db [None req-71c3165e-87f2-470b-85ca-bae49e4ab06d None None] Agent healthcheck: found 0 active agents {{(pid=91770) agent_health_check /opt/stack/neutron/neutron/db/agents_db.py:322}}
May 13 18:00:12.924283 np0000000729 neutron-periodic-workers[91770]: DEBUG oslo.service.backend._threading.loopingcall [None req-71c3165e-87f2-470b-85ca-bae49e4ab06d None None] Fixed interval looping call 'neutron.plugins.ml2.plugin.AgentDbMixin.agent_health_check' sleeping for 37.00 seconds {{(pid=91770) _run_loop /opt/stack/data/venv/lib/python3.12/site-packages/oslo_service/backend/_threading/loopingcall.py:125}}
May 13 18:00:22.923240 np0000000729 neutron-periodic-workers[91770]: DEBUG dbcounter [-] [91770] Writing DB stats neutron:SELECT=1 {{(pid=91770) stat_writer /opt/stack/data/venv/lib/python3.12/site-packages/dbcounter.py:115}}
May 13 18:00:23.850122 np0000000729 neutron-periodic-workers[91764]: DEBUG oslo.service.backend._threading.loopingcall [None req-23dc5eea-5298-4498-8c63-4f40719890b4 None None] Fixed interval looping call 'neutron.plugins.ml2.plugin.DhcpAgentSchedulerDbMixin.remove_networks_from_down_agents' sleeping for 36.99 seconds {{(pid=91764) _run_loop /opt/stack/data/venv/lib/python3.12/site-packages/oslo_service/backend/_threading/loopingcall.py:125}}
May 13 18:00:33.849490 np0000000729 neutron-periodic-workers[91764]: DEBUG dbcounter [-] [91764] Writing DB stats neutron:SELECT=3 {{(pid=91764) stat_writer /opt/stack/data/venv/lib/python3.12/site-packages/dbcounter.py:115}}
May 13 18:00:49.927720 np0000000729 neutron-periodic-workers[91770]: DEBUG neutron.db.agents_db [None req-71c3165e-87f2-470b-85ca-bae49e4ab06d None None] Agent healthcheck: found 0 active agents {{(pid=91770) agent_health_check /opt/stack/neutron/neutron/db/agents_db.py:322}}
May 13 18:00:49.927720 np0000000729 neutron-periodic-workers[91770]: DEBUG oslo.service.backend._threading.loopingcall [None req-71c3165e-87f2-470b-85ca-bae49e4ab06d None None] Fixed interval looping call 'neutron.plugins.ml2.plugin.AgentDbMixin.agent_health_check' sleeping for 37.00 seconds {{(pid=91770) _run_loop /opt/stack/data/venv/lib/python3.12/site-packages/oslo_service/backend/_threading/loopingcall.py:125}}
May 13 18:00:50.928265 np0000000729 neutron-periodic-workers[91790]: DEBUG oslo.service.backend._threading.loopingcall [None req-4ce06a35-53df-4780-abf4-aab64979aab2 None None] Fixed interval looping call 'neutron.db.quota.driver_nolock.DbQuotaNoLockDriver._remove_expired_reservations' sleeping for 120.00 seconds {{(pid=91790) _run_loop /opt/stack/data/venv/lib/python3.12/site-packages/oslo_service/backend/_threading/loopingcall.py:125}}
May 13 18:00:59.926574 np0000000729 neutron-periodic-workers[91770]: DEBUG dbcounter [-] [91770] Writing DB stats neutron:SELECT=1 {{(pid=91770) stat_writer /opt/stack/data/venv/lib/python3.12/site-packages/dbcounter.py:115}}
May 13 18:01:00.850274 np0000000729 neutron-periodic-workers[91764]: DEBUG oslo.service.backend._threading.loopingcall [None req-23dc5eea-5298-4498-8c63-4f40719890b4 None None] Fixed interval looping call 'neutron.plugins.ml2.plugin.DhcpAgentSchedulerDbMixin.remove_networks_from_down_agents' sleeping for 36.99 seconds {{(pid=91764) _run_loop /opt/stack/data/venv/lib/python3.12/site-packages/oslo_service/backend/_threading/loopingcall.py:125}}
May 13 18:01:00.927655 np0000000729 neutron-periodic-workers[91790]: DEBUG dbcounter [-] [91790] Writing DB stats neutron:DELETE=1 {{(pid=91790) stat_writer /opt/stack/data/venv/lib/python3.12/site-packages/dbcounter.py:115}}
May 13 18:01:10.849380 np0000000729 neutron-periodic-workers[91764]: DEBUG dbcounter [-] [91764] Writing DB stats neutron:SELECT=3 {{(pid=91764) stat_writer /opt/stack/data/venv/lib/python3.12/site-packages/dbcounter.py:115}}
May 13 18:01:26.931043 np0000000729 neutron-periodic-workers[91770]: DEBUG neutron.db.agents_db [None req-71c3165e-87f2-470b-85ca-bae49e4ab06d None None] Agent healthcheck: found 0 active agents {{(pid=91770) agent_health_check /opt/stack/neutron/neutron/db/agents_db.py:322}}
May 13 18:01:26.931440 np0000000729 neutron-periodic-workers[91770]: DEBUG oslo.service.backend._threading.loopingcall [None req-71c3165e-87f2-470b-85ca-bae49e4ab06d None None] Fixed interval looping call 'neutron.plugins.ml2.plugin.AgentDbMixin.agent_health_check' sleeping for 37.00 seconds {{(pid=91770) _run_loop /opt/stack/data/venv/lib/python3.12/site-packages/oslo_service/backend/_threading/loopingcall.py:125}}
May 13 18:01:36.930109 np0000000729 neutron-periodic-workers[91770]: DEBUG dbcounter [-] [91770] Writing DB stats neutron:SELECT=1 {{(pid=91770) stat_writer /opt/stack/data/venv/lib/python3.12/site-packages/dbcounter.py:115}}
May 13 18:01:37.851251 np0000000729 neutron-periodic-workers[91764]: DEBUG oslo.service.backend._threading.loopingcall [None req-23dc5eea-5298-4498-8c63-4f40719890b4 None None] Fixed interval looping call 'neutron.plugins.ml2.plugin.DhcpAgentSchedulerDbMixin.remove_networks_from_down_agents' sleeping for 36.99 seconds {{(pid=91764) _run_loop /opt/stack/data/venv/lib/python3.12/site-packages/oslo_service/backend/_threading/loopingcall.py:125}}
May 13 18:01:47.850222 np0000000729 neutron-periodic-workers[91764]: DEBUG dbcounter [-] [91764] Writing DB stats neutron:SELECT=3 {{(pid=91764) stat_writer /opt/stack/data/venv/lib/python3.12/site-packages/dbcounter.py:115}}
