Jul 31 20:21:18.660508 np0000006269 devstack@g-api.service[99753]: DEBUG glance_store.location [-] Registering scheme https with {'store': , 'location_class': , 'store_entry': 'http'} {{(pid=99753) register_scheme_map /opt/stack/data/venv/lib/python3.12/site-packages/glance_store/location.py:146}}
Jul 31 20:21:18.660563 np0000006269 devstack@g-api.service[99753]: DEBUG glance_store.backend [-] Attempting to import store swift {{(pid=99753) _load_store /opt/stack/data/venv/lib/python3.12/site-packages/glance_store/backend.py:215}}
Jul 31 20:21:18.660729 np0000006269 devstack@g-api.service[99753]: WARNING oslo_config.cfg [-] Deprecated: Option "default_store" from group "glance_store" is deprecated for removal (
Jul 31 20:21:18.660729 np0000006269 devstack@g-api.service[99753]: This option is deprecated against new config option
Jul 31 20:21:18.660729 np0000006269 devstack@g-api.service[99753]: ``default_backend`` which acts similar to ``default_store`` config
Jul 31 20:21:18.660729 np0000006269 devstack@g-api.service[99753]: option.
Jul 31 20:21:18.660729 np0000006269 devstack@g-api.service[99753]: This option is scheduled for removal in the U development
Jul 31 20:21:18.660729 np0000006269 devstack@g-api.service[99753]: cycle.
Jul 31 20:21:18.660729 np0000006269 devstack@g-api.service[99753]: ). Its value may be silently ignored in the future.
Jul 31 20:21:18.661786 np0000006269 devstack@g-api.service[99753]: DEBUG glance_store.capabilities [-] Store glance_store._drivers.swift.store.SingleTenantStore doesn't support updating dynamic storage capabilities. Please overwrite 'update_capabilities' method of the store to implement updating logics if needed. {{(pid=99753) update_capabilities /opt/stack/data/venv/lib/python3.12/site-packages/glance_store/capabilities.py:91}}
Jul 31 20:21:18.661842 np0000006269 devstack@g-api.service[99753]: DEBUG glance_store.backend [-] Registering store swift with schemes ('swift+https', 'swift', 'swift+http', 'swift+config') {{(pid=99753) create_stores /opt/stack/data/venv/lib/python3.12/site-packages/glance_store/backend.py:261}}
Jul 31 20:21:18.661930 np0000006269 devstack@g-api.service[99753]: DEBUG glance_store.driver [-] Late loading location class glance_store._drivers.swift.store.StoreLocation {{(pid=99753) get_store_location_class /opt/stack/data/venv/lib/python3.12/site-packages/glance_store/driver.py:134}}
Jul 31 20:21:18.662001 np0000006269 devstack@g-api.service[99753]: DEBUG glance_store.location [-] Registering scheme swift+https with {'store': , 'location_class': , 'store_entry': 'swift'} {{(pid=99753) register_scheme_map /opt/stack/data/venv/lib/python3.12/site-packages/glance_store/location.py:146}}
Jul 31 20:21:18.662052 np0000006269 devstack@g-api.service[99753]: DEBUG glance_store.location [-] Registering scheme swift with {'store': , 'location_class': , 'store_entry': 'swift'} {{(pid=99753) register_scheme_map /opt/stack/data/venv/lib/python3.12/site-packages/glance_store/location.py:146}}
Jul 31 20:21:18.662104 np0000006269 devstack@g-api.service[99753]: DEBUG glance_store.location [-] Registering scheme swift+http with {'store': , 'location_class': , 'store_entry': 'swift'} {{(pid=99753) register_scheme_map /opt/stack/data/venv/lib/python3.12/site-packages/glance_store/location.py:146}}
Jul 31 20:21:18.662161 np0000006269 devstack@g-api.service[99753]: DEBUG glance_store.location [-] Registering scheme swift+config with {'store': , 'location_class': , 'store_entry': 'swift'} {{(pid=99753) register_scheme_map /opt/stack/data/venv/lib/python3.12/site-packages/glance_store/location.py:146}}
Jul 31 20:21:18.662269 np0000006269 devstack@g-api.service[99753]: DEBUG glance_store.backend [-] Attempting to import store swift {{(pid=99753) _load_store /opt/stack/data/venv/lib/python3.12/site-packages/glance_store/backend.py:215}}
Jul 31 20:21:18.663244 np0000006269 devstack@g-api.service[99753]: DEBUG glance_store.capabilities [-] Store glance_store._drivers.swift.store.SingleTenantStore doesn't support updating dynamic storage capabilities. Please overwrite 'update_capabilities' method of the store to implement updating logics if needed. {{(pid=99753) update_capabilities /opt/stack/data/venv/lib/python3.12/site-packages/glance_store/capabilities.py:91}}
Jul 31 20:21:18.663304 np0000006269 devstack@g-api.service[99753]: DEBUG glance_store.driver [-] Late loading location class glance_store._drivers.swift.store.StoreLocation {{(pid=99753) get_store_location_class /opt/stack/data/venv/lib/python3.12/site-packages/glance_store/driver.py:134}}
Jul 31 20:21:18.663363 np0000006269 devstack@g-api.service[99753]: DEBUG glance_store.location [-] Registering scheme swift+https with {'store': , 'location_class': , 'store_entry': 'swift'} {{(pid=99753) register_scheme_map /opt/stack/data/venv/lib/python3.12/site-packages/glance_store/location.py:146}}
Jul 31 20:21:18.663419 np0000006269 devstack@g-api.service[99753]: DEBUG glance_store.location [-] Registering scheme swift+https with {'store': , 'location_class': , 'store_entry': 'swift'} {{(pid=99753) register_scheme_map /opt/stack/data/venv/lib/python3.12/site-packages/glance_store/location.py:146}}
Jul 31 20:21:18.663476 np0000006269 devstack@g-api.service[99753]: DEBUG glance_store.location [-] Registering scheme swift with {'store': , 'location_class': , 'store_entry': 'swift'} {{(pid=99753) register_scheme_map /opt/stack/data/venv/lib/python3.12/site-packages/glance_store/location.py:146}}
Jul 31 20:21:18.663522 np0000006269 devstack@g-api.service[99753]: DEBUG glance_store.location [-] Registering scheme swift+https with {'store': , 'location_class': , 'store_entry': 'swift'} {{(pid=99753) register_scheme_map /opt/stack/data/venv/lib/python3.12/site-packages/glance_store/location.py:146}}
Jul 31 20:21:18.663571 np0000006269 devstack@g-api.service[99753]: DEBUG glance_store.location [-] Registering scheme swift with {'store': , 'location_class': , 'store_entry': 'swift'} {{(pid=99753) register_scheme_map /opt/stack/data/venv/lib/python3.12/site-packages/glance_store/location.py:146}}
Jul 31 20:21:18.663620 np0000006269 devstack@g-api.service[99753]: DEBUG glance_store.location [-] Registering scheme swift+http with {'store': , 'location_class': , 'store_entry': 'swift'} {{(pid=99753) register_scheme_map /opt/stack/data/venv/lib/python3.12/site-packages/glance_store/location.py:146}}
Jul 31 20:21:18.663671 np0000006269 devstack@g-api.service[99753]: DEBUG glance_store.location [-] Registering scheme swift+https with {'store': , 'location_class': , 'store_entry': 'swift'} {{(pid=99753) register_scheme_map /opt/stack/data/venv/lib/python3.12/site-packages/glance_store/location.py:146}}
Jul 31 20:21:18.663719 np0000006269 devstack@g-api.service[99753]: DEBUG glance_store.location [-] Registering scheme swift with {'store': , 'location_class': , 'store_entry': 'swift'} {{(pid=99753) register_scheme_map /opt/stack/data/venv/lib/python3.12/site-packages/glance_store/location.py:146}}
Jul 31 20:21:18.663771 np0000006269 devstack@g-api.service[99753]: DEBUG glance_store.location [-] Registering scheme swift+http with {'store': , 'location_class': , 'store_entry': 'swift'} {{(pid=99753) register_scheme_map /opt/stack/data/venv/lib/python3.12/site-packages/glance_store/location.py:146}}
Jul 31 20:21:18.663826 np0000006269 devstack@g-api.service[99753]: DEBUG glance_store.location [-] Registering scheme swift+config with {'store': , 'location_class': , 'store_entry': 'swift'} {{(pid=99753) register_scheme_map /opt/stack/data/venv/lib/python3.12/site-packages/glance_store/location.py:146}}
Jul 31 20:21:18.664104 np0000006269 devstack@g-api.service[99753]: DEBUG glance.sqlite_migration [-] SQLite caching database not located, skipping migration {{(pid=99753) get_db_path /opt/stack/glance/glance/sqlite_migration.py:68}}
Jul 31 20:21:18.664296 np0000006269 devstack@g-api.service[99753]: WARNING glance.common.wsgi_app [-] Import methods are enabled but staging directory /tmp/staging/ does not exist; Imports will fail!
Jul 31 20:21:18.753181 np0000006269 devstack@g-api.service[99751]: DEBUG glance.common.config [None req-f989dad3-ff72-4f8d-8509-698193d6c6d9 None None] Loading glance-api-keystone+cachemanagement from /etc/glance/glance-api-paste.ini {{(pid=99751) load_paste_app /opt/stack/glance/glance/common/config.py:765}}
Jul 31 20:21:18.781088 np0000006269 devstack@g-api.service[99752]: DEBUG glance.common.config [None req-eef6493c-c8d6-4717-9e91-6f6c2f85c851 None None] Loading glance-api-keystone+cachemanagement from /etc/glance/glance-api-paste.ini {{(pid=99752) load_paste_app /opt/stack/glance/glance/common/config.py:765}}
Jul 31 20:21:18.797226 np0000006269 devstack@g-api.service[99753]: DEBUG glance.common.config [None req-f68c6978-2f72-4326-969a-96e7f7f56c06 None None] Loading glance-api-keystone+cachemanagement from /etc/glance/glance-api-paste.ini {{(pid=99753) load_paste_app /opt/stack/glance/glance/common/config.py:765}}
Jul 31 20:21:19.368495 np0000006269 devstack@g-api.service[99753]: INFO glance.image_cache [None req-f68c6978-2f72-4326-969a-96e7f7f56c06 None None] Image cache loaded driver 'centralized_db'.
Jul 31 20:21:19.373130 np0000006269 devstack@g-api.service[99752]: INFO glance.image_cache [None req-eef6493c-c8d6-4717-9e91-6f6c2f85c851 None None] Image cache loaded driver 'centralized_db'.
Jul 31 20:21:19.390170 np0000006269 devstack@g-api.service[99751]: INFO glance.image_cache [None req-f989dad3-ff72-4f8d-8509-698193d6c6d9 None None] Image cache loaded driver 'centralized_db'.
Jul 31 20:21:19.414740 np0000006269 devstack@g-api.service[99753]: INFO dbcounter [None req-f68c6978-2f72-4326-969a-96e7f7f56c06 None None] Registered counter for database glance
Jul 31 20:21:19.426252 np0000006269 devstack@g-api.service[99752]: INFO dbcounter [None req-eef6493c-c8d6-4717-9e91-6f6c2f85c851 None None] Registered counter for database glance
Jul 31 20:21:19.436092 np0000006269 devstack@g-api.service[99751]: INFO dbcounter [None req-f989dad3-ff72-4f8d-8509-698193d6c6d9 None None] Registered counter for database glance
Jul 31 20:21:19.453094 np0000006269 devstack@g-api.service[99753]: DEBUG oslo_db.sqlalchemy.engines [None req-f68c6978-2f72-4326-969a-96e7f7f56c06 None None] MySQL server mode set to STRICT_TRANS_TABLES,STRICT_ALL_TABLES,NO_ZERO_IN_DATE,NO_ZERO_DATE,ERROR_FOR_DIVISION_BY_ZERO,TRADITIONAL,NO_ENGINE_SUBSTITUTION {{(pid=99753) _check_effective_sql_mode /opt/stack/data/venv/lib/python3.12/site-packages/oslo_db/sqlalchemy/engines.py:325}}
Jul 31 20:21:19.468934 np0000006269 devstack@g-api.service[99752]: DEBUG oslo_db.sqlalchemy.engines [None req-eef6493c-c8d6-4717-9e91-6f6c2f85c851 None None] MySQL server mode set to STRICT_TRANS_TABLES,STRICT_ALL_TABLES,NO_ZERO_IN_DATE,NO_ZERO_DATE,ERROR_FOR_DIVISION_BY_ZERO,TRADITIONAL,NO_ENGINE_SUBSTITUTION {{(pid=99752) _check_effective_sql_mode /opt/stack/data/venv/lib/python3.12/site-packages/oslo_db/sqlalchemy/engines.py:325}}
Jul 31 20:21:19.474831 np0000006269 devstack@g-api.service[99751]: DEBUG oslo_db.sqlalchemy.engines [None req-f989dad3-ff72-4f8d-8509-698193d6c6d9 None None] MySQL server mode set to STRICT_TRANS_TABLES,STRICT_ALL_TABLES,NO_ZERO_IN_DATE,NO_ZERO_DATE,ERROR_FOR_DIVISION_BY_ZERO,TRADITIONAL,NO_ENGINE_SUBSTITUTION {{(pid=99751) _check_effective_sql_mode /opt/stack/data/venv/lib/python3.12/site-packages/oslo_db/sqlalchemy/engines.py:325}}
Jul 31 20:21:19.491523 np0000006269 devstack@g-api.service[99752]: DEBUG dbcounter [-] [99752] Writer thread running {{(pid=99752) stat_writer /opt/stack/data/venv/lib/python3.12/site-packages/dbcounter.py:102}}
Jul 31 20:21:19.563038 np0000006269 devstack@g-api.service[99753]: DEBUG dbcounter [-] [99753] Writer thread running {{(pid=99753) stat_writer /opt/stack/data/venv/lib/python3.12/site-packages/dbcounter.py:102}}
Jul 31 20:21:19.565835 np0000006269 devstack@g-api.service[99753]: DEBUG glance.image_cache.drivers.centralized_db [None req-f68c6978-2f72-4326-969a-96e7f7f56c06 None None] Node reference is already recorded, ignoring it {{(pid=99753) configure /opt/stack/glance/glance/image_cache/drivers/centralized_db.py:71}}
Jul 31 20:21:19.575083 np0000006269 devstack@g-api.service[99753]: INFO glance.image_cache [None req-f68c6978-2f72-4326-969a-96e7f7f56c06 None None] Image cache loaded driver 'centralized_db'.
Jul 31 20:21:19.584071 np0000006269 devstack@g-api.service[99753]: DEBUG glance.image_cache.drivers.centralized_db [None req-f68c6978-2f72-4326-969a-96e7f7f56c06 None None] Node reference is already recorded, ignoring it {{(pid=99753) configure /opt/stack/glance/glance/image_cache/drivers/centralized_db.py:71}}
Jul 31 20:21:19.584535 np0000006269 devstack@g-api.service[99751]: DEBUG dbcounter [-] [99751] Writer thread running {{(pid=99751) stat_writer /opt/stack/data/venv/lib/python3.12/site-packages/dbcounter.py:102}}
Jul 31 20:21:19.587353 np0000006269 devstack@g-api.service[99751]: DEBUG glance.image_cache.drivers.centralized_db [None req-f989dad3-ff72-4f8d-8509-698193d6c6d9 None None] Node reference is already recorded, ignoring it {{(pid=99751) configure /opt/stack/glance/glance/image_cache/drivers/centralized_db.py:71}}
Jul 31 20:21:19.589927 np0000006269 devstack@g-api.service[99753]: DEBUG glance.api.v2.cached_images [None req-f68c6978-2f72-4326-969a-96e7f7f56c06 None None] Started cache worker thread {{(pid=99753) __init__ /opt/stack/glance/glance/api/v2/cached_images.py:71}}
Jul 31 20:21:19.590632 np0000006269 devstack@g-api.service[99753]: INFO glance.image_cache [None req-f68c6978-2f72-4326-969a-96e7f7f56c06 None None] Image cache loaded driver 'centralized_db'.
Jul 31 20:21:19.590852 np0000006269 devstack@g-api.service[99752]: INFO glance.image_cache [None req-eef6493c-c8d6-4717-9e91-6f6c2f85c851 None None] Image cache loaded driver 'centralized_db'.
Jul 31 20:21:19.592474 np0000006269 devstack@g-api.service[99751]: INFO glance.image_cache [None req-f989dad3-ff72-4f8d-8509-698193d6c6d9 None None] Image cache loaded driver 'centralized_db'.
Jul 31 20:21:19.597086 np0000006269 devstack@g-api.service[99753]: DEBUG glance.image_cache.drivers.centralized_db [None req-f68c6978-2f72-4326-969a-96e7f7f56c06 None None] Node reference is already recorded, ignoring it {{(pid=99753) configure /opt/stack/glance/glance/image_cache/drivers/centralized_db.py:71}}
Jul 31 20:21:19.597903 np0000006269 devstack@g-api.service[99752]: DEBUG glance.image_cache.drivers.centralized_db [None req-eef6493c-c8d6-4717-9e91-6f6c2f85c851 None None] Node reference is already recorded, ignoring it {{(pid=99752) configure /opt/stack/glance/glance/image_cache/drivers/centralized_db.py:71}}
Jul 31 20:21:19.599261 np0000006269 devstack@g-api.service[99751]: DEBUG glance.image_cache.drivers.centralized_db [None req-f989dad3-ff72-4f8d-8509-698193d6c6d9 None None] Node reference is already recorded, ignoring it {{(pid=99751) configure /opt/stack/glance/glance/image_cache/drivers/centralized_db.py:71}}
Jul 31 20:21:19.601408 np0000006269 devstack@g-api.service[99753]: INFO glance.api.middleware.cache_manage [None req-f68c6978-2f72-4326-969a-96e7f7f56c06 None None] Initialized image cache management middleware
Jul 31 20:21:19.601542 np0000006269 devstack@g-api.service[99753]: INFO glance.image_cache [None req-f68c6978-2f72-4326-969a-96e7f7f56c06 None None] Image cache loaded driver 'centralized_db'.
Jul 31 20:21:19.603247 np0000006269 devstack@g-api.service[99752]: DEBUG glance.api.v2.cached_images [None req-eef6493c-c8d6-4717-9e91-6f6c2f85c851 None None] Started cache worker thread {{(pid=99752) __init__ /opt/stack/glance/glance/api/v2/cached_images.py:71}}
Jul 31 20:21:19.603952 np0000006269 devstack@g-api.service[99752]: INFO glance.image_cache [None req-eef6493c-c8d6-4717-9e91-6f6c2f85c851 None None] Image cache loaded driver 'centralized_db'.
Jul 31 20:21:19.604053 np0000006269 devstack@g-api.service[99751]: DEBUG glance.api.v2.cached_images [None req-f989dad3-ff72-4f8d-8509-698193d6c6d9 None None] Started cache worker thread {{(pid=99751) __init__ /opt/stack/glance/glance/api/v2/cached_images.py:71}}
Jul 31 20:21:19.604713 np0000006269 devstack@g-api.service[99751]: INFO glance.image_cache [None req-f989dad3-ff72-4f8d-8509-698193d6c6d9 None None] Image cache loaded driver 'centralized_db'.
Jul 31 20:21:19.610741 np0000006269 devstack@g-api.service[99753]: DEBUG glance.image_cache.drivers.centralized_db [None req-f68c6978-2f72-4326-969a-96e7f7f56c06 None None] Node reference is already recorded, ignoring it {{(pid=99753) configure /opt/stack/glance/glance/image_cache/drivers/centralized_db.py:71}}
Jul 31 20:21:19.611254 np0000006269 devstack@g-api.service[99752]: DEBUG glance.image_cache.drivers.centralized_db [None req-eef6493c-c8d6-4717-9e91-6f6c2f85c851 None None] Node reference is already recorded, ignoring it {{(pid=99752) configure /opt/stack/glance/glance/image_cache/drivers/centralized_db.py:71}}
Jul 31 20:21:19.611817 np0000006269 devstack@g-api.service[99751]: DEBUG glance.image_cache.drivers.centralized_db [None req-f989dad3-ff72-4f8d-8509-698193d6c6d9 None None] Node reference is already recorded, ignoring it {{(pid=99751) configure /opt/stack/glance/glance/image_cache/drivers/centralized_db.py:71}}
Jul 31 20:21:19.614102 np0000006269 devstack@g-api.service[99753]: INFO glance.api.middleware.cache [None req-f68c6978-2f72-4326-969a-96e7f7f56c06 None None] Initialized image cache middleware
Jul 31 20:21:19.616421 np0000006269 devstack@g-api.service[99752]: INFO glance.api.middleware.cache_manage [None req-eef6493c-c8d6-4717-9e91-6f6c2f85c851 None None] Initialized image cache management middleware
Jul 31 20:21:19.616619 np0000006269 devstack@g-api.service[99752]: INFO glance.image_cache [None req-eef6493c-c8d6-4717-9e91-6f6c2f85c851 None None] Image cache loaded driver 'centralized_db'.
Jul 31 20:21:19.617744 np0000006269 devstack@g-api.service[99751]: INFO glance.api.middleware.cache_manage [None req-f989dad3-ff72-4f8d-8509-698193d6c6d9 None None] Initialized image cache management middleware
Jul 31 20:21:19.617913 np0000006269 devstack@g-api.service[99751]: INFO glance.image_cache [None req-f989dad3-ff72-4f8d-8509-698193d6c6d9 None None] Image cache loaded driver 'centralized_db'.
Jul 31 20:21:19.623172 np0000006269 devstack@g-api.service[99752]: DEBUG glance.image_cache.drivers.centralized_db [None req-eef6493c-c8d6-4717-9e91-6f6c2f85c851 None None] Node reference is already recorded, ignoring it {{(pid=99752) configure /opt/stack/glance/glance/image_cache/drivers/centralized_db.py:71}}
Jul 31 20:21:19.624043 np0000006269 devstack@g-api.service[99751]: DEBUG glance.image_cache.drivers.centralized_db [None req-f989dad3-ff72-4f8d-8509-698193d6c6d9 None None] Node reference is already recorded, ignoring it {{(pid=99751) configure /opt/stack/glance/glance/image_cache/drivers/centralized_db.py:71}}
Jul 31 20:21:19.624257 np0000006269 devstack@g-api.service[99753]: DEBUG glance.common.config [None req-f68c6978-2f72-4326-969a-96e7f7f56c06 None None] ******************************************************************************** {{(pid=99753) log_opt_values /opt/stack/data/venv/lib/python3.12/site-packages/oslo_config/cfg.py:3226}}
Jul 31 20:21:19.624353 np0000006269 devstack@g-api.service[99753]: DEBUG glance.common.config [None req-f68c6978-2f72-4326-969a-96e7f7f56c06 None None] Configuration options gathered from: {{(pid=99753) log_opt_values /opt/stack/data/venv/lib/python3.12/site-packages/oslo_config/cfg.py:3227}}
Jul 31 20:21:19.624673 np0000006269 devstack@g-api.service[99753]: DEBUG glance.common.config [None req-f68c6978-2f72-4326-969a-96e7f7f56c06 None None] command line args: [] {{(pid=99753) log_opt_values /opt/stack/data/venv/lib/python3.12/site-packages/oslo_config/cfg.py:3228}}
Jul 31 20:21:19.624800 np0000006269 devstack@g-api.service[99753]: DEBUG glance.common.config [None req-f68c6978-2f72-4326-969a-96e7f7f56c06 None None] config files: ['/etc/glance/glance-image-import.conf', '/etc/glance/glance-api.conf'] {{(pid=99753) log_opt_values /opt/stack/data/venv/lib/python3.12/site-packages/oslo_config/cfg.py:3229}}
Jul 31 20:21:19.624913 np0000006269 devstack@g-api.service[99753]: DEBUG glance.common.config [None req-f68c6978-2f72-4326-969a-96e7f7f56c06 None None] ================================================================================ {{(pid=99753) log_opt_values /opt/stack/data/venv/lib/python3.12/site-packages/oslo_config/cfg.py:3234}}
Jul 31 20:21:19.625035 np0000006269 devstack@g-api.service[99753]: DEBUG glance.common.config [None req-f68c6978-2f72-4326-969a-96e7f7f56c06 None None] allow_anonymous_access = False {{(pid=99753) log_opt_values /opt/stack/data/venv/lib/python3.12/site-packages/oslo_config/cfg.py:3242}}
Jul 31 20:21:19.625127 np0000006269 devstack@g-api.service[99753]: DEBUG glance.common.config [None req-f68c6978-2f72-4326-969a-96e7f7f56c06 None None] api_limit_max = 1000 {{(pid=99753) log_opt_values /opt/stack/data/venv/lib/python3.12/site-packages/oslo_config/cfg.py:3242}}
Jul 31 20:21:19.625244 np0000006269 devstack@g-api.service[99753]: DEBUG glance.common.config [None req-f68c6978-2f72-4326-969a-96e7f7f56c06 None None] config_dir = [] {{(pid=99753) log_opt_values /opt/stack/data/venv/lib/python3.12/site-packages/oslo_config/cfg.py:3242}}
Jul 31 20:21:19.625312 np0000006269 devstack@g-api.service[99753]: DEBUG glance.common.config [None req-f68c6978-2f72-4326-969a-96e7f7f56c06 None None] config_file = ['/etc/glance/glance-image-import.conf', '/etc/glance/glance-api.conf'] {{(pid=99753) log_opt_values /opt/stack/data/venv/lib/python3.12/site-packages/oslo_config/cfg.py:3242}}
Jul 31 20:21:19.625403 np0000006269 devstack@g-api.service[99753]: DEBUG glance.common.config [None req-f68c6978-2f72-4326-969a-96e7f7f56c06 None None] config_source = [] {{(pid=99753) log_opt_values /opt/stack/data/venv/lib/python3.12/site-packages/oslo_config/cfg.py:3242}}
Jul 31 20:21:19.625499 np0000006269 devstack@g-api.service[99753]: DEBUG glance.common.config [None req-f68c6978-2f72-4326-969a-96e7f7f56c06 None None] control_exchange = glance {{(pid=99753) log_opt_values /opt/stack/data/venv/lib/python3.12/site-packages/oslo_config/cfg.py:3242}}
Jul 31 20:21:19.625570 np0000006269 devstack@g-api.service[99753]: DEBUG glance.common.config [None req-f68c6978-2f72-4326-969a-96e7f7f56c06 None None] debug = True {{(pid=99753) log_opt_values /opt/stack/data/venv/lib/python3.12/site-packages/oslo_config/cfg.py:3242}}
Jul 31 20:21:19.625752 np0000006269 devstack@g-api.service[99753]: DEBUG glance.common.config [None req-f68c6978-2f72-4326-969a-96e7f7f56c06 None None] default_log_levels = ['amqp=WARN', 'boto=WARN', 'sqlalchemy=WARN', 'suds=INFO', 'oslo.messaging=INFO', 'oslo_messaging=INFO', 'iso8601=WARN', 'requests.packages.urllib3.connectionpool=WARN', 'urllib3.connectionpool=WARN', 'websocket=WARN', 'requests.packages.urllib3.util.retry=WARN', 'urllib3.util.retry=WARN', 'keystonemiddleware=WARN', 'routes.middleware=WARN', 'stevedore=WARN', 'taskflow=WARN', 'keystoneauth=WARN', 'oslo.cache=INFO', 'oslo_policy=INFO', 'dogpile.core.dogpile=INFO'] {{(pid=99753) log_opt_values /opt/stack/data/venv/lib/python3.12/site-packages/oslo_config/cfg.py:3242}}
Jul 31 20:21:19.625839 np0000006269 devstack@g-api.service[99753]: DEBUG glance.common.config [None req-f68c6978-2f72-4326-969a-96e7f7f56c06 None None] default_publisher_id = image.localhost {{(pid=99753) log_opt_values /opt/stack/data/venv/lib/python3.12/site-packages/oslo_config/cfg.py:3242}}
Jul 31 20:21:19.625961 np0000006269 devstack@g-api.service[99753]: DEBUG glance.common.config [None req-f68c6978-2f72-4326-969a-96e7f7f56c06 None None] delayed_delete = False {{(pid=99753) log_opt_values /opt/stack/data/venv/lib/python3.12/site-packages/oslo_config/cfg.py:3242}}
Jul 31 20:21:19.626057 np0000006269 devstack@g-api.service[99753]: DEBUG glance.common.config [None req-f68c6978-2f72-4326-969a-96e7f7f56c06 None None] digest_algorithm = sha256 {{(pid=99753) log_opt_values /opt/stack/data/venv/lib/python3.12/site-packages/oslo_config/cfg.py:3242}}
Jul 31 20:21:19.626154 np0000006269 devstack@g-api.service[99753]: DEBUG glance.common.config [None req-f68c6978-2f72-4326-969a-96e7f7f56c06 None None] disabled_notifications = [] {{(pid=99753) log_opt_values /opt/stack/data/venv/lib/python3.12/site-packages/oslo_config/cfg.py:3242}}
Jul 31 20:21:19.626241 np0000006269 devstack@g-api.service[99753]: DEBUG glance.common.config [None req-f68c6978-2f72-4326-969a-96e7f7f56c06 None None] do_secure_hash = True {{(pid=99753) log_opt_values /opt/stack/data/venv/lib/python3.12/site-packages/oslo_config/cfg.py:3242}}
Jul 31 20:21:19.626331 np0000006269 devstack@g-api.service[99753]: DEBUG glance.common.config [None req-f68c6978-2f72-4326-969a-96e7f7f56c06 None None] enabled_backends = None {{(pid=99753) log_opt_values /opt/stack/data/venv/lib/python3.12/site-packages/oslo_config/cfg.py:3242}}
Jul 31 20:21:19.626433 np0000006269 devstack@g-api.service[99753]: DEBUG glance.common.config [None req-f68c6978-2f72-4326-969a-96e7f7f56c06 None None] enabled_import_methods = ['glance-direct', 'web-download', 'copy-image'] {{(pid=99753) log_opt_values /opt/stack/data/venv/lib/python3.12/site-packages/oslo_config/cfg.py:3242}}
Jul 31 20:21:19.626521 np0000006269 devstack@g-api.service[99753]: DEBUG glance.common.config [None req-f68c6978-2f72-4326-969a-96e7f7f56c06 None None] fatal_deprecations = False {{(pid=99753) log_opt_values /opt/stack/data/venv/lib/python3.12/site-packages/oslo_config/cfg.py:3242}}
Jul 31 20:21:19.626611 np0000006269 devstack@g-api.service[99753]: DEBUG glance.common.config [None req-f68c6978-2f72-4326-969a-96e7f7f56c06 None None] hashing_algorithm = sha512 {{(pid=99753) log_opt_values /opt/stack/data/venv/lib/python3.12/site-packages/oslo_config/cfg.py:3242}}
Jul 31 20:21:19.626716 np0000006269 devstack@g-api.service[99753]: DEBUG glance.common.config [None req-f68c6978-2f72-4326-969a-96e7f7f56c06 None None] http_retries = 3 {{(pid=99753) log_opt_values /opt/stack/data/venv/lib/python3.12/site-packages/oslo_config/cfg.py:3242}}
Jul 31 20:21:19.626807 np0000006269 devstack@g-api.service[99753]: DEBUG glance.common.config [None req-f68c6978-2f72-4326-969a-96e7f7f56c06 None None] image_cache_dir = /opt/stack/data/glance/cache/ {{(pid=99753) log_opt_values /opt/stack/data/venv/lib/python3.12/site-packages/oslo_config/cfg.py:3242}}
Jul 31 20:21:19.626938 np0000006269 devstack@g-api.service[99753]: DEBUG glance.common.config [None req-f68c6978-2f72-4326-969a-96e7f7f56c06 None None] image_cache_driver = centralized_db {{(pid=99753) log_opt_values /opt/stack/data/venv/lib/python3.12/site-packages/oslo_config/cfg.py:3242}}
Jul 31 20:21:19.627029 np0000006269 devstack@g-api.service[99753]: DEBUG glance.common.config [None req-f68c6978-2f72-4326-969a-96e7f7f56c06 None None] image_cache_max_size = 10737418240 {{(pid=99753) log_opt_values /opt/stack/data/venv/lib/python3.12/site-packages/oslo_config/cfg.py:3242}}
Jul 31 20:21:19.627120 np0000006269 devstack@g-api.service[99753]: DEBUG glance.common.config [None req-f68c6978-2f72-4326-969a-96e7f7f56c06 None None] image_cache_sqlite_db = cache.db {{(pid=99753) log_opt_values /opt/stack/data/venv/lib/python3.12/site-packages/oslo_config/cfg.py:3242}}
Jul 31 20:21:19.627217 np0000006269 devstack@g-api.service[99753]: DEBUG glance.common.config [None req-f68c6978-2f72-4326-969a-96e7f7f56c06 None None] image_cache_stall_time = 86400 {{(pid=99753) log_opt_values /opt/stack/data/venv/lib/python3.12/site-packages/oslo_config/cfg.py:3242}}
Jul 31 20:21:19.627304 np0000006269 devstack@g-api.service[99753]: DEBUG glance.common.config [None req-f68c6978-2f72-4326-969a-96e7f7f56c06 None None] image_location_quota = 10 {{(pid=99753) log_opt_values /opt/stack/data/venv/lib/python3.12/site-packages/oslo_config/cfg.py:3242}}
Jul 31 20:21:19.627388 np0000006269 devstack@g-api.service[99753]: DEBUG glance.common.config [None req-f68c6978-2f72-4326-969a-96e7f7f56c06 None None] image_member_quota = 128 {{(pid=99753) log_opt_values /opt/stack/data/venv/lib/python3.12/site-packages/oslo_config/cfg.py:3242}}
Jul 31 20:21:19.627471 np0000006269 devstack@g-api.service[99753]: DEBUG glance.common.config [None req-f68c6978-2f72-4326-969a-96e7f7f56c06 None None] image_property_quota = 128 {{(pid=99753) log_opt_values /opt/stack/data/venv/lib/python3.12/site-packages/oslo_config/cfg.py:3242}}
Jul 31 20:21:19.627559 np0000006269 devstack@g-api.service[99753]: DEBUG glance.common.config [None req-f68c6978-2f72-4326-969a-96e7f7f56c06 None None] image_size_cap = 1099511627776 {{(pid=99753) log_opt_values /opt/stack/data/venv/lib/python3.12/site-packages/oslo_config/cfg.py:3242}}
Jul 31 20:21:19.627648 np0000006269 devstack@g-api.service[99753]: DEBUG glance.common.config [None req-f68c6978-2f72-4326-969a-96e7f7f56c06 None None] image_tag_quota = 128 {{(pid=99753) log_opt_values /opt/stack/data/venv/lib/python3.12/site-packages/oslo_config/cfg.py:3242}}
Jul 31 20:21:19.627819 np0000006269 devstack@g-api.service[99753]: DEBUG glance.common.config [None req-f68c6978-2f72-4326-969a-96e7f7f56c06 None None] instance_format = [instance: %(uuid)s] {{(pid=99753) log_opt_values /opt/stack/data/venv/lib/python3.12/site-packages/oslo_config/cfg.py:3242}}
Jul 31 20:21:19.627967 np0000006269 devstack@g-api.service[99752]: INFO glance.api.middleware.cache [None req-eef6493c-c8d6-4717-9e91-6f6c2f85c851 None None] Initialized image cache middleware
Jul 31 20:21:19.628012 np0000006269 devstack@g-api.service[99753]: DEBUG glance.common.config [None req-f68c6978-2f72-4326-969a-96e7f7f56c06 None None] instance_uuid_format = [instance: %(uuid)s] {{(pid=99753) log_opt_values /opt/stack/data/venv/lib/python3.12/site-packages/oslo_config/cfg.py:3242}}
Jul 31 20:21:19.628061 np0000006269 devstack@g-api.service[99753]: DEBUG glance.common.config [None req-f68c6978-2f72-4326-969a-96e7f7f56c06 None None] limit_param_default = 25 {{(pid=99753) log_opt_values /opt/stack/data/venv/lib/python3.12/site-packages/oslo_config/cfg.py:3242}}
Jul 31 20:21:19.628171 np0000006269 devstack@g-api.service[99753]: DEBUG glance.common.config [None req-f68c6978-2f72-4326-969a-96e7f7f56c06 None None] log_color = False {{(pid=99753) log_opt_values /opt/stack/data/venv/lib/python3.12/site-packages/oslo_config/cfg.py:3242}}
Jul 31 20:21:19.628216 np0000006269 devstack@g-api.service[99751]: INFO glance.api.middleware.cache [None req-f989dad3-ff72-4f8d-8509-698193d6c6d9 None None] Initialized image cache middleware
Jul 31 20:21:19.628265 np0000006269 devstack@g-api.service[99753]: DEBUG glance.common.config [None req-f68c6978-2f72-4326-969a-96e7f7f56c06 None None] log_config_append = None {{(pid=99753) log_opt_values /opt/stack/data/venv/lib/python3.12/site-packages/oslo_config/cfg.py:3242}}
Jul 31 20:21:19.628362 np0000006269 devstack@g-api.service[99753]: DEBUG glance.common.config [None req-f68c6978-2f72-4326-969a-96e7f7f56c06 None None] log_date_format = %Y-%m-%d %H:%M:%S {{(pid=99753) log_opt_values /opt/stack/data/venv/lib/python3.12/site-packages/oslo_config/cfg.py:3242}}
Jul 31 20:21:19.628449 np0000006269 devstack@g-api.service[99753]: DEBUG glance.common.config [None req-f68c6978-2f72-4326-969a-96e7f7f56c06 None None] log_dir = None {{(pid=99753) log_opt_values /opt/stack/data/venv/lib/python3.12/site-packages/oslo_config/cfg.py:3242}}
Jul 31 20:21:19.628540 np0000006269 devstack@g-api.service[99753]: DEBUG glance.common.config [None req-f68c6978-2f72-4326-969a-96e7f7f56c06 None None] log_file = None {{(pid=99753) log_opt_values /opt/stack/data/venv/lib/python3.12/site-packages/oslo_config/cfg.py:3242}}
Jul 31 20:21:19.628623 np0000006269 devstack@g-api.service[99753]: DEBUG glance.common.config [None req-f68c6978-2f72-4326-969a-96e7f7f56c06 None None] log_rotate_interval = 1 {{(pid=99753) log_opt_values /opt/stack/data/venv/lib/python3.12/site-packages/oslo_config/cfg.py:3242}}
Jul 31 20:21:19.628714 np0000006269 devstack@g-api.service[99753]: DEBUG glance.common.config [None req-f68c6978-2f72-4326-969a-96e7f7f56c06 None None] log_rotate_interval_type = days {{(pid=99753) log_opt_values /opt/stack/data/venv/lib/python3.12/site-packages/oslo_config/cfg.py:3242}}
Jul 31 20:21:19.628801 np0000006269 devstack@g-api.service[99753]: DEBUG glance.common.config [None req-f68c6978-2f72-4326-969a-96e7f7f56c06 None None] log_rotation_type = none {{(pid=99753) log_opt_values /opt/stack/data/venv/lib/python3.12/site-packages/oslo_config/cfg.py:3242}}
Jul 31 20:21:19.628889 np0000006269 devstack@g-api.service[99753]: DEBUG glance.common.config [None req-f68c6978-2f72-4326-969a-96e7f7f56c06 None None] logging_context_format_string = %(color)s%(levelname)s %(name)s [%(global_request_id)s %(request_id)s %(project_name)s %(user_name)s%(color)s] %(instance)s%(color)s%(message)s {{(pid=99753) log_opt_values /opt/stack/data/venv/lib/python3.12/site-packages/oslo_config/cfg.py:3242}}
Jul 31 20:21:19.628954 np0000006269 devstack@g-api.service[99753]: DEBUG glance.common.config [None req-f68c6978-2f72-4326-969a-96e7f7f56c06 None None] logging_debug_format_suffix = {{(pid=%(process)d) %(funcName)s %(pathname)s:%(lineno)d}} {{(pid=99753) log_opt_values /opt/stack/data/venv/lib/python3.12/site-packages/oslo_config/cfg.py:3242}}
Jul 31 20:21:19.629049 np0000006269 devstack@g-api.service[99753]: DEBUG glance.common.config [None req-f68c6978-2f72-4326-969a-96e7f7f56c06 None None] logging_default_format_string = %(color)s%(levelname)s %(name)s [-%(color)s] %(instance)s%(color)s%(message)s {{(pid=99753) log_opt_values /opt/stack/data/venv/lib/python3.12/site-packages/oslo_config/cfg.py:3242}}
Jul 31 20:21:19.629138 np0000006269 devstack@g-api.service[99753]: DEBUG glance.common.config [None req-f68c6978-2f72-4326-969a-96e7f7f56c06 None None] logging_exception_prefix = ERROR %(name)s %(instance)s {{(pid=99753) log_opt_values /opt/stack/data/venv/lib/python3.12/site-packages/oslo_config/cfg.py:3242}}
Jul 31 20:21:19.629217 np0000006269 devstack@g-api.service[99753]: DEBUG glance.common.config [None req-f68c6978-2f72-4326-969a-96e7f7f56c06 None None] logging_user_identity_format = %(user)s %(project)s %(domain)s %(system_scope)s %(user_domain)s %(project_domain)s {{(pid=99753) log_opt_values /opt/stack/data/venv/lib/python3.12/site-packages/oslo_config/cfg.py:3242}}
Jul 31 20:21:19.629304 np0000006269 devstack@g-api.service[99753]: DEBUG glance.common.config [None req-f68c6978-2f72-4326-969a-96e7f7f56c06 None None] max_logfile_count = 30 {{(pid=99753) log_opt_values /opt/stack/data/venv/lib/python3.12/site-packages/oslo_config/cfg.py:3242}}
Jul 31 20:21:19.629387 np0000006269 devstack@g-api.service[99753]: DEBUG glance.common.config [None req-f68c6978-2f72-4326-969a-96e7f7f56c06 None None] max_logfile_size_mb = 200 {{(pid=99753) log_opt_values /opt/stack/data/venv/lib/python3.12/site-packages/oslo_config/cfg.py:3242}}
Jul 31 20:21:19.629470 np0000006269 devstack@g-api.service[99753]: DEBUG glance.common.config [None req-f68c6978-2f72-4326-969a-96e7f7f56c06 None None] max_request_id_length = 64 {{(pid=99753) log_opt_values /opt/stack/data/venv/lib/python3.12/site-packages/oslo_config/cfg.py:3242}}
Jul 31 20:21:19.629557 np0000006269 devstack@g-api.service[99753]: DEBUG glance.common.config [None req-f68c6978-2f72-4326-969a-96e7f7f56c06 None None] metadata_encryption_key = **** {{(pid=99753) log_opt_values /opt/stack/data/venv/lib/python3.12/site-packages/oslo_config/cfg.py:3242}}
Jul 31 20:21:19.629645 np0000006269 devstack@g-api.service[99753]: DEBUG glance.common.config [None req-f68c6978-2f72-4326-969a-96e7f7f56c06 None None] node_staging_uri = file:///tmp/staging/ {{(pid=99753) log_opt_values /opt/stack/data/venv/lib/python3.12/site-packages/oslo_config/cfg.py:3242}}
Jul 31 20:21:19.629729 np0000006269 devstack@g-api.service[99753]: DEBUG glance.common.config [None req-f68c6978-2f72-4326-969a-96e7f7f56c06 None None] property_protection_file = None {{(pid=99753) log_opt_values /opt/stack/data/venv/lib/python3.12/site-packages/oslo_config/cfg.py:3242}}
Jul 31 20:21:19.629814 np0000006269 devstack@g-api.service[99753]: DEBUG glance.common.config [None req-f68c6978-2f72-4326-969a-96e7f7f56c06 None None] property_protection_rule_format = roles {{(pid=99753) log_opt_values /opt/stack/data/venv/lib/python3.12/site-packages/oslo_config/cfg.py:3242}}
Jul 31 20:21:19.629929 np0000006269 devstack@g-api.service[99753]: DEBUG glance.common.config [None req-f68c6978-2f72-4326-969a-96e7f7f56c06 None None] public_endpoint = https://10.4.3.151/image {{(pid=99753) log_opt_values /opt/stack/data/venv/lib/python3.12/site-packages/oslo_config/cfg.py:3242}}
Jul 31 20:21:19.630008 np0000006269 devstack@g-api.service[99753]: DEBUG glance.common.config [None req-f68c6978-2f72-4326-969a-96e7f7f56c06 None None] publish_errors = False {{(pid=99753) log_opt_values /opt/stack/data/venv/lib/python3.12/site-packages/oslo_config/cfg.py:3242}}
Jul 31 20:21:19.630094 np0000006269 devstack@g-api.service[99753]: DEBUG glance.common.config [None req-f68c6978-2f72-4326-969a-96e7f7f56c06 None None] pydev_worker_debug_host = None {{(pid=99753) log_opt_values /opt/stack/data/venv/lib/python3.12/site-packages/oslo_config/cfg.py:3242}}
Jul 31 20:21:19.630196 np0000006269 devstack@g-api.service[99753]: DEBUG glance.common.config [None req-f68c6978-2f72-4326-969a-96e7f7f56c06 None None] pydev_worker_debug_port = 5678 {{(pid=99753) log_opt_values /opt/stack/data/venv/lib/python3.12/site-packages/oslo_config/cfg.py:3242}}
Jul 31 20:21:19.630286 np0000006269 devstack@g-api.service[99753]: DEBUG glance.common.config [None req-f68c6978-2f72-4326-969a-96e7f7f56c06 None None] rate_limit_burst = 0 {{(pid=99753) log_opt_values /opt/stack/data/venv/lib/python3.12/site-packages/oslo_config/cfg.py:3242}}
Jul 31 20:21:19.630375 np0000006269 devstack@g-api.service[99753]: DEBUG glance.common.config [None req-f68c6978-2f72-4326-969a-96e7f7f56c06 None None] rate_limit_except_level = CRITICAL {{(pid=99753) log_opt_values /opt/stack/data/venv/lib/python3.12/site-packages/oslo_config/cfg.py:3242}}
Jul 31 20:21:19.630457 np0000006269 devstack@g-api.service[99753]: DEBUG glance.common.config [None req-f68c6978-2f72-4326-969a-96e7f7f56c06 None None] rate_limit_interval = 0 {{(pid=99753) log_opt_values /opt/stack/data/venv/lib/python3.12/site-packages/oslo_config/cfg.py:3242}}
Jul 31 20:21:19.630543 np0000006269 devstack@g-api.service[99753]: DEBUG glance.common.config [None req-f68c6978-2f72-4326-969a-96e7f7f56c06 None None] scrub_pool_size = 1 {{(pid=99753) log_opt_values /opt/stack/data/venv/lib/python3.12/site-packages/oslo_config/cfg.py:3242}}
Jul 31 20:21:19.630624 np0000006269 devstack@g-api.service[99753]: DEBUG glance.common.config [None req-f68c6978-2f72-4326-969a-96e7f7f56c06 None None] scrub_time = 0 {{(pid=99753) log_opt_values /opt/stack/data/venv/lib/python3.12/site-packages/oslo_config/cfg.py:3242}}
Jul 31 20:21:19.630763 np0000006269 devstack@g-api.service[99753]: DEBUG glance.common.config [None req-f68c6978-2f72-4326-969a-96e7f7f56c06 None None] shell_completion = None {{(pid=99753) log_opt_values /opt/stack/data/venv/lib/python3.12/site-packages/oslo_config/cfg.py:3242}}
Jul 31 20:21:19.630869 np0000006269 devstack@g-api.service[99753]: DEBUG glance.common.config [None req-f68c6978-2f72-4326-969a-96e7f7f56c06 None None] show_image_direct_url = False {{(pid=99753) log_opt_values /opt/stack/data/venv/lib/python3.12/site-packages/oslo_config/cfg.py:3242}}
Jul 31 20:21:19.631071 np0000006269 devstack@g-api.service[99753]: WARNING oslo_config.cfg [None req-f68c6978-2f72-4326-969a-96e7f7f56c06 None None] Deprecated: Option "show_multiple_locations" from group "DEFAULT" is deprecated for removal (Use of this option, deprecated since Newton, is a security risk and will be removed once we figure out a way to satisfy those use cases that currently require it. An earlier announcement that the same functionality can be achieved with greater granularity by using policies is incorrect. You cannot work around this option via policy configuration at the present time, though that is the direction we believe the fix will take. Please keep an eye on the Glance release notes to stay up to date on progress in addressing this issue.). Its value may be silently ignored in the future.
Jul 31 20:21:19.631177 np0000006269 devstack@g-api.service[99753]: DEBUG glance.common.config [None req-f68c6978-2f72-4326-969a-96e7f7f56c06 None None] show_multiple_locations = False {{(pid=99753) log_opt_values /opt/stack/data/venv/lib/python3.12/site-packages/oslo_config/cfg.py:3242}}
Jul 31 20:21:19.631272 np0000006269 devstack@g-api.service[99753]: DEBUG glance.common.config [None req-f68c6978-2f72-4326-969a-96e7f7f56c06 None None] syslog_log_facility = LOG_USER {{(pid=99753) log_opt_values /opt/stack/data/venv/lib/python3.12/site-packages/oslo_config/cfg.py:3242}}
Jul 31 20:21:19.631363 np0000006269 devstack@g-api.service[99753]: DEBUG glance.common.config [None req-f68c6978-2f72-4326-969a-96e7f7f56c06 None None] transport_url = **** {{(pid=99753) log_opt_values /opt/stack/data/venv/lib/python3.12/site-packages/oslo_config/cfg.py:3242}}
Jul 31 20:21:19.631455 np0000006269 devstack@g-api.service[99753]: DEBUG glance.common.config [None req-f68c6978-2f72-4326-969a-96e7f7f56c06 None None] use_journal = False {{(pid=99753) log_opt_values /opt/stack/data/venv/lib/python3.12/site-packages/oslo_config/cfg.py:3242}}
Jul 31 20:21:19.631539 np0000006269 devstack@g-api.service[99753]: DEBUG glance.common.config [None req-f68c6978-2f72-4326-969a-96e7f7f56c06 None None] use_json = False {{(pid=99753) log_opt_values /opt/stack/data/venv/lib/python3.12/site-packages/oslo_config/cfg.py:3242}}
Jul 31 20:21:19.631627 np0000006269 devstack@g-api.service[99753]: DEBUG glance.common.config [None req-f68c6978-2f72-4326-969a-96e7f7f56c06 None None] use_keystone_limits = True {{(pid=99753) log_opt_values /opt/stack/data/venv/lib/python3.12/site-packages/oslo_config/cfg.py:3242}}
Jul 31 20:21:19.631710 np0000006269 devstack@g-api.service[99753]: DEBUG glance.common.config [None req-f68c6978-2f72-4326-969a-96e7f7f56c06 None None] use_stderr = False {{(pid=99753) log_opt_values /opt/stack/data/venv/lib/python3.12/site-packages/oslo_config/cfg.py:3242}}
Jul 31 20:21:19.631797 np0000006269 devstack@g-api.service[99753]: DEBUG glance.common.config [None req-f68c6978-2f72-4326-969a-96e7f7f56c06 None None] use_syslog = False {{(pid=99753) log_opt_values /opt/stack/data/venv/lib/python3.12/site-packages/oslo_config/cfg.py:3242}}
Jul 31 20:21:19.631910 np0000006269 devstack@g-api.service[99753]: DEBUG glance.common.config [None req-f68c6978-2f72-4326-969a-96e7f7f56c06 None None] user_storage_quota = 0 {{(pid=99753) log_opt_values /opt/stack/data/venv/lib/python3.12/site-packages/oslo_config/cfg.py:3242}}
Jul 31 20:21:19.631994 np0000006269 devstack@g-api.service[99753]: DEBUG glance.common.config [None req-f68c6978-2f72-4326-969a-96e7f7f56c06 None None] worker_self_reference_url = http://127.0.0.1:60999 {{(pid=99753) log_opt_values /opt/stack/data/venv/lib/python3.12/site-packages/oslo_config/cfg.py:3242}}
Jul 31 20:21:19.632096 np0000006269 devstack@g-api.service[99753]: DEBUG glance.common.config [None req-f68c6978-2f72-4326-969a-96e7f7f56c06 None None] oslo_concurrency.disable_process_locking = False {{(pid=99753) log_opt_values /opt/stack/data/venv/lib/python3.12/site-packages/oslo_config/cfg.py:3253}}
Jul 31 20:21:19.632199 np0000006269 devstack@g-api.service[99753]: DEBUG glance.common.config [None req-f68c6978-2f72-4326-969a-96e7f7f56c06 None None] oslo_concurrency.lock_path = /opt/stack/data/glance/locks {{(pid=99753) log_opt_values /opt/stack/data/venv/lib/python3.12/site-packages/oslo_config/cfg.py:3253}}
Jul 31 20:21:19.632291 np0000006269 devstack@g-api.service[99753]: DEBUG glance.common.config [None req-f68c6978-2f72-4326-969a-96e7f7f56c06 None None] oslo_middleware.enable_proxy_headers_parsing = False {{(pid=99753) log_opt_values /opt/stack/data/venv/lib/python3.12/site-packages/oslo_config/cfg.py:3253}}
Jul 31 20:21:19.632383 np0000006269 devstack@g-api.service[99753]: DEBUG glance.common.config [None req-f68c6978-2f72-4326-969a-96e7f7f56c06 None None] oslo_middleware.http_basic_auth_user_file = /etc/htpasswd {{(pid=99753) log_opt_values /opt/stack/data/venv/lib/python3.12/site-packages/oslo_config/cfg.py:3253}}
Jul 31 20:21:19.632473 np0000006269 devstack@g-api.service[99753]: DEBUG glance.common.config [None req-f68c6978-2f72-4326-969a-96e7f7f56c06 None None] paste_deploy.config_file = None {{(pid=99753) log_opt_values /opt/stack/data/venv/lib/python3.12/site-packages/oslo_config/cfg.py:3253}}
Jul 31 20:21:19.632563 np0000006269 devstack@g-api.service[99753]: DEBUG glance.common.config [None req-f68c6978-2f72-4326-969a-96e7f7f56c06 None None] paste_deploy.flavor = keystone+cachemanagement {{(pid=99753) log_opt_values /opt/stack/data/venv/lib/python3.12/site-packages/oslo_config/cfg.py:3253}}
Jul 31 20:21:19.632684 np0000006269 devstack@g-api.service[99753]: DEBUG glance.common.config [None req-f68c6978-2f72-4326-969a-96e7f7f56c06 None None] image_format.container_formats = ['ami', 'ari', 'aki', 'bare', 'ovf', 'ova', 'docker', 'compressed'] {{(pid=99753) log_opt_values /opt/stack/data/venv/lib/python3.12/site-packages/oslo_config/cfg.py:3253}}
Jul 31 20:21:19.632806 np0000006269 devstack@g-api.service[99753]: DEBUG glance.common.config [None req-f68c6978-2f72-4326-969a-96e7f7f56c06 None None] image_format.disk_formats = ['ami', 'ari', 'aki', 'vhd', 'vhdx', 'vmdk', 'raw', 'qcow2', 'vdi', 'iso', 'ploop'] {{(pid=99753) log_opt_values /opt/stack/data/venv/lib/python3.12/site-packages/oslo_config/cfg.py:3253}}
Jul 31 20:21:19.632918 np0000006269 devstack@g-api.service[99753]: DEBUG glance.common.config [None req-f68c6978-2f72-4326-969a-96e7f7f56c06 None None] image_format.gpt_safety_checks_nonfatal = [] {{(pid=99753) log_opt_values /opt/stack/data/venv/lib/python3.12/site-packages/oslo_config/cfg.py:3253}}
Jul 31 20:21:19.633008 np0000006269 devstack@g-api.service[99753]: DEBUG glance.common.config [None req-f68c6978-2f72-4326-969a-96e7f7f56c06 None None] image_format.require_image_format_match = True {{(pid=99753) log_opt_values /opt/stack/data/venv/lib/python3.12/site-packages/oslo_config/cfg.py:3253}}
Jul 31 20:21:19.633107 np0000006269 devstack@g-api.service[99753]: DEBUG glance.common.config [None req-f68c6978-2f72-4326-969a-96e7f7f56c06 None None] image_format.vmdk_allowed_types = ['streamOptimized', 'monolithicSparse'] {{(pid=99753) log_opt_values /opt/stack/data/venv/lib/python3.12/site-packages/oslo_config/cfg.py:3253}}
Jul 31 20:21:19.633218 np0000006269 devstack@g-api.service[99753]: DEBUG glance.common.config [None req-f68c6978-2f72-4326-969a-96e7f7f56c06 None None] task.task_executor = taskflow {{(pid=99753) log_opt_values /opt/stack/data/venv/lib/python3.12/site-packages/oslo_config/cfg.py:3253}}
Jul 31 20:21:19.633308 np0000006269 devstack@g-api.service[99753]: DEBUG glance.common.config [None req-f68c6978-2f72-4326-969a-96e7f7f56c06 None None] task.task_time_to_live = 48 {{(pid=99753) log_opt_values /opt/stack/data/venv/lib/python3.12/site-packages/oslo_config/cfg.py:3253}}
Jul 31 20:21:19.633393 np0000006269 devstack@g-api.service[99753]: DEBUG glance.common.config [None req-f68c6978-2f72-4326-969a-96e7f7f56c06 None None] task.work_dir = None {{(pid=99753) log_opt_values /opt/stack/data/venv/lib/python3.12/site-packages/oslo_config/cfg.py:3253}}
Jul 31 20:21:19.633488 np0000006269 devstack@g-api.service[99753]: DEBUG glance.common.config [None req-f68c6978-2f72-4326-969a-96e7f7f56c06 None None] wsgi.python_interpreter = /opt/stack/data/venv/bin/python3 {{(pid=99753) log_opt_values /opt/stack/data/venv/lib/python3.12/site-packages/oslo_config/cfg.py:3253}}
Jul 31 20:21:19.633573 np0000006269 devstack@g-api.service[99753]: DEBUG glance.common.config [None req-f68c6978-2f72-4326-969a-96e7f7f56c06 None None] wsgi.task_pool_threads = 16 {{(pid=99753) log_opt_values /opt/stack/data/venv/lib/python3.12/site-packages/oslo_config/cfg.py:3253}}
Jul 31 20:21:19.633669 np0000006269 devstack@g-api.service[99753]: DEBUG glance.common.config [None req-f68c6978-2f72-4326-969a-96e7f7f56c06 None None] import_filtering_opts.allowed_hosts = [] {{(pid=99753) log_opt_values /opt/stack/data/venv/lib/python3.12/site-packages/oslo_config/cfg.py:3253}}
Jul 31 20:21:19.633760 np0000006269 devstack@g-api.service[99753]: DEBUG glance.common.config [None req-f68c6978-2f72-4326-969a-96e7f7f56c06 None None] import_filtering_opts.allowed_ports = [80, 443] {{(pid=99753) log_opt_values /opt/stack/data/venv/lib/python3.12/site-packages/oslo_config/cfg.py:3253}}
Jul 31 20:21:19.633877 np0000006269 devstack@g-api.service[99753]: DEBUG glance.common.config [None req-f68c6978-2f72-4326-969a-96e7f7f56c06 None None] import_filtering_opts.allowed_schemes = ['http', 'https'] {{(pid=99753) log_opt_values /opt/stack/data/venv/lib/python3.12/site-packages/oslo_config/cfg.py:3253}}
Jul 31 20:21:19.633969 np0000006269 devstack@g-api.service[99753]: DEBUG glance.common.config [None req-f68c6978-2f72-4326-969a-96e7f7f56c06 None None] import_filtering_opts.disallowed_hosts = [] {{(pid=99753) log_opt_values /opt/stack/data/venv/lib/python3.12/site-packages/oslo_config/cfg.py:3253}}
Jul 31 20:21:19.634057 np0000006269 devstack@g-api.service[99753]: DEBUG glance.common.config [None req-f68c6978-2f72-4326-969a-96e7f7f56c06 None None] import_filtering_opts.disallowed_ports = [] {{(pid=99753) log_opt_values /opt/stack/data/venv/lib/python3.12/site-packages/oslo_config/cfg.py:3253}}
Jul 31 20:21:19.634142 np0000006269 devstack@g-api.service[99753]: DEBUG glance.common.config [None req-f68c6978-2f72-4326-969a-96e7f7f56c06 None None] import_filtering_opts.disallowed_schemes = [] {{(pid=99753) log_opt_values /opt/stack/data/venv/lib/python3.12/site-packages/oslo_config/cfg.py:3253}}
