Jul 31 20:27:42.148756 np0000006269 devstack@g-api.service[99751]: DEBUG glance.api.middleware.version_negotiation [None req-ffc2ccdc-e637-4dfb-a0ec-e0770af5c08b tempest-VolumesBackupsTest-323509783 tempest-VolumesBackupsTest-323509783-project-member] new path /v2/schemas/image {{(pid=99751) process_request /opt/stack/glance/glance/api/middleware/version_negotiation.py:70}}
Jul 31 20:27:42.152448 np0000006269 devstack@g-api.service[99751]: [pid: 99751|app: 0|req: 140/406] 127.0.0.1 () {44 vars in 1055 bytes} [Fri Jul 31 20:27:42 2026] GET /v2/schemas/image => generated 6083 bytes in 5 msecs (HTTP/1.1 200) 4 headers in 158 bytes (1 switches on core 0)
Jul 31 20:27:42.615985 np0000006269 devstack@g-api.service[99753]: DEBUG glance.api.middleware.version_negotiation [None req-ffc2ccdc-e637-4dfb-a0ec-e0770af5c08b tempest-VolumesBackupsTest-323509783 tempest-VolumesBackupsTest-323509783-project-member] Determining version of request: GET /versions Accept: */* {{(pid=99753) process_request /opt/stack/glance/glance/api/middleware/version_negotiation.py:44}}
Jul 31 20:27:42.616608 np0000006269 devstack@g-api.service[99753]: [pid: 99753|app: 0|req: 142/407] 127.0.0.1 () {44 vars in 1039 bytes} [Fri Jul 31 20:27:42 2026] GET /versions => generated 1515 bytes in 1 msecs (HTTP/1.1 200) 3 headers in 92 bytes (1 switches on core 0)
Jul 31 20:27:42.623647 np0000006269 devstack@g-api.service[99752]: DEBUG glance.api.middleware.version_negotiation [None req-ffc2ccdc-e637-4dfb-a0ec-e0770af5c08b tempest-VolumesBackupsTest-323509783 tempest-VolumesBackupsTest-323509783-project-member] Determining version of request: GET /v2/images/c4e361c1-9448-4ec5-b9d8-717b9bebf043/locations Accept: */* {{(pid=99752) process_request /opt/stack/glance/glance/api/middleware/version_negotiation.py:44}}
Jul 31 20:27:42.623838 np0000006269 devstack@g-api.service[99752]: DEBUG glance.api.middleware.version_negotiation [None req-ffc2ccdc-e637-4dfb-a0ec-e0770af5c08b tempest-VolumesBackupsTest-323509783 tempest-VolumesBackupsTest-323509783-project-member] Using url versioning {{(pid=99752) process_request /opt/stack/glance/glance/api/middleware/version_negotiation.py:57}}
Jul 31 20:27:42.624000 np0000006269 devstack@g-api.service[99752]: DEBUG glance.api.middleware.version_negotiation [None req-ffc2ccdc-e637-4dfb-a0ec-e0770af5c08b tempest-VolumesBackupsTest-323509783 tempest-VolumesBackupsTest-323509783-project-member] Matched version: v2 {{(pid=99752) process_request /opt/stack/glance/glance/api/middleware/version_negotiation.py:69}}
Jul 31 20:27:42.624097 np0000006269 devstack@g-api.service[99752]: DEBUG glance.api.middleware.version_negotiation [None req-ffc2ccdc-e637-4dfb-a0ec-e0770af5c08b tempest-VolumesBackupsTest-323509783 tempest-VolumesBackupsTest-323509783-project-member] new path /v2/images/c4e361c1-9448-4ec5-b9d8-717b9bebf043/locations {{(pid=99752) process_request /opt/stack/glance/glance/api/middleware/version_negotiation.py:70}}
Jul 31 20:27:42.727506 np0000006269 devstack@g-api.service[99752]: [pid: 99752|app: 0|req: 126/408] 127.0.0.1 () {44 vars in 1135 bytes} [Fri Jul 31 20:27:42 2026] GET /v2/images/c4e361c1-9448-4ec5-b9d8-717b9bebf043/locations => generated 92 bytes in 104 msecs (HTTP/1.1 200) 4 headers in 156 bytes (1 switches on core 0)
Jul 31 20:27:42.738470 np0000006269 devstack@g-api.service[99751]: DEBUG glance.api.middleware.version_negotiation [None req-ffc2ccdc-e637-4dfb-a0ec-e0770af5c08b tempest-VolumesBackupsTest-323509783 tempest-VolumesBackupsTest-323509783-project-member] Determining version of request: GET /v2/images/c4e361c1-9448-4ec5-b9d8-717b9bebf043 Accept: */* {{(pid=99751) process_request /opt/stack/glance/glance/api/middleware/version_negotiation.py:44}}
Jul 31 20:27:42.738692 np0000006269 devstack@g-api.service[99751]: DEBUG glance.api.middleware.version_negotiation [None req-ffc2ccdc-e637-4dfb-a0ec-e0770af5c08b tempest-VolumesBackupsTest-323509783 tempest-VolumesBackupsTest-323509783-project-member] Using url versioning {{(pid=99751) process_request /opt/stack/glance/glance/api/middleware/version_negotiation.py:57}}
Jul 31 20:27:42.738944 np0000006269 devstack@g-api.service[99751]: DEBUG glance.api.middleware.version_negotiation [None req-ffc2ccdc-e637-4dfb-a0ec-e0770af5c08b tempest-VolumesBackupsTest-323509783 tempest-VolumesBackupsTest-323509783-project-member] Matched version: v2 {{(pid=99751) process_request /opt/stack/glance/glance/api/middleware/version_negotiation.py:69}}
Jul 31 20:27:42.739111 np0000006269 devstack@g-api.service[99751]: DEBUG glance.api.middleware.version_negotiation [None req-ffc2ccdc-e637-4dfb-a0ec-e0770af5c08b tempest-VolumesBackupsTest-323509783 tempest-VolumesBackupsTest-323509783-project-member] new path /v2/images/c4e361c1-9448-4ec5-b9d8-717b9bebf043 {{(pid=99751) process_request /opt/stack/glance/glance/api/middleware/version_negotiation.py:70}}
Jul 31 20:27:42.751281 np0000006269 devstack@g-api.service[99751]: [pid: 99751|app: 0|req: 141/409] 127.0.0.1 () {44 vars in 1115 bytes} [Fri Jul 31 20:27:42 2026] GET /v2/images/c4e361c1-9448-4ec5-b9d8-717b9bebf043 => generated 1044 bytes in 13 msecs (HTTP/1.1 200) 4 headers in 158 bytes (1 switches on core 0)
Jul 31 20:27:42.761536 np0000006269 devstack@g-api.service[99753]: DEBUG glance.api.middleware.version_negotiation [None req-ffc2ccdc-e637-4dfb-a0ec-e0770af5c08b tempest-VolumesBackupsTest-323509783 tempest-VolumesBackupsTest-323509783-project-member] Determining version of request: GET /v2/schemas/image Accept: */* {{(pid=99753) process_request /opt/stack/glance/glance/api/middleware/version_negotiation.py:44}}
Jul 31 20:27:42.761685 np0000006269 devstack@g-api.service[99753]: DEBUG glance.api.middleware.version_negotiation [None req-ffc2ccdc-e637-4dfb-a0ec-e0770af5c08b tempest-VolumesBackupsTest-323509783 tempest-VolumesBackupsTest-323509783-project-member] Using url versioning {{(pid=99753) process_request /opt/stack/glance/glance/api/middleware/version_negotiation.py:57}}
Jul 31 20:27:42.761836 np0000006269 devstack@g-api.service[99753]: DEBUG glance.api.middleware.version_negotiation [None req-ffc2ccdc-e637-4dfb-a0ec-e0770af5c08b tempest-VolumesBackupsTest-323509783 tempest-VolumesBackupsTest-323509783-project-member] Matched version: v2 {{(pid=99753) process_request /opt/stack/glance/glance/api/middleware/version_negotiation.py:69}}
Jul 31 20:27:42.761968 np0000006269 devstack@g-api.service[99753]: DEBUG glance.api.middleware.version_negotiation [None req-ffc2ccdc-e637-4dfb-a0ec-e0770af5c08b tempest-VolumesBackupsTest-323509783 tempest-VolumesBackupsTest-323509783-project-member] new path /v2/schemas/image {{(pid=99753) process_request /opt/stack/glance/glance/api/middleware/version_negotiation.py:70}}
Jul 31 20:27:42.764407 np0000006269 devstack@g-api.service[99753]: [pid: 99753|app: 0|req: 143/410] 127.0.0.1 () {44 vars in 1055 bytes} [Fri Jul 31 20:27:42 2026] GET /v2/schemas/image => generated 6083 bytes in 3 msecs (HTTP/1.1 200) 4 headers in 158 bytes (1 switches on core 0)
Jul 31 20:27:42.775919 np0000006269 devstack@g-api.service[99752]: DEBUG glance.api.middleware.version_negotiation [None req-ffc2ccdc-e637-4dfb-a0ec-e0770af5c08b service glance] Determining version of request: GET /v2/schemas/image Accept: */* {{(pid=99752) process_request /opt/stack/glance/glance/api/middleware/version_negotiation.py:44}}
Jul 31 20:27:42.776114 np0000006269 devstack@g-api.service[99752]: DEBUG glance.api.middleware.version_negotiation [None req-ffc2ccdc-e637-4dfb-a0ec-e0770af5c08b service glance] Using url versioning {{(pid=99752) process_request /opt/stack/glance/glance/api/middleware/version_negotiation.py:57}}
Jul 31 20:27:42.776279 np0000006269 devstack@g-api.service[99752]: DEBUG glance.api.middleware.version_negotiation [None req-ffc2ccdc-e637-4dfb-a0ec-e0770af5c08b service glance] Matched version: v2 {{(pid=99752) process_request /opt/stack/glance/glance/api/middleware/version_negotiation.py:69}}
Jul 31 20:27:42.776403 np0000006269 devstack@g-api.service[99752]: DEBUG glance.api.middleware.version_negotiation [None req-ffc2ccdc-e637-4dfb-a0ec-e0770af5c08b service glance] new path /v2/schemas/image {{(pid=99752) process_request /opt/stack/glance/glance/api/middleware/version_negotiation.py:70}}
Jul 31 20:27:42.780009 np0000006269 devstack@g-api.service[99752]: [pid: 99752|app: 0|req: 127/411] 127.0.0.1 () {44 vars in 1055 bytes} [Fri Jul 31 20:27:42 2026] GET /v2/schemas/image => generated 6083 bytes in 4 msecs (HTTP/1.1 200) 4 headers in 158 bytes (1 switches on core 0)
Jul 31 20:27:49.015332 np0000006269 devstack@g-api.service[99751]: DEBUG glance.api.middleware.version_negotiation [None req-ffc2ccdc-e637-4dfb-a0ec-e0770af5c08b tempest-VolumesBackupsTest-323509783 tempest-VolumesBackupsTest-323509783-project-member] Determining version of request: GET /v2/images/c4e361c1-9448-4ec5-b9d8-717b9bebf043 Accept: */* {{(pid=99751) process_request /opt/stack/glance/glance/api/middleware/version_negotiation.py:44}}
Jul 31 20:27:49.015732 np0000006269 devstack@g-api.service[99751]: DEBUG glance.api.middleware.version_negotiation [None req-ffc2ccdc-e637-4dfb-a0ec-e0770af5c08b tempest-VolumesBackupsTest-323509783 tempest-VolumesBackupsTest-323509783-project-member] Using url versioning {{(pid=99751) process_request /opt/stack/glance/glance/api/middleware/version_negotiation.py:57}}
Jul 31 20:27:49.015732 np0000006269 devstack@g-api.service[99751]: DEBUG glance.api.middleware.version_negotiation [None req-ffc2ccdc-e637-4dfb-a0ec-e0770af5c08b tempest-VolumesBackupsTest-323509783 tempest-VolumesBackupsTest-323509783-project-member] Matched version: v2 {{(pid=99751) process_request /opt/stack/glance/glance/api/middleware/version_negotiation.py:69}}
Jul 31 20:27:49.015828 np0000006269 devstack@g-api.service[99751]: DEBUG glance.api.middleware.version_negotiation [None req-ffc2ccdc-e637-4dfb-a0ec-e0770af5c08b tempest-VolumesBackupsTest-323509783 tempest-VolumesBackupsTest-323509783-project-member] new path /v2/images/c4e361c1-9448-4ec5-b9d8-717b9bebf043 {{(pid=99751) process_request /opt/stack/glance/glance/api/middleware/version_negotiation.py:70}}
Jul 31 20:27:49.031208 np0000006269 devstack@g-api.service[99751]: [pid: 99751|app: 0|req: 142/412] 127.0.0.1 () {44 vars in 1115 bytes} [Fri Jul 31 20:27:49 2026] GET /v2/images/c4e361c1-9448-4ec5-b9d8-717b9bebf043 => generated 1044 bytes in 16 msecs (HTTP/1.1 200) 4 headers in 158 bytes (1 switches on core 0)
Jul 31 20:27:49.069733 np0000006269 devstack@g-api.service[99753]: DEBUG glance.api.middleware.version_negotiation [None req-ffc2ccdc-e637-4dfb-a0ec-e0770af5c08b tempest-VolumesBackupsTest-323509783 tempest-VolumesBackupsTest-323509783-project-member] Determining version of request: GET /v2/schemas/image Accept: */* {{(pid=99753) process_request /opt/stack/glance/glance/api/middleware/version_negotiation.py:44}}
Jul 31 20:27:49.070144 np0000006269 devstack@g-api.service[99753]: DEBUG glance.api.middleware.version_negotiation [None req-ffc2ccdc-e637-4dfb-a0ec-e0770af5c08b tempest-VolumesBackupsTest-323509783 tempest-VolumesBackupsTest-323509783-project-member] Using url versioning {{(pid=99753) process_request /opt/stack/glance/glance/api/middleware/version_negotiation.py:57}}
Jul 31 20:27:49.070205 np0000006269 devstack@g-api.service[99753]: DEBUG glance.api.middleware.version_negotiation [None req-ffc2ccdc-e637-4dfb-a0ec-e0770af5c08b tempest-VolumesBackupsTest-323509783 tempest-VolumesBackupsTest-323509783-project-member] Matched version: v2 {{(pid=99753) process_request /opt/stack/glance/glance/api/middleware/version_negotiation.py:69}}
Jul 31 20:27:49.070353 np0000006269 devstack@g-api.service[99753]: DEBUG glance.api.middleware.version_negotiation [None req-ffc2ccdc-e637-4dfb-a0ec-e0770af5c08b tempest-VolumesBackupsTest-323509783 tempest-VolumesBackupsTest-323509783-project-member] new path /v2/schemas/image {{(pid=99753) process_request /opt/stack/glance/glance/api/middleware/version_negotiation.py:70}}
Jul 31 20:27:49.073874 np0000006269 devstack@g-api.service[99753]: [pid: 99753|app: 0|req: 144/413] 127.0.0.1 () {44 vars in 1055 bytes} [Fri Jul 31 20:27:49 2026] GET /v2/schemas/image => generated 6083 bytes in 3 msecs (HTTP/1.1 200) 4 headers in 158 bytes (1 switches on core 0)
Jul 31 20:27:49.747455 np0000006269 devstack@g-api.service[99752]: DEBUG glance.api.middleware.version_negotiation [None req-ffc2ccdc-e637-4dfb-a0ec-e0770af5c08b tempest-VolumesBackupsTest-323509783 tempest-VolumesBackupsTest-323509783-project-member] Determining version of request: GET / Accept: application/json {{(pid=99752) process_request /opt/stack/glance/glance/api/middleware/version_negotiation.py:44}}
Jul 31 20:27:49.747973 np0000006269 devstack@g-api.service[99752]: DEBUG glance.api.middleware.version_negotiation [None req-ffc2ccdc-e637-4dfb-a0ec-e0770af5c08b tempest-VolumesBackupsTest-323509783 tempest-VolumesBackupsTest-323509783-project-member] Using url versioning {{(pid=99752) process_request /opt/stack/glance/glance/api/middleware/version_negotiation.py:57}}
Jul 31 20:27:49.748410 np0000006269 devstack@g-api.service[99752]: DEBUG glance.api.middleware.version_negotiation [None req-ffc2ccdc-e637-4dfb-a0ec-e0770af5c08b tempest-VolumesBackupsTest-323509783 tempest-VolumesBackupsTest-323509783-project-member] Unknown version. Returning version choices. {{(pid=99752) process_request /opt/stack/glance/glance/api/middleware/version_negotiation.py:64}}
Jul 31 20:27:49.751690 np0000006269 devstack@g-api.service[99752]: [pid: 99752|app: 0|req: 128/414] 127.0.0.1 () {38 vars in 542 bytes} [Fri Jul 31 20:27:49 2026] GET / => generated 1515 bytes in 4 msecs (HTTP/1.1 300) 3 headers in 106 bytes (1 switches on core 0)
Jul 31 20:27:51.236825 np0000006269 devstack@g-api.service[99751]: DEBUG glance.api.middleware.version_negotiation [None req-a65bca4e-f483-406b-b255-febc3c5287e2 tempest-TestStampPattern-1479766243 tempest-TestStampPattern-1479766243-project-member] Determining version of request: GET /v2/schemas/image Accept: */* {{(pid=99751) process_request /opt/stack/glance/glance/api/middleware/version_negotiation.py:44}}
Jul 31 20:27:51.236825 np0000006269 devstack@g-api.service[99751]: DEBUG glance.api.middleware.version_negotiation [None req-a65bca4e-f483-406b-b255-febc3c5287e2 tempest-TestStampPattern-1479766243 tempest-TestStampPattern-1479766243-project-member] Using url versioning {{(pid=99751) process_request /opt/stack/glance/glance/api/middleware/version_negotiation.py:57}}
Jul 31 20:27:51.236825 np0000006269 devstack@g-api.service[99751]: DEBUG glance.api.middleware.version_negotiation [None req-a65bca4e-f483-406b-b255-febc3c5287e2 tempest-TestStampPattern-1479766243 tempest-TestStampPattern-1479766243-project-member] Matched version: v2 {{(pid=99751) process_request /opt/stack/glance/glance/api/middleware/version_negotiation.py:69}}
Jul 31 20:27:51.236825 np0000006269 devstack@g-api.service[99751]: DEBUG glance.api.middleware.version_negotiation [None req-a65bca4e-f483-406b-b255-febc3c5287e2 tempest-TestStampPattern-1479766243 tempest-TestStampPattern-1479766243-project-member] new path /v2/schemas/image {{(pid=99751) process_request /opt/stack/glance/glance/api/middleware/version_negotiation.py:70}}
Jul 31 20:27:51.243813 np0000006269 devstack@g-api.service[99751]: [pid: 99751|app: 0|req: 143/415] 127.0.0.1 () {44 vars in 1055 bytes} [Fri Jul 31 20:27:51 2026] GET /v2/schemas/image => generated 6083 bytes in 8 msecs (HTTP/1.1 200) 4 headers in 158 bytes (1 switches on core 0)
Jul 31 20:27:51.252919 np0000006269 devstack@g-api.service[99753]: DEBUG glance.api.middleware.version_negotiation [None req-a65bca4e-f483-406b-b255-febc3c5287e2 tempest-TestStampPattern-1479766243 tempest-TestStampPattern-1479766243-project-member] Determining version of request: POST /v2/images Accept: */* {{(pid=99753) process_request /opt/stack/glance/glance/api/middleware/version_negotiation.py:44}}
Jul 31 20:27:51.253270 np0000006269 devstack@g-api.service[99753]: DEBUG glance.api.middleware.version_negotiation [None req-a65bca4e-f483-406b-b255-febc3c5287e2 tempest-TestStampPattern-1479766243 tempest-TestStampPattern-1479766243-project-member] Using url versioning {{(pid=99753) process_request /opt/stack/glance/glance/api/middleware/version_negotiation.py:57}}
Jul 31 20:27:51.253270 np0000006269 devstack@g-api.service[99753]: DEBUG glance.api.middleware.version_negotiation [None req-a65bca4e-f483-406b-b255-febc3c5287e2 tempest-TestStampPattern-1479766243 tempest-TestStampPattern-1479766243-project-member] Matched version: v2 {{(pid=99753) process_request /opt/stack/glance/glance/api/middleware/version_negotiation.py:69}}
Jul 31 20:27:51.253270 np0000006269 devstack@g-api.service[99753]: DEBUG glance.api.middleware.version_negotiation [None req-a65bca4e-f483-406b-b255-febc3c5287e2 tempest-TestStampPattern-1479766243 tempest-TestStampPattern-1479766243-project-member] new path /v2/images {{(pid=99753) process_request /opt/stack/glance/glance/api/middleware/version_negotiation.py:70}}
Jul 31 20:27:51.798477 np0000006269 devstack@g-api.service[99753]: [pid: 99753|app: 0|req: 145/416] 127.0.0.1 () {46 vars in 1055 bytes} [Fri Jul 31 20:27:51 2026] POST /v2/images => generated 649 bytes in 545 msecs (HTTP/1.1 201) 6 headers in 315 bytes (1 switches on core 0)
Jul 31 20:27:51.816902 np0000006269 devstack@g-api.service[99752]: DEBUG glance.api.middleware.version_negotiation [None req-ffc2ccdc-e637-4dfb-a0ec-e0770af5c08b tempest-VolumesBackupsTest-323509783 tempest-VolumesBackupsTest-323509783-project-member] Determining version of request: GET /v2/images/3ade9e50-d978-4f32-8b44-c18520a72b21 Accept: application/json {{(pid=99752) process_request /opt/stack/glance/glance/api/middleware/version_negotiation.py:44}}
Jul 31 20:27:51.817289 np0000006269 devstack@g-api.service[99752]: DEBUG glance.api.middleware.version_negotiation [None req-ffc2ccdc-e637-4dfb-a0ec-e0770af5c08b tempest-VolumesBackupsTest-323509783 tempest-VolumesBackupsTest-323509783-project-member] Using url versioning {{(pid=99752) process_request /opt/stack/glance/glance/api/middleware/version_negotiation.py:57}}
Jul 31 20:27:51.817289 np0000006269 devstack@g-api.service[99752]: DEBUG glance.api.middleware.version_negotiation [None req-ffc2ccdc-e637-4dfb-a0ec-e0770af5c08b tempest-VolumesBackupsTest-323509783 tempest-VolumesBackupsTest-323509783-project-member] Matched version: v2 {{(pid=99752) process_request /opt/stack/glance/glance/api/middleware/version_negotiation.py:69}}
Jul 31 20:27:51.817289 np0000006269 devstack@g-api.service[99752]: DEBUG glance.api.middleware.version_negotiation [None req-ffc2ccdc-e637-4dfb-a0ec-e0770af5c08b tempest-VolumesBackupsTest-323509783 tempest-VolumesBackupsTest-323509783-project-member] new path /v2/images/3ade9e50-d978-4f32-8b44-c18520a72b21 {{(pid=99752) process_request /opt/stack/glance/glance/api/middleware/version_negotiation.py:70}}
Jul 31 20:27:51.831225 np0000006269 devstack@g-api.service[99752]: [pid: 99752|app: 0|req: 129/417] 127.0.0.1 () {40 vars in 838 bytes} [Fri Jul 31 20:27:51 2026] GET /v2/images/3ade9e50-d978-4f32-8b44-c18520a72b21 => generated 649 bytes in 14 msecs (HTTP/1.1 200) 4 headers in 157 bytes (1 switches on core 0)
Jul 31 20:27:52.129914 np0000006269 devstack@g-api.service[99751]: DEBUG glance.api.middleware.version_negotiation [None req-3ecb291b-2831-4432-81eb-5b3cc03c53ad tempest-TestImageHashVerification-298667970 tempest-TestImageHashVerification-298667970-project-member] Determining version of request: PUT /v2/images/3ade9e50-d978-4f32-8b44-c18520a72b21/file Accept: */* {{(pid=99751) process_request /opt/stack/glance/glance/api/middleware/version_negotiation.py:44}}
Jul 31 20:27:52.129914 np0000006269 devstack@g-api.service[99751]: DEBUG glance.api.middleware.version_negotiation [None req-3ecb291b-2831-4432-81eb-5b3cc03c53ad tempest-TestImageHashVerification-298667970 tempest-TestImageHashVerification-298667970-project-member] Using url versioning {{(pid=99751) process_request /opt/stack/glance/glance/api/middleware/version_negotiation.py:57}}
Jul 31 20:27:52.129914 np0000006269 devstack@g-api.service[99751]: DEBUG glance.api.middleware.version_negotiation [None req-3ecb291b-2831-4432-81eb-5b3cc03c53ad tempest-TestImageHashVerification-298667970 tempest-TestImageHashVerification-298667970-project-member] Matched version: v2 {{(pid=99751) process_request /opt/stack/glance/glance/api/middleware/version_negotiation.py:69}}
Jul 31 20:27:52.130164 np0000006269 devstack@g-api.service[99751]: DEBUG glance.api.middleware.version_negotiation [None req-3ecb291b-2831-4432-81eb-5b3cc03c53ad tempest-TestImageHashVerification-298667970 tempest-TestImageHashVerification-298667970-project-member] new path /v2/images/3ade9e50-d978-4f32-8b44-c18520a72b21/file {{(pid=99751) process_request /opt/stack/glance/glance/api/middleware/version_negotiation.py:70}}
Jul 31 20:27:52.681339 np0000006269 devstack@g-api.service[99751]: INFO glance.api.v2.image_data [None req-3ecb291b-2831-4432-81eb-5b3cc03c53ad tempest-TestImageHashVerification-298667970 tempest-TestImageHashVerification-298667970-project-member] Unable to create trust: no such option collect_timing in group [keystone_authtoken] Use the existing user token.
Jul 31 20:27:52.837499 np0000006269 devstack@g-api.service[99753]: DEBUG glance.api.middleware.version_negotiation [None req-3ecb291b-2831-4432-81eb-5b3cc03c53ad tempest-TestImageHashVerification-298667970 tempest-TestImageHashVerification-298667970-project-member] Determining version of request: GET /v2/images/3ade9e50-d978-4f32-8b44-c18520a72b21 Accept: application/json {{(pid=99753) process_request /opt/stack/glance/glance/api/middleware/version_negotiation.py:44}}
Jul 31 20:27:52.837930 np0000006269 devstack@g-api.service[99753]: DEBUG glance.api.middleware.version_negotiation [None req-3ecb291b-2831-4432-81eb-5b3cc03c53ad tempest-TestImageHashVerification-298667970 tempest-TestImageHashVerification-298667970-project-member] Using url versioning {{(pid=99753) process_request /opt/stack/glance/glance/api/middleware/version_negotiation.py:57}}
Jul 31 20:27:52.837930 np0000006269 devstack@g-api.service[99753]: DEBUG glance.api.middleware.version_negotiation [None req-3ecb291b-2831-4432-81eb-5b3cc03c53ad tempest-TestImageHashVerification-298667970 tempest-TestImageHashVerification-298667970-project-member] Matched version: v2 {{(pid=99753) process_request /opt/stack/glance/glance/api/middleware/version_negotiation.py:69}}
Jul 31 20:27:52.838062 np0000006269 devstack@g-api.service[99753]: DEBUG glance.api.middleware.version_negotiation [None req-3ecb291b-2831-4432-81eb-5b3cc03c53ad tempest-TestImageHashVerification-298667970 tempest-TestImageHashVerification-298667970-project-member] new path /v2/images/3ade9e50-d978-4f32-8b44-c18520a72b21 {{(pid=99753) process_request /opt/stack/glance/glance/api/middleware/version_negotiation.py:70}}
Jul 31 20:27:52.849611 np0000006269 devstack@g-api.service[99753]: [pid: 99753|app: 0|req: 146/418] 127.0.0.1 () {40 vars in 838 bytes} [Fri Jul 31 20:27:52 2026] GET /v2/images/3ade9e50-d978-4f32-8b44-c18520a72b21 => generated 649 bytes in 12 msecs (HTTP/1.1 200) 4 headers in 157 bytes (1 switches on core 0)
Jul 31 20:27:53.129093 np0000006269 devstack@g-api.service[99751]: DEBUG glance.location [None req-3ecb291b-2831-4432-81eb-5b3cc03c53ad tempest-TestImageHashVerification-298667970 tempest-TestImageHashVerification-298667970-project-member] Enabling in-flight format inspection for raw {{(pid=99751) set_data /opt/stack/glance/glance/location.py:596}}
Jul 31 20:27:53.129093 np0000006269 devstack@g-api.service[99751]: DEBUG glance_store.backend [None req-3ecb291b-2831-4432-81eb-5b3cc03c53ad tempest-TestImageHashVerification-298667970 tempest-TestImageHashVerification-298667970-project-member] Attempting to import store swift {{(pid=99751) _load_store /opt/stack/data/venv/lib/python3.12/site-packages/glance_store/backend.py:215}}
Jul 31 20:27:53.130499 np0000006269 devstack@g-api.service[99751]: DEBUG glance_store.capabilities [None req-3ecb291b-2831-4432-81eb-5b3cc03c53ad tempest-TestImageHashVerification-298667970 tempest-TestImageHashVerification-298667970-project-member] Store glance_store._drivers.swift.store.SingleTenantStore doesn't support updating dynamic storage capabilities. Please overwrite 'update_capabilities' method of the store to implement updating logics if needed. {{(pid=99751) update_capabilities /opt/stack/data/venv/lib/python3.12/site-packages/glance_store/capabilities.py:91}}
Jul 31 20:27:53.130720 np0000006269 devstack@g-api.service[99751]: DEBUG glance_store.driver [None req-3ecb291b-2831-4432-81eb-5b3cc03c53ad tempest-TestImageHashVerification-298667970 tempest-TestImageHashVerification-298667970-project-member] Late loading location class glance_store._drivers.swift.store.StoreLocation {{(pid=99751) get_store_location_class /opt/stack/data/venv/lib/python3.12/site-packages/glance_store/driver.py:134}}
Jul 31 20:27:53.130809 np0000006269 devstack@g-api.service[99751]: DEBUG glance_store.location [None req-3ecb291b-2831-4432-81eb-5b3cc03c53ad tempest-TestImageHashVerification-298667970 tempest-TestImageHashVerification-298667970-project-member] Registering scheme swift+https with {'store': , 'location_class': , 'store_entry': 'swift'} {{(pid=99751) register_scheme_map /opt/stack/data/venv/lib/python3.12/site-packages/glance_store/location.py:146}}
Jul 31 20:27:53.130966 np0000006269 devstack@g-api.service[99751]: DEBUG glance_store.location [None req-3ecb291b-2831-4432-81eb-5b3cc03c53ad tempest-TestImageHashVerification-298667970 tempest-TestImageHashVerification-298667970-project-member] Registering scheme swift+https with {'store': , 'location_class': , 'store_entry': 'swift'} {{(pid=99751) register_scheme_map /opt/stack/data/venv/lib/python3.12/site-packages/glance_store/location.py:146}}
Jul 31 20:27:53.131113 np0000006269 devstack@g-api.service[99751]: DEBUG glance_store.location [None req-3ecb291b-2831-4432-81eb-5b3cc03c53ad tempest-TestImageHashVerification-298667970 tempest-TestImageHashVerification-298667970-project-member] Registering scheme swift with {'store': , 'location_class': , 'store_entry': 'swift'} {{(pid=99751) register_scheme_map /opt/stack/data/venv/lib/python3.12/site-packages/glance_store/location.py:146}}
Jul 31 20:27:53.131727 np0000006269 devstack@g-api.service[99751]: DEBUG glance_store.location [None req-3ecb291b-2831-4432-81eb-5b3cc03c53ad tempest-TestImageHashVerification-298667970 tempest-TestImageHashVerification-298667970-project-member] Registering scheme swift+https with {'store': , 'location_class': , 'store_entry': 'swift'} {{(pid=99751) register_scheme_map /opt/stack/data/venv/lib/python3.12/site-packages/glance_store/location.py:146}}
Jul 31 20:27:53.131913 np0000006269 devstack@g-api.service[99751]: DEBUG glance_store.location [None req-3ecb291b-2831-4432-81eb-5b3cc03c53ad tempest-TestImageHashVerification-298667970 tempest-TestImageHashVerification-298667970-project-member] Registering scheme swift with {'store': , 'location_class': , 'store_entry': 'swift'} {{(pid=99751) register_scheme_map /opt/stack/data/venv/lib/python3.12/site-packages/glance_store/location.py:146}}
Jul 31 20:27:53.132055 np0000006269 devstack@g-api.service[99751]: DEBUG glance_store.location [None req-3ecb291b-2831-4432-81eb-5b3cc03c53ad tempest-TestImageHashVerification-298667970 tempest-TestImageHashVerification-298667970-project-member] Registering scheme swift+http with {'store': , 'location_class': , 'store_entry': 'swift'} {{(pid=99751) register_scheme_map /opt/stack/data/venv/lib/python3.12/site-packages/glance_store/location.py:146}}
Jul 31 20:27:53.133757 np0000006269 devstack@g-api.service[99751]: DEBUG glance_store.location [None req-3ecb291b-2831-4432-81eb-5b3cc03c53ad tempest-TestImageHashVerification-298667970 tempest-TestImageHashVerification-298667970-project-member] Registering scheme swift+https with {'store': , 'location_class': , 'store_entry': 'swift'} {{(pid=99751) register_scheme_map /opt/stack/data/venv/lib/python3.12/site-packages/glance_store/location.py:146}}
Jul 31 20:27:53.133757 np0000006269 devstack@g-api.service[99751]: DEBUG glance_store.location [None req-3ecb291b-2831-4432-81eb-5b3cc03c53ad tempest-TestImageHashVerification-298667970 tempest-TestImageHashVerification-298667970-project-member] Registering scheme swift with {'store': , 'location_class': , 'store_entry': 'swift'} {{(pid=99751) register_scheme_map /opt/stack/data/venv/lib/python3.12/site-packages/glance_store/location.py:146}}
Jul 31 20:27:53.133757 np0000006269 devstack@g-api.service[99751]: DEBUG glance_store.location [None req-3ecb291b-2831-4432-81eb-5b3cc03c53ad tempest-TestImageHashVerification-298667970 tempest-TestImageHashVerification-298667970-project-member] Registering scheme swift+http with {'store': , 'location_class': , 'store_entry': 'swift'} {{(pid=99751) register_scheme_map /opt/stack/data/venv/lib/python3.12/site-packages/glance_store/location.py:146}}
Jul 31 20:27:53.133757 np0000006269 devstack@g-api.service[99751]: DEBUG glance_store.location [None req-3ecb291b-2831-4432-81eb-5b3cc03c53ad tempest-TestImageHashVerification-298667970 tempest-TestImageHashVerification-298667970-project-member] Registering scheme swift+config with {'store': , 'location_class': , 'store_entry': 'swift'} {{(pid=99751) register_scheme_map /opt/stack/data/venv/lib/python3.12/site-packages/glance_store/location.py:146}}
Jul 31 20:27:53.353048 np0000006269 devstack@g-api.service[99751]: DEBUG swiftclient [None req-3ecb291b-2831-4432-81eb-5b3cc03c53ad tempest-TestImageHashVerification-298667970 tempest-TestImageHashVerification-298667970-project-member] REQ: curl -i https://10.4.3.151:8080/v1/AUTH_3aa4dd5a31c146639f078e93fcc62f2c/glance -I -H "X-Auth-Token: gAAAAABqbQVJt7t-..." {{(pid=99751) http_log /opt/stack/data/venv/lib/python3.12/site-packages/swiftclient/client.py:160}}
Jul 31 20:27:53.353287 np0000006269 devstack@g-api.service[99751]: DEBUG swiftclient [None req-3ecb291b-2831-4432-81eb-5b3cc03c53ad tempest-TestImageHashVerification-298667970 tempest-TestImageHashVerification-298667970-project-member] RESP STATUS: 204 No Content {{(pid=99751) http_log /opt/stack/data/venv/lib/python3.12/site-packages/swiftclient/client.py:161}}
Jul 31 20:27:53.353287 np0000006269 devstack@g-api.service[99751]: DEBUG swiftclient [None req-3ecb291b-2831-4432-81eb-5b3cc03c53ad tempest-TestImageHashVerification-298667970 tempest-TestImageHashVerification-298667970-project-member] RESP HEADERS: {'Date': 'Fri, 31 Jul 2026 20:27:53 GMT', 'Server': 'Apache/2.4.58 (Ubuntu)', 'Content-Type': 'text/plain; charset=utf-8', 'X-Container-Object-Count': '3', 'X-Container-Bytes-Used': '64356352', 'X-Timestamp': '1785529285.31568', 'Last-Modified': 'Fri, 31 Jul 2026 20:21:26 GMT', 'Accept-Ranges': 'bytes', 'X-Storage-Policy': 'Policy-0', 'X-Container-Sharding': 'False', 'Vary': 'Accept', 'X-Trans-Id': 'tx2f6ff5dfc048497797887-006a6d0549', 'X-Openstack-Request-Id': 'tx2f6ff5dfc048497797887-006a6d0549', 'Connection': 'close'} {{(pid=99751) http_log /opt/stack/data/venv/lib/python3.12/site-packages/swiftclient/client.py:162}}
Jul 31 20:27:53.353636 np0000006269 devstack@g-api.service[99751]: DEBUG glance_store._drivers.swift.store [None req-3ecb291b-2831-4432-81eb-5b3cc03c53ad tempest-TestImageHashVerification-298667970 tempest-TestImageHashVerification-298667970-project-member] Adding image object '3ade9e50-d978-4f32-8b44-c18520a72b21' to Swift {{(pid=99751) add /opt/stack/data/venv/lib/python3.12/site-packages/glance_store/_drivers/swift/store.py:970}}
Jul 31 20:27:53.353636 np0000006269 devstack@g-api.service[99751]: DEBUG glance_store._drivers.swift.store [None req-3ecb291b-2831-4432-81eb-5b3cc03c53ad tempest-TestImageHashVerification-298667970 tempest-TestImageHashVerification-298667970-project-member] Cannot determine image size because it is either not provided in the request or chunked-transfer encoding is used. Adding image as a segmented object to Swift. {{(pid=99751) add /opt/stack/data/venv/lib/python3.12/site-packages/glance_store/_drivers/swift/store.py:994}}
Jul 31 20:27:53.360650 np0000006269 devstack@g-api.service[99751]: DEBUG oslo_utils.imageutils.format_inspector [None req-3ecb291b-2831-4432-81eb-5b3cc03c53ad tempest-TestImageHashVerification-298667970 tempest-TestImageHashVerification-298667970-project-member] Format inspector for vmdk does not match, excluding from consideration (Signature KDMV not found: b'\x00\x00\x00\x00') {{(pid=99751) _process_chunk /opt/stack/data/venv/lib/python3.12/site-packages/oslo_utils/imageutils/format_inspector.py:1758}}
Jul 31 20:27:53.362540 np0000006269 devstack@g-api.service[99751]: DEBUG oslo_utils.imageutils.format_inspector [None req-3ecb291b-2831-4432-81eb-5b3cc03c53ad tempest-TestImageHashVerification-298667970 tempest-TestImageHashVerification-298667970-project-member] Format inspector for vhdx does not match, excluding from consideration (Region signature not found at 30000) {{(pid=99751) _process_chunk /opt/stack/data/venv/lib/python3.12/site-packages/oslo_utils/imageutils/format_inspector.py:1758}}
Jul 31 20:27:53.861757 np0000006269 devstack@g-api.service[99752]: DEBUG glance.api.middleware.version_negotiation [None req-782eea8f-f9c1-45f3-9e8d-49958fac60e9 tempest-TestImageHashVerification-298667970 tempest-TestImageHashVerification-298667970-project-member] Determining version of request: GET /v2/images/3ade9e50-d978-4f32-8b44-c18520a72b21 Accept: application/json {{(pid=99752) process_request /opt/stack/glance/glance/api/middleware/version_negotiation.py:44}}
Jul 31 20:27:53.862192 np0000006269 devstack@g-api.service[99752]: DEBUG glance.api.middleware.version_negotiation [None req-782eea8f-f9c1-45f3-9e8d-49958fac60e9 tempest-TestImageHashVerification-298667970 tempest-TestImageHashVerification-298667970-project-member] Using url versioning {{(pid=99752) process_request /opt/stack/glance/glance/api/middleware/version_negotiation.py:57}}
Jul 31 20:27:53.862192 np0000006269 devstack@g-api.service[99752]: DEBUG glance.api.middleware.version_negotiation [None req-782eea8f-f9c1-45f3-9e8d-49958fac60e9 tempest-TestImageHashVerification-298667970 tempest-TestImageHashVerification-298667970-project-member] Matched version: v2 {{(pid=99752) process_request /opt/stack/glance/glance/api/middleware/version_negotiation.py:69}}
Jul 31 20:27:53.863468 np0000006269 devstack@g-api.service[99752]: DEBUG glance.api.middleware.version_negotiation [None req-782eea8f-f9c1-45f3-9e8d-49958fac60e9 tempest-TestImageHashVerification-298667970 tempest-TestImageHashVerification-298667970-project-member] new path /v2/images/3ade9e50-d978-4f32-8b44-c18520a72b21 {{(pid=99752) process_request /opt/stack/glance/glance/api/middleware/version_negotiation.py:70}}
Jul 31 20:27:53.875375 np0000006269 devstack@g-api.service[99752]: [pid: 99752|app: 0|req: 130/419] 127.0.0.1 () {40 vars in 838 bytes} [Fri Jul 31 20:27:53 2026] GET /v2/images/3ade9e50-d978-4f32-8b44-c18520a72b21 => generated 649 bytes in 14 msecs (HTTP/1.1 200) 4 headers in 157 bytes (1 switches on core 0)
Jul 31 20:27:54.887255 np0000006269 devstack@g-api.service[99753]: DEBUG glance.api.middleware.version_negotiation [None req-45a9fb5b-7a66-4c95-b8e4-7aeaafd753f9 tempest-TestImageHashVerification-298667970 tempest-TestImageHashVerification-298667970-project-member] Determining version of request: GET /v2/images/3ade9e50-d978-4f32-8b44-c18520a72b21 Accept: application/json {{(pid=99753) process_request /opt/stack/glance/glance/api/middleware/version_negotiation.py:44}}
Jul 31 20:27:54.887255 np0000006269 devstack@g-api.service[99753]: DEBUG glance.api.middleware.version_negotiation [None req-45a9fb5b-7a66-4c95-b8e4-7aeaafd753f9 tempest-TestImageHashVerification-298667970 tempest-TestImageHashVerification-298667970-project-member] Using url versioning {{(pid=99753) process_request /opt/stack/glance/glance/api/middleware/version_negotiation.py:57}}
Jul 31 20:27:54.887728 np0000006269 devstack@g-api.service[99753]: DEBUG glance.api.middleware.version_negotiation [None req-45a9fb5b-7a66-4c95-b8e4-7aeaafd753f9 tempest-TestImageHashVerification-298667970 tempest-TestImageHashVerification-298667970-project-member] Matched version: v2 {{(pid=99753) process_request /opt/stack/glance/glance/api/middleware/version_negotiation.py:69}}
Jul 31 20:27:54.887728 np0000006269 devstack@g-api.service[99753]: DEBUG glance.api.middleware.version_negotiation [None req-45a9fb5b-7a66-4c95-b8e4-7aeaafd753f9 tempest-TestImageHashVerification-298667970 tempest-TestImageHashVerification-298667970-project-member] new path /v2/images/3ade9e50-d978-4f32-8b44-c18520a72b21 {{(pid=99753) process_request /opt/stack/glance/glance/api/middleware/version_negotiation.py:70}}
Jul 31 20:27:54.897446 np0000006269 devstack@g-api.service[99753]: [pid: 99753|app: 0|req: 147/420] 127.0.0.1 () {40 vars in 838 bytes} [Fri Jul 31 20:27:54 2026] GET /v2/images/3ade9e50-d978-4f32-8b44-c18520a72b21 => generated 649 bytes in 11 msecs (HTTP/1.1 200) 4 headers in 157 bytes (1 switches on core 0)
Jul 31 20:27:55.427837 np0000006269 devstack@g-api.service[99751]: DEBUG swiftclient [None req-3ecb291b-2831-4432-81eb-5b3cc03c53ad tempest-TestImageHashVerification-298667970 tempest-TestImageHashVerification-298667970-project-member] REQ: curl -i https://10.4.3.151:8080/v1/AUTH_3aa4dd5a31c146639f078e93fcc62f2c/glance/3ade9e50-d978-4f32-8b44-c18520a72b21-00001 -X PUT -H "X-Auth-Token: gAAAAABqbQVJt7t-..." {{(pid=99751) http_log /opt/stack/data/venv/lib/python3.12/site-packages/swiftclient/client.py:160}}
Jul 31 20:27:55.428250 np0000006269 devstack@g-api.service[99751]: DEBUG swiftclient [None req-3ecb291b-2831-4432-81eb-5b3cc03c53ad tempest-TestImageHashVerification-298667970 tempest-TestImageHashVerification-298667970-project-member] RESP STATUS: 201 Created {{(pid=99751) http_log /opt/stack/data/venv/lib/python3.12/site-packages/swiftclient/client.py:161}}
Jul 31 20:27:55.428250 np0000006269 devstack@g-api.service[99751]: DEBUG swiftclient [None req-3ecb291b-2831-4432-81eb-5b3cc03c53ad tempest-TestImageHashVerification-298667970 tempest-TestImageHashVerification-298667970-project-member] RESP HEADERS: {'Date': 'Fri, 31 Jul 2026 20:27:55 GMT', 'Server': 'Apache/2.4.58 (Ubuntu)', 'Content-Type': 'text/html; charset=UTF-8', 'Content-Length': '0', 'Etag': 'eda9a9889837ac4bc81d6387d92c1bec', 'Last-Modified': 'Fri, 31 Jul 2026 20:27:54 GMT', 'X-Trans-Id': 'tx124dc22a0d874a87bac80-006a6d0549', 'X-Openstack-Request-Id': 'tx124dc22a0d874a87bac80-006a6d0549', 'Connection': 'close'} {{(pid=99751) http_log /opt/stack/data/venv/lib/python3.12/site-packages/swiftclient/client.py:162}}
Jul 31 20:27:55.428408 np0000006269 devstack@g-api.service[99751]: DEBUG glance_store._drivers.swift.store [None req-3ecb291b-2831-4432-81eb-5b3cc03c53ad tempest-TestImageHashVerification-298667970 tempest-TestImageHashVerification-298667970-project-member] Wrote chunk 3ade9e50-d978-4f32-8b44-c18520a72b21-00001 (1/?) of length 204800000 to Swift returning MD5 of content: eda9a9889837ac4bc81d6387d92c1bec {{(pid=99751) add /opt/stack/data/venv/lib/python3.12/site-packages/glance_store/_drivers/swift/store.py:1059}}
Jul 31 20:27:55.911379 np0000006269 devstack@g-api.service[99752]: DEBUG glance.api.middleware.version_negotiation [None req-50171dad-1b7d-40fe-aa4a-abb1983207e3 tempest-TestImageHashVerification-298667970 tempest-TestImageHashVerification-298667970-project-member] Determining version of request: GET /v2/images/3ade9e50-d978-4f32-8b44-c18520a72b21 Accept: application/json {{(pid=99752) process_request /opt/stack/glance/glance/api/middleware/version_negotiation.py:44}}
Jul 31 20:27:55.912142 np0000006269 devstack@g-api.service[99752]: DEBUG glance.api.middleware.version_negotiation [None req-50171dad-1b7d-40fe-aa4a-abb1983207e3 tempest-TestImageHashVerification-298667970 tempest-TestImageHashVerification-298667970-project-member] Using url versioning {{(pid=99752) process_request /opt/stack/glance/glance/api/middleware/version_negotiation.py:57}}
Jul 31 20:27:55.912142 np0000006269 devstack@g-api.service[99752]: DEBUG glance.api.middleware.version_negotiation [None req-50171dad-1b7d-40fe-aa4a-abb1983207e3 tempest-TestImageHashVerification-298667970 tempest-TestImageHashVerification-298667970-project-member] Matched version: v2 {{(pid=99752) process_request /opt/stack/glance/glance/api/middleware/version_negotiation.py:69}}
Jul 31 20:27:55.914029 np0000006269 devstack@g-api.service[99752]: DEBUG glance.api.middleware.version_negotiation [None req-50171dad-1b7d-40fe-aa4a-abb1983207e3 tempest-TestImageHashVerification-298667970 tempest-TestImageHashVerification-298667970-project-member] new path /v2/images/3ade9e50-d978-4f32-8b44-c18520a72b21 {{(pid=99752) process_request /opt/stack/glance/glance/api/middleware/version_negotiation.py:70}}
Jul 31 20:27:55.933409 np0000006269 devstack@g-api.service[99752]: [pid: 99752|app: 0|req: 131/421] 127.0.0.1 () {40 vars in 838 bytes} [Fri Jul 31 20:27:55 2026] GET /v2/images/3ade9e50-d978-4f32-8b44-c18520a72b21 => generated 649 bytes in 22 msecs (HTTP/1.1 200) 4 headers in 157 bytes (1 switches on core 0)
Jul 31 20:27:56.943078 np0000006269 devstack@g-api.service[99753]: DEBUG glance.api.middleware.version_negotiation [None req-74c79285-52d7-4bc4-9fdb-d0db90a8364e tempest-TestImageHashVerification-298667970 tempest-TestImageHashVerification-298667970-project-member] Determining version of request: GET /v2/images/3ade9e50-d978-4f32-8b44-c18520a72b21 Accept: application/json {{(pid=99753) process_request /opt/stack/glance/glance/api/middleware/version_negotiation.py:44}}
Jul 31 20:27:56.943078 np0000006269 devstack@g-api.service[99753]: DEBUG glance.api.middleware.version_negotiation [None req-74c79285-52d7-4bc4-9fdb-d0db90a8364e tempest-TestImageHashVerification-298667970 tempest-TestImageHashVerification-298667970-project-member] Using url versioning {{(pid=99753) process_request /opt/stack/glance/glance/api/middleware/version_negotiation.py:57}}
Jul 31 20:27:56.943622 np0000006269 devstack@g-api.service[99753]: DEBUG glance.api.middleware.version_negotiation [None req-74c79285-52d7-4bc4-9fdb-d0db90a8364e tempest-TestImageHashVerification-298667970 tempest-TestImageHashVerification-298667970-project-member] Matched version: v2 {{(pid=99753) process_request /opt/stack/glance/glance/api/middleware/version_negotiation.py:69}}
Jul 31 20:27:56.943622 np0000006269 devstack@g-api.service[99753]: DEBUG glance.api.middleware.version_negotiation [None req-74c79285-52d7-4bc4-9fdb-d0db90a8364e tempest-TestImageHashVerification-298667970 tempest-TestImageHashVerification-298667970-project-member] new path /v2/images/3ade9e50-d978-4f32-8b44-c18520a72b21 {{(pid=99753) process_request /opt/stack/glance/glance/api/middleware/version_negotiation.py:70}}
Jul 31 20:27:56.952703 np0000006269 devstack@g-api.service[99753]: [pid: 99753|app: 0|req: 148/422] 127.0.0.1 () {40 vars in 838 bytes} [Fri Jul 31 20:27:56 2026] GET /v2/images/3ade9e50-d978-4f32-8b44-c18520a72b21 => generated 649 bytes in 10 msecs (HTTP/1.1 200) 4 headers in 157 bytes (1 switches on core 0)
Jul 31 20:27:57.433825 np0000006269 devstack@g-api.service[99751]: DEBUG swiftclient [None req-3ecb291b-2831-4432-81eb-5b3cc03c53ad tempest-TestImageHashVerification-298667970 tempest-TestImageHashVerification-298667970-project-member] REQ: curl -i https://10.4.3.151:8080/v1/AUTH_3aa4dd5a31c146639f078e93fcc62f2c/glance/3ade9e50-d978-4f32-8b44-c18520a72b21-00002 -X PUT -H "X-Auth-Token: gAAAAABqbQVJt7t-..." {{(pid=99751) http_log /opt/stack/data/venv/lib/python3.12/site-packages/swiftclient/client.py:160}}
Jul 31 20:27:57.434165 np0000006269 devstack@g-api.service[99751]: DEBUG swiftclient [None req-3ecb291b-2831-4432-81eb-5b3cc03c53ad tempest-TestImageHashVerification-298667970 tempest-TestImageHashVerification-298667970-project-member] RESP STATUS: 201 Created {{(pid=99751) http_log /opt/stack/data/venv/lib/python3.12/site-packages/swiftclient/client.py:161}}
Jul 31 20:27:57.434210 np0000006269 devstack@g-api.service[99751]: DEBUG swiftclient [None req-3ecb291b-2831-4432-81eb-5b3cc03c53ad tempest-TestImageHashVerification-298667970 tempest-TestImageHashVerification-298667970-project-member] RESP HEADERS: {'Date': 'Fri, 31 Jul 2026 20:27:57 GMT', 'Server': 'Apache/2.4.58 (Ubuntu)', 'Content-Type': 'text/html; charset=UTF-8', 'Content-Length': '0', 'Etag': 'eda9a9889837ac4bc81d6387d92c1bec', 'Last-Modified': 'Fri, 31 Jul 2026 20:27:56 GMT', 'X-Trans-Id': 'tx177739d850494f2c929c3-006a6d054b', 'X-Openstack-Request-Id': 'tx177739d850494f2c929c3-006a6d054b', 'Connection': 'close'} {{(pid=99751) http_log /opt/stack/data/venv/lib/python3.12/site-packages/swiftclient/client.py:162}}
Jul 31 20:27:57.434364 np0000006269 devstack@g-api.service[99751]: DEBUG glance_store._drivers.swift.store [None req-3ecb291b-2831-4432-81eb-5b3cc03c53ad tempest-TestImageHashVerification-298667970 tempest-TestImageHashVerification-298667970-project-member] Wrote chunk 3ade9e50-d978-4f32-8b44-c18520a72b21-00002 (2/?) of length 204800000 to Swift returning MD5 of content: eda9a9889837ac4bc81d6387d92c1bec {{(pid=99751) add /opt/stack/data/venv/lib/python3.12/site-packages/glance_store/_drivers/swift/store.py:1059}}
Jul 31 20:27:57.968344 np0000006269 devstack@g-api.service[99752]: DEBUG glance.api.middleware.version_negotiation [None req-d3e01a5e-afff-481e-921e-2a516cfc8262 tempest-TestImageHashVerification-298667970 tempest-TestImageHashVerification-298667970-project-member] Determining version of request: GET /v2/images/3ade9e50-d978-4f32-8b44-c18520a72b21 Accept: application/json {{(pid=99752) process_request /opt/stack/glance/glance/api/middleware/version_negotiation.py:44}}
Jul 31 20:27:57.969087 np0000006269 devstack@g-api.service[99752]: DEBUG glance.api.middleware.version_negotiation [None req-d3e01a5e-afff-481e-921e-2a516cfc8262 tempest-TestImageHashVerification-298667970 tempest-TestImageHashVerification-298667970-project-member] Using url versioning {{(pid=99752) process_request /opt/stack/glance/glance/api/middleware/version_negotiation.py:57}}
Jul 31 20:27:57.969087 np0000006269 devstack@g-api.service[99752]: DEBUG glance.api.middleware.version_negotiation [None req-d3e01a5e-afff-481e-921e-2a516cfc8262 tempest-TestImageHashVerification-298667970 tempest-TestImageHashVerification-298667970-project-member] Matched version: v2 {{(pid=99752) process_request /opt/stack/glance/glance/api/middleware/version_negotiation.py:69}}
Jul 31 20:27:57.969087 np0000006269 devstack@g-api.service[99752]: DEBUG glance.api.middleware.version_negotiation [None req-d3e01a5e-afff-481e-921e-2a516cfc8262 tempest-TestImageHashVerification-298667970 tempest-TestImageHashVerification-298667970-project-member] new path /v2/images/3ade9e50-d978-4f32-8b44-c18520a72b21 {{(pid=99752) process_request /opt/stack/glance/glance/api/middleware/version_negotiation.py:70}}
Jul 31 20:27:57.987921 np0000006269 devstack@g-api.service[99752]: [pid: 99752|app: 0|req: 132/423] 127.0.0.1 () {40 vars in 838 bytes} [Fri Jul 31 20:27:57 2026] GET /v2/images/3ade9e50-d978-4f32-8b44-c18520a72b21 => generated 649 bytes in 19 msecs (HTTP/1.1 200) 4 headers in 157 bytes (1 switches on core 0)
Jul 31 20:27:58.230553 np0000006269 devstack@g-api.service[99753]: DEBUG glance.api.middleware.version_negotiation [None req-fb8924a0-0d59-4a19-b125-4e4a1f3cb2cd tempest-TestImageHashVerification-298667970 tempest-TestImageHashVerification-298667970-project-member] Determining version of request: GET /v2/schemas/image Accept: */* {{(pid=99753) process_request /opt/stack/glance/glance/api/middleware/version_negotiation.py:44}}
Jul 31 20:27:58.231143 np0000006269 devstack@g-api.service[99753]: DEBUG glance.api.middleware.version_negotiation [None req-fb8924a0-0d59-4a19-b125-4e4a1f3cb2cd tempest-TestImageHashVerification-298667970 tempest-TestImageHashVerification-298667970-project-member] Using url versioning {{(pid=99753) process_request /opt/stack/glance/glance/api/middleware/version_negotiation.py:57}}
Jul 31 20:27:58.231143 np0000006269 devstack@g-api.service[99753]: DEBUG glance.api.middleware.version_negotiation [None req-fb8924a0-0d59-4a19-b125-4e4a1f3cb2cd tempest-TestImageHashVerification-298667970 tempest-TestImageHashVerification-298667970-project-member] Matched version: v2 {{(pid=99753) process_request /opt/stack/glance/glance/api/middleware/version_negotiation.py:69}}
Jul 31 20:27:58.231143 np0000006269 devstack@g-api.service[99753]: DEBUG glance.api.middleware.version_negotiation [None req-fb8924a0-0d59-4a19-b125-4e4a1f3cb2cd tempest-TestImageHashVerification-298667970 tempest-TestImageHashVerification-298667970-project-member] new path /v2/schemas/image {{(pid=99753) process_request /opt/stack/glance/glance/api/middleware/version_negotiation.py:70}}
Jul 31 20:27:58.233930 np0000006269 devstack@g-api.service[99753]: [pid: 99753|app: 0|req: 149/424] 127.0.0.1 () {44 vars in 1055 bytes} [Fri Jul 31 20:27:58 2026] GET /v2/schemas/image => generated 6083 bytes in 3 msecs (HTTP/1.1 200) 4 headers in 158 bytes (1 switches on core 0)
Jul 31 20:27:58.284629 np0000006269 devstack@g-api.service[99752]: DEBUG glance.api.middleware.version_negotiation [None req-1e07911a-6f0b-4459-bc42-b8e68213c3d5 tempest-TestImageHashVerification-298667970 tempest-TestImageHashVerification-298667970-project-member] Determining version of request: POST /v2/images Accept: */* {{(pid=99752) process_request /opt/stack/glance/glance/api/middleware/version_negotiation.py:44}}
Jul 31 20:27:58.284826 np0000006269 devstack@g-api.service[99752]: DEBUG glance.api.middleware.version_negotiation [None req-1e07911a-6f0b-4459-bc42-b8e68213c3d5 tempest-TestImageHashVerification-298667970 tempest-TestImageHashVerification-298667970-project-member] Using url versioning {{(pid=99752) process_request /opt/stack/glance/glance/api/middleware/version_negotiation.py:57}}
