Jul 31 20:20:32.298237 np0000006269 devstack@neutron-api.service[87600]: DEBUG neutron.api.extensions [None req-69de8627-16bc-4269-8e53-ca11dabecc5f None None] Ext name="Pagination support" alias="pagination" description="Extension that indicates that pagination is enabled." updated="2016-06-12T00:00:00-00:00" {{(pid=87600) _check_extension /opt/stack/neutron/neutron/api/extensions.py:415}}
Jul 31 20:20:32.298269 np0000006269 devstack@neutron-api.service[87598]: DEBUG neutron_lib.callbacks.manager [None req-5beb8fdd-ef59-4d61-9de5-c245d3546561 None None] Subscribe: > subnet after_update 55550000, False {{(pid=87598) subscribe /opt/stack/data/venv/lib/python3.12/site-packages/neutron_lib/callbacks/manager.py:52}}
Jul 31 20:20:32.298343 np0000006269 devstack@neutron-api.service[87600]: INFO neutron.api.extensions [None req-69de8627-16bc-4269-8e53-ca11dabecc5f None None] Loaded extension: pagination
Jul 31 20:20:32.298413 np0000006269 devstack@neutron-api.service[87598]: DEBUG neutron_lib.callbacks.manager [None req-5beb8fdd-ef59-4d61-9de5-c245d3546561 None None] Subscribe: > subnet after_delete 55550000, False {{(pid=87598) subscribe /opt/stack/data/venv/lib/python3.12/site-packages/neutron_lib/callbacks/manager.py:52}}
Jul 31 20:20:32.298479 np0000006269 devstack@neutron-api.service[87600]: DEBUG neutron.api.extensions [None req-69de8627-16bc-4269-8e53-ca11dabecc5f None None] Loading extension file: port_device_profile.py {{(pid=87600) _load_all_extensions_from_path /opt/stack/neutron/neutron/api/extensions.py:449}}
Jul 31 20:20:32.298542 np0000006269 devstack@neutron-api.service[87598]: DEBUG neutron_lib.callbacks.manager [None req-5beb8fdd-ef59-4d61-9de5-c245d3546561 None None] Subscribe: > network after_create 55550000, False {{(pid=87598) subscribe /opt/stack/data/venv/lib/python3.12/site-packages/neutron_lib/callbacks/manager.py:52}}
Jul 31 20:20:32.298595 np0000006269 devstack@neutron-api.service[87600]: DEBUG neutron.api.extensions [None req-69de8627-16bc-4269-8e53-ca11dabecc5f None None] Ext name="Port device profile" alias="port-device-profile" description="Expose the port device profile (Cyborg)" updated="2020-12-17T10:00:00-00:00" {{(pid=87600) _check_extension /opt/stack/neutron/neutron/api/extensions.py:415}}
Jul 31 20:20:32.298627 np0000006269 devstack@neutron-api.service[87598]: DEBUG neutron_lib.callbacks.manager [None req-5beb8fdd-ef59-4d61-9de5-c245d3546561 None None] Subscribe: > network after_update 55550000, False {{(pid=87598) subscribe /opt/stack/data/venv/lib/python3.12/site-packages/neutron_lib/callbacks/manager.py:52}}
Jul 31 20:20:32.298705 np0000006269 devstack@neutron-api.service[87598]: DEBUG neutron_lib.callbacks.manager [None req-5beb8fdd-ef59-4d61-9de5-c245d3546561 None None] Subscribe: > network after_delete 55550000, False {{(pid=87598) subscribe /opt/stack/data/venv/lib/python3.12/site-packages/neutron_lib/callbacks/manager.py:52}}
Jul 31 20:20:32.298756 np0000006269 devstack@neutron-api.service[87600]: INFO neutron.api.extensions [None req-69de8627-16bc-4269-8e53-ca11dabecc5f None None] Loaded extension: port-device-profile
Jul 31 20:20:32.298756 np0000006269 devstack@neutron-api.service[87600]: DEBUG neutron.api.extensions [None req-69de8627-16bc-4269-8e53-ca11dabecc5f None None] Loading extension file: port_hardware_offload_type.py {{(pid=87600) _load_all_extensions_from_path /opt/stack/neutron/neutron/api/extensions.py:449}}
Jul 31 20:20:32.298829 np0000006269 devstack@neutron-api.service[87598]: DEBUG neutron_lib.callbacks.manager [None req-5beb8fdd-ef59-4d61-9de5-c245d3546561 None None] Subscribe: > security_group after_create 55550000, False {{(pid=87598) subscribe /opt/stack/data/venv/lib/python3.12/site-packages/neutron_lib/callbacks/manager.py:52}}
Jul 31 20:20:32.299043 np0000006269 devstack@neutron-api.service[87598]: DEBUG neutron_lib.callbacks.manager [None req-5beb8fdd-ef59-4d61-9de5-c245d3546561 None None] Subscribe: > security_group after_update 55550000, False {{(pid=87598) subscribe /opt/stack/data/venv/lib/python3.12/site-packages/neutron_lib/callbacks/manager.py:52}}
Jul 31 20:20:32.299066 np0000006269 devstack@neutron-api.service[87600]: DEBUG neutron.api.extensions [None req-69de8627-16bc-4269-8e53-ca11dabecc5f None None] Ext name="Port hardware offload" alias="port-hardware-offload-type" description="Expose port hardware offload extension" updated="2023-05-09T10:00:00-00:00" {{(pid=87600) _check_extension /opt/stack/neutron/neutron/api/extensions.py:415}}
Jul 31 20:20:32.299109 np0000006269 devstack@neutron-api.service[87598]: DEBUG neutron_lib.callbacks.manager [None req-5beb8fdd-ef59-4d61-9de5-c245d3546561 None None] Subscribe: > security_group after_delete 55550000, False {{(pid=87598) subscribe /opt/stack/data/venv/lib/python3.12/site-packages/neutron_lib/callbacks/manager.py:52}}
Jul 31 20:20:32.299133 np0000006269 devstack@neutron-api.service[87600]: INFO neutron.api.extensions [None req-69de8627-16bc-4269-8e53-ca11dabecc5f None None] Extension port-hardware-offload-type not supported by any of loaded plugins
Jul 31 20:20:32.299210 np0000006269 devstack@neutron-api.service[87600]: DEBUG neutron.api.extensions [None req-69de8627-16bc-4269-8e53-ca11dabecc5f None None] Loading extension file: port_hint_ovs_tx_steering.py {{(pid=87600) _load_all_extensions_from_path /opt/stack/neutron/neutron/api/extensions.py:449}}
Jul 31 20:20:32.299249 np0000006269 devstack@neutron-api.service[87598]: DEBUG neutron_lib.callbacks.manager [None req-5beb8fdd-ef59-4d61-9de5-c245d3546561 None None] Subscribe: > security_group_rule after_create 55550000, False {{(pid=87598) subscribe /opt/stack/data/venv/lib/python3.12/site-packages/neutron_lib/callbacks/manager.py:52}}
Jul 31 20:20:32.299400 np0000006269 devstack@neutron-api.service[87598]: DEBUG neutron_lib.callbacks.manager [None req-5beb8fdd-ef59-4d61-9de5-c245d3546561 None None] Subscribe: > security_group_rule after_update 55550000, False {{(pid=87598) subscribe /opt/stack/data/venv/lib/python3.12/site-packages/neutron_lib/callbacks/manager.py:52}}
Jul 31 20:20:32.299444 np0000006269 devstack@neutron-api.service[87600]: DEBUG neutron.api.extensions [None req-69de8627-16bc-4269-8e53-ca11dabecc5f None None] Ext name="Port hint: Open vSwitch Tx steering" alias="port-hint-ovs-tx-steering" description="Enable Port hint: Open vSwitch Tx steering" updated="2023-01-01T00:00:00-00:00" {{(pid=87600) _check_extension /opt/stack/neutron/neutron/api/extensions.py:415}}
Jul 31 20:20:32.299671 np0000006269 devstack@neutron-api.service[87598]: DEBUG neutron_lib.callbacks.manager [None req-5beb8fdd-ef59-4d61-9de5-c245d3546561 None None] Subscribe: > security_group_rule after_delete 55550000, False {{(pid=87598) subscribe /opt/stack/data/venv/lib/python3.12/site-packages/neutron_lib/callbacks/manager.py:52}}
Jul 31 20:20:32.299781 np0000006269 devstack@neutron-api.service[87600]: INFO neutron.api.extensions [None req-69de8627-16bc-4269-8e53-ca11dabecc5f None None] Extension port-hint-ovs-tx-steering not supported by any of loaded plugins
Jul 31 20:20:32.299781 np0000006269 devstack@neutron-api.service[87600]: DEBUG neutron.api.extensions [None req-69de8627-16bc-4269-8e53-ca11dabecc5f None None] Loading extension file: port_hints.py {{(pid=87600) _load_all_extensions_from_path /opt/stack/neutron/neutron/api/extensions.py:449}}
Jul 31 20:20:32.299843 np0000006269 devstack@neutron-api.service[87598]: DEBUG neutron_lib.callbacks.manager [None req-5beb8fdd-ef59-4d61-9de5-c245d3546561 None None] Subscribe: > address_group after_create 55550000, False {{(pid=87598) subscribe /opt/stack/data/venv/lib/python3.12/site-packages/neutron_lib/callbacks/manager.py:52}}
Jul 31 20:20:32.299889 np0000006269 devstack@neutron-api.service[87598]: DEBUG neutron_lib.callbacks.manager [None req-5beb8fdd-ef59-4d61-9de5-c245d3546561 None None] Subscribe: > address_group after_update 55550000, False {{(pid=87598) subscribe /opt/stack/data/venv/lib/python3.12/site-packages/neutron_lib/callbacks/manager.py:52}}
Jul 31 20:20:32.299992 np0000006269 devstack@neutron-api.service[87600]: DEBUG neutron.api.extensions [None req-69de8627-16bc-4269-8e53-ca11dabecc5f None None] Ext name="Port hints" alias="port-hints" description="Backend specific port hints to allow backend specific tuning" updated="2023-01-01T00:00:00-00:00" {{(pid=87600) _check_extension /opt/stack/neutron/neutron/api/extensions.py:415}}
Jul 31 20:20:32.300072 np0000006269 devstack@neutron-api.service[87598]: DEBUG neutron_lib.callbacks.manager [None req-5beb8fdd-ef59-4d61-9de5-c245d3546561 None None] Subscribe: > address_group after_delete 55550000, False {{(pid=87598) subscribe /opt/stack/data/venv/lib/python3.12/site-packages/neutron_lib/callbacks/manager.py:52}}
Jul 31 20:20:32.300122 np0000006269 devstack@neutron-api.service[87600]: INFO neutron.api.extensions [None req-69de8627-16bc-4269-8e53-ca11dabecc5f None None] Extension port-hints not supported by any of loaded plugins
Jul 31 20:20:32.300183 np0000006269 devstack@neutron-api.service[87600]: DEBUG neutron.api.extensions [None req-69de8627-16bc-4269-8e53-ca11dabecc5f None None] Loading extension file: port_mac_address_override.py {{(pid=87600) _load_all_extensions_from_path /opt/stack/neutron/neutron/api/extensions.py:449}}
Jul 31 20:20:32.300281 np0000006269 devstack@neutron-api.service[87598]: DEBUG neutron.plugins.ml2.ovo_rpc [None req-5beb8fdd-ef59-4d61-9de5-c245d3546561 None None] ML2 OVO RPC backend initialized. {{(pid=87598) __init__ /opt/stack/neutron/neutron/plugins/ml2/ovo_rpc.py:117}}
Jul 31 20:20:32.300423 np0000006269 devstack@neutron-api.service[87600]: DEBUG neutron.api.extensions [None req-69de8627-16bc-4269-8e53-ca11dabecc5f None None] Ext name="Neutron Port MAC address override" alias="port-mac-override" description="Allow overriding the MAC address of a direct-physical Port via the active binding profile" updated="2022-03-18T10:00:00-00:00" {{(pid=87600) _check_extension /opt/stack/neutron/neutron/api/extensions.py:415}}
Jul 31 20:20:32.300587 np0000006269 devstack@neutron-api.service[87600]: INFO neutron.api.extensions [None req-69de8627-16bc-4269-8e53-ca11dabecc5f None None] Extension port-mac-override not supported by any of loaded plugins
Jul 31 20:20:32.300751 np0000006269 devstack@neutron-api.service[87600]: DEBUG neutron.api.extensions [None req-69de8627-16bc-4269-8e53-ca11dabecc5f None None] Loading extension file: port_mac_address_regenerate.py {{(pid=87600) _load_all_extensions_from_path /opt/stack/neutron/neutron/api/extensions.py:449}}
Jul 31 20:20:32.301011 np0000006269 devstack@neutron-api.service[87600]: DEBUG neutron.api.extensions [None req-69de8627-16bc-4269-8e53-ca11dabecc5f None None] Ext name="Neutron Port MAC address regenerate" alias="port-mac-address-regenerate" description="Network port MAC address regenerate" updated="2018-05-03T10:00:00-00:00" {{(pid=87600) _check_extension /opt/stack/neutron/neutron/api/extensions.py:415}}
Jul 31 20:20:32.301069 np0000006269 devstack@neutron-api.service[87600]: INFO neutron.api.extensions [None req-69de8627-16bc-4269-8e53-ca11dabecc5f None None] Loaded extension: port-mac-address-regenerate
Jul 31 20:20:32.301176 np0000006269 devstack@neutron-api.service[87600]: DEBUG neutron.api.extensions [None req-69de8627-16bc-4269-8e53-ca11dabecc5f None None] Loading extension file: port_numa_affinity_policy.py {{(pid=87600) _load_all_extensions_from_path /opt/stack/neutron/neutron/api/extensions.py:449}}
Jul 31 20:20:32.301399 np0000006269 devstack@neutron-api.service[87600]: DEBUG neutron.api.extensions [None req-69de8627-16bc-4269-8e53-ca11dabecc5f None None] Ext name="Port NUMA affinity policy" alias="port-numa-affinity-policy" description="Expose the port NUMA affinity policy" updated="2020-07-08T10:00:00-00:00" {{(pid=87600) _check_extension /opt/stack/neutron/neutron/api/extensions.py:415}}
Jul 31 20:20:32.301553 np0000006269 devstack@neutron-api.service[87600]: INFO neutron.api.extensions [None req-69de8627-16bc-4269-8e53-ca11dabecc5f None None] Loaded extension: port-numa-affinity-policy
Jul 31 20:20:32.301719 np0000006269 devstack@neutron-api.service[87598]: INFO neutron.quota [None req-5beb8fdd-ef59-4d61-9de5-c245d3546561 None None] Loaded quota_driver: .
Jul 31 20:20:32.301809 np0000006269 devstack@neutron-api.service[87600]: DEBUG neutron.api.extensions [None req-69de8627-16bc-4269-8e53-ca11dabecc5f None None] Loading extension file: port_numa_affinity_policy_socket.py {{(pid=87600) _load_all_extensions_from_path /opt/stack/neutron/neutron/api/extensions.py:449}}
Jul 31 20:20:32.301908 np0000006269 devstack@neutron-api.service[87598]: INFO neutron.plugins.ml2.plugin [None req-5beb8fdd-ef59-4d61-9de5-c245d3546561 None None] Modular L2 Plugin initialization complete
Jul 31 20:20:32.301950 np0000006269 devstack@neutron-api.service[87600]: DEBUG neutron.api.extensions [None req-69de8627-16bc-4269-8e53-ca11dabecc5f None None] Ext name="Port NUMA affinity policy "socket"" alias="port-numa-affinity-policy-socket" description="Adds "socket" to the supported port NUMA affinity policies" updated="2024-02-09T10:00:00-00:00" {{(pid=87600) _check_extension /opt/stack/neutron/neutron/api/extensions.py:415}}
Jul 31 20:20:32.302107 np0000006269 devstack@neutron-api.service[87598]: DEBUG neutron.manager [None req-5beb8fdd-ef59-4d61-9de5-c245d3546561 None None] Loading services supported by the core plugin {{(pid=87598) _load_services_from_core_plugin /opt/stack/neutron/neutron/manager.py:167}}
Jul 31 20:20:32.302220 np0000006269 devstack@neutron-api.service[87600]: INFO neutron.api.extensions [None req-69de8627-16bc-4269-8e53-ca11dabecc5f None None] Loaded extension: port-numa-affinity-policy-socket
Jul 31 20:20:32.302220 np0000006269 devstack@neutron-api.service[87600]: DEBUG neutron.api.extensions [None req-69de8627-16bc-4269-8e53-ca11dabecc5f None None] Loading extension file: port_resource_request.py {{(pid=87600) _load_all_extensions_from_path /opt/stack/neutron/neutron/api/extensions.py:449}}
Jul 31 20:20:32.302346 np0000006269 devstack@neutron-api.service[87598]: INFO neutron.plugins.ml2.managers [None req-5beb8fdd-ef59-4d61-9de5-c245d3546561 None None] Got port-security extension from driver 'port_security'
Jul 31 20:20:32.302429 np0000006269 devstack@neutron-api.service[87600]: DEBUG neutron.api.extensions [None req-69de8627-16bc-4269-8e53-ca11dabecc5f None None] Ext name="Port Resource Request" alias="port-resource-request" description="Expose resource request to Port" updated="2018-05-08T10:00:00-00:00" {{(pid=87600) _check_extension /opt/stack/neutron/neutron/api/extensions.py:415}}
Jul 31 20:20:32.302532 np0000006269 devstack@neutron-api.service[87600]: INFO neutron.api.extensions [None req-69de8627-16bc-4269-8e53-ca11dabecc5f None None] Extension port-resource-request not supported by any of loaded plugins
Jul 31 20:20:32.302643 np0000006269 devstack@neutron-api.service[87598]: DEBUG neutron.manager [None req-5beb8fdd-ef59-4d61-9de5-c245d3546561 None None] Loading service plugins: ['ovn-router', 'auto_allocate', 'tag', 'timestamp', 'network_ip_availability', 'flavors', 'revisions'] {{(pid=87598) _load_service_plugins /opt/stack/neutron/neutron/manager.py:192}}
Jul 31 20:20:32.302691 np0000006269 devstack@neutron-api.service[87600]: DEBUG neutron.api.extensions [None req-69de8627-16bc-4269-8e53-ca11dabecc5f None None] Loading extension file: port_resource_request_groups.py {{(pid=87600) _load_all_extensions_from_path /opt/stack/neutron/neutron/api/extensions.py:449}}
Jul 31 20:20:32.302775 np0000006269 devstack@neutron-api.service[87598]: INFO neutron.manager [None req-5beb8fdd-ef59-4d61-9de5-c245d3546561 None None] Loading Plugin: ovn-router
Jul 31 20:20:32.302886 np0000006269 devstack@neutron-api.service[87600]: DEBUG neutron.api.extensions [None req-69de8627-16bc-4269-8e53-ca11dabecc5f None None] Ext name="Port Resource Request Groups" alias="port-resource-request-groups" description="Support requesting multiple groups of resources and traits from the same RP subtree in resource_request" updated="2021-08-02T10:00:00-00:00" {{(pid=87600) _check_extension /opt/stack/neutron/neutron/api/extensions.py:415}}
Jul 31 20:20:32.303097 np0000006269 devstack@neutron-api.service[87600]: INFO neutron.api.extensions [None req-69de8627-16bc-4269-8e53-ca11dabecc5f None None] Extension port-resource-request-groups not supported by any of loaded plugins
Jul 31 20:20:32.303097 np0000006269 devstack@neutron-api.service[87600]: DEBUG neutron.api.extensions [None req-69de8627-16bc-4269-8e53-ca11dabecc5f None None] Loading extension file: port_trusted_vif.py {{(pid=87600) _load_all_extensions_from_path /opt/stack/neutron/neutron/api/extensions.py:449}}
Jul 31 20:20:32.303332 np0000006269 devstack@neutron-api.service[87600]: DEBUG neutron.api.extensions [None req-69de8627-16bc-4269-8e53-ca11dabecc5f None None] Ext name="Port trusted vif" alias="port-trusted-vif" description="Expose port 'trusted' attribute in the API" updated="2024-07-10T10:00:00-00:00" {{(pid=87600) _check_extension /opt/stack/neutron/neutron/api/extensions.py:415}}
Jul 31 20:20:32.303412 np0000006269 devstack@neutron-api.service[87600]: INFO neutron.api.extensions [None req-69de8627-16bc-4269-8e53-ca11dabecc5f None None] Extension port-trusted-vif not supported by any of loaded plugins
Jul 31 20:20:32.303538 np0000006269 devstack@neutron-api.service[87600]: DEBUG neutron.api.extensions [None req-69de8627-16bc-4269-8e53-ca11dabecc5f None None] Loading extension file: portbindings.py {{(pid=87600) _load_all_extensions_from_path /opt/stack/neutron/neutron/api/extensions.py:449}}
Jul 31 20:20:32.303764 np0000006269 devstack@neutron-api.service[87600]: DEBUG neutron.api.extensions [None req-69de8627-16bc-4269-8e53-ca11dabecc5f None None] Ext name="Port Binding" alias="binding" description="Expose port bindings of a virtual port to external application" updated="2014-02-03T10:00:00-00:00" {{(pid=87600) _check_extension /opt/stack/neutron/neutron/api/extensions.py:415}}
Jul 31 20:20:32.303926 np0000006269 devstack@neutron-api.service[87600]: INFO neutron.api.extensions [None req-69de8627-16bc-4269-8e53-ca11dabecc5f None None] Loaded extension: binding
Jul 31 20:20:32.304008 np0000006269 devstack@neutron-api.service[87600]: DEBUG neutron.api.extensions [None req-69de8627-16bc-4269-8e53-ca11dabecc5f None None] Loading extension file: portbindings_extended.py {{(pid=87600) _load_all_extensions_from_path /opt/stack/neutron/neutron/api/extensions.py:449}}
Jul 31 20:20:32.304262 np0000006269 devstack@neutron-api.service[87600]: DEBUG neutron.api.extensions [None req-69de8627-16bc-4269-8e53-ca11dabecc5f None None] Ext name="Port Bindings Extended" alias="binding-extended" description="Expose port bindings of a virtual port to external application" updated="2017-07-17T10:00:00-00:00" {{(pid=87600) _check_extension /opt/stack/neutron/neutron/api/extensions.py:415}}
Jul 31 20:20:32.304413 np0000006269 devstack@neutron-api.service[87600]: INFO neutron.api.extensions [None req-69de8627-16bc-4269-8e53-ca11dabecc5f None None] Loaded extension: binding-extended
Jul 31 20:20:32.304500 np0000006269 devstack@neutron-api.service[87600]: DEBUG neutron.api.extensions [None req-69de8627-16bc-4269-8e53-ca11dabecc5f None None] Loading extension file: portsecurity.py {{(pid=87600) _load_all_extensions_from_path /opt/stack/neutron/neutron/api/extensions.py:449}}
Jul 31 20:20:32.304721 np0000006269 devstack@neutron-api.service[87600]: DEBUG neutron.api.extensions [None req-69de8627-16bc-4269-8e53-ca11dabecc5f None None] Ext name="Port Security" alias="port-security" description="Provides port security" updated="2012-07-23T10:00:00-00:00" {{(pid=87600) _check_extension /opt/stack/neutron/neutron/api/extensions.py:415}}
Jul 31 20:20:32.304896 np0000006269 devstack@neutron-api.service[87600]: INFO neutron.api.extensions [None req-69de8627-16bc-4269-8e53-ca11dabecc5f None None] Loaded extension: port-security
Jul 31 20:20:32.304985 np0000006269 devstack@neutron-api.service[87600]: DEBUG neutron.api.extensions [None req-69de8627-16bc-4269-8e53-ca11dabecc5f None None] Loading extension file: project_id.py {{(pid=87600) _load_all_extensions_from_path /opt/stack/neutron/neutron/api/extensions.py:449}}
Jul 31 20:20:32.305237 np0000006269 devstack@neutron-api.service[87600]: DEBUG neutron.api.extensions [None req-69de8627-16bc-4269-8e53-ca11dabecc5f None None] Ext name="project_id field enabled" alias="project-id" description="Extension that indicates that project_id field is enabled." updated="2016-09-09T09:09:09-09:09" {{(pid=87600) _check_extension /opt/stack/neutron/neutron/api/extensions.py:415}}
Jul 31 20:20:32.305307 np0000006269 devstack@neutron-api.service[87600]: INFO neutron.api.extensions [None req-69de8627-16bc-4269-8e53-ca11dabecc5f None None] Loaded extension: project-id
Jul 31 20:20:32.305379 np0000006269 devstack@neutron-api.service[87600]: DEBUG neutron.api.extensions [None req-69de8627-16bc-4269-8e53-ca11dabecc5f None None] Loading extension file: providernet.py {{(pid=87600) _load_all_extensions_from_path /opt/stack/neutron/neutron/api/extensions.py:449}}
Jul 31 20:20:32.305661 np0000006269 devstack@neutron-api.service[87600]: DEBUG neutron.api.extensions [None req-69de8627-16bc-4269-8e53-ca11dabecc5f None None] Ext name="Provider Network" alias="provider" description="Expose mapping of virtual networks to physical networks" updated="2012-09-07T10:00:00-00:00" {{(pid=87600) _check_extension /opt/stack/neutron/neutron/api/extensions.py:415}}
Jul 31 20:20:32.305785 np0000006269 devstack@neutron-api.service[87600]: INFO neutron.api.extensions [None req-69de8627-16bc-4269-8e53-ca11dabecc5f None None] Loaded extension: provider
Jul 31 20:20:32.305910 np0000006269 devstack@neutron-api.service[87600]: DEBUG neutron.api.extensions [None req-69de8627-16bc-4269-8e53-ca11dabecc5f None None] Loading extension file: pvlan.py {{(pid=87600) _load_all_extensions_from_path /opt/stack/neutron/neutron/api/extensions.py:449}}
Jul 31 20:20:32.306134 np0000006269 devstack@neutron-api.service[87600]: DEBUG neutron.api.extensions [None req-69de8627-16bc-4269-8e53-ca11dabecc5f None None] Ext name="Private VLAN" alias="pvlan" description="The Private VLAN semantics extension." updated="2026-02-03T10:00:00-00:00" {{(pid=87600) _check_extension /opt/stack/neutron/neutron/api/extensions.py:415}}
Jul 31 20:20:32.317946 np0000006269 devstack@neutron-api.service[87598]: DEBUG neutron_lib.callbacks.manager [None req-5beb8fdd-ef59-4d61-9de5-c245d3546561 None None] Subscribe: > router before_delete 55550000, False {{(pid=87598) subscribe /opt/stack/data/venv/lib/python3.12/site-packages/neutron_lib/callbacks/manager.py:52}}
Jul 31 20:20:32.318219 np0000006269 devstack@neutron-api.service[87598]: DEBUG neutron_lib.callbacks.manager [None req-5beb8fdd-ef59-4d61-9de5-c245d3546561 None None] Subscribe: port before_update 55550000, False {{(pid=87598) subscribe /opt/stack/data/venv/lib/python3.12/site-packages/neutron_lib/callbacks/manager.py:52}}
Jul 31 20:20:32.318373 np0000006269 devstack@neutron-api.service[87598]: DEBUG neutron_lib.callbacks.manager [None req-5beb8fdd-ef59-4d61-9de5-c245d3546561 None None] Subscribe: port after_update 55550000, False {{(pid=87598) subscribe /opt/stack/data/venv/lib/python3.12/site-packages/neutron_lib/callbacks/manager.py:52}}
Jul 31 20:20:32.318546 np0000006269 devstack@neutron-api.service[87598]: DEBUG neutron_lib.callbacks.manager [None req-5beb8fdd-ef59-4d61-9de5-c245d3546561 None None] Subscribe: > port precommit_delete 55550000, False {{(pid=87598) subscribe /opt/stack/data/venv/lib/python3.12/site-packages/neutron_lib/callbacks/manager.py:52}}
Jul 31 20:20:32.318715 np0000006269 devstack@neutron-api.service[87598]: DEBUG neutron_lib.callbacks.manager [None req-5beb8fdd-ef59-4d61-9de5-c245d3546561 None None] Subscribe: port before_update 55550000, False {{(pid=87598) subscribe /opt/stack/data/venv/lib/python3.12/site-packages/neutron_lib/callbacks/manager.py:52}}
Jul 31 20:20:32.318916 np0000006269 devstack@neutron-api.service[87598]: DEBUG neutron_lib.callbacks.manager [None req-5beb8fdd-ef59-4d61-9de5-c245d3546561 None None] Subscribe: port before_delete 55550000, False {{(pid=87598) subscribe /opt/stack/data/venv/lib/python3.12/site-packages/neutron_lib/callbacks/manager.py:52}}
Jul 31 20:20:32.319081 np0000006269 devstack@neutron-api.service[87598]: DEBUG neutron_lib.callbacks.manager [None req-5beb8fdd-ef59-4d61-9de5-c245d3546561 None None] Subscribe: > router precommit_create 55550000, False {{(pid=87598) subscribe /opt/stack/data/venv/lib/python3.12/site-packages/neutron_lib/callbacks/manager.py:52}}
Jul 31 20:20:32.319270 np0000006269 devstack@neutron-api.service[87598]: DEBUG neutron_lib.callbacks.manager [None req-5beb8fdd-ef59-4d61-9de5-c245d3546561 None None] Subscribe: > router precommit_create 55550000, False {{(pid=87598) subscribe /opt/stack/data/venv/lib/python3.12/site-packages/neutron_lib/callbacks/manager.py:52}}
Jul 31 20:20:32.319421 np0000006269 devstack@neutron-api.service[87598]: DEBUG neutron_lib.callbacks.manager [None req-5beb8fdd-ef59-4d61-9de5-c245d3546561 None None] Subscribe: > router precommit_update 55550000, False {{(pid=87598) subscribe /opt/stack/data/venv/lib/python3.12/site-packages/neutron_lib/callbacks/manager.py:52}}
Jul 31 20:20:32.319580 np0000006269 devstack@neutron-api.service[87598]: DEBUG neutron_lib.callbacks.manager [None req-5beb8fdd-ef59-4d61-9de5-c245d3546561 None None] Subscribe: subnet after_update 55550000, False {{(pid=87598) subscribe /opt/stack/data/venv/lib/python3.12/site-packages/neutron_lib/callbacks/manager.py:52}}
Jul 31 20:20:32.319849 np0000006269 devstack@neutron-api.service[87598]: DEBUG neutron.quota.resource_registry [None req-5beb8fdd-ef59-4d61-9de5-c245d3546561 None None] Tracking information for resource: router configured {{(pid=87598) set_tracked_resource /opt/stack/neutron/neutron/quota/resource_registry.py:203}}
Jul 31 20:20:32.320023 np0000006269 devstack@neutron-api.service[87598]: DEBUG neutron.quota.resource_registry [None req-5beb8fdd-ef59-4d61-9de5-c245d3546561 None None] Tracking information for resource: floatingip configured {{(pid=87598) set_tracked_resource /opt/stack/neutron/neutron/quota/resource_registry.py:203}}
Jul 31 20:20:32.320123 np0000006269 devstack@neutron-api.service[87598]: INFO neutron.services.ovn_l3.plugin [None req-5beb8fdd-ef59-4d61-9de5-c245d3546561 None None] Starting OVNL3RouterPlugin
Jul 31 20:20:32.320430 np0000006269 devstack@neutron-api.service[87598]: DEBUG neutron_lib.callbacks.manager [None req-5beb8fdd-ef59-4d61-9de5-c245d3546561 None None] Subscribe: > port_forwarding_plugin after_init 55550000, False {{(pid=87598) subscribe /opt/stack/data/venv/lib/python3.12/site-packages/neutron_lib/callbacks/manager.py:52}}
Jul 31 20:20:32.320738 np0000006269 devstack@neutron-api.service[87598]: DEBUG neutron_lib.callbacks.manager [None req-5beb8fdd-ef59-4d61-9de5-c245d3546561 None None] Subscribe: > router before_create 55550100, False {{(pid=87598) subscribe /opt/stack/data/venv/lib/python3.12/site-packages/neutron_lib/callbacks/manager.py:52}}
Jul 31 20:20:32.320952 np0000006269 devstack@neutron-api.service[87598]: DEBUG neutron_lib.callbacks.manager [None req-5beb8fdd-ef59-4d61-9de5-c245d3546561 None None] Subscribe: > router precommit_delete 55550100, False {{(pid=87598) subscribe /opt/stack/data/venv/lib/python3.12/site-packages/neutron_lib/callbacks/manager.py:52}}
Jul 31 20:20:32.321122 np0000006269 devstack@neutron-api.service[87598]: DEBUG neutron_lib.callbacks.manager [None req-5beb8fdd-ef59-4d61-9de5-c245d3546561 None None] Subscribe: > router precommit_create 55550100, False {{(pid=87598) subscribe /opt/stack/data/venv/lib/python3.12/site-packages/neutron_lib/callbacks/manager.py:52}}
Jul 31 20:20:32.321283 np0000006269 devstack@neutron-api.service[87598]: DEBUG neutron_lib.callbacks.manager [None req-5beb8fdd-ef59-4d61-9de5-c245d3546561 None None] Subscribe: > router precommit_update 55550100, False {{(pid=87598) subscribe /opt/stack/data/venv/lib/python3.12/site-packages/neutron_lib/callbacks/manager.py:52}}
Jul 31 20:20:32.326998 np0000006269 devstack@neutron-api.service[87598]: DEBUG neutron.services.provider_configuration [None req-5beb8fdd-ef59-4d61-9de5-c245d3546561 None None] Service providers = [] {{(pid=87598) parse_service_provider_opt /opt/stack/neutron/neutron/services/provider_configuration.py:170}}
Jul 31 20:20:32.326998 np0000006269 devstack@neutron-api.service[87598]: DEBUG neutron.db.servicetype_db [None req-5beb8fdd-ef59-4d61-9de5-c245d3546561 None None] Adding provider configuration for service L3_ROUTER_NAT {{(pid=87598) add_provider_configuration /opt/stack/neutron/neutron/db/servicetype_db.py:45}}
Jul 31 20:20:32.328608 np0000006269 devstack@neutron-api.service[87598]: DEBUG neutron_lib.callbacks.manager [None req-5beb8fdd-ef59-4d61-9de5-c245d3546561 None None] Subscribe: > router precommit_create 55549900, False {{(pid=87598) subscribe /opt/stack/data/venv/lib/python3.12/site-packages/neutron_lib/callbacks/manager.py:52}}
Jul 31 20:20:32.328772 np0000006269 devstack@neutron-api.service[87598]: DEBUG neutron_lib.callbacks.manager [None req-5beb8fdd-ef59-4d61-9de5-c245d3546561 None None] Subscribe: > router_interface after_create 55550000, False {{(pid=87598) subscribe /opt/stack/data/venv/lib/python3.12/site-packages/neutron_lib/callbacks/manager.py:52}}
Jul 31 20:20:32.328981 np0000006269 devstack@neutron-api.service[87598]: DEBUG neutron_lib.callbacks.manager [None req-5beb8fdd-ef59-4d61-9de5-c245d3546561 None None] Subscribe: > floatingip after_create 55550000, False {{(pid=87598) subscribe /opt/stack/data/venv/lib/python3.12/site-packages/neutron_lib/callbacks/manager.py:52}}
Jul 31 20:20:32.329191 np0000006269 devstack@neutron-api.service[87598]: DEBUG neutron_lib.callbacks.manager [None req-5beb8fdd-ef59-4d61-9de5-c245d3546561 None None] Subscribe: > floatingip precommit_create 55550000, False {{(pid=87598) subscribe /opt/stack/data/venv/lib/python3.12/site-packages/neutron_lib/callbacks/manager.py:52}}
Jul 31 20:20:32.329314 np0000006269 devstack@neutron-api.service[87598]: DEBUG neutron_lib.callbacks.manager [None req-5beb8fdd-ef59-4d61-9de5-c245d3546561 None None] Subscribe: > floatingip precommit_update 55550000, False {{(pid=87598) subscribe /opt/stack/data/venv/lib/python3.12/site-packages/neutron_lib/callbacks/manager.py:52}}
Jul 31 20:20:32.329417 np0000006269 devstack@neutron-api.service[87598]: DEBUG neutron_lib.callbacks.manager [None req-5beb8fdd-ef59-4d61-9de5-c245d3546561 None None] Subscribe: > floatingip after_delete 55550000, False {{(pid=87598) subscribe /opt/stack/data/venv/lib/python3.12/site-packages/neutron_lib/callbacks/manager.py:52}}
Jul 31 20:20:32.329567 np0000006269 devstack@neutron-api.service[87598]: DEBUG neutron_lib.callbacks.manager [None req-5beb8fdd-ef59-4d61-9de5-c245d3546561 None None] Subscribe: > floatingip after_status_update 55550000, False {{(pid=87598) subscribe /opt/stack/data/venv/lib/python3.12/site-packages/neutron_lib/callbacks/manager.py:52}}
Jul 31 20:20:32.329725 np0000006269 devstack@neutron-api.service[87598]: DEBUG neutron_lib.callbacks.manager [None req-5beb8fdd-ef59-4d61-9de5-c245d3546561 None None] Subscribe: > floatingip after_update 55550000, False {{(pid=87598) subscribe /opt/stack/data/venv/lib/python3.12/site-packages/neutron_lib/callbacks/manager.py:52}}
Jul 31 20:20:32.329901 np0000006269 devstack@neutron-api.service[87598]: DEBUG neutron_lib.callbacks.manager [None req-5beb8fdd-ef59-4d61-9de5-c245d3546561 None None] Subscribe: > port_forwarding after_create 55550000, False {{(pid=87598) subscribe /opt/stack/data/venv/lib/python3.12/site-packages/neutron_lib/callbacks/manager.py:52}}
Jul 31 20:20:32.330061 np0000006269 devstack@neutron-api.service[87598]: DEBUG neutron_lib.callbacks.manager [None req-5beb8fdd-ef59-4d61-9de5-c245d3546561 None None] Subscribe: > router_interface after_delete 55550000, False {{(pid=87598) subscribe /opt/stack/data/venv/lib/python3.12/site-packages/neutron_lib/callbacks/manager.py:52}}
Jul 31 20:20:32.330203 np0000006269 devstack@neutron-api.service[87598]: DEBUG neutron_lib.callbacks.manager [None req-5beb8fdd-ef59-4d61-9de5-c245d3546561 None None] Subscribe: > router after_create 55550000, False {{(pid=87598) subscribe /opt/stack/data/venv/lib/python3.12/site-packages/neutron_lib/callbacks/manager.py:52}}
Jul 31 20:20:32.330362 np0000006269 devstack@neutron-api.service[87598]: DEBUG neutron_lib.callbacks.manager [None req-5beb8fdd-ef59-4d61-9de5-c245d3546561 None None] Subscribe: > router precommit_create 55550000, False {{(pid=87598) subscribe /opt/stack/data/venv/lib/python3.12/site-packages/neutron_lib/callbacks/manager.py:52}}
Jul 31 20:20:32.330510 np0000006269 devstack@neutron-api.service[87598]: DEBUG neutron_lib.callbacks.manager [None req-5beb8fdd-ef59-4d61-9de5-c245d3546561 None None] Subscribe: > router after_delete 55550000, False {{(pid=87598) subscribe /opt/stack/data/venv/lib/python3.12/site-packages/neutron_lib/callbacks/manager.py:52}}
Jul 31 20:20:32.330697 np0000006269 devstack@neutron-api.service[87598]: DEBUG neutron_lib.callbacks.manager [None req-5beb8fdd-ef59-4d61-9de5-c245d3546561 None None] Subscribe: > router after_update 55550000, False {{(pid=87598) subscribe /opt/stack/data/venv/lib/python3.12/site-packages/neutron_lib/callbacks/manager.py:52}}
Jul 31 20:20:32.330830 np0000006269 devstack@neutron-api.service[87598]: DEBUG neutron.services.service_base [None req-5beb8fdd-ef59-4d61-9de5-c245d3546561 None None] Loaded 'neutron.services.ovn_l3.service_providers.ovn.OvnDriver' provider for service L3_ROUTER_NAT {{(pid=87598) load_drivers /opt/stack/neutron/neutron/services/service_base.py:49}}
Jul 31 20:20:32.331033 np0000006269 devstack@neutron-api.service[87598]: DEBUG neutron_lib.callbacks.manager [None req-5beb8fdd-ef59-4d61-9de5-c245d3546561 None None] Subscribe: > process after_init 55550001, True {{(pid=87598) subscribe /opt/stack/data/venv/lib/python3.12/site-packages/neutron_lib/callbacks/manager.py:52}}
Jul 31 20:20:32.331258 np0000006269 devstack@neutron-api.service[87598]: DEBUG neutron.manager [None req-5beb8fdd-ef59-4d61-9de5-c245d3546561 None None] Successfully loaded L3_ROUTER_NAT plugin. Description: L3 Router Service Plugin for basic L3 forwarding using OVN {{(pid=87598) _create_and_add_service_plugin /opt/stack/neutron/neutron/manager.py:236}}
Jul 31 20:20:32.331388 np0000006269 devstack@neutron-api.service[87598]: INFO neutron.manager [None req-5beb8fdd-ef59-4d61-9de5-c245d3546561 None None] Loading Plugin: auto_allocate
Jul 31 20:20:32.332781 np0000006269 devstack@neutron-api.service[87598]: DEBUG neutron_lib.callbacks.manager [None req-5beb8fdd-ef59-4d61-9de5-c245d3546561 None None] Subscribe: network precommit_update 55550000, False {{(pid=87598) subscribe /opt/stack/data/venv/lib/python3.12/site-packages/neutron_lib/callbacks/manager.py:52}}
Jul 31 20:20:32.332999 np0000006269 devstack@neutron-api.service[87598]: DEBUG neutron_lib.callbacks.manager [None req-5beb8fdd-ef59-4d61-9de5-c245d3546561 None None] Subscribe: network precommit_create 55550000, False {{(pid=87598) subscribe /opt/stack/data/venv/lib/python3.12/site-packages/neutron_lib/callbacks/manager.py:52}}
Jul 31 20:20:32.333323 np0000006269 devstack@neutron-api.service[87598]: DEBUG neutron.manager [None req-5beb8fdd-ef59-4d61-9de5-c245d3546561 None None] Successfully loaded auto-allocated-topology plugin. Description: Auto Allocated Topology - aka get me a network. {{(pid=87598) _create_and_add_service_plugin /opt/stack/neutron/neutron/manager.py:236}}
Jul 31 20:20:32.333421 np0000006269 devstack@neutron-api.service[87598]: INFO neutron.manager [None req-5beb8fdd-ef59-4d61-9de5-c245d3546561 None None] Loading Plugin: tag
Jul 31 20:20:32.337570 np0000006269 devstack@neutron-api.service[87598]: DEBUG neutron.manager [None req-5beb8fdd-ef59-4d61-9de5-c245d3546561 None None] Successfully loaded TAG plugin. Description: Tag support {{(pid=87598) _create_and_add_service_plugin /opt/stack/neutron/neutron/manager.py:236}}
Jul 31 20:20:32.337743 np0000006269 devstack@neutron-api.service[87598]: INFO neutron.manager [None req-5beb8fdd-ef59-4d61-9de5-c245d3546561 None None] Loading Plugin: timestamp
Jul 31 20:20:32.339595 np0000006269 devstack@neutron-api.service[87598]: DEBUG neutron.manager [None req-5beb8fdd-ef59-4d61-9de5-c245d3546561 None None] Successfully loaded timestamp plugin. Description: Adds timestamps to Neutron resources with standard attributes {{(pid=87598) _create_and_add_service_plugin /opt/stack/neutron/neutron/manager.py:236}}
Jul 31 20:20:32.339762 np0000006269 devstack@neutron-api.service[87598]: INFO neutron.manager [None req-5beb8fdd-ef59-4d61-9de5-c245d3546561 None None] Loading Plugin: network_ip_availability
Jul 31 20:20:32.342298 np0000006269 devstack@neutron-api.service[87598]: DEBUG neutron.manager [None req-5beb8fdd-ef59-4d61-9de5-c245d3546561 None None] Successfully loaded network-ip-availability plugin. Description: Provides IP availability data for each network and subnet. {{(pid=87598) _create_and_add_service_plugin /opt/stack/neutron/neutron/manager.py:236}}
Jul 31 20:20:32.342456 np0000006269 devstack@neutron-api.service[87598]: INFO neutron.manager [None req-5beb8fdd-ef59-4d61-9de5-c245d3546561 None None] Loading Plugin: flavors
Jul 31 20:20:32.343676 np0000006269 devstack@neutron-api.service[87598]: DEBUG neutron.manager [None req-5beb8fdd-ef59-4d61-9de5-c245d3546561 None None] Successfully loaded FLAVORS plugin. Description: Neutron Flavors and Service Profiles manager plugin {{(pid=87598) _create_and_add_service_plugin /opt/stack/neutron/neutron/manager.py:236}}
Jul 31 20:20:32.343812 np0000006269 devstack@neutron-api.service[87598]: INFO neutron.manager [None req-5beb8fdd-ef59-4d61-9de5-c245d3546561 None None] Loading Plugin: revisions
Jul 31 20:20:32.345186 np0000006269 devstack@neutron-api.service[87598]: DEBUG neutron.manager [None req-5beb8fdd-ef59-4d61-9de5-c245d3546561 None None] Successfully loaded revision_plugin plugin. Description: Adds revision numbers to resources. {{(pid=87598) _create_and_add_service_plugin /opt/stack/neutron/neutron/manager.py:236}}
Jul 31 20:20:32.345379 np0000006269 devstack@neutron-api.service[87598]: DEBUG oslo_concurrency.lockutils [None req-5beb8fdd-ef59-4d61-9de5-c245d3546561 None None] Lock "manager" "released" by "neutron.manager.NeutronManager._create_instance" :: held 3.808s {{(pid=87598) inner /opt/stack/data/venv/lib/python3.12/site-packages/oslo_concurrency/lockutils.py:544}}
Jul 31 20:20:32.345728 np0000006269 devstack@neutron-api.service[87598]: DEBUG neutron.api.extensions [None req-5beb8fdd-ef59-4d61-9de5-c245d3546561 None None] get_extension_paths = OrderedDict({'/opt/stack/neutron/neutron/extensions': 1}) {{(pid=87598) get_extensions_path /opt/stack/neutron/neutron/api/extensions.py:640}}
Jul 31 20:20:32.345916 np0000006269 devstack@neutron-api.service[87598]: INFO neutron.api.extensions [None req-5beb8fdd-ef59-4d61-9de5-c245d3546561 None None] Initializing extension manager.
Jul 31 20:20:32.346288 np0000006269 devstack@neutron-api.service[87598]: DEBUG neutron.api.extensions [None req-5beb8fdd-ef59-4d61-9de5-c245d3546561 None None] Loading extension file: __init__.py {{(pid=87598) _load_all_extensions_from_path /opt/stack/neutron/neutron/api/extensions.py:449}}
Jul 31 20:20:32.346446 np0000006269 devstack@neutron-api.service[87598]: DEBUG neutron.api.extensions [None req-5beb8fdd-ef59-4d61-9de5-c245d3546561 None None] Loading extension file: __pycache__ {{(pid=87598) _load_all_extensions_from_path /opt/stack/neutron/neutron/api/extensions.py:449}}
Jul 31 20:20:32.346610 np0000006269 devstack@neutron-api.service[87598]: DEBUG neutron.api.extensions [None req-5beb8fdd-ef59-4d61-9de5-c245d3546561 None None] Loading extension file: aap_reject_multicast.py {{(pid=87598) _load_all_extensions_from_path /opt/stack/neutron/neutron/api/extensions.py:449}}
Jul 31 20:20:32.347021 np0000006269 devstack@neutron-api.service[87598]: DEBUG neutron.api.extensions [None req-5beb8fdd-ef59-4d61-9de5-c245d3546561 None None] Ext name="Allowed address pairs reject multicast extension" alias="aap-reject-multicast" description="Reject multicast addresses in Allowed Address Pairs" updated="2026-04-01T00:00:00-00:00" {{(pid=87598) _check_extension /opt/stack/neutron/neutron/api/extensions.py:415}}
Jul 31 20:20:32.347402 np0000006269 devstack@neutron-api.service[87598]: INFO neutron.api.extensions [None req-5beb8fdd-ef59-4d61-9de5-c245d3546561 None None] Extension aap-reject-multicast not supported by any of loaded plugins
Jul 31 20:20:32.347556 np0000006269 devstack@neutron-api.service[87598]: DEBUG neutron.api.extensions [None req-5beb8fdd-ef59-4d61-9de5-c245d3546561 None None] Loading extension file: address_group.py {{(pid=87598) _load_all_extensions_from_path /opt/stack/neutron/neutron/api/extensions.py:449}}
Jul 31 20:20:32.348065 np0000006269 devstack@neutron-api.service[87598]: DEBUG neutron.api.extensions [None req-5beb8fdd-ef59-4d61-9de5-c245d3546561 None None] Ext name="Address group" alias="address-group" description="Support address group" updated="2020-07-15T10:00:00-00:00" {{(pid=87598) _check_extension /opt/stack/neutron/neutron/api/extensions.py:415}}
Jul 31 20:20:32.348363 np0000006269 devstack@neutron-api.service[87598]: INFO neutron.api.extensions [None req-5beb8fdd-ef59-4d61-9de5-c245d3546561 None None] Loaded extension: address-group
Jul 31 20:20:32.348522 np0000006269 devstack@neutron-api.service[87598]: DEBUG neutron.api.extensions [None req-5beb8fdd-ef59-4d61-9de5-c245d3546561 None None] Loading extension file: address_scope.py {{(pid=87598) _load_all_extensions_from_path /opt/stack/neutron/neutron/api/extensions.py:449}}
Jul 31 20:20:32.348984 np0000006269 devstack@neutron-api.service[87598]: DEBUG neutron.api.extensions [None req-5beb8fdd-ef59-4d61-9de5-c245d3546561 None None] Ext name="Address scope" alias="address-scope" description="Address scopes extension." updated="2015-07-26T10:00:00-00:00" {{(pid=87598) _check_extension /opt/stack/neutron/neutron/api/extensions.py:415}}
Jul 31 20:20:32.349224 np0000006269 devstack@neutron-api.service[87598]: INFO neutron.api.extensions [None req-5beb8fdd-ef59-4d61-9de5-c245d3546561 None None] Loaded extension: address-scope
Jul 31 20:20:32.349341 np0000006269 devstack@neutron-api.service[87598]: DEBUG neutron.api.extensions [None req-5beb8fdd-ef59-4d61-9de5-c245d3546561 None None] Loading extension file: admin_state_down_before_update.py {{(pid=87598) _load_all_extensions_from_path /opt/stack/neutron/neutron/api/extensions.py:449}}
Jul 31 20:20:32.349650 np0000006269 devstack@neutron-api.service[87598]: DEBUG neutron.api.extensions [None req-5beb8fdd-ef59-4d61-9de5-c245d3546561 None None] Ext name="Enforce Router's Admin State Down Before Update Extension" alias="router-admin-state-down-before-update" description="Ensure that the admin state of a router is DOWN (admin_state_up=False) before updating the distributed attribute" updated="2019-07-02T15:56:00" {{(pid=87598) _check_extension /opt/stack/neutron/neutron/api/extensions.py:415}}
Jul 31 20:20:32.349866 np0000006269 devstack@neutron-api.service[87598]: INFO neutron.api.extensions [None req-5beb8fdd-ef59-4d61-9de5-c245d3546561 None None] Extension router-admin-state-down-before-update not supported by any of loaded plugins
Jul 31 20:20:32.349990 np0000006269 devstack@neutron-api.service[87598]: DEBUG neutron.api.extensions [None req-5beb8fdd-ef59-4d61-9de5-c245d3546561 None None] Loading extension file: agent.py {{(pid=87598) _load_all_extensions_from_path /opt/stack/neutron/neutron/api/extensions.py:449}}
Jul 31 20:20:32.350412 np0000006269 devstack@neutron-api.service[87598]: DEBUG neutron.api.extensions [None req-5beb8fdd-ef59-4d61-9de5-c245d3546561 None None] Ext name="agent" alias="agent" description="The agent management extension." updated="2013-02-03T10:00:00-00:00" {{(pid=87598) _check_extension /opt/stack/neutron/neutron/api/extensions.py:415}}
Jul 31 20:20:32.350662 np0000006269 devstack@neutron-api.service[87598]: INFO neutron.api.extensions [None req-5beb8fdd-ef59-4d61-9de5-c245d3546561 None None] Loaded extension: agent
Jul 31 20:20:32.350781 np0000006269 devstack@neutron-api.service[87598]: DEBUG neutron.api.extensions [None req-5beb8fdd-ef59-4d61-9de5-c245d3546561 None None] Loading extension file: agent_resources_synced.py {{(pid=87598) _load_all_extensions_from_path /opt/stack/neutron/neutron/api/extensions.py:449}}
Jul 31 20:20:32.351047 np0000006269 devstack@neutron-api.service[87598]: DEBUG neutron.api.extensions [None req-5beb8fdd-ef59-4d61-9de5-c245d3546561 None None] Ext name="Agent's Resource View Synced to Placement" alias="agent-resources-synced" description="Stores success/failure of last sync to Placement" updated="2018-12-19T00:00:00-00:00" {{(pid=87598) _check_extension /opt/stack/neutron/neutron/api/extensions.py:415}}
Jul 31 20:20:32.351236 np0000006269 devstack@neutron-api.service[87598]: INFO neutron.api.extensions [None req-5beb8fdd-ef59-4d61-9de5-c245d3546561 None None] Extension agent-resources-synced not supported by any of loaded plugins
Jul 31 20:20:32.351351 np0000006269 devstack@neutron-api.service[87598]: DEBUG neutron.api.extensions [None req-5beb8fdd-ef59-4d61-9de5-c245d3546561 None None] Loading extension file: agent_sort_key.py {{(pid=87598) _load_all_extensions_from_path /opt/stack/neutron/neutron/api/extensions.py:449}}
Jul 31 20:20:32.351628 np0000006269 devstack@neutron-api.service[87598]: DEBUG neutron.api.extensions [None req-5beb8fdd-ef59-4d61-9de5-c245d3546561 None None] Ext name="Agents Sort Key" alias="agent_sort_key" description="Enabling the keyword sort_key for sorting in agents." updated="2013-02-03T10:00:00-00:00" {{(pid=87598) _check_extension /opt/stack/neutron/neutron/api/extensions.py:415}}
Jul 31 20:20:32.351774 np0000006269 devstack@neutron-api.service[87598]: INFO neutron.api.extensions [None req-5beb8fdd-ef59-4d61-9de5-c245d3546561 None None] Extension agent_sort_key not supported by any of loaded plugins
Jul 31 20:20:32.351876 np0000006269 devstack@neutron-api.service[87598]: DEBUG neutron.api.extensions [None req-5beb8fdd-ef59-4d61-9de5-c245d3546561 None None] Loading extension file: allowedaddresspairs.py {{(pid=87598) _load_all_extensions_from_path /opt/stack/neutron/neutron/api/extensions.py:449}}
Jul 31 20:20:32.352948 np0000006269 devstack@neutron-api.service[87598]: DEBUG neutron.api.extensions [None req-5beb8fdd-ef59-4d61-9de5-c245d3546561 None None] Ext name="Allowed Address Pairs" alias="allowed-address-pairs" description="Provides allowed address pairs" updated="2013-07-23T10:00:00-00:00" {{(pid=87598) _check_extension /opt/stack/neutron/neutron/api/extensions.py:415}}
Jul 31 20:20:32.353246 np0000006269 devstack@neutron-api.service[87598]: INFO neutron.api.extensions [None req-5beb8fdd-ef59-4d61-9de5-c245d3546561 None None] Loaded extension: allowed-address-pairs
Jul 31 20:20:32.353376 np0000006269 devstack@neutron-api.service[87598]: DEBUG neutron.api.extensions [None req-5beb8fdd-ef59-4d61-9de5-c245d3546561 None None] Loading extension file: auto_allocated_topology.py {{(pid=87598) _load_all_extensions_from_path /opt/stack/neutron/neutron/api/extensions.py:449}}
Jul 31 20:20:32.353748 np0000006269 devstack@neutron-api.service[87598]: DEBUG neutron.api.extensions [None req-5beb8fdd-ef59-4d61-9de5-c245d3546561 None None] Ext name="Auto Allocated Topology Services" alias="auto-allocated-topology" description="Auto Allocated Topology Services." updated="2016-01-01T00:00:00-00:00" {{(pid=87598) _check_extension /opt/stack/neutron/neutron/api/extensions.py:415}}
Jul 31 20:20:32.354456 np0000006269 devstack@neutron-api.service[87598]: INFO neutron.api.extensions [None req-5beb8fdd-ef59-4d61-9de5-c245d3546561 None None] Loaded extension: auto-allocated-topology
Jul 31 20:20:32.354456 np0000006269 devstack@neutron-api.service[87598]: DEBUG neutron.api.extensions [None req-5beb8fdd-ef59-4d61-9de5-c245d3546561 None None] Loading extension file: availability_zone.py {{(pid=87598) _load_all_extensions_from_path /opt/stack/neutron/neutron/api/extensions.py:449}}
Jul 31 20:20:32.355147 np0000006269 devstack@neutron-api.service[87598]: DEBUG neutron.api.extensions [None req-5beb8fdd-ef59-4d61-9de5-c245d3546561 None None] Ext name="Availability Zone" alias="availability_zone" description="The availability zone extension." updated="2015-01-01T10:00:00-00:00" {{(pid=87598) _check_extension /opt/stack/neutron/neutron/api/extensions.py:415}}
Jul 31 20:20:32.355147 np0000006269 devstack@neutron-api.service[87598]: INFO neutron.api.extensions [None req-5beb8fdd-ef59-4d61-9de5-c245d3546561 None None] Loaded extension: availability_zone
Jul 31 20:20:32.355747 np0000006269 devstack@neutron-api.service[87598]: DEBUG neutron.api.extensions [None req-5beb8fdd-ef59-4d61-9de5-c245d3546561 None None] Loading extension file: availability_zone_filter.py {{(pid=87598) _load_all_extensions_from_path /opt/stack/neutron/neutron/api/extensions.py:449}}
Jul 31 20:20:32.355747 np0000006269 devstack@neutron-api.service[87598]: DEBUG neutron.api.extensions [None req-5beb8fdd-ef59-4d61-9de5-c245d3546561 None None] Ext name="Availability Zone Filter Extension" alias="availability_zone_filter" description="Add filter parameters to AvailabilityZone resource" updated="2018-06-22T10:00:00-00:00" {{(pid=87598) _check_extension /opt/stack/neutron/neutron/api/extensions.py:415}}
Jul 31 20:20:32.356264 np0000006269 devstack@neutron-api.service[87598]: INFO neutron.api.extensions [None req-5beb8fdd-ef59-4d61-9de5-c245d3546561 None None] Extension availability_zone_filter not supported by any of loaded plugins
