May 18 18:44:11.585329 np0000000983 devstack@g-api.service[101572]: DEBUG glance_store.capabilities [-] Store glance_store._drivers.swift.store.SingleTenantStore doesn't support updating dynamic storage capabilities. Please overwrite 'update_capabilities' method of the store to implement updating logics if needed. {{(pid=101572) update_capabilities /opt/stack/data/venv/lib/python3.12/site-packages/glance_store/capabilities.py:91}}
May 18 18:44:11.585413 np0000000983 devstack@g-api.service[101572]: DEBUG glance_store.backend [-] Registering store swift with schemes ('swift+https', 'swift', 'swift+http', 'swift+config') {{(pid=101572) create_stores /opt/stack/data/venv/lib/python3.12/site-packages/glance_store/backend.py:261}}
May 18 18:44:11.585444 np0000000983 devstack@g-api.service[101572]: DEBUG glance_store.driver [-] Late loading location class glance_store._drivers.swift.store.StoreLocation {{(pid=101572) get_store_location_class /opt/stack/data/venv/lib/python3.12/site-packages/glance_store/driver.py:134}}
May 18 18:44:11.585516 np0000000983 devstack@g-api.service[101572]: DEBUG glance_store.location [-] Registering scheme swift+https with {'store': , 'location_class': , 'store_entry': 'swift'} {{(pid=101572) register_scheme_map /opt/stack/data/venv/lib/python3.12/site-packages/glance_store/location.py:146}}
May 18 18:44:11.585559 np0000000983 devstack@g-api.service[101572]: DEBUG glance_store.location [-] Registering scheme swift with {'store': , 'location_class': , 'store_entry': 'swift'} {{(pid=101572) register_scheme_map /opt/stack/data/venv/lib/python3.12/site-packages/glance_store/location.py:146}}
May 18 18:44:11.585609 np0000000983 devstack@g-api.service[101572]: DEBUG glance_store.location [-] Registering scheme swift+http with {'store': , 'location_class': , 'store_entry': 'swift'} {{(pid=101572) register_scheme_map /opt/stack/data/venv/lib/python3.12/site-packages/glance_store/location.py:146}}
May 18 18:44:11.585658 np0000000983 devstack@g-api.service[101572]: DEBUG glance_store.location [-] Registering scheme swift+config with {'store': , 'location_class': , 'store_entry': 'swift'} {{(pid=101572) register_scheme_map /opt/stack/data/venv/lib/python3.12/site-packages/glance_store/location.py:146}}
May 18 18:44:11.585709 np0000000983 devstack@g-api.service[101572]: DEBUG glance_store.backend [-] Attempting to import store file {{(pid=101572) _load_store /opt/stack/data/venv/lib/python3.12/site-packages/glance_store/backend.py:215}}
May 18 18:44:11.586108 np0000000983 devstack@g-api.service[101572]: DEBUG glance_store.capabilities [-] Store glance_store._drivers.filesystem.Store doesn't support updating dynamic storage capabilities. Please overwrite 'update_capabilities' method of the store to implement updating logics if needed. {{(pid=101572) update_capabilities /opt/stack/data/venv/lib/python3.12/site-packages/glance_store/capabilities.py:91}}
May 18 18:44:11.586167 np0000000983 devstack@g-api.service[101572]: DEBUG glance_store.backend [-] Registering store file with schemes ('file', 'filesystem') {{(pid=101572) create_stores /opt/stack/data/venv/lib/python3.12/site-packages/glance_store/backend.py:261}}
May 18 18:44:11.586223 np0000000983 devstack@g-api.service[101572]: DEBUG glance_store.driver [-] Late loading location class glance_store._drivers.filesystem.StoreLocation {{(pid=101572) get_store_location_class /opt/stack/data/venv/lib/python3.12/site-packages/glance_store/driver.py:134}}
May 18 18:44:11.586310 np0000000983 devstack@g-api.service[101572]: DEBUG glance_store.location [-] Registering scheme file with {'store': , 'location_class': , 'store_entry': 'file'} {{(pid=101572) register_scheme_map /opt/stack/data/venv/lib/python3.12/site-packages/glance_store/location.py:146}}
May 18 18:44:11.586378 np0000000983 devstack@g-api.service[101572]: DEBUG glance_store.location [-] Registering scheme filesystem with {'store': , 'location_class': , 'store_entry': 'file'} {{(pid=101572) register_scheme_map /opt/stack/data/venv/lib/python3.12/site-packages/glance_store/location.py:146}}
May 18 18:44:11.586481 np0000000983 devstack@g-api.service[101572]: DEBUG glance_store.backend [-] Attempting to import store swift {{(pid=101572) _load_store /opt/stack/data/venv/lib/python3.12/site-packages/glance_store/backend.py:215}}
May 18 18:44:11.587412 np0000000983 devstack@g-api.service[101572]: DEBUG glance_store.capabilities [-] Store glance_store._drivers.swift.store.SingleTenantStore doesn't support updating dynamic storage capabilities. Please overwrite 'update_capabilities' method of the store to implement updating logics if needed. {{(pid=101572) update_capabilities /opt/stack/data/venv/lib/python3.12/site-packages/glance_store/capabilities.py:91}}
May 18 18:44:11.587470 np0000000983 devstack@g-api.service[101572]: DEBUG glance_store.driver [-] Late loading location class glance_store._drivers.swift.store.StoreLocation {{(pid=101572) get_store_location_class /opt/stack/data/venv/lib/python3.12/site-packages/glance_store/driver.py:134}}
May 18 18:44:11.587539 np0000000983 devstack@g-api.service[101572]: DEBUG glance_store.location [-] Registering scheme swift+https with {'store': , 'location_class': , 'store_entry': 'swift'} {{(pid=101572) register_scheme_map /opt/stack/data/venv/lib/python3.12/site-packages/glance_store/location.py:146}}
May 18 18:44:11.587601 np0000000983 devstack@g-api.service[101572]: DEBUG glance_store.location [-] Registering scheme swift+https with {'store': , 'location_class': , 'store_entry': 'swift'} {{(pid=101572) register_scheme_map /opt/stack/data/venv/lib/python3.12/site-packages/glance_store/location.py:146}}
May 18 18:44:11.587638 np0000000983 devstack@g-api.service[101572]: DEBUG glance_store.location [-] Registering scheme swift with {'store': , 'location_class': , 'store_entry': 'swift'} {{(pid=101572) register_scheme_map /opt/stack/data/venv/lib/python3.12/site-packages/glance_store/location.py:146}}
May 18 18:44:11.587708 np0000000983 devstack@g-api.service[101572]: DEBUG glance_store.location [-] Registering scheme swift+https with {'store': , 'location_class': , 'store_entry': 'swift'} {{(pid=101572) register_scheme_map /opt/stack/data/venv/lib/python3.12/site-packages/glance_store/location.py:146}}
May 18 18:44:11.587708 np0000000983 devstack@g-api.service[101572]: DEBUG glance_store.location [-] Registering scheme swift with {'store': , 'location_class': , 'store_entry': 'swift'} {{(pid=101572) register_scheme_map /opt/stack/data/venv/lib/python3.12/site-packages/glance_store/location.py:146}}
May 18 18:44:11.587782 np0000000983 devstack@g-api.service[101572]: DEBUG glance_store.location [-] Registering scheme swift+http with {'store': , 'location_class': , 'store_entry': 'swift'} {{(pid=101572) register_scheme_map /opt/stack/data/venv/lib/python3.12/site-packages/glance_store/location.py:146}}
May 18 18:44:11.587822 np0000000983 devstack@g-api.service[101572]: DEBUG glance_store.location [-] Registering scheme swift+https with {'store': , 'location_class': , 'store_entry': 'swift'} {{(pid=101572) register_scheme_map /opt/stack/data/venv/lib/python3.12/site-packages/glance_store/location.py:146}}
May 18 18:44:11.587857 np0000000983 devstack@g-api.service[101572]: DEBUG glance_store.location [-] Registering scheme swift with {'store': , 'location_class': , 'store_entry': 'swift'} {{(pid=101572) register_scheme_map /opt/stack/data/venv/lib/python3.12/site-packages/glance_store/location.py:146}}
May 18 18:44:11.587906 np0000000983 devstack@g-api.service[101572]: DEBUG glance_store.location [-] Registering scheme swift+http with {'store': , 'location_class': , 'store_entry': 'swift'} {{(pid=101572) register_scheme_map /opt/stack/data/venv/lib/python3.12/site-packages/glance_store/location.py:146}}
May 18 18:44:11.587956 np0000000983 devstack@g-api.service[101572]: DEBUG glance_store.location [-] Registering scheme swift+config with {'store': , 'location_class': , 'store_entry': 'swift'} {{(pid=101572) register_scheme_map /opt/stack/data/venv/lib/python3.12/site-packages/glance_store/location.py:146}}
May 18 18:44:11.588176 np0000000983 devstack@g-api.service[101572]: DEBUG glance.sqlite_migration [-] SQLite caching database not located, skipping migration {{(pid=101572) get_db_path /opt/stack/glance/glance/sqlite_migration.py:68}}
May 18 18:44:11.588355 np0000000983 devstack@g-api.service[101572]: WARNING glance.common.wsgi_app [-] Import methods are enabled but staging directory /tmp/staging/ does not exist; Imports will fail!
May 18 18:44:11.783219 np0000000983 devstack@g-api.service[101573]: DEBUG glance.common.config [None req-0854f873-1075-4055-9b0d-9ff34703a90a None None] Loading glance-api-keystone+cachemanagement from /etc/glance/glance-api-paste.ini {{(pid=101573) load_paste_app /opt/stack/glance/glance/common/config.py:758}}
May 18 18:44:11.809670 np0000000983 devstack@g-api.service[101571]: DEBUG glance.common.config [None req-9cb4cf9b-fb54-4393-bfce-6319a8e057c9 None None] Loading glance-api-keystone+cachemanagement from /etc/glance/glance-api-paste.ini {{(pid=101571) load_paste_app /opt/stack/glance/glance/common/config.py:758}}
May 18 18:44:11.838011 np0000000983 devstack@g-api.service[101572]: DEBUG glance.common.config [None req-3f2e55fd-1b4a-4f11-8db4-791f5eff19a8 None None] Loading glance-api-keystone+cachemanagement from /etc/glance/glance-api-paste.ini {{(pid=101572) load_paste_app /opt/stack/glance/glance/common/config.py:758}}
May 18 18:44:12.322720 np0000000983 devstack@g-api.service[101573]: INFO glance.image_cache [None req-0854f873-1075-4055-9b0d-9ff34703a90a None None] Image cache loaded driver 'centralized_db'.
May 18 18:44:12.336915 np0000000983 devstack@g-api.service[101571]: INFO glance.image_cache [None req-9cb4cf9b-fb54-4393-bfce-6319a8e057c9 None None] Image cache loaded driver 'centralized_db'.
May 18 18:44:12.339433 np0000000983 devstack@g-api.service[101572]: INFO glance.image_cache [None req-3f2e55fd-1b4a-4f11-8db4-791f5eff19a8 None None] Image cache loaded driver 'centralized_db'.
May 18 18:44:12.365800 np0000000983 devstack@g-api.service[101573]: INFO dbcounter [None req-0854f873-1075-4055-9b0d-9ff34703a90a None None] Registered counter for database glance
May 18 18:44:12.377618 np0000000983 devstack@g-api.service[101573]: DEBUG oslo_db.sqlalchemy.engines [None req-0854f873-1075-4055-9b0d-9ff34703a90a None None] MySQL server mode set to STRICT_TRANS_TABLES,STRICT_ALL_TABLES,NO_ZERO_IN_DATE,NO_ZERO_DATE,ERROR_FOR_DIVISION_BY_ZERO,TRADITIONAL,NO_ENGINE_SUBSTITUTION {{(pid=101573) _check_effective_sql_mode /opt/stack/data/venv/lib/python3.12/site-packages/oslo_db/sqlalchemy/engines.py:325}}
May 18 18:44:12.379340 np0000000983 devstack@g-api.service[101572]: INFO dbcounter [None req-3f2e55fd-1b4a-4f11-8db4-791f5eff19a8 None None] Registered counter for database glance
May 18 18:44:12.380901 np0000000983 devstack@g-api.service[101571]: INFO dbcounter [None req-9cb4cf9b-fb54-4393-bfce-6319a8e057c9 None None] Registered counter for database glance
May 18 18:44:12.391306 np0000000983 devstack@g-api.service[101572]: DEBUG oslo_db.sqlalchemy.engines [None req-3f2e55fd-1b4a-4f11-8db4-791f5eff19a8 None None] MySQL server mode set to STRICT_TRANS_TABLES,STRICT_ALL_TABLES,NO_ZERO_IN_DATE,NO_ZERO_DATE,ERROR_FOR_DIVISION_BY_ZERO,TRADITIONAL,NO_ENGINE_SUBSTITUTION {{(pid=101572) _check_effective_sql_mode /opt/stack/data/venv/lib/python3.12/site-packages/oslo_db/sqlalchemy/engines.py:325}}
May 18 18:44:12.394298 np0000000983 devstack@g-api.service[101571]: DEBUG oslo_db.sqlalchemy.engines [None req-9cb4cf9b-fb54-4393-bfce-6319a8e057c9 None None] MySQL server mode set to STRICT_TRANS_TABLES,STRICT_ALL_TABLES,NO_ZERO_IN_DATE,NO_ZERO_DATE,ERROR_FOR_DIVISION_BY_ZERO,TRADITIONAL,NO_ENGINE_SUBSTITUTION {{(pid=101571) _check_effective_sql_mode /opt/stack/data/venv/lib/python3.12/site-packages/oslo_db/sqlalchemy/engines.py:325}}
May 18 18:44:12.397588 np0000000983 devstack@g-api.service[101573]: DEBUG dbcounter [-] [101573] Writer thread running {{(pid=101573) stat_writer /opt/stack/data/venv/lib/python3.12/site-packages/dbcounter.py:102}}
May 18 18:44:12.408221 np0000000983 devstack@g-api.service[101573]: INFO glance.image_cache [None req-0854f873-1075-4055-9b0d-9ff34703a90a None None] Image cache loaded driver 'centralized_db'.
May 18 18:44:12.410483 np0000000983 devstack@g-api.service[101572]: DEBUG dbcounter [-] [101572] Writer thread running {{(pid=101572) stat_writer /opt/stack/data/venv/lib/python3.12/site-packages/dbcounter.py:102}}
May 18 18:44:12.413621 np0000000983 devstack@g-api.service[101572]: DEBUG glance.image_cache.drivers.centralized_db [None req-3f2e55fd-1b4a-4f11-8db4-791f5eff19a8 None None] Node reference is already recorded, ignoring it {{(pid=101572) configure /opt/stack/glance/glance/image_cache/drivers/centralized_db.py:71}}
May 18 18:44:12.414273 np0000000983 devstack@g-api.service[101573]: DEBUG glance.image_cache.drivers.centralized_db [None req-0854f873-1075-4055-9b0d-9ff34703a90a None None] Node reference is already recorded, ignoring it {{(pid=101573) configure /opt/stack/glance/glance/image_cache/drivers/centralized_db.py:71}}
May 18 18:44:12.417642 np0000000983 devstack@g-api.service[101571]: DEBUG dbcounter [-] [101571] Writer thread running {{(pid=101571) stat_writer /opt/stack/data/venv/lib/python3.12/site-packages/dbcounter.py:102}}
May 18 18:44:12.418125 np0000000983 devstack@g-api.service[101572]: INFO glance.image_cache [None req-3f2e55fd-1b4a-4f11-8db4-791f5eff19a8 None None] Image cache loaded driver 'centralized_db'.
May 18 18:44:12.418633 np0000000983 devstack@g-api.service[101573]: DEBUG glance.api.v2.cached_images [None req-0854f873-1075-4055-9b0d-9ff34703a90a None None] Started cache worker thread {{(pid=101573) __init__ /opt/stack/glance/glance/api/v2/cached_images.py:69}}
May 18 18:44:12.419230 np0000000983 devstack@g-api.service[101573]: INFO glance.image_cache [None req-0854f873-1075-4055-9b0d-9ff34703a90a None None] Image cache loaded driver 'centralized_db'.
May 18 18:44:12.420140 np0000000983 devstack@g-api.service[101571]: DEBUG glance.image_cache.drivers.centralized_db [None req-9cb4cf9b-fb54-4393-bfce-6319a8e057c9 None None] Node reference is already recorded, ignoring it {{(pid=101571) configure /opt/stack/glance/glance/image_cache/drivers/centralized_db.py:71}}
May 18 18:44:12.424182 np0000000983 devstack@g-api.service[101572]: DEBUG glance.image_cache.drivers.centralized_db [None req-3f2e55fd-1b4a-4f11-8db4-791f5eff19a8 None None] Node reference is already recorded, ignoring it {{(pid=101572) configure /opt/stack/glance/glance/image_cache/drivers/centralized_db.py:71}}
May 18 18:44:12.424297 np0000000983 devstack@g-api.service[101573]: DEBUG glance.image_cache.drivers.centralized_db [None req-0854f873-1075-4055-9b0d-9ff34703a90a None None] Node reference is already recorded, ignoring it {{(pid=101573) configure /opt/stack/glance/glance/image_cache/drivers/centralized_db.py:71}}
May 18 18:44:12.425129 np0000000983 devstack@g-api.service[101571]: INFO glance.image_cache [None req-9cb4cf9b-fb54-4393-bfce-6319a8e057c9 None None] Image cache loaded driver 'centralized_db'.
May 18 18:44:12.428240 np0000000983 devstack@g-api.service[101572]: DEBUG glance.api.v2.cached_images [None req-3f2e55fd-1b4a-4f11-8db4-791f5eff19a8 None None] Started cache worker thread {{(pid=101572) __init__ /opt/stack/glance/glance/api/v2/cached_images.py:69}}
May 18 18:44:12.428354 np0000000983 devstack@g-api.service[101573]: INFO glance.api.middleware.cache_manage [None req-0854f873-1075-4055-9b0d-9ff34703a90a None None] Initialized image cache management middleware
May 18 18:44:12.428466 np0000000983 devstack@g-api.service[101573]: INFO glance.image_cache [None req-0854f873-1075-4055-9b0d-9ff34703a90a None None] Image cache loaded driver 'centralized_db'.
May 18 18:44:12.428746 np0000000983 devstack@g-api.service[101572]: INFO glance.image_cache [None req-3f2e55fd-1b4a-4f11-8db4-791f5eff19a8 None None] Image cache loaded driver 'centralized_db'.
May 18 18:44:12.431252 np0000000983 devstack@g-api.service[101571]: DEBUG glance.image_cache.drivers.centralized_db [None req-9cb4cf9b-fb54-4393-bfce-6319a8e057c9 None None] Node reference is already recorded, ignoring it {{(pid=101571) configure /opt/stack/glance/glance/image_cache/drivers/centralized_db.py:71}}
May 18 18:44:12.434114 np0000000983 devstack@g-api.service[101573]: DEBUG glance.image_cache.drivers.centralized_db [None req-0854f873-1075-4055-9b0d-9ff34703a90a None None] Node reference is already recorded, ignoring it {{(pid=101573) configure /opt/stack/glance/glance/image_cache/drivers/centralized_db.py:71}}
May 18 18:44:12.434246 np0000000983 devstack@g-api.service[101572]: DEBUG glance.image_cache.drivers.centralized_db [None req-3f2e55fd-1b4a-4f11-8db4-791f5eff19a8 None None] Node reference is already recorded, ignoring it {{(pid=101572) configure /opt/stack/glance/glance/image_cache/drivers/centralized_db.py:71}}
May 18 18:44:12.436045 np0000000983 devstack@g-api.service[101571]: DEBUG glance.api.v2.cached_images [None req-9cb4cf9b-fb54-4393-bfce-6319a8e057c9 None None] Started cache worker thread {{(pid=101571) __init__ /opt/stack/glance/glance/api/v2/cached_images.py:69}}
May 18 18:44:12.436619 np0000000983 devstack@g-api.service[101571]: INFO glance.image_cache [None req-9cb4cf9b-fb54-4393-bfce-6319a8e057c9 None None] Image cache loaded driver 'centralized_db'.
May 18 18:44:12.438507 np0000000983 devstack@g-api.service[101573]: INFO glance.api.middleware.cache [None req-0854f873-1075-4055-9b0d-9ff34703a90a None None] Initialized image cache middleware
May 18 18:44:12.439112 np0000000983 devstack@g-api.service[101572]: INFO glance.api.middleware.cache_manage [None req-3f2e55fd-1b4a-4f11-8db4-791f5eff19a8 None None] Initialized image cache management middleware
May 18 18:44:12.439254 np0000000983 devstack@g-api.service[101572]: INFO glance.image_cache [None req-3f2e55fd-1b4a-4f11-8db4-791f5eff19a8 None None] Image cache loaded driver 'centralized_db'.
May 18 18:44:12.442917 np0000000983 devstack@g-api.service[101571]: DEBUG glance.image_cache.drivers.centralized_db [None req-9cb4cf9b-fb54-4393-bfce-6319a8e057c9 None None] Node reference is already recorded, ignoring it {{(pid=101571) configure /opt/stack/glance/glance/image_cache/drivers/centralized_db.py:71}}
May 18 18:44:12.443696 np0000000983 devstack@g-api.service[101573]: WARNING keystonemiddleware.auth_token [None req-0854f873-1075-4055-9b0d-9ff34703a90a None None] AuthToken middleware is set with keystone_authtoken.service_token_roles_required set to False. This is backwards compatible but deprecated behaviour. Please set this to True.
May 18 18:44:12.444979 np0000000983 devstack@g-api.service[101572]: DEBUG glance.image_cache.drivers.centralized_db [None req-3f2e55fd-1b4a-4f11-8db4-791f5eff19a8 None None] Node reference is already recorded, ignoring it {{(pid=101572) configure /opt/stack/glance/glance/image_cache/drivers/centralized_db.py:71}}
May 18 18:44:12.447636 np0000000983 devstack@g-api.service[101571]: INFO glance.api.middleware.cache_manage [None req-9cb4cf9b-fb54-4393-bfce-6319a8e057c9 None None] Initialized image cache management middleware
May 18 18:44:12.447772 np0000000983 devstack@g-api.service[101571]: INFO glance.image_cache [None req-9cb4cf9b-fb54-4393-bfce-6319a8e057c9 None None] Image cache loaded driver 'centralized_db'.
May 18 18:44:12.448182 np0000000983 devstack@g-api.service[101572]: INFO glance.api.middleware.cache [None req-3f2e55fd-1b4a-4f11-8db4-791f5eff19a8 None None] Initialized image cache middleware
May 18 18:44:12.448980 np0000000983 devstack@g-api.service[101573]: DEBUG glance.common.config [None req-0854f873-1075-4055-9b0d-9ff34703a90a None None] ******************************************************************************** {{(pid=101573) log_opt_values /opt/stack/data/venv/lib/python3.12/site-packages/oslo_config/cfg.py:2979}}
May 18 18:44:12.449064 np0000000983 devstack@g-api.service[101573]: DEBUG glance.common.config [None req-0854f873-1075-4055-9b0d-9ff34703a90a None None] Configuration options gathered from: {{(pid=101573) log_opt_values /opt/stack/data/venv/lib/python3.12/site-packages/oslo_config/cfg.py:2980}}
May 18 18:44:12.449330 np0000000983 devstack@g-api.service[101573]: DEBUG glance.common.config [None req-0854f873-1075-4055-9b0d-9ff34703a90a None None] command line args: [] {{(pid=101573) log_opt_values /opt/stack/data/venv/lib/python3.12/site-packages/oslo_config/cfg.py:2981}}
May 18 18:44:12.449459 np0000000983 devstack@g-api.service[101573]: DEBUG glance.common.config [None req-0854f873-1075-4055-9b0d-9ff34703a90a None None] config files: ['/etc/glance/glance-image-import.conf', '/etc/glance/glance-api.conf'] {{(pid=101573) log_opt_values /opt/stack/data/venv/lib/python3.12/site-packages/oslo_config/cfg.py:2982}}
May 18 18:44:12.449536 np0000000983 devstack@g-api.service[101573]: DEBUG glance.common.config [None req-0854f873-1075-4055-9b0d-9ff34703a90a None None] ================================================================================ {{(pid=101573) log_opt_values /opt/stack/data/venv/lib/python3.12/site-packages/oslo_config/cfg.py:2987}}
May 18 18:44:12.449645 np0000000983 devstack@g-api.service[101573]: DEBUG glance.common.config [None req-0854f873-1075-4055-9b0d-9ff34703a90a None None] allow_anonymous_access = False {{(pid=101573) log_opt_values /opt/stack/data/venv/lib/python3.12/site-packages/oslo_config/cfg.py:2995}}
May 18 18:44:12.449734 np0000000983 devstack@g-api.service[101573]: DEBUG glance.common.config [None req-0854f873-1075-4055-9b0d-9ff34703a90a None None] api_limit_max = 1000 {{(pid=101573) log_opt_values /opt/stack/data/venv/lib/python3.12/site-packages/oslo_config/cfg.py:2995}}
May 18 18:44:12.449834 np0000000983 devstack@g-api.service[101573]: DEBUG glance.common.config [None req-0854f873-1075-4055-9b0d-9ff34703a90a None None] backlog = 4096 {{(pid=101573) log_opt_values /opt/stack/data/venv/lib/python3.12/site-packages/oslo_config/cfg.py:2995}}
May 18 18:44:12.449945 np0000000983 devstack@g-api.service[101573]: DEBUG glance.common.config [None req-0854f873-1075-4055-9b0d-9ff34703a90a None None] bind_host = 0.0.0.0 {{(pid=101573) log_opt_values /opt/stack/data/venv/lib/python3.12/site-packages/oslo_config/cfg.py:2995}}
May 18 18:44:12.450047 np0000000983 devstack@g-api.service[101573]: DEBUG glance.common.config [None req-0854f873-1075-4055-9b0d-9ff34703a90a None None] bind_port = 19292 {{(pid=101573) log_opt_values /opt/stack/data/venv/lib/python3.12/site-packages/oslo_config/cfg.py:2995}}
May 18 18:44:12.450137 np0000000983 devstack@g-api.service[101573]: DEBUG glance.common.config [None req-0854f873-1075-4055-9b0d-9ff34703a90a None None] client_socket_timeout = 900 {{(pid=101573) log_opt_values /opt/stack/data/venv/lib/python3.12/site-packages/oslo_config/cfg.py:2995}}
May 18 18:44:12.450243 np0000000983 devstack@g-api.service[101573]: DEBUG glance.common.config [None req-0854f873-1075-4055-9b0d-9ff34703a90a None None] config_dir = [] {{(pid=101573) log_opt_values /opt/stack/data/venv/lib/python3.12/site-packages/oslo_config/cfg.py:2995}}
May 18 18:44:12.450356 np0000000983 devstack@g-api.service[101573]: DEBUG glance.common.config [None req-0854f873-1075-4055-9b0d-9ff34703a90a None None] config_file = ['/etc/glance/glance-image-import.conf', '/etc/glance/glance-api.conf'] {{(pid=101573) log_opt_values /opt/stack/data/venv/lib/python3.12/site-packages/oslo_config/cfg.py:2995}}
May 18 18:44:12.450484 np0000000983 devstack@g-api.service[101573]: DEBUG glance.common.config [None req-0854f873-1075-4055-9b0d-9ff34703a90a None None] config_source = [] {{(pid=101573) log_opt_values /opt/stack/data/venv/lib/python3.12/site-packages/oslo_config/cfg.py:2995}}
May 18 18:44:12.450589 np0000000983 devstack@g-api.service[101573]: DEBUG glance.common.config [None req-0854f873-1075-4055-9b0d-9ff34703a90a None None] control_exchange = glance {{(pid=101573) log_opt_values /opt/stack/data/venv/lib/python3.12/site-packages/oslo_config/cfg.py:2995}}
May 18 18:44:12.450659 np0000000983 devstack@g-api.service[101573]: DEBUG glance.common.config [None req-0854f873-1075-4055-9b0d-9ff34703a90a None None] debug = True {{(pid=101573) log_opt_values /opt/stack/data/venv/lib/python3.12/site-packages/oslo_config/cfg.py:2995}}
May 18 18:44:12.450805 np0000000983 devstack@g-api.service[101573]: DEBUG glance.common.config [None req-0854f873-1075-4055-9b0d-9ff34703a90a None None] default_log_levels = ['amqp=WARN', 'boto=WARN', 'sqlalchemy=WARN', 'suds=INFO', 'oslo.messaging=INFO', 'oslo_messaging=INFO', 'iso8601=WARN', 'requests.packages.urllib3.connectionpool=WARN', 'urllib3.connectionpool=WARN', 'websocket=WARN', 'requests.packages.urllib3.util.retry=WARN', 'urllib3.util.retry=WARN', 'keystonemiddleware=WARN', 'routes.middleware=WARN', 'stevedore=WARN', 'taskflow=WARN', 'keystoneauth=WARN', 'oslo.cache=INFO', 'oslo_policy=INFO', 'dogpile.core.dogpile=INFO'] {{(pid=101573) log_opt_values /opt/stack/data/venv/lib/python3.12/site-packages/oslo_config/cfg.py:2995}}
May 18 18:44:12.450884 np0000000983 devstack@g-api.service[101573]: DEBUG glance.common.config [None req-0854f873-1075-4055-9b0d-9ff34703a90a None None] default_publisher_id = image.localhost {{(pid=101573) log_opt_values /opt/stack/data/venv/lib/python3.12/site-packages/oslo_config/cfg.py:2995}}
May 18 18:44:12.450980 np0000000983 devstack@g-api.service[101573]: DEBUG glance.common.config [None req-0854f873-1075-4055-9b0d-9ff34703a90a None None] delayed_delete = False {{(pid=101573) log_opt_values /opt/stack/data/venv/lib/python3.12/site-packages/oslo_config/cfg.py:2995}}
May 18 18:44:12.451070 np0000000983 devstack@g-api.service[101573]: DEBUG glance.common.config [None req-0854f873-1075-4055-9b0d-9ff34703a90a None None] digest_algorithm = sha256 {{(pid=101573) log_opt_values /opt/stack/data/venv/lib/python3.12/site-packages/oslo_config/cfg.py:2995}}
May 18 18:44:12.451159 np0000000983 devstack@g-api.service[101573]: DEBUG glance.common.config [None req-0854f873-1075-4055-9b0d-9ff34703a90a None None] disabled_notifications = [] {{(pid=101573) log_opt_values /opt/stack/data/venv/lib/python3.12/site-packages/oslo_config/cfg.py:2995}}
May 18 18:44:12.451252 np0000000983 devstack@g-api.service[101573]: DEBUG glance.common.config [None req-0854f873-1075-4055-9b0d-9ff34703a90a None None] do_secure_hash = True {{(pid=101573) log_opt_values /opt/stack/data/venv/lib/python3.12/site-packages/oslo_config/cfg.py:2995}}
May 18 18:44:12.451338 np0000000983 devstack@g-api.service[101573]: DEBUG glance.common.config [None req-0854f873-1075-4055-9b0d-9ff34703a90a None None] enabled_backends = None {{(pid=101573) log_opt_values /opt/stack/data/venv/lib/python3.12/site-packages/oslo_config/cfg.py:2995}}
May 18 18:44:12.451457 np0000000983 devstack@g-api.service[101573]: DEBUG glance.common.config [None req-0854f873-1075-4055-9b0d-9ff34703a90a None None] enabled_import_methods = ['glance-direct', 'web-download', 'copy-image'] {{(pid=101573) log_opt_values /opt/stack/data/venv/lib/python3.12/site-packages/oslo_config/cfg.py:2995}}
May 18 18:44:12.451546 np0000000983 devstack@g-api.service[101573]: DEBUG glance.common.config [None req-0854f873-1075-4055-9b0d-9ff34703a90a None None] fatal_deprecations = False {{(pid=101573) log_opt_values /opt/stack/data/venv/lib/python3.12/site-packages/oslo_config/cfg.py:2995}}
May 18 18:44:12.451638 np0000000983 devstack@g-api.service[101573]: DEBUG glance.common.config [None req-0854f873-1075-4055-9b0d-9ff34703a90a None None] hashing_algorithm = sha512 {{(pid=101573) log_opt_values /opt/stack/data/venv/lib/python3.12/site-packages/oslo_config/cfg.py:2995}}
May 18 18:44:12.451724 np0000000983 devstack@g-api.service[101573]: DEBUG glance.common.config [None req-0854f873-1075-4055-9b0d-9ff34703a90a None None] http_keepalive = True {{(pid=101573) log_opt_values /opt/stack/data/venv/lib/python3.12/site-packages/oslo_config/cfg.py:2995}}
May 18 18:44:12.451808 np0000000983 devstack@g-api.service[101573]: DEBUG glance.common.config [None req-0854f873-1075-4055-9b0d-9ff34703a90a None None] http_retries = 3 {{(pid=101573) log_opt_values /opt/stack/data/venv/lib/python3.12/site-packages/oslo_config/cfg.py:2995}}
May 18 18:44:12.451899 np0000000983 devstack@g-api.service[101573]: DEBUG glance.common.config [None req-0854f873-1075-4055-9b0d-9ff34703a90a None None] image_cache_dir = /opt/stack/data/glance/cache/ {{(pid=101573) log_opt_values /opt/stack/data/venv/lib/python3.12/site-packages/oslo_config/cfg.py:2995}}
May 18 18:44:12.451988 np0000000983 devstack@g-api.service[101573]: DEBUG glance.common.config [None req-0854f873-1075-4055-9b0d-9ff34703a90a None None] image_cache_driver = centralized_db {{(pid=101573) log_opt_values /opt/stack/data/venv/lib/python3.12/site-packages/oslo_config/cfg.py:2995}}
May 18 18:44:12.452077 np0000000983 devstack@g-api.service[101573]: DEBUG glance.common.config [None req-0854f873-1075-4055-9b0d-9ff34703a90a None None] image_cache_max_size = 10737418240 {{(pid=101573) log_opt_values /opt/stack/data/venv/lib/python3.12/site-packages/oslo_config/cfg.py:2995}}
May 18 18:44:12.452171 np0000000983 devstack@g-api.service[101573]: DEBUG glance.common.config [None req-0854f873-1075-4055-9b0d-9ff34703a90a None None] image_cache_sqlite_db = cache.db {{(pid=101573) log_opt_values /opt/stack/data/venv/lib/python3.12/site-packages/oslo_config/cfg.py:2995}}
May 18 18:44:12.452271 np0000000983 devstack@g-api.service[101573]: DEBUG glance.common.config [None req-0854f873-1075-4055-9b0d-9ff34703a90a None None] image_cache_stall_time = 86400 {{(pid=101573) log_opt_values /opt/stack/data/venv/lib/python3.12/site-packages/oslo_config/cfg.py:2995}}
May 18 18:44:12.452409 np0000000983 devstack@g-api.service[101573]: DEBUG glance.common.config [None req-0854f873-1075-4055-9b0d-9ff34703a90a None None] image_location_quota = 10 {{(pid=101573) log_opt_values /opt/stack/data/venv/lib/python3.12/site-packages/oslo_config/cfg.py:2995}}
May 18 18:44:12.452525 np0000000983 devstack@g-api.service[101573]: DEBUG glance.common.config [None req-0854f873-1075-4055-9b0d-9ff34703a90a None None] image_member_quota = 128 {{(pid=101573) log_opt_values /opt/stack/data/venv/lib/python3.12/site-packages/oslo_config/cfg.py:2995}}
May 18 18:44:12.452614 np0000000983 devstack@g-api.service[101573]: DEBUG glance.common.config [None req-0854f873-1075-4055-9b0d-9ff34703a90a None None] image_property_quota = 128 {{(pid=101573) log_opt_values /opt/stack/data/venv/lib/python3.12/site-packages/oslo_config/cfg.py:2995}}
May 18 18:44:12.452703 np0000000983 devstack@g-api.service[101573]: DEBUG glance.common.config [None req-0854f873-1075-4055-9b0d-9ff34703a90a None None] image_size_cap = 1099511627776 {{(pid=101573) log_opt_values /opt/stack/data/venv/lib/python3.12/site-packages/oslo_config/cfg.py:2995}}
May 18 18:44:12.452787 np0000000983 devstack@g-api.service[101573]: DEBUG glance.common.config [None req-0854f873-1075-4055-9b0d-9ff34703a90a None None] image_tag_quota = 128 {{(pid=101573) log_opt_values /opt/stack/data/venv/lib/python3.12/site-packages/oslo_config/cfg.py:2995}}
May 18 18:44:12.452874 np0000000983 devstack@g-api.service[101573]: DEBUG glance.common.config [None req-0854f873-1075-4055-9b0d-9ff34703a90a None None] instance_format = [instance: %(uuid)s] {{(pid=101573) log_opt_values /opt/stack/data/venv/lib/python3.12/site-packages/oslo_config/cfg.py:2995}}
May 18 18:44:12.452965 np0000000983 devstack@g-api.service[101573]: DEBUG glance.common.config [None req-0854f873-1075-4055-9b0d-9ff34703a90a None None] instance_uuid_format = [instance: %(uuid)s] {{(pid=101573) log_opt_values /opt/stack/data/venv/lib/python3.12/site-packages/oslo_config/cfg.py:2995}}
May 18 18:44:12.453003 np0000000983 devstack@g-api.service[101572]: WARNING keystonemiddleware.auth_token [None req-3f2e55fd-1b4a-4f11-8db4-791f5eff19a8 None None] AuthToken middleware is set with keystone_authtoken.service_token_roles_required set to False. This is backwards compatible but deprecated behaviour. Please set this to True.
May 18 18:44:12.453049 np0000000983 devstack@g-api.service[101573]: DEBUG glance.common.config [None req-0854f873-1075-4055-9b0d-9ff34703a90a None None] limit_param_default = 25 {{(pid=101573) log_opt_values /opt/stack/data/venv/lib/python3.12/site-packages/oslo_config/cfg.py:2995}}
May 18 18:44:12.453140 np0000000983 devstack@g-api.service[101573]: DEBUG glance.common.config [None req-0854f873-1075-4055-9b0d-9ff34703a90a None None] log_color = False {{(pid=101573) log_opt_values /opt/stack/data/venv/lib/python3.12/site-packages/oslo_config/cfg.py:2995}}
May 18 18:44:12.453243 np0000000983 devstack@g-api.service[101573]: DEBUG glance.common.config [None req-0854f873-1075-4055-9b0d-9ff34703a90a None None] log_config_append = None {{(pid=101573) log_opt_values /opt/stack/data/venv/lib/python3.12/site-packages/oslo_config/cfg.py:2995}}
May 18 18:44:12.453337 np0000000983 devstack@g-api.service[101573]: DEBUG glance.common.config [None req-0854f873-1075-4055-9b0d-9ff34703a90a None None] log_date_format = %Y-%m-%d %H:%M:%S {{(pid=101573) log_opt_values /opt/stack/data/venv/lib/python3.12/site-packages/oslo_config/cfg.py:2995}}
May 18 18:44:12.453440 np0000000983 devstack@g-api.service[101573]: DEBUG glance.common.config [None req-0854f873-1075-4055-9b0d-9ff34703a90a None None] log_dir = None {{(pid=101573) log_opt_values /opt/stack/data/venv/lib/python3.12/site-packages/oslo_config/cfg.py:2995}}
May 18 18:44:12.453528 np0000000983 devstack@g-api.service[101573]: DEBUG glance.common.config [None req-0854f873-1075-4055-9b0d-9ff34703a90a None None] log_file = None {{(pid=101573) log_opt_values /opt/stack/data/venv/lib/python3.12/site-packages/oslo_config/cfg.py:2995}}
May 18 18:44:12.453801 np0000000983 devstack@g-api.service[101573]: DEBUG glance.common.config [None req-0854f873-1075-4055-9b0d-9ff34703a90a None None] log_rotate_interval = 1 {{(pid=101573) log_opt_values /opt/stack/data/venv/lib/python3.12/site-packages/oslo_config/cfg.py:2995}}
May 18 18:44:12.453801 np0000000983 devstack@g-api.service[101573]: DEBUG glance.common.config [None req-0854f873-1075-4055-9b0d-9ff34703a90a None None] log_rotate_interval_type = days {{(pid=101573) log_opt_values /opt/stack/data/venv/lib/python3.12/site-packages/oslo_config/cfg.py:2995}}
May 18 18:44:12.453801 np0000000983 devstack@g-api.service[101573]: DEBUG glance.common.config [None req-0854f873-1075-4055-9b0d-9ff34703a90a None None] log_rotation_type = none {{(pid=101573) log_opt_values /opt/stack/data/venv/lib/python3.12/site-packages/oslo_config/cfg.py:2995}}
May 18 18:44:12.453930 np0000000983 devstack@g-api.service[101573]: DEBUG glance.common.config [None req-0854f873-1075-4055-9b0d-9ff34703a90a None None] logging_context_format_string = %(color)s%(levelname)s %(name)s [%(global_request_id)s %(request_id)s %(project_name)s %(user_name)s%(color)s] %(instance)s%(color)s%(message)s {{(pid=101573) log_opt_values /opt/stack/data/venv/lib/python3.12/site-packages/oslo_config/cfg.py:2995}}
May 18 18:44:12.453930 np0000000983 devstack@g-api.service[101573]: DEBUG glance.common.config [None req-0854f873-1075-4055-9b0d-9ff34703a90a None None] logging_debug_format_suffix = {{(pid=%(process)d) %(funcName)s %(pathname)s:%(lineno)d}} {{(pid=101573) log_opt_values /opt/stack/data/venv/lib/python3.12/site-packages/oslo_config/cfg.py:2995}}
May 18 18:44:12.453985 np0000000983 devstack@g-api.service[101573]: DEBUG glance.common.config [None req-0854f873-1075-4055-9b0d-9ff34703a90a None None] logging_default_format_string = %(color)s%(levelname)s %(name)s [-%(color)s] %(instance)s%(color)s%(message)s {{(pid=101573) log_opt_values /opt/stack/data/venv/lib/python3.12/site-packages/oslo_config/cfg.py:2995}}
May 18 18:44:12.454079 np0000000983 devstack@g-api.service[101573]: DEBUG glance.common.config [None req-0854f873-1075-4055-9b0d-9ff34703a90a None None] logging_exception_prefix = ERROR %(name)s %(instance)s {{(pid=101573) log_opt_values /opt/stack/data/venv/lib/python3.12/site-packages/oslo_config/cfg.py:2995}}
May 18 18:44:12.454146 np0000000983 devstack@g-api.service[101573]: DEBUG glance.common.config [None req-0854f873-1075-4055-9b0d-9ff34703a90a None None] logging_user_identity_format = %(user)s %(project)s %(domain)s %(system_scope)s %(user_domain)s %(project_domain)s {{(pid=101573) log_opt_values /opt/stack/data/venv/lib/python3.12/site-packages/oslo_config/cfg.py:2995}}
May 18 18:44:12.454253 np0000000983 devstack@g-api.service[101573]: DEBUG glance.common.config [None req-0854f873-1075-4055-9b0d-9ff34703a90a None None] max_header_line = 16384 {{(pid=101573) log_opt_values /opt/stack/data/venv/lib/python3.12/site-packages/oslo_config/cfg.py:2995}}
May 18 18:44:12.454384 np0000000983 devstack@g-api.service[101573]: DEBUG glance.common.config [None req-0854f873-1075-4055-9b0d-9ff34703a90a None None] max_logfile_count = 30 {{(pid=101573) log_opt_values /opt/stack/data/venv/lib/python3.12/site-packages/oslo_config/cfg.py:2995}}
May 18 18:44:12.454512 np0000000983 devstack@g-api.service[101573]: DEBUG glance.common.config [None req-0854f873-1075-4055-9b0d-9ff34703a90a None None] max_logfile_size_mb = 200 {{(pid=101573) log_opt_values /opt/stack/data/venv/lib/python3.12/site-packages/oslo_config/cfg.py:2995}}
May 18 18:44:12.454597 np0000000983 devstack@g-api.service[101573]: DEBUG glance.common.config [None req-0854f873-1075-4055-9b0d-9ff34703a90a None None] max_request_id_length = 64 {{(pid=101573) log_opt_values /opt/stack/data/venv/lib/python3.12/site-packages/oslo_config/cfg.py:2995}}
May 18 18:44:12.454687 np0000000983 devstack@g-api.service[101573]: DEBUG glance.common.config [None req-0854f873-1075-4055-9b0d-9ff34703a90a None None] metadata_encryption_key = **** {{(pid=101573) log_opt_values /opt/stack/data/venv/lib/python3.12/site-packages/oslo_config/cfg.py:2995}}
May 18 18:44:12.454776 np0000000983 devstack@g-api.service[101573]: DEBUG glance.common.config [None req-0854f873-1075-4055-9b0d-9ff34703a90a None None] node_staging_uri = file:///tmp/staging/ {{(pid=101573) log_opt_values /opt/stack/data/venv/lib/python3.12/site-packages/oslo_config/cfg.py:2995}}
May 18 18:44:12.454861 np0000000983 devstack@g-api.service[101573]: DEBUG glance.common.config [None req-0854f873-1075-4055-9b0d-9ff34703a90a None None] property_protection_file = None {{(pid=101573) log_opt_values /opt/stack/data/venv/lib/python3.12/site-packages/oslo_config/cfg.py:2995}}
May 18 18:44:12.454951 np0000000983 devstack@g-api.service[101573]: DEBUG glance.common.config [None req-0854f873-1075-4055-9b0d-9ff34703a90a None None] property_protection_rule_format = roles {{(pid=101573) log_opt_values /opt/stack/data/venv/lib/python3.12/site-packages/oslo_config/cfg.py:2995}}
May 18 18:44:12.455042 np0000000983 devstack@g-api.service[101573]: DEBUG glance.common.config [None req-0854f873-1075-4055-9b0d-9ff34703a90a None None] public_endpoint = https://10.4.3.166/image {{(pid=101573) log_opt_values /opt/stack/data/venv/lib/python3.12/site-packages/oslo_config/cfg.py:2995}}
May 18 18:44:12.455130 np0000000983 devstack@g-api.service[101573]: DEBUG glance.common.config [None req-0854f873-1075-4055-9b0d-9ff34703a90a None None] publish_errors = False {{(pid=101573) log_opt_values /opt/stack/data/venv/lib/python3.12/site-packages/oslo_config/cfg.py:2995}}
May 18 18:44:12.455224 np0000000983 devstack@g-api.service[101573]: DEBUG glance.common.config [None req-0854f873-1075-4055-9b0d-9ff34703a90a None None] pydev_worker_debug_host = None {{(pid=101573) log_opt_values /opt/stack/data/venv/lib/python3.12/site-packages/oslo_config/cfg.py:2995}}
May 18 18:44:12.455313 np0000000983 devstack@g-api.service[101573]: DEBUG glance.common.config [None req-0854f873-1075-4055-9b0d-9ff34703a90a None None] pydev_worker_debug_port = 5678 {{(pid=101573) log_opt_values /opt/stack/data/venv/lib/python3.12/site-packages/oslo_config/cfg.py:2995}}
May 18 18:44:12.455417 np0000000983 devstack@g-api.service[101573]: DEBUG glance.common.config [None req-0854f873-1075-4055-9b0d-9ff34703a90a None None] rate_limit_burst = 0 {{(pid=101573) log_opt_values /opt/stack/data/venv/lib/python3.12/site-packages/oslo_config/cfg.py:2995}}
May 18 18:44:12.455456 np0000000983 devstack@g-api.service[101571]: DEBUG glance.image_cache.drivers.centralized_db [None req-9cb4cf9b-fb54-4393-bfce-6319a8e057c9 None None] Node reference is already recorded, ignoring it {{(pid=101571) configure /opt/stack/glance/glance/image_cache/drivers/centralized_db.py:71}}
May 18 18:44:12.455509 np0000000983 devstack@g-api.service[101573]: DEBUG glance.common.config [None req-0854f873-1075-4055-9b0d-9ff34703a90a None None] rate_limit_except_level = CRITICAL {{(pid=101573) log_opt_values /opt/stack/data/venv/lib/python3.12/site-packages/oslo_config/cfg.py:2995}}
May 18 18:44:12.455594 np0000000983 devstack@g-api.service[101573]: DEBUG glance.common.config [None req-0854f873-1075-4055-9b0d-9ff34703a90a None None] rate_limit_interval = 0 {{(pid=101573) log_opt_values /opt/stack/data/venv/lib/python3.12/site-packages/oslo_config/cfg.py:2995}}
May 18 18:44:12.455679 np0000000983 devstack@g-api.service[101573]: DEBUG glance.common.config [None req-0854f873-1075-4055-9b0d-9ff34703a90a None None] scrub_pool_size = 1 {{(pid=101573) log_opt_values /opt/stack/data/venv/lib/python3.12/site-packages/oslo_config/cfg.py:2995}}
May 18 18:44:12.455765 np0000000983 devstack@g-api.service[101573]: DEBUG glance.common.config [None req-0854f873-1075-4055-9b0d-9ff34703a90a None None] scrub_time = 0 {{(pid=101573) log_opt_values /opt/stack/data/venv/lib/python3.12/site-packages/oslo_config/cfg.py:2995}}
May 18 18:44:12.455847 np0000000983 devstack@g-api.service[101573]: DEBUG glance.common.config [None req-0854f873-1075-4055-9b0d-9ff34703a90a None None] shell_completion = None {{(pid=101573) log_opt_values /opt/stack/data/venv/lib/python3.12/site-packages/oslo_config/cfg.py:2995}}
May 18 18:44:12.455939 np0000000983 devstack@g-api.service[101573]: DEBUG glance.common.config [None req-0854f873-1075-4055-9b0d-9ff34703a90a None None] show_image_direct_url = False {{(pid=101573) log_opt_values /opt/stack/data/venv/lib/python3.12/site-packages/oslo_config/cfg.py:2995}}
May 18 18:44:12.456136 np0000000983 devstack@g-api.service[101573]: WARNING oslo_config.cfg [None req-0854f873-1075-4055-9b0d-9ff34703a90a None None] Deprecated: Option "show_multiple_locations" from group "DEFAULT" is deprecated for removal (Use of this option, deprecated since Newton, is a security risk and will be removed once we figure out a way to satisfy those use cases that currently require it. An earlier announcement that the same functionality can be achieved with greater granularity by using policies is incorrect. You cannot work around this option via policy configuration at the present time, though that is the direction we believe the fix will take. Please keep an eye on the Glance release notes to stay up to date on progress in addressing this issue.). Its value may be silently ignored in the future.
May 18 18:44:12.456244 np0000000983 devstack@g-api.service[101573]: DEBUG glance.common.config [None req-0854f873-1075-4055-9b0d-9ff34703a90a None None] show_multiple_locations = False {{(pid=101573) log_opt_values /opt/stack/data/venv/lib/python3.12/site-packages/oslo_config/cfg.py:2995}}
May 18 18:44:12.456363 np0000000983 devstack@g-api.service[101573]: DEBUG glance.common.config [None req-0854f873-1075-4055-9b0d-9ff34703a90a None None] syslog_log_facility = LOG_USER {{(pid=101573) log_opt_values /opt/stack/data/venv/lib/python3.12/site-packages/oslo_config/cfg.py:2995}}
May 18 18:44:12.456488 np0000000983 devstack@g-api.service[101573]: DEBUG glance.common.config [None req-0854f873-1075-4055-9b0d-9ff34703a90a None None] tcp_keepidle = 600 {{(pid=101573) log_opt_values /opt/stack/data/venv/lib/python3.12/site-packages/oslo_config/cfg.py:2995}}
May 18 18:44:12.456584 np0000000983 devstack@g-api.service[101573]: DEBUG glance.common.config [None req-0854f873-1075-4055-9b0d-9ff34703a90a None None] transport_url = **** {{(pid=101573) log_opt_values /opt/stack/data/venv/lib/python3.12/site-packages/oslo_config/cfg.py:2995}}
May 18 18:44:12.456672 np0000000983 devstack@g-api.service[101573]: DEBUG glance.common.config [None req-0854f873-1075-4055-9b0d-9ff34703a90a None None] use_journal = False {{(pid=101573) log_opt_values /opt/stack/data/venv/lib/python3.12/site-packages/oslo_config/cfg.py:2995}}
May 18 18:44:12.456759 np0000000983 devstack@g-api.service[101573]: DEBUG glance.common.config [None req-0854f873-1075-4055-9b0d-9ff34703a90a None None] use_json = False {{(pid=101573) log_opt_values /opt/stack/data/venv/lib/python3.12/site-packages/oslo_config/cfg.py:2995}}
May 18 18:44:12.456848 np0000000983 devstack@g-api.service[101573]: DEBUG glance.common.config [None req-0854f873-1075-4055-9b0d-9ff34703a90a None None] use_keystone_limits = True {{(pid=101573) log_opt_values /opt/stack/data/venv/lib/python3.12/site-packages/oslo_config/cfg.py:2995}}
May 18 18:44:12.456933 np0000000983 devstack@g-api.service[101573]: DEBUG glance.common.config [None req-0854f873-1075-4055-9b0d-9ff34703a90a None None] use_stderr = False {{(pid=101573) log_opt_values /opt/stack/data/venv/lib/python3.12/site-packages/oslo_config/cfg.py:2995}}
May 18 18:44:12.457023 np0000000983 devstack@g-api.service[101573]: DEBUG glance.common.config [None req-0854f873-1075-4055-9b0d-9ff34703a90a None None] use_syslog = False {{(pid=101573) log_opt_values /opt/stack/data/venv/lib/python3.12/site-packages/oslo_config/cfg.py:2995}}
May 18 18:44:12.457109 np0000000983 devstack@g-api.service[101573]: DEBUG glance.common.config [None req-0854f873-1075-4055-9b0d-9ff34703a90a None None] user_storage_quota = 0 {{(pid=101573) log_opt_values /opt/stack/data/venv/lib/python3.12/site-packages/oslo_config/cfg.py:2995}}
May 18 18:44:12.457200 np0000000983 devstack@g-api.service[101573]: DEBUG glance.common.config [None req-0854f873-1075-4055-9b0d-9ff34703a90a None None] worker_self_reference_url = http://127.0.0.1:60999 {{(pid=101573) log_opt_values /opt/stack/data/venv/lib/python3.12/site-packages/oslo_config/cfg.py:2995}}
May 18 18:44:12.457295 np0000000983 devstack@g-api.service[101573]: DEBUG glance.common.config [None req-0854f873-1075-4055-9b0d-9ff34703a90a None None] workers = None {{(pid=101573) log_opt_values /opt/stack/data/venv/lib/python3.12/site-packages/oslo_config/cfg.py:2995}}
May 18 18:44:12.457413 np0000000983 devstack@g-api.service[101573]: DEBUG glance.common.config [None req-0854f873-1075-4055-9b0d-9ff34703a90a None None] oslo_concurrency.disable_process_locking = False {{(pid=101573) log_opt_values /opt/stack/data/venv/lib/python3.12/site-packages/oslo_config/cfg.py:3006}}
May 18 18:44:12.457510 np0000000983 devstack@g-api.service[101573]: DEBUG glance.common.config [None req-0854f873-1075-4055-9b0d-9ff34703a90a None None] oslo_concurrency.lock_path = /opt/stack/data/glance/locks {{(pid=101573) log_opt_values /opt/stack/data/venv/lib/python3.12/site-packages/oslo_config/cfg.py:3006}}
May 18 18:44:12.457605 np0000000983 devstack@g-api.service[101573]: DEBUG glance.common.config [None req-0854f873-1075-4055-9b0d-9ff34703a90a None None] oslo_middleware.enable_proxy_headers_parsing = False {{(pid=101573) log_opt_values /opt/stack/data/venv/lib/python3.12/site-packages/oslo_config/cfg.py:3006}}
May 18 18:44:12.457702 np0000000983 devstack@g-api.service[101573]: DEBUG glance.common.config [None req-0854f873-1075-4055-9b0d-9ff34703a90a None None] oslo_middleware.http_basic_auth_user_file = /etc/htpasswd {{(pid=101573) log_opt_values /opt/stack/data/venv/lib/python3.12/site-packages/oslo_config/cfg.py:3006}}
May 18 18:44:12.457793 np0000000983 devstack@g-api.service[101573]: DEBUG glance.common.config [None req-0854f873-1075-4055-9b0d-9ff34703a90a None None] paste_deploy.config_file = None {{(pid=101573) log_opt_values /opt/stack/data/venv/lib/python3.12/site-packages/oslo_config/cfg.py:3006}}
May 18 18:44:12.457884 np0000000983 devstack@g-api.service[101573]: DEBUG glance.common.config [None req-0854f873-1075-4055-9b0d-9ff34703a90a None None] paste_deploy.flavor = keystone+cachemanagement {{(pid=101573) log_opt_values /opt/stack/data/venv/lib/python3.12/site-packages/oslo_config/cfg.py:3006}}
May 18 18:44:12.458004 np0000000983 devstack@g-api.service[101573]: DEBUG glance.common.config [None req-0854f873-1075-4055-9b0d-9ff34703a90a None None] image_format.container_formats = ['ami', 'ari', 'aki', 'bare', 'ovf', 'ova', 'docker', 'compressed'] {{(pid=101573) log_opt_values /opt/stack/data/venv/lib/python3.12/site-packages/oslo_config/cfg.py:3006}}
May 18 18:44:12.458122 np0000000983 devstack@g-api.service[101573]: DEBUG glance.common.config [None req-0854f873-1075-4055-9b0d-9ff34703a90a None None] image_format.disk_formats = ['ami', 'ari', 'aki', 'vhd', 'vhdx', 'vmdk', 'raw', 'qcow2', 'vdi', 'iso', 'ploop'] {{(pid=101573) log_opt_values /opt/stack/data/venv/lib/python3.12/site-packages/oslo_config/cfg.py:3006}}
May 18 18:44:12.458237 np0000000983 devstack@g-api.service[101573]: DEBUG glance.common.config [None req-0854f873-1075-4055-9b0d-9ff34703a90a None None] image_format.gpt_safety_checks_nonfatal = [] {{(pid=101573) log_opt_values /opt/stack/data/venv/lib/python3.12/site-packages/oslo_config/cfg.py:3006}}
May 18 18:44:12.458356 np0000000983 devstack@g-api.service[101573]: DEBUG glance.common.config [None req-0854f873-1075-4055-9b0d-9ff34703a90a None None] image_format.require_image_format_match = True {{(pid=101573) log_opt_values /opt/stack/data/venv/lib/python3.12/site-packages/oslo_config/cfg.py:3006}}
