May 18 18:43:50.388575 np0000000983 nova-scheduler[95285]: DEBUG cotyledon.oslo_config_glue [-] oslo_messaging_notifications.retry = -1 {{(pid=95285) log_opt_values /opt/stack/data/venv/lib/python3.12/site-packages/oslo_config/cfg.py:3006}}
May 18 18:43:50.388655 np0000000983 nova-scheduler[95285]: DEBUG cotyledon.oslo_config_glue [-] oslo_messaging_notifications.topics = ['notifications'] {{(pid=95285) log_opt_values /opt/stack/data/venv/lib/python3.12/site-packages/oslo_config/cfg.py:3006}}
May 18 18:43:50.388737 np0000000983 nova-scheduler[95285]: DEBUG cotyledon.oslo_config_glue [-] oslo_messaging_notifications.transport_url = **** {{(pid=95285) log_opt_values /opt/stack/data/venv/lib/python3.12/site-packages/oslo_config/cfg.py:3006}}
May 18 18:43:50.388841 np0000000983 nova-scheduler[95285]: DEBUG cotyledon.oslo_config_glue [-] oslo_limit.auth_section = None {{(pid=95285) log_opt_values /opt/stack/data/venv/lib/python3.12/site-packages/oslo_config/cfg.py:3006}}
May 18 18:43:50.388911 np0000000983 nova-scheduler[95285]: DEBUG cotyledon.oslo_config_glue [-] oslo_limit.auth_type = None {{(pid=95285) log_opt_values /opt/stack/data/venv/lib/python3.12/site-packages/oslo_config/cfg.py:3006}}
May 18 18:43:50.388978 np0000000983 nova-scheduler[95285]: DEBUG cotyledon.oslo_config_glue [-] oslo_limit.cafile = None {{(pid=95285) log_opt_values /opt/stack/data/venv/lib/python3.12/site-packages/oslo_config/cfg.py:3006}}
May 18 18:43:50.389045 np0000000983 nova-scheduler[95285]: DEBUG cotyledon.oslo_config_glue [-] oslo_limit.certfile = None {{(pid=95285) log_opt_values /opt/stack/data/venv/lib/python3.12/site-packages/oslo_config/cfg.py:3006}}
May 18 18:43:50.389117 np0000000983 nova-scheduler[95285]: DEBUG cotyledon.oslo_config_glue [-] oslo_limit.collect_timing = False {{(pid=95285) log_opt_values /opt/stack/data/venv/lib/python3.12/site-packages/oslo_config/cfg.py:3006}}
May 18 18:43:50.389187 np0000000983 nova-scheduler[95285]: DEBUG cotyledon.oslo_config_glue [-] oslo_limit.connect_retries = None {{(pid=95285) log_opt_values /opt/stack/data/venv/lib/python3.12/site-packages/oslo_config/cfg.py:3006}}
May 18 18:43:50.389257 np0000000983 nova-scheduler[95285]: DEBUG cotyledon.oslo_config_glue [-] oslo_limit.connect_retry_delay = None {{(pid=95285) log_opt_values /opt/stack/data/venv/lib/python3.12/site-packages/oslo_config/cfg.py:3006}}
May 18 18:43:50.389335 np0000000983 nova-scheduler[95285]: DEBUG cotyledon.oslo_config_glue [-] oslo_limit.endpoint_id = None {{(pid=95285) log_opt_values /opt/stack/data/venv/lib/python3.12/site-packages/oslo_config/cfg.py:3006}}
May 18 18:43:50.389422 np0000000983 nova-scheduler[95285]: DEBUG cotyledon.oslo_config_glue [-] oslo_limit.endpoint_interface = public {{(pid=95285) log_opt_values /opt/stack/data/venv/lib/python3.12/site-packages/oslo_config/cfg.py:3006}}
May 18 18:43:50.389489 np0000000983 nova-scheduler[95285]: DEBUG cotyledon.oslo_config_glue [-] oslo_limit.endpoint_override = None {{(pid=95285) log_opt_values /opt/stack/data/venv/lib/python3.12/site-packages/oslo_config/cfg.py:3006}}
May 18 18:43:50.389564 np0000000983 nova-scheduler[95285]: DEBUG cotyledon.oslo_config_glue [-] oslo_limit.endpoint_region_name = None {{(pid=95285) log_opt_values /opt/stack/data/venv/lib/python3.12/site-packages/oslo_config/cfg.py:3006}}
May 18 18:43:50.389626 np0000000983 nova-scheduler[95285]: DEBUG cotyledon.oslo_config_glue [-] oslo_limit.endpoint_service_name = None {{(pid=95285) log_opt_values /opt/stack/data/venv/lib/python3.12/site-packages/oslo_config/cfg.py:3006}}
May 18 18:43:50.389689 np0000000983 nova-scheduler[95285]: DEBUG cotyledon.oslo_config_glue [-] oslo_limit.endpoint_service_type = None {{(pid=95285) log_opt_values /opt/stack/data/venv/lib/python3.12/site-packages/oslo_config/cfg.py:3006}}
May 18 18:43:50.389746 np0000000983 nova-scheduler[95285]: DEBUG cotyledon.oslo_config_glue [-] oslo_limit.insecure = False {{(pid=95285) log_opt_values /opt/stack/data/venv/lib/python3.12/site-packages/oslo_config/cfg.py:3006}}
May 18 18:43:50.389812 np0000000983 nova-scheduler[95285]: DEBUG cotyledon.oslo_config_glue [-] oslo_limit.keyfile = None {{(pid=95285) log_opt_values /opt/stack/data/venv/lib/python3.12/site-packages/oslo_config/cfg.py:3006}}
May 18 18:43:50.389895 np0000000983 nova-scheduler[95285]: DEBUG cotyledon.oslo_config_glue [-] oslo_limit.max_version = None {{(pid=95285) log_opt_values /opt/stack/data/venv/lib/python3.12/site-packages/oslo_config/cfg.py:3006}}
May 18 18:43:50.389963 np0000000983 nova-scheduler[95285]: DEBUG cotyledon.oslo_config_glue [-] oslo_limit.min_version = None {{(pid=95285) log_opt_values /opt/stack/data/venv/lib/python3.12/site-packages/oslo_config/cfg.py:3006}}
May 18 18:43:50.390031 np0000000983 nova-scheduler[95285]: DEBUG cotyledon.oslo_config_glue [-] oslo_limit.region_name = None {{(pid=95285) log_opt_values /opt/stack/data/venv/lib/python3.12/site-packages/oslo_config/cfg.py:3006}}
May 18 18:43:50.390099 np0000000983 nova-scheduler[95285]: DEBUG cotyledon.oslo_config_glue [-] oslo_limit.retriable_status_codes = None {{(pid=95285) log_opt_values /opt/stack/data/venv/lib/python3.12/site-packages/oslo_config/cfg.py:3006}}
May 18 18:43:50.390178 np0000000983 nova-scheduler[95285]: DEBUG cotyledon.oslo_config_glue [-] oslo_limit.service_name = None {{(pid=95285) log_opt_values /opt/stack/data/venv/lib/python3.12/site-packages/oslo_config/cfg.py:3006}}
May 18 18:43:50.390248 np0000000983 nova-scheduler[95285]: DEBUG cotyledon.oslo_config_glue [-] oslo_limit.service_type = None {{(pid=95285) log_opt_values /opt/stack/data/venv/lib/python3.12/site-packages/oslo_config/cfg.py:3006}}
May 18 18:43:50.390314 np0000000983 nova-scheduler[95285]: DEBUG cotyledon.oslo_config_glue [-] oslo_limit.split_loggers = False {{(pid=95285) log_opt_values /opt/stack/data/venv/lib/python3.12/site-packages/oslo_config/cfg.py:3006}}
May 18 18:43:50.390405 np0000000983 nova-scheduler[95285]: DEBUG cotyledon.oslo_config_glue [-] oslo_limit.status_code_retries = None {{(pid=95285) log_opt_values /opt/stack/data/venv/lib/python3.12/site-packages/oslo_config/cfg.py:3006}}
May 18 18:43:50.390475 np0000000983 nova-scheduler[95285]: DEBUG cotyledon.oslo_config_glue [-] oslo_limit.status_code_retry_delay = None {{(pid=95285) log_opt_values /opt/stack/data/venv/lib/python3.12/site-packages/oslo_config/cfg.py:3006}}
May 18 18:43:50.390552 np0000000983 nova-scheduler[95285]: DEBUG cotyledon.oslo_config_glue [-] oslo_limit.timeout = None {{(pid=95285) log_opt_values /opt/stack/data/venv/lib/python3.12/site-packages/oslo_config/cfg.py:3006}}
May 18 18:43:50.390620 np0000000983 nova-scheduler[95285]: DEBUG cotyledon.oslo_config_glue [-] oslo_limit.valid_interfaces = None {{(pid=95285) log_opt_values /opt/stack/data/venv/lib/python3.12/site-packages/oslo_config/cfg.py:3006}}
May 18 18:43:50.390684 np0000000983 nova-scheduler[95285]: DEBUG cotyledon.oslo_config_glue [-] oslo_limit.version = None {{(pid=95285) log_opt_values /opt/stack/data/venv/lib/python3.12/site-packages/oslo_config/cfg.py:3006}}
May 18 18:43:50.390780 np0000000983 nova-scheduler[95285]: DEBUG cotyledon.oslo_config_glue [-] oslo_reports.file_event_handler = None {{(pid=95285) log_opt_values /opt/stack/data/venv/lib/python3.12/site-packages/oslo_config/cfg.py:3006}}
May 18 18:43:50.390869 np0000000983 nova-scheduler[95285]: DEBUG cotyledon.oslo_config_glue [-] oslo_reports.file_event_handler_interval = 1 {{(pid=95285) log_opt_values /opt/stack/data/venv/lib/python3.12/site-packages/oslo_config/cfg.py:3006}}
May 18 18:43:50.390944 np0000000983 nova-scheduler[95285]: DEBUG cotyledon.oslo_config_glue [-] oslo_reports.log_dir = None {{(pid=95285) log_opt_values /opt/stack/data/venv/lib/python3.12/site-packages/oslo_config/cfg.py:3006}}
May 18 18:43:50.391009 np0000000983 nova-scheduler[95285]: DEBUG cotyledon.oslo_config_glue [-] ******************************************************************************** {{(pid=95285) log_opt_values /opt/stack/data/venv/lib/python3.12/site-packages/oslo_config/cfg.py:3013}}
May 18 18:43:50.391223 np0000000983 nova-scheduler[95285]: DEBUG cotyledon._service_worker [-] Run service ServiceWrapper(1) [95285] {{(pid=95285) wait_forever /opt/stack/data/venv/lib/python3.12/site-packages/cotyledon/_service_worker.py:218}}
May 18 18:43:50.392219 np0000000983 nova-scheduler[95285]: INFO nova.service [-] Starting scheduler node (version 33.1.0)
May 18 18:43:50.393091 np0000000983 nova-scheduler[95303]: INFO dbcounter [None req-74c1941e-bb28-4196-85ab-f243e61a02e2 None None] Registered counter for database nova_cell0
May 18 18:43:50.396133 np0000000983 nova-scheduler[95285]: INFO dbcounter [None req-147fc51c-66b8-4ed4-be2d-7b58f23109ef None None] Registered counter for database nova_cell0
May 18 18:43:50.398533 np0000000983 nova-scheduler[95266]: DEBUG nova.service [None req-cfb0496b-7629-4159-bf8e-437be2bc0c4b None None] Creating RPC server for service: nova-scheduler on topic: scheduler {{(pid=95266) start /opt/stack/nova/nova/service.py:195}}
May 18 18:43:50.402587 np0000000983 nova-scheduler[95303]: DEBUG oslo_db.sqlalchemy.engines [None req-74c1941e-bb28-4196-85ab-f243e61a02e2 None None] MySQL server mode set to STRICT_TRANS_TABLES,STRICT_ALL_TABLES,NO_ZERO_IN_DATE,NO_ZERO_DATE,ERROR_FOR_DIVISION_BY_ZERO,TRADITIONAL,NO_ENGINE_SUBSTITUTION {{(pid=95303) _check_effective_sql_mode /opt/stack/data/venv/lib/python3.12/site-packages/oslo_db/sqlalchemy/engines.py:325}}
May 18 18:43:50.406713 np0000000983 nova-scheduler[95285]: DEBUG oslo_db.sqlalchemy.engines [None req-147fc51c-66b8-4ed4-be2d-7b58f23109ef None None] MySQL server mode set to STRICT_TRANS_TABLES,STRICT_ALL_TABLES,NO_ZERO_IN_DATE,NO_ZERO_DATE,ERROR_FOR_DIVISION_BY_ZERO,TRADITIONAL,NO_ENGINE_SUBSTITUTION {{(pid=95285) _check_effective_sql_mode /opt/stack/data/venv/lib/python3.12/site-packages/oslo_db/sqlalchemy/engines.py:325}}
May 18 18:43:50.412059 np0000000983 nova-scheduler[95303]: DEBUG dbcounter [-] [95303] Writer thread running {{(pid=95303) stat_writer /opt/stack/data/venv/lib/python3.12/site-packages/dbcounter.py:102}}
May 18 18:43:50.414798 np0000000983 nova-scheduler[95303]: DEBUG nova.service [None req-74c1941e-bb28-4196-85ab-f243e61a02e2 None None] Creating RPC server for service: nova-scheduler on topic: scheduler {{(pid=95303) start /opt/stack/nova/nova/service.py:195}}
May 18 18:43:50.419513 np0000000983 nova-scheduler[95285]: DEBUG dbcounter [-] [95285] Writer thread running {{(pid=95285) stat_writer /opt/stack/data/venv/lib/python3.12/site-packages/dbcounter.py:102}}
May 18 18:43:50.423605 np0000000983 nova-scheduler[95285]: DEBUG nova.service [None req-147fc51c-66b8-4ed4-be2d-7b58f23109ef None None] Creating RPC server for service: nova-scheduler on topic: scheduler {{(pid=95285) start /opt/stack/nova/nova/service.py:195}}
May 18 18:43:50.434072 np0000000983 nova-scheduler[95266]: DEBUG nova.service [None req-cfb0496b-7629-4159-bf8e-437be2bc0c4b None None] Join ServiceGroup membership for this service scheduler {{(pid=95266) start /opt/stack/nova/nova/service.py:221}}
May 18 18:43:50.434268 np0000000983 nova-scheduler[95266]: DEBUG nova.servicegroup.drivers.db [None req-cfb0496b-7629-4159-bf8e-437be2bc0c4b None None] DB_Driver: join new ServiceGroup member np0000000983 to the scheduler group, service = {{(pid=95266) join /opt/stack/nova/nova/servicegroup/drivers/db.py:44}}
May 18 18:43:50.439557 np0000000983 nova-scheduler[95303]: DEBUG nova.service [None req-74c1941e-bb28-4196-85ab-f243e61a02e2 None None] Join ServiceGroup membership for this service scheduler {{(pid=95303) start /opt/stack/nova/nova/service.py:221}}
May 18 18:43:50.439728 np0000000983 nova-scheduler[95303]: DEBUG nova.servicegroup.drivers.db [None req-74c1941e-bb28-4196-85ab-f243e61a02e2 None None] DB_Driver: join new ServiceGroup member np0000000983 to the scheduler group, service = {{(pid=95303) join /opt/stack/nova/nova/servicegroup/drivers/db.py:44}}
May 18 18:43:50.446761 np0000000983 nova-scheduler[95285]: DEBUG nova.service [None req-147fc51c-66b8-4ed4-be2d-7b58f23109ef None None] Join ServiceGroup membership for this service scheduler {{(pid=95285) start /opt/stack/nova/nova/service.py:221}}
May 18 18:43:50.446979 np0000000983 nova-scheduler[95285]: DEBUG nova.servicegroup.drivers.db [None req-147fc51c-66b8-4ed4-be2d-7b58f23109ef None None] DB_Driver: join new ServiceGroup member np0000000983 to the scheduler group, service = {{(pid=95285) join /opt/stack/nova/nova/servicegroup/drivers/db.py:44}}
May 18 18:43:55.458220 np0000000983 nova-scheduler[95266]: DEBUG oslo.service.backend._threading.loopingcall [-] Fixed interval looping call 'nova.servicegroup.drivers.db.DbDriver._report_state' sleeping for 119.98 seconds {{(pid=95266) _run_loop /opt/stack/data/venv/lib/python3.12/site-packages/oslo_service/backend/_threading/loopingcall.py:125}}
May 18 18:43:55.458616 np0000000983 nova-scheduler[95303]: DEBUG oslo.service.backend._threading.loopingcall [-] Fixed interval looping call 'nova.servicegroup.drivers.db.DbDriver._report_state' sleeping for 119.98 seconds {{(pid=95303) _run_loop /opt/stack/data/venv/lib/python3.12/site-packages/oslo_service/backend/_threading/loopingcall.py:125}}
May 18 18:43:55.479651 np0000000983 nova-scheduler[95285]: DEBUG oslo.service.backend._threading.loopingcall [-] Fixed interval looping call 'nova.servicegroup.drivers.db.DbDriver._report_state' sleeping for 119.97 seconds {{(pid=95285) _run_loop /opt/stack/data/venv/lib/python3.12/site-packages/oslo_service/backend/_threading/loopingcall.py:125}}
May 18 18:43:59.089954 np0000000983 nova-scheduler[94025]: DEBUG dbcounter [-] [94025] Writing DB stats nova_api:SELECT=3 {{(pid=94025) stat_writer /opt/stack/data/venv/lib/python3.12/site-packages/dbcounter.py:115}}
May 18 18:43:59.187128 np0000000983 nova-scheduler[94025]: DEBUG dbcounter [-] [94025] Writing DB stats nova_cell0:SELECT=1 {{(pid=94025) stat_writer /opt/stack/data/venv/lib/python3.12/site-packages/dbcounter.py:115}}
May 18 18:43:59.187679 np0000000983 nova-scheduler[94025]: DEBUG dbcounter [-] [94025] Writing DB stats nova_cell1:SELECT=1 {{(pid=94025) stat_writer /opt/stack/data/venv/lib/python3.12/site-packages/dbcounter.py:115}}
May 18 18:44:05.451215 np0000000983 nova-scheduler[95266]: DEBUG dbcounter [-] [95266] Writing DB stats nova_cell0:SELECT=4,nova_cell0:INSERT=1,nova_cell0:UPDATE=1 {{(pid=95266) stat_writer /opt/stack/data/venv/lib/python3.12/site-packages/dbcounter.py:115}}
May 18 18:44:05.455593 np0000000983 nova-scheduler[95303]: DEBUG dbcounter [-] [95303] Writing DB stats nova_cell0:SELECT=3,nova_cell0:UPDATE=1 {{(pid=95303) stat_writer /opt/stack/data/venv/lib/python3.12/site-packages/dbcounter.py:115}}
May 18 18:44:05.468755 np0000000983 nova-scheduler[95285]: DEBUG dbcounter [-] [95285] Writing DB stats nova_cell0:SELECT=3 {{(pid=95285) stat_writer /opt/stack/data/venv/lib/python3.12/site-packages/dbcounter.py:115}}
May 18 18:44:09.442147 np0000000983 nova-scheduler[95303]: DEBUG oslo.service.backend._threading.loopingcall [None req-34028309-7ad7-4d4d-b9aa-8f2b8e44bfe9 None None] Dynamic interval looping call 'nova.service.Service.periodic_tasks' sleeping for 60.00 seconds {{(pid=95303) _run_loop /opt/stack/data/venv/lib/python3.12/site-packages/oslo_service/backend/_threading/loopingcall.py:125}}
May 18 18:44:40.436526 np0000000983 nova-scheduler[95266]: DEBUG oslo.service.backend._threading.loopingcall [None req-21aab63a-994a-4f2e-aa80-77a21f94a3b7 None None] Dynamic interval looping call 'nova.service.Service.periodic_tasks' sleeping for 60.00 seconds {{(pid=95266) _run_loop /opt/stack/data/venv/lib/python3.12/site-packages/oslo_service/backend/_threading/loopingcall.py:125}}
May 18 18:44:45.449004 np0000000983 nova-scheduler[95285]: DEBUG oslo.service.backend._threading.loopingcall [None req-7369aa94-beb0-410f-a43d-777b65411cb9 None None] Dynamic interval looping call 'nova.service.Service.periodic_tasks' sleeping for 60.00 seconds {{(pid=95285) _run_loop /opt/stack/data/venv/lib/python3.12/site-packages/oslo_service/backend/_threading/loopingcall.py:125}}
May 18 18:45:09.442591 np0000000983 nova-scheduler[95303]: DEBUG oslo.service.backend._threading.loopingcall [None req-34028309-7ad7-4d4d-b9aa-8f2b8e44bfe9 None None] Dynamic interval looping call 'nova.service.Service.periodic_tasks' sleeping for 60.00 seconds {{(pid=95303) _run_loop /opt/stack/data/venv/lib/python3.12/site-packages/oslo_service/backend/_threading/loopingcall.py:125}}
May 18 18:45:40.437070 np0000000983 nova-scheduler[95266]: DEBUG oslo.service.backend._threading.loopingcall [None req-21aab63a-994a-4f2e-aa80-77a21f94a3b7 None None] Dynamic interval looping call 'nova.service.Service.periodic_tasks' sleeping for 60.00 seconds {{(pid=95266) _run_loop /opt/stack/data/venv/lib/python3.12/site-packages/oslo_service/backend/_threading/loopingcall.py:125}}
May 18 18:45:45.449586 np0000000983 nova-scheduler[95285]: DEBUG oslo.service.backend._threading.loopingcall [None req-7369aa94-beb0-410f-a43d-777b65411cb9 None None] Dynamic interval looping call 'nova.service.Service.periodic_tasks' sleeping for 60.00 seconds {{(pid=95285) _run_loop /opt/stack/data/venv/lib/python3.12/site-packages/oslo_service/backend/_threading/loopingcall.py:125}}
May 18 18:45:55.448031 np0000000983 nova-scheduler[95266]: DEBUG oslo.service.backend._threading.loopingcall [-] Fixed interval looping call 'nova.servicegroup.drivers.db.DbDriver._report_state' sleeping for 119.99 seconds {{(pid=95266) _run_loop /opt/stack/data/venv/lib/python3.12/site-packages/oslo_service/backend/_threading/loopingcall.py:125}}
May 18 18:45:55.449110 np0000000983 nova-scheduler[95303]: DEBUG oslo.service.backend._threading.loopingcall [-] Fixed interval looping call 'nova.servicegroup.drivers.db.DbDriver._report_state' sleeping for 119.99 seconds {{(pid=95303) _run_loop /opt/stack/data/venv/lib/python3.12/site-packages/oslo_service/backend/_threading/loopingcall.py:125}}
May 18 18:45:55.451901 np0000000983 nova-scheduler[95285]: DEBUG oslo.service.backend._threading.loopingcall [-] Fixed interval looping call 'nova.servicegroup.drivers.db.DbDriver._report_state' sleeping for 120.00 seconds {{(pid=95285) _run_loop /opt/stack/data/venv/lib/python3.12/site-packages/oslo_service/backend/_threading/loopingcall.py:125}}
May 18 18:46:05.441567 np0000000983 nova-scheduler[95266]: DEBUG dbcounter [-] [95266] Writing DB stats nova_cell0:SELECT=1,nova_cell0:UPDATE=1 {{(pid=95266) stat_writer /opt/stack/data/venv/lib/python3.12/site-packages/dbcounter.py:115}}
May 18 18:46:05.442303 np0000000983 nova-scheduler[95303]: DEBUG dbcounter [-] [95303] Writing DB stats nova_cell0:SELECT=1,nova_cell0:UPDATE=1 {{(pid=95303) stat_writer /opt/stack/data/venv/lib/python3.12/site-packages/dbcounter.py:115}}
May 18 18:46:05.449882 np0000000983 nova-scheduler[95285]: DEBUG dbcounter [-] [95285] Writing DB stats nova_cell0:SELECT=1 {{(pid=95285) stat_writer /opt/stack/data/venv/lib/python3.12/site-packages/dbcounter.py:115}}
May 18 18:46:09.443083 np0000000983 nova-scheduler[95303]: DEBUG oslo.service.backend._threading.loopingcall [None req-34028309-7ad7-4d4d-b9aa-8f2b8e44bfe9 None None] Dynamic interval looping call 'nova.service.Service.periodic_tasks' sleeping for 60.00 seconds {{(pid=95303) _run_loop /opt/stack/data/venv/lib/python3.12/site-packages/oslo_service/backend/_threading/loopingcall.py:125}}
May 18 18:46:37.887943 np0000000983 nova-scheduler[95266]: DEBUG nova.scheduler.manager [None req-5df7ff12-195d-4baf-90cc-0b942c6b703e tempest-ServersNegativeTestJSON-309071842 tempest-ServersNegativeTestJSON-309071842-project-member] Starting to schedule for instances: ['bd89627f-0fce-4841-a9da-7db295477542'] {{(pid=95266) select_destinations /opt/stack/nova/nova/scheduler/manager.py:210}}
May 18 18:46:37.889791 np0000000983 nova-scheduler[95266]: DEBUG nova.scheduler.request_filter [None req-5df7ff12-195d-4baf-90cc-0b942c6b703e tempest-ServersNegativeTestJSON-309071842 tempest-ServersNegativeTestJSON-309071842-project-member] compute_status_filter request filter added forbidden trait COMPUTE_STATUS_DISABLED {{(pid=95266) compute_status_filter /opt/stack/nova/nova/scheduler/request_filter.py:253}}
May 18 18:46:37.889791 np0000000983 nova-scheduler[95266]: DEBUG nova.scheduler.request_filter [None req-5df7ff12-195d-4baf-90cc-0b942c6b703e tempest-ServersNegativeTestJSON-309071842 tempest-ServersNegativeTestJSON-309071842-project-member] Request filter 'compute_status_filter' took 0.0 seconds {{(pid=95266) wrapper /opt/stack/nova/nova/scheduler/request_filter.py:46}}
May 18 18:46:37.889791 np0000000983 nova-scheduler[95266]: DEBUG nova.scheduler.request_filter [None req-5df7ff12-195d-4baf-90cc-0b942c6b703e tempest-ServersNegativeTestJSON-309071842 tempest-ServersNegativeTestJSON-309071842-project-member] Request filter 'accelerators_filter' took 0.0 seconds {{(pid=95266) wrapper /opt/stack/nova/nova/scheduler/request_filter.py:46}}
May 18 18:46:37.889791 np0000000983 nova-scheduler[95266]: DEBUG nova.scheduler.request_filter [None req-5df7ff12-195d-4baf-90cc-0b942c6b703e tempest-ServersNegativeTestJSON-309071842 tempest-ServersNegativeTestJSON-309071842-project-member] Request filter 'packed_virtqueue_filter' took 0.0 seconds {{(pid=95266) wrapper /opt/stack/nova/nova/scheduler/request_filter.py:46}}
May 18 18:46:37.889791 np0000000983 nova-scheduler[95266]: DEBUG nova.scheduler.request_filter [None req-5df7ff12-195d-4baf-90cc-0b942c6b703e tempest-ServersNegativeTestJSON-309071842 tempest-ServersNegativeTestJSON-309071842-project-member] Request filter 'remote_managed_ports_filter' took 0.0 seconds {{(pid=95266) wrapper /opt/stack/nova/nova/scheduler/request_filter.py:46}}
May 18 18:46:37.890031 np0000000983 nova-scheduler[95266]: DEBUG nova.scheduler.request_filter [None req-5df7ff12-195d-4baf-90cc-0b942c6b703e tempest-ServersNegativeTestJSON-309071842 tempest-ServersNegativeTestJSON-309071842-project-member] ephemeral_encryption_filter skipped {{(pid=95266) ephemeral_encryption_filter /opt/stack/nova/nova/scheduler/request_filter.py:426}}
May 18 18:46:37.890031 np0000000983 nova-scheduler[95266]: DEBUG nova.scheduler.request_filter [None req-5df7ff12-195d-4baf-90cc-0b942c6b703e tempest-ServersNegativeTestJSON-309071842 tempest-ServersNegativeTestJSON-309071842-project-member] virtio_sound_filter skipped {{(pid=95266) virtio_sound_filter /opt/stack/nova/nova/scheduler/request_filter.py:460}}
May 18 18:46:37.890031 np0000000983 nova-scheduler[95266]: DEBUG nova.scheduler.request_filter [None req-5df7ff12-195d-4baf-90cc-0b942c6b703e tempest-ServersNegativeTestJSON-309071842 tempest-ServersNegativeTestJSON-309071842-project-member] tpm_secret_security_filter skipped {{(pid=95266) tpm_secret_security_filter /opt/stack/nova/nova/scheduler/request_filter.py:477}}
May 18 18:46:38.668161 np0000000983 nova-scheduler[95266]: INFO nova.utils [None req-5df7ff12-195d-4baf-90cc-0b942c6b703e tempest-ServersNegativeTestJSON-309071842 tempest-ServersNegativeTestJSON-309071842-project-member] The cell worker thread pool ForkProcess-1.cell_worker is initialized
May 18 18:46:38.668733 np0000000983 nova-scheduler[95266]: DEBUG oslo_concurrency.lockutils [None req-5df7ff12-195d-4baf-90cc-0b942c6b703e tempest-ServersNegativeTestJSON-309071842 tempest-ServersNegativeTestJSON-309071842-project-member] Acquiring lock "287610f3-a6f1-4189-aaeb-d62f31d4963e" by "nova.context.set_target_cell..get_or_set_cached_cell_and_set_connections" {{(pid=95266) inner /opt/stack/data/venv/lib/python3.12/site-packages/oslo_concurrency/lockutils.py:506}}
May 18 18:46:38.669257 np0000000983 nova-scheduler[95266]: DEBUG oslo_concurrency.lockutils [None req-5df7ff12-195d-4baf-90cc-0b942c6b703e tempest-ServersNegativeTestJSON-309071842 tempest-ServersNegativeTestJSON-309071842-project-member] Lock "287610f3-a6f1-4189-aaeb-d62f31d4963e" acquired by "nova.context.set_target_cell..get_or_set_cached_cell_and_set_connections" :: waited 0.001s {{(pid=95266) inner /opt/stack/data/venv/lib/python3.12/site-packages/oslo_concurrency/lockutils.py:519}}
May 18 18:46:38.672551 np0000000983 nova-scheduler[95266]: DEBUG oslo_concurrency.lockutils [None req-5df7ff12-195d-4baf-90cc-0b942c6b703e tempest-ServersNegativeTestJSON-309071842 tempest-ServersNegativeTestJSON-309071842-project-member] Lock "287610f3-a6f1-4189-aaeb-d62f31d4963e" "released" by "nova.context.set_target_cell..get_or_set_cached_cell_and_set_connections" :: held 0.003s {{(pid=95266) inner /opt/stack/data/venv/lib/python3.12/site-packages/oslo_concurrency/lockutils.py:538}}
May 18 18:46:38.674971 np0000000983 nova-scheduler[95266]: INFO dbcounter [None req-5df7ff12-195d-4baf-90cc-0b942c6b703e tempest-ServersNegativeTestJSON-309071842 tempest-ServersNegativeTestJSON-309071842-project-member] Registered counter for database nova_cell1
May 18 18:46:38.681235 np0000000983 nova-scheduler[95266]: DEBUG oslo_db.sqlalchemy.engines [None req-5df7ff12-195d-4baf-90cc-0b942c6b703e tempest-ServersNegativeTestJSON-309071842 tempest-ServersNegativeTestJSON-309071842-project-member] MySQL server mode set to STRICT_TRANS_TABLES,STRICT_ALL_TABLES,NO_ZERO_IN_DATE,NO_ZERO_DATE,ERROR_FOR_DIVISION_BY_ZERO,TRADITIONAL,NO_ENGINE_SUBSTITUTION {{(pid=95266) _check_effective_sql_mode /opt/stack/data/venv/lib/python3.12/site-packages/oslo_db/sqlalchemy/engines.py:325}}
May 18 18:46:38.694779 np0000000983 nova-scheduler[95266]: DEBUG dbcounter [-] [95266] Writer thread running {{(pid=95266) stat_writer /opt/stack/data/venv/lib/python3.12/site-packages/dbcounter.py:102}}
May 18 18:46:38.713194 np0000000983 nova-scheduler[95266]: DEBUG oslo_db.sqlalchemy.engines [None req-5df7ff12-195d-4baf-90cc-0b942c6b703e tempest-ServersNegativeTestJSON-309071842 tempest-ServersNegativeTestJSON-309071842-project-member] Parent process 94025 forked (95266) with an open database connection, which is being discarded and recreated. {{(pid=95266) checkout /opt/stack/data/venv/lib/python3.12/site-packages/oslo_db/sqlalchemy/engines.py:402}}
May 18 18:46:38.721651 np0000000983 nova-scheduler[95266]: DEBUG dbcounter [-] [95266] Writer thread running {{(pid=95266) stat_writer /opt/stack/data/venv/lib/python3.12/site-packages/dbcounter.py:102}}
May 18 18:46:38.725369 np0000000983 nova-scheduler[95266]: DEBUG oslo_concurrency.lockutils [None req-5df7ff12-195d-4baf-90cc-0b942c6b703e tempest-ServersNegativeTestJSON-309071842 tempest-ServersNegativeTestJSON-309071842-project-member] Acquiring lock "287610f3-a6f1-4189-aaeb-d62f31d4963e" by "nova.context.set_target_cell..get_or_set_cached_cell_and_set_connections" {{(pid=95266) inner /opt/stack/data/venv/lib/python3.12/site-packages/oslo_concurrency/lockutils.py:506}}
May 18 18:46:38.725572 np0000000983 nova-scheduler[95266]: DEBUG oslo_concurrency.lockutils [None req-5df7ff12-195d-4baf-90cc-0b942c6b703e tempest-ServersNegativeTestJSON-309071842 tempest-ServersNegativeTestJSON-309071842-project-member] Lock "287610f3-a6f1-4189-aaeb-d62f31d4963e" acquired by "nova.context.set_target_cell..get_or_set_cached_cell_and_set_connections" :: waited 0.000s {{(pid=95266) inner /opt/stack/data/venv/lib/python3.12/site-packages/oslo_concurrency/lockutils.py:519}}
May 18 18:46:38.725728 np0000000983 nova-scheduler[95266]: DEBUG oslo_concurrency.lockutils [None req-5df7ff12-195d-4baf-90cc-0b942c6b703e tempest-ServersNegativeTestJSON-309071842 tempest-ServersNegativeTestJSON-309071842-project-member] Lock "287610f3-a6f1-4189-aaeb-d62f31d4963e" "released" by "nova.context.set_target_cell..get_or_set_cached_cell_and_set_connections" :: held 0.000s {{(pid=95266) inner /opt/stack/data/venv/lib/python3.12/site-packages/oslo_concurrency/lockutils.py:538}}
May 18 18:46:38.729646 np0000000983 nova-scheduler[95266]: DEBUG oslo_concurrency.lockutils [None req-5df7ff12-195d-4baf-90cc-0b942c6b703e tempest-ServersNegativeTestJSON-309071842 tempest-ServersNegativeTestJSON-309071842-project-member] Acquiring lock "('np0000000983', 'np0000000983')" by "nova.scheduler.host_manager.HostState.update.._locked_update" {{(pid=95266) inner /opt/stack/data/venv/lib/python3.12/site-packages/oslo_concurrency/lockutils.py:506}}
May 18 18:46:38.729827 np0000000983 nova-scheduler[95266]: DEBUG oslo_concurrency.lockutils [None req-5df7ff12-195d-4baf-90cc-0b942c6b703e tempest-ServersNegativeTestJSON-309071842 tempest-ServersNegativeTestJSON-309071842-project-member] Lock "('np0000000983', 'np0000000983')" acquired by "nova.scheduler.host_manager.HostState.update.._locked_update" :: waited 0.000s {{(pid=95266) inner /opt/stack/data/venv/lib/python3.12/site-packages/oslo_concurrency/lockutils.py:519}}
May 18 18:46:38.730863 np0000000983 nova-scheduler[95266]: DEBUG nova.scheduler.host_manager [None req-5df7ff12-195d-4baf-90cc-0b942c6b703e tempest-ServersNegativeTestJSON-309071842 tempest-ServersNegativeTestJSON-309071842-project-member] Update host state from compute node: ComputeNode(cpu_allocation_ratio=4.0,cpu_info='{"arch": "x86_64", "model": "EPYC-Milan", "vendor": "AMD", "topology": {"cells": 1, "sockets": 12, "cores": 1, "threads": 1}, "maxphysaddr": {"mode": "emulate", "bits": 40}, "features": ["popcnt", "pfthreshold", "clzero", "vgif", "3dnowprefetch", "amd-psfd", "lm", "lfence-always-serializing", "mca", "abm", "stibp", "xgetbv1", "sse4a", "mmxext", "movbe", "fsgsbase", "pause-filter", "misalignsse", "sse4.1", "gds-no", "adx", "avx2", "pat", "skip-l1dfl-vmentry", "tsc_adjust", "rdrand", "sse2", "pdpe1gb", "cx16", "ibrs", "arat", "pclmuldq", "clflushopt", "amd-ssbd", "no-nested-data-bp", "pse", "bmi2", "stibp-always-on", "umip", "pae", "vpclmulqdq", "lahf_lm", "nrip-save", "xsaveerptr", "spec-ctrl", "smap", "pse36", "aes", "cmov", "amd-stibp", "vaes", "vmcb-clean", "sep", "clwb", "fsrm", "virt-ssbd", "de", "erms", "smep", "npt", "fxsr_opt", "null-sel-clr-base", "svm", "apic", "xsave", "tsc-scale", "clflush", "pni", "ssse3", "wbnoinvd", "sse4.2", "xsaves", "rdpid", "mmx", "syscall", "fxsr", "f16c", "fma", "nx", "hypervisor", "mce", "xsavec", "rdseed", "mtrr", "msr", "x2apic", "osvw", "invpcid", "tsc-deadline", "pku", "xsaveopt", "fpu", "tsc", "arch-capabilities", "cmp_legacy", "vme", "cr8legacy", "pge", "avx", "pcid", "cx8", "perfctr_core", "ibpb", "sse", "ssbd", "rdtscp", "topoext", "v-vmsave-vmload", "flushbyasid", "lbrv", "pschange-mc-no", "svme-addr-chk", "bmi1", "rdctl-no", "sha-ni", "mds-no"]}',created_at=2026-05-18T18:44:15Z,current_workload=0,deleted=False,deleted_at=None,disk_allocation_ratio=1.0,disk_available_least=74,free_disk_gb=95,free_ram_mb=23518,host='np0000000983',host_ip=10.4.3.166,hypervisor_hostname='np0000000983',hypervisor_type='QEMU',hypervisor_version=8002002,id=1,local_gb=95,local_gb_used=0,mapped=1,memory_mb=24030,memory_mb_used=512,metrics='[]',numa_topology='{"nova_object.name": "NUMATopology", "nova_object.namespace": "nova", "nova_object.version": "1.2", "nova_object.data": {"cells": [{"nova_object.name": "NUMACell", "nova_object.namespace": "nova", "nova_object.version": "1.5", "nova_object.data": {"id": 0, "cpuset": [0, 1, 2, 3, 4, 5, 6, 7, 8, 9, 10, 11], "pcpuset": [0, 1, 2, 3, 4, 5, 6, 7, 8, 9, 10, 11], "memory": 24030, "cpu_usage": 0, "memory_usage": 0, "pinned_cpus": [], "siblings": [[6], [2], [5], [11], [8], [4], [1], [7], [10], [0], [3], [9]], "mempages": [{"nova_object.name": "NUMAPagesTopology", "nova_object.namespace": "nova", "nova_object.version": "1.1", "nova_object.data": {"size_kb": 4, "total": 6151798, "used": 0, "reserved": 0}, "nova_object.changes": ["total", "used", "reserved", "size_kb"]}, {"nova_object.name": "NUMAPagesTopology", "nova_object.namespace": "nova", "nova_object.version": "1.1", "nova_object.data": {"size_kb": 2048, "total": 0, "used": 0, "reserved": 0}, "nova_object.changes": ["total", "used", "reserved", "size_kb"]}, {"nova_object.name": "NUMAPagesTopology", "nova_object.namespace": "nova", "nova_object.version": "1.1", "nova_object.data": {"size_kb": 1048576, "total": 0, "used": 0, "reserved": 0}, "nova_object.changes": ["total", "used", "reserved", "size_kb"]}], "network_metadata": {"nova_object.name": "NetworkMetadata", "nova_object.namespace": "nova", "nova_object.version": "1.0", "nova_object.data": {"physnets": [], "tunneled": false}, "nova_object.changes": ["tunneled", "physnets"]}, "socket": null}, "nova_object.changes": ["network_metadata", "memory_usage", "pinned_cpus", "cpu_usage", "pcpuset", "socket", "siblings", "memory", "cpuset", "id", "mempages"]}]}, "nova_object.changes": ["cells"]}',pci_device_pools=PciDevicePoolList,ram_allocation_ratio=1.0,running_vms=0,service_id=3,stats={failed_builds='0',uptime=' 18:46:01 up 24 min, 2 users, load average: 1.17, 1.37, 0.81
May 18 18:46:38.730863 np0000000983 nova-scheduler[95266]: '},supported_hv_specs=[HVSpec,HVSpec,HVSpec,HVSpec,HVSpec,HVSpec,HVSpec,HVSpec,HVSpec,HVSpec,HVSpec,HVSpec,HVSpec,HVSpec,HVSpec,HVSpec,HVSpec,HVSpec,HVSpec,HVSpec,HVSpec,HVSpec,HVSpec,HVSpec,HVSpec],updated_at=2026-05-18T18:46:03Z,uuid=572ce937-1ad4-4dbc-a24f-ad6cae16ddc6,vcpus=12,vcpus_used=0) {{(pid=95266) _locked_update /opt/stack/nova/nova/scheduler/host_manager.py:168}}
May 18 18:46:38.733471 np0000000983 nova-scheduler[95266]: DEBUG nova.scheduler.host_manager [None req-5df7ff12-195d-4baf-90cc-0b942c6b703e tempest-ServersNegativeTestJSON-309071842 tempest-ServersNegativeTestJSON-309071842-project-member] Update host state with aggregates: [] {{(pid=95266) _locked_update /opt/stack/nova/nova/scheduler/host_manager.py:171}}
May 18 18:46:38.733471 np0000000983 nova-scheduler[95266]: DEBUG nova.scheduler.host_manager [None req-5df7ff12-195d-4baf-90cc-0b942c6b703e tempest-ServersNegativeTestJSON-309071842 tempest-ServersNegativeTestJSON-309071842-project-member] Update host state with service dict: {'id': 3, 'uuid': 'caf2299a-7027-4963-b3d1-76bba66b039c', 'host': 'np0000000983', 'binary': 'nova-compute', 'topic': 'compute', 'report_count': 2, 'disabled': False, 'disabled_reason': None, 'last_seen_up': datetime.datetime(2026, 5, 18, 18, 46, 24, tzinfo=datetime.timezone.utc), 'forced_down': False, 'version': 72, 'created_at': datetime.datetime(2026, 5, 18, 18, 44, 13, tzinfo=datetime.timezone.utc), 'updated_at': datetime.datetime(2026, 5, 18, 18, 46, 24, tzinfo=datetime.timezone.utc), 'deleted_at': None, 'deleted': False} {{(pid=95266) _locked_update /opt/stack/nova/nova/scheduler/host_manager.py:174}}
May 18 18:46:38.733471 np0000000983 nova-scheduler[95266]: DEBUG nova.scheduler.host_manager [None req-5df7ff12-195d-4baf-90cc-0b942c6b703e tempest-ServersNegativeTestJSON-309071842 tempest-ServersNegativeTestJSON-309071842-project-member] Update host state with instances: [] {{(pid=95266) _locked_update /opt/stack/nova/nova/scheduler/host_manager.py:177}}
May 18 18:46:38.733471 np0000000983 nova-scheduler[95266]: DEBUG oslo_concurrency.lockutils [None req-5df7ff12-195d-4baf-90cc-0b942c6b703e tempest-ServersNegativeTestJSON-309071842 tempest-ServersNegativeTestJSON-309071842-project-member] Lock "('np0000000983', 'np0000000983')" "released" by "nova.scheduler.host_manager.HostState.update.._locked_update" :: held 0.002s {{(pid=95266) inner /opt/stack/data/venv/lib/python3.12/site-packages/oslo_concurrency/lockutils.py:538}}
May 18 18:46:38.733471 np0000000983 nova-scheduler[95266]: DEBUG nova.filters [None req-5df7ff12-195d-4baf-90cc-0b942c6b703e tempest-ServersNegativeTestJSON-309071842 tempest-ServersNegativeTestJSON-309071842-project-member] Starting with 1 host(s) {{(pid=95266) get_filtered_objects /opt/stack/nova/nova/filters.py:70}}
May 18 18:46:38.733471 np0000000983 nova-scheduler[95266]: DEBUG nova.filters [None req-5df7ff12-195d-4baf-90cc-0b942c6b703e tempest-ServersNegativeTestJSON-309071842 tempest-ServersNegativeTestJSON-309071842-project-member] Filter ComputeFilter returned 1 host(s) {{(pid=95266) get_filtered_objects /opt/stack/nova/nova/filters.py:102}}
May 18 18:46:38.735622 np0000000983 nova-scheduler[95266]: DEBUG nova.filters [None req-5df7ff12-195d-4baf-90cc-0b942c6b703e tempest-ServersNegativeTestJSON-309071842 tempest-ServersNegativeTestJSON-309071842-project-member] Filter ComputeCapabilitiesFilter returned 1 host(s) {{(pid=95266) get_filtered_objects /opt/stack/nova/nova/filters.py:102}}
May 18 18:46:38.735996 np0000000983 nova-scheduler[95266]: DEBUG nova.filters [None req-5df7ff12-195d-4baf-90cc-0b942c6b703e tempest-ServersNegativeTestJSON-309071842 tempest-ServersNegativeTestJSON-309071842-project-member] Filter ImagePropertiesFilter returned 1 host(s) {{(pid=95266) get_filtered_objects /opt/stack/nova/nova/filters.py:102}}
May 18 18:46:38.736177 np0000000983 nova-scheduler[95266]: DEBUG nova.filters [None req-5df7ff12-195d-4baf-90cc-0b942c6b703e tempest-ServersNegativeTestJSON-309071842 tempest-ServersNegativeTestJSON-309071842-project-member] Filter ServerGroupAntiAffinityFilter returned 1 host(s) {{(pid=95266) get_filtered_objects /opt/stack/nova/nova/filters.py:102}}
May 18 18:46:38.736315 np0000000983 nova-scheduler[95266]: DEBUG nova.filters [None req-5df7ff12-195d-4baf-90cc-0b942c6b703e tempest-ServersNegativeTestJSON-309071842 tempest-ServersNegativeTestJSON-309071842-project-member] Filter ServerGroupAffinityFilter returned 1 host(s) {{(pid=95266) get_filtered_objects /opt/stack/nova/nova/filters.py:102}}
May 18 18:46:38.736536 np0000000983 nova-scheduler[95266]: DEBUG nova.filters [None req-5df7ff12-195d-4baf-90cc-0b942c6b703e tempest-ServersNegativeTestJSON-309071842 tempest-ServersNegativeTestJSON-309071842-project-member] Filter SameHostFilter returned 1 host(s) {{(pid=95266) get_filtered_objects /opt/stack/nova/nova/filters.py:102}}
May 18 18:46:38.736683 np0000000983 nova-scheduler[95266]: DEBUG nova.filters [None req-5df7ff12-195d-4baf-90cc-0b942c6b703e tempest-ServersNegativeTestJSON-309071842 tempest-ServersNegativeTestJSON-309071842-project-member] Filter DifferentHostFilter returned 1 host(s) {{(pid=95266) get_filtered_objects /opt/stack/nova/nova/filters.py:102}}
May 18 18:46:38.736830 np0000000983 nova-scheduler[95266]: DEBUG nova.scheduler.manager [None req-5df7ff12-195d-4baf-90cc-0b942c6b703e tempest-ServersNegativeTestJSON-309071842 tempest-ServersNegativeTestJSON-309071842-project-member] Filtered [(np0000000983, np0000000983) ram: 23518MB disk: 75776MB io_ops: 0 instances: 0, allocation_candidates: 1] {{(pid=95266) _get_sorted_hosts /opt/stack/nova/nova/scheduler/manager.py:743}}
May 18 18:46:38.737050 np0000000983 nova-scheduler[95266]: DEBUG nova.scheduler.manager [None req-5df7ff12-195d-4baf-90cc-0b942c6b703e tempest-ServersNegativeTestJSON-309071842 tempest-ServersNegativeTestJSON-309071842-project-member] Weighed [WeighedHost [host: (np0000000983, np0000000983) ram: 23518MB disk: 75776MB io_ops: 0 instances: 0, allocation_candidates: 1, weight: 0.0]] {{(pid=95266) _get_sorted_hosts /opt/stack/nova/nova/scheduler/manager.py:765}}
May 18 18:46:38.737449 np0000000983 nova-scheduler[95266]: DEBUG nova.scheduler.utils [None req-5df7ff12-195d-4baf-90cc-0b942c6b703e tempest-ServersNegativeTestJSON-309071842 tempest-ServersNegativeTestJSON-309071842-project-member] Attempting to claim resources in the placement API for instance bd89627f-0fce-4841-a9da-7db295477542 {{(pid=95266) claim_resources /opt/stack/nova/nova/scheduler/utils.py:1304}}
May 18 18:46:38.932848 np0000000983 nova-scheduler[95266]: DEBUG nova.scheduler.manager [None req-5df7ff12-195d-4baf-90cc-0b942c6b703e tempest-ServersNegativeTestJSON-309071842 tempest-ServersNegativeTestJSON-309071842-project-member] [instance: bd89627f-0fce-4841-a9da-7db295477542] Selected host: (np0000000983, np0000000983) ram: 23518MB disk: 75776MB io_ops: 0 instances: 0, allocation_candidates: 1 {{(pid=95266) _consume_selected_host /opt/stack/nova/nova/scheduler/manager.py:625}}
May 18 18:46:38.932848 np0000000983 nova-scheduler[95266]: DEBUG oslo_concurrency.lockutils [None req-5df7ff12-195d-4baf-90cc-0b942c6b703e tempest-ServersNegativeTestJSON-309071842 tempest-ServersNegativeTestJSON-309071842-project-member] Acquiring lock "('np0000000983', 'np0000000983')" by "nova.scheduler.host_manager.HostState.consume_from_request.._locked" {{(pid=95266) inner /opt/stack/data/venv/lib/python3.12/site-packages/oslo_concurrency/lockutils.py:506}}
May 18 18:46:38.933699 np0000000983 nova-scheduler[95266]: DEBUG oslo_concurrency.lockutils [None req-5df7ff12-195d-4baf-90cc-0b942c6b703e tempest-ServersNegativeTestJSON-309071842 tempest-ServersNegativeTestJSON-309071842-project-member] Lock "('np0000000983', 'np0000000983')" acquired by "nova.scheduler.host_manager.HostState.consume_from_request.._locked" :: waited 0.000s {{(pid=95266) inner /opt/stack/data/venv/lib/python3.12/site-packages/oslo_concurrency/lockutils.py:519}}
May 18 18:46:38.933932 np0000000983 nova-scheduler[95266]: DEBUG oslo_concurrency.lockutils [None req-5df7ff12-195d-4baf-90cc-0b942c6b703e tempest-ServersNegativeTestJSON-309071842 tempest-ServersNegativeTestJSON-309071842-project-member] Lock "('np0000000983', 'np0000000983')" "released" by "nova.scheduler.host_manager.HostState.consume_from_request.._locked" :: held 0.003s {{(pid=95266) inner /opt/stack/data/venv/lib/python3.12/site-packages/oslo_concurrency/lockutils.py:538}}
May 18 18:46:40.437663 np0000000983 nova-scheduler[95266]: DEBUG oslo.service.backend._threading.loopingcall [None req-21aab63a-994a-4f2e-aa80-77a21f94a3b7 None None] Dynamic interval looping call 'nova.service.Service.periodic_tasks' sleeping for 60.00 seconds {{(pid=95266) _run_loop /opt/stack/data/venv/lib/python3.12/site-packages/oslo_service/backend/_threading/loopingcall.py:125}}
May 18 18:46:45.450124 np0000000983 nova-scheduler[95285]: DEBUG oslo.service.backend._threading.loopingcall [None req-7369aa94-beb0-410f-a43d-777b65411cb9 None None] Dynamic interval looping call 'nova.service.Service.periodic_tasks' sleeping for 60.00 seconds {{(pid=95285) _run_loop /opt/stack/data/venv/lib/python3.12/site-packages/oslo_service/backend/_threading/loopingcall.py:125}}
May 18 18:46:47.981240 np0000000983 nova-scheduler[95303]: DEBUG nova.scheduler.manager [None req-6b8b56fe-a873-45fe-9c57-20095f9cf94e tempest-VolumesAdminNegativeTest-1323668255 tempest-VolumesAdminNegativeTest-1323668255-project-member] Starting to schedule for instances: ['e6912948-2275-4d8c-bd7d-3297db76ec14'] {{(pid=95303) select_destinations /opt/stack/nova/nova/scheduler/manager.py:210}}
May 18 18:46:47.983181 np0000000983 nova-scheduler[95303]: DEBUG nova.scheduler.request_filter [None req-6b8b56fe-a873-45fe-9c57-20095f9cf94e tempest-VolumesAdminNegativeTest-1323668255 tempest-VolumesAdminNegativeTest-1323668255-project-member] compute_status_filter request filter added forbidden trait COMPUTE_STATUS_DISABLED {{(pid=95303) compute_status_filter /opt/stack/nova/nova/scheduler/request_filter.py:253}}
May 18 18:46:47.983181 np0000000983 nova-scheduler[95303]: DEBUG nova.scheduler.request_filter [None req-6b8b56fe-a873-45fe-9c57-20095f9cf94e tempest-VolumesAdminNegativeTest-1323668255 tempest-VolumesAdminNegativeTest-1323668255-project-member] Request filter 'compute_status_filter' took 0.0 seconds {{(pid=95303) wrapper /opt/stack/nova/nova/scheduler/request_filter.py:46}}
May 18 18:46:47.983181 np0000000983 nova-scheduler[95303]: DEBUG nova.scheduler.request_filter [None req-6b8b56fe-a873-45fe-9c57-20095f9cf94e tempest-VolumesAdminNegativeTest-1323668255 tempest-VolumesAdminNegativeTest-1323668255-project-member] Request filter 'accelerators_filter' took 0.0 seconds {{(pid=95303) wrapper /opt/stack/nova/nova/scheduler/request_filter.py:46}}
May 18 18:46:47.983181 np0000000983 nova-scheduler[95303]: DEBUG nova.scheduler.request_filter [None req-6b8b56fe-a873-45fe-9c57-20095f9cf94e tempest-VolumesAdminNegativeTest-1323668255 tempest-VolumesAdminNegativeTest-1323668255-project-member] Request filter 'packed_virtqueue_filter' took 0.0 seconds {{(pid=95303) wrapper /opt/stack/nova/nova/scheduler/request_filter.py:46}}
May 18 18:46:47.983390 np0000000983 nova-scheduler[95303]: DEBUG nova.scheduler.request_filter [None req-6b8b56fe-a873-45fe-9c57-20095f9cf94e tempest-VolumesAdminNegativeTest-1323668255 tempest-VolumesAdminNegativeTest-1323668255-project-member] Request filter 'remote_managed_ports_filter' took 0.0 seconds {{(pid=95303) wrapper /opt/stack/nova/nova/scheduler/request_filter.py:46}}
May 18 18:46:47.983651 np0000000983 nova-scheduler[95303]: DEBUG nova.scheduler.request_filter [None req-6b8b56fe-a873-45fe-9c57-20095f9cf94e tempest-VolumesAdminNegativeTest-1323668255 tempest-VolumesAdminNegativeTest-1323668255-project-member] ephemeral_encryption_filter skipped {{(pid=95303) ephemeral_encryption_filter /opt/stack/nova/nova/scheduler/request_filter.py:426}}
May 18 18:46:47.983858 np0000000983 nova-scheduler[95303]: DEBUG nova.scheduler.request_filter [None req-6b8b56fe-a873-45fe-9c57-20095f9cf94e tempest-VolumesAdminNegativeTest-1323668255 tempest-VolumesAdminNegativeTest-1323668255-project-member] virtio_sound_filter skipped {{(pid=95303) virtio_sound_filter /opt/stack/nova/nova/scheduler/request_filter.py:460}}
May 18 18:46:47.984051 np0000000983 nova-scheduler[95303]: DEBUG nova.scheduler.request_filter [None req-6b8b56fe-a873-45fe-9c57-20095f9cf94e tempest-VolumesAdminNegativeTest-1323668255 tempest-VolumesAdminNegativeTest-1323668255-project-member] tpm_secret_security_filter skipped {{(pid=95303) tpm_secret_security_filter /opt/stack/nova/nova/scheduler/request_filter.py:477}}
May 18 18:46:48.107232 np0000000983 nova-scheduler[95303]: INFO nova.utils [None req-6b8b56fe-a873-45fe-9c57-20095f9cf94e tempest-VolumesAdminNegativeTest-1323668255 tempest-VolumesAdminNegativeTest-1323668255-project-member] The cell worker thread pool ForkProcess-3.cell_worker is initialized
May 18 18:46:48.107232 np0000000983 nova-scheduler[95303]: DEBUG oslo_concurrency.lockutils [None req-6b8b56fe-a873-45fe-9c57-20095f9cf94e tempest-VolumesAdminNegativeTest-1323668255 tempest-VolumesAdminNegativeTest-1323668255-project-member] Acquiring lock "287610f3-a6f1-4189-aaeb-d62f31d4963e" by "nova.context.set_target_cell..get_or_set_cached_cell_and_set_connections" {{(pid=95303) inner /opt/stack/data/venv/lib/python3.12/site-packages/oslo_concurrency/lockutils.py:506}}
May 18 18:46:48.107371 np0000000983 nova-scheduler[95303]: DEBUG oslo_concurrency.lockutils [None req-6b8b56fe-a873-45fe-9c57-20095f9cf94e tempest-VolumesAdminNegativeTest-1323668255 tempest-VolumesAdminNegativeTest-1323668255-project-member] Lock "287610f3-a6f1-4189-aaeb-d62f31d4963e" acquired by "nova.context.set_target_cell..get_or_set_cached_cell_and_set_connections" :: waited 0.000s {{(pid=95303) inner /opt/stack/data/venv/lib/python3.12/site-packages/oslo_concurrency/lockutils.py:519}}
May 18 18:46:48.108644 np0000000983 nova-scheduler[95303]: DEBUG oslo_concurrency.lockutils [None req-6b8b56fe-a873-45fe-9c57-20095f9cf94e tempest-VolumesAdminNegativeTest-1323668255 tempest-VolumesAdminNegativeTest-1323668255-project-member] Lock "287610f3-a6f1-4189-aaeb-d62f31d4963e" "released" by "nova.context.set_target_cell..get_or_set_cached_cell_and_set_connections" :: held 0.001s {{(pid=95303) inner /opt/stack/data/venv/lib/python3.12/site-packages/oslo_concurrency/lockutils.py:538}}
May 18 18:46:48.110603 np0000000983 nova-scheduler[95303]: INFO dbcounter [None req-6b8b56fe-a873-45fe-9c57-20095f9cf94e tempest-VolumesAdminNegativeTest-1323668255 tempest-VolumesAdminNegativeTest-1323668255-project-member] Registered counter for database nova_cell1
May 18 18:46:48.115702 np0000000983 nova-scheduler[95303]: DEBUG oslo_db.sqlalchemy.engines [None req-6b8b56fe-a873-45fe-9c57-20095f9cf94e tempest-VolumesAdminNegativeTest-1323668255 tempest-VolumesAdminNegativeTest-1323668255-project-member] MySQL server mode set to STRICT_TRANS_TABLES,STRICT_ALL_TABLES,NO_ZERO_IN_DATE,NO_ZERO_DATE,ERROR_FOR_DIVISION_BY_ZERO,TRADITIONAL,NO_ENGINE_SUBSTITUTION {{(pid=95303) _check_effective_sql_mode /opt/stack/data/venv/lib/python3.12/site-packages/oslo_db/sqlalchemy/engines.py:325}}
May 18 18:46:48.120642 np0000000983 nova-scheduler[95303]: DEBUG dbcounter [-] [95303] Writer thread running {{(pid=95303) stat_writer /opt/stack/data/venv/lib/python3.12/site-packages/dbcounter.py:102}}
May 18 18:46:48.136674 np0000000983 nova-scheduler[95303]: DEBUG dbcounter [-] [95303] Writer thread running {{(pid=95303) stat_writer /opt/stack/data/venv/lib/python3.12/site-packages/dbcounter.py:102}}
May 18 18:46:48.139363 np0000000983 nova-scheduler[95303]: DEBUG oslo_concurrency.lockutils [None req-6b8b56fe-a873-45fe-9c57-20095f9cf94e tempest-VolumesAdminNegativeTest-1323668255 tempest-VolumesAdminNegativeTest-1323668255-project-member] Acquiring lock "287610f3-a6f1-4189-aaeb-d62f31d4963e" by "nova.context.set_target_cell..get_or_set_cached_cell_and_set_connections" {{(pid=95303) inner /opt/stack/data/venv/lib/python3.12/site-packages/oslo_concurrency/lockutils.py:506}}
May 18 18:46:48.139518 np0000000983 nova-scheduler[95303]: DEBUG oslo_concurrency.lockutils [None req-6b8b56fe-a873-45fe-9c57-20095f9cf94e tempest-VolumesAdminNegativeTest-1323668255 tempest-VolumesAdminNegativeTest-1323668255-project-member] Lock "287610f3-a6f1-4189-aaeb-d62f31d4963e" acquired by "nova.context.set_target_cell..get_or_set_cached_cell_and_set_connections" :: waited 0.000s {{(pid=95303) inner /opt/stack/data/venv/lib/python3.12/site-packages/oslo_concurrency/lockutils.py:519}}
May 18 18:46:48.139624 np0000000983 nova-scheduler[95303]: DEBUG oslo_concurrency.lockutils [None req-6b8b56fe-a873-45fe-9c57-20095f9cf94e tempest-VolumesAdminNegativeTest-1323668255 tempest-VolumesAdminNegativeTest-1323668255-project-member] Lock "287610f3-a6f1-4189-aaeb-d62f31d4963e" "released" by "nova.context.set_target_cell..get_or_set_cached_cell_and_set_connections" :: held 0.000s {{(pid=95303) inner /opt/stack/data/venv/lib/python3.12/site-packages/oslo_concurrency/lockutils.py:538}}
