May 18 18:43:55.476372 np0000000983 nova-conductor[97674]: DEBUG cotyledon.oslo_config_glue [-] oslo_messaging_rabbit.ssl_enforce_fips_mode = False {{(pid=97674) log_opt_values /opt/stack/data/venv/lib/python3.12/site-packages/oslo_config/cfg.py:3006}}
May 18 18:43:55.476372 np0000000983 nova-conductor[97674]: DEBUG cotyledon.oslo_config_glue [-] oslo_messaging_rabbit.ssl_key_file = {{(pid=97674) log_opt_values /opt/stack/data/venv/lib/python3.12/site-packages/oslo_config/cfg.py:3006}}
May 18 18:43:55.476372 np0000000983 nova-conductor[97674]: DEBUG cotyledon.oslo_config_glue [-] oslo_messaging_rabbit.ssl_version = {{(pid=97674) log_opt_values /opt/stack/data/venv/lib/python3.12/site-packages/oslo_config/cfg.py:3006}}
May 18 18:43:55.476668 np0000000983 nova-conductor[97674]: DEBUG cotyledon.oslo_config_glue [-] oslo_messaging_rabbit.use_queue_manager = False {{(pid=97674) log_opt_values /opt/stack/data/venv/lib/python3.12/site-packages/oslo_config/cfg.py:3006}}
May 18 18:43:55.476668 np0000000983 nova-conductor[97674]: DEBUG cotyledon.oslo_config_glue [-] oslo_messaging_notifications.driver = ['messagingv2'] {{(pid=97674) log_opt_values /opt/stack/data/venv/lib/python3.12/site-packages/oslo_config/cfg.py:3006}}
May 18 18:43:55.476668 np0000000983 nova-conductor[97674]: DEBUG cotyledon.oslo_config_glue [-] oslo_messaging_notifications.retry = -1 {{(pid=97674) log_opt_values /opt/stack/data/venv/lib/python3.12/site-packages/oslo_config/cfg.py:3006}}
May 18 18:43:55.476668 np0000000983 nova-conductor[97674]: DEBUG cotyledon.oslo_config_glue [-] oslo_messaging_notifications.topics = ['notifications'] {{(pid=97674) log_opt_values /opt/stack/data/venv/lib/python3.12/site-packages/oslo_config/cfg.py:3006}}
May 18 18:43:55.476668 np0000000983 nova-conductor[97674]: DEBUG cotyledon.oslo_config_glue [-] oslo_messaging_notifications.transport_url = **** {{(pid=97674) log_opt_values /opt/stack/data/venv/lib/python3.12/site-packages/oslo_config/cfg.py:3006}}
May 18 18:43:55.476668 np0000000983 nova-conductor[97674]: DEBUG cotyledon.oslo_config_glue [-] oslo_limit.auth_section = None {{(pid=97674) log_opt_values /opt/stack/data/venv/lib/python3.12/site-packages/oslo_config/cfg.py:3006}}
May 18 18:43:55.476668 np0000000983 nova-conductor[97674]: DEBUG cotyledon.oslo_config_glue [-] oslo_limit.auth_type = None {{(pid=97674) log_opt_values /opt/stack/data/venv/lib/python3.12/site-packages/oslo_config/cfg.py:3006}}
May 18 18:43:55.476668 np0000000983 nova-conductor[97674]: DEBUG cotyledon.oslo_config_glue [-] oslo_limit.cafile = None {{(pid=97674) log_opt_values /opt/stack/data/venv/lib/python3.12/site-packages/oslo_config/cfg.py:3006}}
May 18 18:43:55.476668 np0000000983 nova-conductor[97674]: DEBUG cotyledon.oslo_config_glue [-] oslo_limit.certfile = None {{(pid=97674) log_opt_values /opt/stack/data/venv/lib/python3.12/site-packages/oslo_config/cfg.py:3006}}
May 18 18:43:55.479334 np0000000983 nova-conductor[97674]: DEBUG cotyledon.oslo_config_glue [-] oslo_limit.collect_timing = False {{(pid=97674) log_opt_values /opt/stack/data/venv/lib/python3.12/site-packages/oslo_config/cfg.py:3006}}
May 18 18:43:55.479334 np0000000983 nova-conductor[97674]: DEBUG cotyledon.oslo_config_glue [-] oslo_limit.connect_retries = None {{(pid=97674) log_opt_values /opt/stack/data/venv/lib/python3.12/site-packages/oslo_config/cfg.py:3006}}
May 18 18:43:55.479334 np0000000983 nova-conductor[97674]: DEBUG cotyledon.oslo_config_glue [-] oslo_limit.connect_retry_delay = None {{(pid=97674) log_opt_values /opt/stack/data/venv/lib/python3.12/site-packages/oslo_config/cfg.py:3006}}
May 18 18:43:55.479334 np0000000983 nova-conductor[97674]: DEBUG cotyledon.oslo_config_glue [-] oslo_limit.endpoint_id = None {{(pid=97674) log_opt_values /opt/stack/data/venv/lib/python3.12/site-packages/oslo_config/cfg.py:3006}}
May 18 18:43:55.479334 np0000000983 nova-conductor[97674]: DEBUG cotyledon.oslo_config_glue [-] oslo_limit.endpoint_interface = public {{(pid=97674) log_opt_values /opt/stack/data/venv/lib/python3.12/site-packages/oslo_config/cfg.py:3006}}
May 18 18:43:55.479334 np0000000983 nova-conductor[97674]: DEBUG cotyledon.oslo_config_glue [-] oslo_limit.endpoint_override = None {{(pid=97674) log_opt_values /opt/stack/data/venv/lib/python3.12/site-packages/oslo_config/cfg.py:3006}}
May 18 18:43:55.479334 np0000000983 nova-conductor[97674]: DEBUG cotyledon.oslo_config_glue [-] oslo_limit.endpoint_region_name = None {{(pid=97674) log_opt_values /opt/stack/data/venv/lib/python3.12/site-packages/oslo_config/cfg.py:3006}}
May 18 18:43:55.479334 np0000000983 nova-conductor[97674]: DEBUG cotyledon.oslo_config_glue [-] oslo_limit.endpoint_service_name = None {{(pid=97674) log_opt_values /opt/stack/data/venv/lib/python3.12/site-packages/oslo_config/cfg.py:3006}}
May 18 18:43:55.479334 np0000000983 nova-conductor[97674]: DEBUG cotyledon.oslo_config_glue [-] oslo_limit.endpoint_service_type = None {{(pid=97674) log_opt_values /opt/stack/data/venv/lib/python3.12/site-packages/oslo_config/cfg.py:3006}}
May 18 18:43:55.479960 np0000000983 nova-conductor[97674]: DEBUG cotyledon.oslo_config_glue [-] oslo_limit.insecure = False {{(pid=97674) log_opt_values /opt/stack/data/venv/lib/python3.12/site-packages/oslo_config/cfg.py:3006}}
May 18 18:43:55.479960 np0000000983 nova-conductor[97674]: DEBUG cotyledon.oslo_config_glue [-] oslo_limit.keyfile = None {{(pid=97674) log_opt_values /opt/stack/data/venv/lib/python3.12/site-packages/oslo_config/cfg.py:3006}}
May 18 18:43:55.479960 np0000000983 nova-conductor[97674]: DEBUG cotyledon.oslo_config_glue [-] oslo_limit.max_version = None {{(pid=97674) log_opt_values /opt/stack/data/venv/lib/python3.12/site-packages/oslo_config/cfg.py:3006}}
May 18 18:43:55.479960 np0000000983 nova-conductor[97674]: DEBUG cotyledon.oslo_config_glue [-] oslo_limit.min_version = None {{(pid=97674) log_opt_values /opt/stack/data/venv/lib/python3.12/site-packages/oslo_config/cfg.py:3006}}
May 18 18:43:55.479960 np0000000983 nova-conductor[97674]: DEBUG cotyledon.oslo_config_glue [-] oslo_limit.region_name = None {{(pid=97674) log_opt_values /opt/stack/data/venv/lib/python3.12/site-packages/oslo_config/cfg.py:3006}}
May 18 18:43:55.479960 np0000000983 nova-conductor[97674]: DEBUG cotyledon.oslo_config_glue [-] oslo_limit.retriable_status_codes = None {{(pid=97674) log_opt_values /opt/stack/data/venv/lib/python3.12/site-packages/oslo_config/cfg.py:3006}}
May 18 18:43:55.479960 np0000000983 nova-conductor[97674]: DEBUG cotyledon.oslo_config_glue [-] oslo_limit.service_name = None {{(pid=97674) log_opt_values /opt/stack/data/venv/lib/python3.12/site-packages/oslo_config/cfg.py:3006}}
May 18 18:43:55.479960 np0000000983 nova-conductor[97674]: DEBUG cotyledon.oslo_config_glue [-] oslo_limit.service_type = None {{(pid=97674) log_opt_values /opt/stack/data/venv/lib/python3.12/site-packages/oslo_config/cfg.py:3006}}
May 18 18:43:55.479960 np0000000983 nova-conductor[97674]: DEBUG cotyledon.oslo_config_glue [-] oslo_limit.split_loggers = False {{(pid=97674) log_opt_values /opt/stack/data/venv/lib/python3.12/site-packages/oslo_config/cfg.py:3006}}
May 18 18:43:55.480269 np0000000983 nova-conductor[97674]: DEBUG cotyledon.oslo_config_glue [-] oslo_limit.status_code_retries = None {{(pid=97674) log_opt_values /opt/stack/data/venv/lib/python3.12/site-packages/oslo_config/cfg.py:3006}}
May 18 18:43:55.480269 np0000000983 nova-conductor[97674]: DEBUG cotyledon.oslo_config_glue [-] oslo_limit.status_code_retry_delay = None {{(pid=97674) log_opt_values /opt/stack/data/venv/lib/python3.12/site-packages/oslo_config/cfg.py:3006}}
May 18 18:43:55.480269 np0000000983 nova-conductor[97674]: DEBUG cotyledon.oslo_config_glue [-] oslo_limit.timeout = None {{(pid=97674) log_opt_values /opt/stack/data/venv/lib/python3.12/site-packages/oslo_config/cfg.py:3006}}
May 18 18:43:55.480269 np0000000983 nova-conductor[97674]: DEBUG cotyledon.oslo_config_glue [-] oslo_limit.valid_interfaces = None {{(pid=97674) log_opt_values /opt/stack/data/venv/lib/python3.12/site-packages/oslo_config/cfg.py:3006}}
May 18 18:43:55.480269 np0000000983 nova-conductor[97674]: DEBUG cotyledon.oslo_config_glue [-] oslo_limit.version = None {{(pid=97674) log_opt_values /opt/stack/data/venv/lib/python3.12/site-packages/oslo_config/cfg.py:3006}}
May 18 18:43:55.480269 np0000000983 nova-conductor[97674]: DEBUG cotyledon.oslo_config_glue [-] oslo_reports.file_event_handler = None {{(pid=97674) log_opt_values /opt/stack/data/venv/lib/python3.12/site-packages/oslo_config/cfg.py:3006}}
May 18 18:43:55.480269 np0000000983 nova-conductor[97674]: DEBUG cotyledon.oslo_config_glue [-] oslo_reports.file_event_handler_interval = 1 {{(pid=97674) log_opt_values /opt/stack/data/venv/lib/python3.12/site-packages/oslo_config/cfg.py:3006}}
May 18 18:43:55.480269 np0000000983 nova-conductor[97674]: DEBUG cotyledon.oslo_config_glue [-] oslo_reports.log_dir = None {{(pid=97674) log_opt_values /opt/stack/data/venv/lib/python3.12/site-packages/oslo_config/cfg.py:3006}}
May 18 18:43:55.480269 np0000000983 nova-conductor[97674]: DEBUG cotyledon.oslo_config_glue [-] ******************************************************************************** {{(pid=97674) log_opt_values /opt/stack/data/venv/lib/python3.12/site-packages/oslo_config/cfg.py:3013}}
May 18 18:43:55.480700 np0000000983 nova-conductor[97674]: DEBUG cotyledon._service_worker [-] Run service ServiceWrapper(2) [97674] {{(pid=97674) wait_forever /opt/stack/data/venv/lib/python3.12/site-packages/cotyledon/_service_worker.py:218}}
May 18 18:43:55.480700 np0000000983 nova-conductor[97674]: INFO nova.service [-] Starting conductor node (version 33.1.0)
May 18 18:43:55.480700 np0000000983 nova-conductor[97674]: INFO dbcounter [None req-482f83d7-b238-417e-bb37-1a62329ddee0 None None] Registered counter for database nova_cell0
May 18 18:43:55.480811 np0000000983 nova-conductor[97671]: DEBUG dbcounter [-] [97671] Writer thread running {{(pid=97671) stat_writer /opt/stack/data/venv/lib/python3.12/site-packages/dbcounter.py:102}}
May 18 18:43:55.480856 np0000000983 nova-conductor[97665]: DEBUG nova.service [None req-8e0b0ac6-699e-4ae0-b093-dd286d64c0e6 None None] Creating RPC server for service: nova-conductor on topic: conductor {{(pid=97665) start /opt/stack/nova/nova/service.py:195}}
May 18 18:43:55.480902 np0000000983 nova-conductor[97674]: DEBUG oslo_db.sqlalchemy.engines [None req-482f83d7-b238-417e-bb37-1a62329ddee0 None None] MySQL server mode set to STRICT_TRANS_TABLES,STRICT_ALL_TABLES,NO_ZERO_IN_DATE,NO_ZERO_DATE,ERROR_FOR_DIVISION_BY_ZERO,TRADITIONAL,NO_ENGINE_SUBSTITUTION {{(pid=97674) _check_effective_sql_mode /opt/stack/data/venv/lib/python3.12/site-packages/oslo_db/sqlalchemy/engines.py:325}}
May 18 18:43:55.483327 np0000000983 nova-conductor[97671]: DEBUG nova.service [None req-c9731d71-1551-4f08-bff0-b39f445d5a7d None None] Creating RPC server for service: nova-conductor on topic: conductor {{(pid=97671) start /opt/stack/nova/nova/service.py:195}}
May 18 18:43:55.494360 np0000000983 nova-conductor[97674]: DEBUG dbcounter [-] [97674] Writer thread running {{(pid=97674) stat_writer /opt/stack/data/venv/lib/python3.12/site-packages/dbcounter.py:102}}
May 18 18:43:55.499159 np0000000983 nova-conductor[97674]: DEBUG nova.service [None req-482f83d7-b238-417e-bb37-1a62329ddee0 None None] Creating RPC server for service: nova-conductor on topic: conductor {{(pid=97674) start /opt/stack/nova/nova/service.py:195}}
May 18 18:43:55.509036 np0000000983 nova-conductor[97665]: DEBUG nova.service [None req-8e0b0ac6-699e-4ae0-b093-dd286d64c0e6 None None] Join ServiceGroup membership for this service conductor {{(pid=97665) start /opt/stack/nova/nova/service.py:221}}
May 18 18:43:55.509190 np0000000983 nova-conductor[97671]: DEBUG nova.service [None req-c9731d71-1551-4f08-bff0-b39f445d5a7d None None] Join ServiceGroup membership for this service conductor {{(pid=97671) start /opt/stack/nova/nova/service.py:221}}
May 18 18:43:55.509264 np0000000983 nova-conductor[97665]: DEBUG nova.servicegroup.drivers.db [None req-8e0b0ac6-699e-4ae0-b093-dd286d64c0e6 None None] DB_Driver: join new ServiceGroup member np0000000983 to the conductor group, service = {{(pid=97665) join /opt/stack/nova/nova/servicegroup/drivers/db.py:44}}
May 18 18:43:55.509409 np0000000983 nova-conductor[97671]: DEBUG nova.servicegroup.drivers.db [None req-c9731d71-1551-4f08-bff0-b39f445d5a7d None None] DB_Driver: join new ServiceGroup member np0000000983 to the conductor group, service = {{(pid=97671) join /opt/stack/nova/nova/servicegroup/drivers/db.py:44}}
May 18 18:43:55.510906 np0000000983 nova-conductor[97665]: DEBUG oslo.service.backend._threading.loopingcall [None req-22fb82c9-93ef-440d-946d-3bbb20f9078d None None] Dynamic interval looping call 'nova.service.Service.periodic_tasks' sleeping for 60.00 seconds {{(pid=97665) _run_loop /opt/stack/data/venv/lib/python3.12/site-packages/oslo_service/backend/_threading/loopingcall.py:125}}
May 18 18:43:55.517382 np0000000983 nova-conductor[97674]: DEBUG nova.service [None req-482f83d7-b238-417e-bb37-1a62329ddee0 None None] Join ServiceGroup membership for this service conductor {{(pid=97674) start /opt/stack/nova/nova/service.py:221}}
May 18 18:43:55.517732 np0000000983 nova-conductor[97674]: DEBUG nova.servicegroup.drivers.db [None req-482f83d7-b238-417e-bb37-1a62329ddee0 None None] DB_Driver: join new ServiceGroup member np0000000983 to the conductor group, service = {{(pid=97674) join /opt/stack/nova/nova/servicegroup/drivers/db.py:44}}
May 18 18:44:00.522043 np0000000983 nova-conductor[97665]: DEBUG oslo.service.backend._threading.loopingcall [-] Fixed interval looping call 'nova.servicegroup.drivers.db.DbDriver._report_state' sleeping for 119.99 seconds {{(pid=97665) _run_loop /opt/stack/data/venv/lib/python3.12/site-packages/oslo_service/backend/_threading/loopingcall.py:125}}
May 18 18:44:00.523703 np0000000983 nova-conductor[97671]: DEBUG oslo.service.backend._threading.loopingcall [-] Fixed interval looping call 'nova.servicegroup.drivers.db.DbDriver._report_state' sleeping for 119.99 seconds {{(pid=97671) _run_loop /opt/stack/data/venv/lib/python3.12/site-packages/oslo_service/backend/_threading/loopingcall.py:125}}
May 18 18:44:00.530170 np0000000983 nova-conductor[97674]: DEBUG oslo.service.backend._threading.loopingcall [-] Fixed interval looping call 'nova.servicegroup.drivers.db.DbDriver._report_state' sleeping for 119.99 seconds {{(pid=97674) _run_loop /opt/stack/data/venv/lib/python3.12/site-packages/oslo_service/backend/_threading/loopingcall.py:125}}
May 18 18:44:04.157393 np0000000983 nova-conductor[96150]: DEBUG dbcounter [-] [96150] Writing DB stats nova_api:SELECT=1 {{(pid=96150) stat_writer /opt/stack/data/venv/lib/python3.12/site-packages/dbcounter.py:115}}
May 18 18:44:04.247308 np0000000983 nova-conductor[96150]: DEBUG dbcounter [-] [96150] Writing DB stats nova_cell1:SELECT=1 {{(pid=96150) stat_writer /opt/stack/data/venv/lib/python3.12/site-packages/dbcounter.py:115}}
May 18 18:44:04.247752 np0000000983 nova-conductor[96150]: DEBUG dbcounter [-] [96150] Writing DB stats nova_cell0:SELECT=1 {{(pid=96150) stat_writer /opt/stack/data/venv/lib/python3.12/site-packages/dbcounter.py:115}}
May 18 18:44:10.523642 np0000000983 nova-conductor[97665]: DEBUG dbcounter [-] [97665] Writing DB stats nova_cell0:SELECT=4,nova_cell0:INSERT=1,nova_cell0:UPDATE=1 {{(pid=97665) stat_writer /opt/stack/data/venv/lib/python3.12/site-packages/dbcounter.py:115}}
May 18 18:44:10.524026 np0000000983 nova-conductor[97671]: DEBUG dbcounter [-] [97671] Writing DB stats nova_cell0:SELECT=4,nova_cell0:INSERT=1,nova_cell0:UPDATE=1 {{(pid=97671) stat_writer /opt/stack/data/venv/lib/python3.12/site-packages/dbcounter.py:115}}
May 18 18:44:10.526712 np0000000983 nova-conductor[97674]: DEBUG dbcounter [-] [97674] Writing DB stats nova_cell0:SELECT=3 {{(pid=97674) stat_writer /opt/stack/data/venv/lib/python3.12/site-packages/dbcounter.py:115}}
May 18 18:44:42.511691 np0000000983 nova-conductor[97671]: DEBUG oslo.service.backend._threading.loopingcall [None req-a58d320c-3d93-43a9-a806-4fef397c42c0 None None] Dynamic interval looping call 'nova.service.Service.periodic_tasks' sleeping for 60.00 seconds {{(pid=97671) _run_loop /opt/stack/data/venv/lib/python3.12/site-packages/oslo_service/backend/_threading/loopingcall.py:125}}
May 18 18:44:51.519630 np0000000983 nova-conductor[97674]: DEBUG oslo.service.backend._threading.loopingcall [None req-32e78a10-304e-4bcc-813e-8307a8b3d789 None None] Dynamic interval looping call 'nova.service.Service.periodic_tasks' sleeping for 60.00 seconds {{(pid=97674) _run_loop /opt/stack/data/venv/lib/python3.12/site-packages/oslo_service/backend/_threading/loopingcall.py:125}}
May 18 18:44:55.511882 np0000000983 nova-conductor[97665]: DEBUG oslo.service.backend._threading.loopingcall [None req-22fb82c9-93ef-440d-946d-3bbb20f9078d None None] Dynamic interval looping call 'nova.service.Service.periodic_tasks' sleeping for 60.00 seconds {{(pid=97665) _run_loop /opt/stack/data/venv/lib/python3.12/site-packages/oslo_service/backend/_threading/loopingcall.py:125}}
May 18 18:45:42.512197 np0000000983 nova-conductor[97671]: DEBUG oslo.service.backend._threading.loopingcall [None req-a58d320c-3d93-43a9-a806-4fef397c42c0 None None] Dynamic interval looping call 'nova.service.Service.periodic_tasks' sleeping for 60.00 seconds {{(pid=97671) _run_loop /opt/stack/data/venv/lib/python3.12/site-packages/oslo_service/backend/_threading/loopingcall.py:125}}
May 18 18:45:51.520439 np0000000983 nova-conductor[97674]: DEBUG oslo.service.backend._threading.loopingcall [None req-32e78a10-304e-4bcc-813e-8307a8b3d789 None None] Dynamic interval looping call 'nova.service.Service.periodic_tasks' sleeping for 60.00 seconds {{(pid=97674) _run_loop /opt/stack/data/venv/lib/python3.12/site-packages/oslo_service/backend/_threading/loopingcall.py:125}}
May 18 18:45:55.512320 np0000000983 nova-conductor[97665]: DEBUG oslo.service.backend._threading.loopingcall [None req-22fb82c9-93ef-440d-946d-3bbb20f9078d None None] Dynamic interval looping call 'nova.service.Service.periodic_tasks' sleeping for 60.00 seconds {{(pid=97665) _run_loop /opt/stack/data/venv/lib/python3.12/site-packages/oslo_service/backend/_threading/loopingcall.py:125}}
May 18 18:46:00.517952 np0000000983 nova-conductor[97665]: DEBUG oslo.service.backend._threading.loopingcall [-] Fixed interval looping call 'nova.servicegroup.drivers.db.DbDriver._report_state' sleeping for 119.99 seconds {{(pid=97665) _run_loop /opt/stack/data/venv/lib/python3.12/site-packages/oslo_service/backend/_threading/loopingcall.py:125}}
May 18 18:46:00.518564 np0000000983 nova-conductor[97671]: DEBUG oslo.service.backend._threading.loopingcall [-] Fixed interval looping call 'nova.servicegroup.drivers.db.DbDriver._report_state' sleeping for 120.00 seconds {{(pid=97671) _run_loop /opt/stack/data/venv/lib/python3.12/site-packages/oslo_service/backend/_threading/loopingcall.py:125}}
May 18 18:46:00.523756 np0000000983 nova-conductor[97674]: DEBUG oslo.service.backend._threading.loopingcall [-] Fixed interval looping call 'nova.servicegroup.drivers.db.DbDriver._report_state' sleeping for 120.00 seconds {{(pid=97674) _run_loop /opt/stack/data/venv/lib/python3.12/site-packages/oslo_service/backend/_threading/loopingcall.py:125}}
May 18 18:46:10.514815 np0000000983 nova-conductor[97665]: DEBUG dbcounter [-] [97665] Writing DB stats nova_cell0:SELECT=1,nova_cell0:UPDATE=1 {{(pid=97665) stat_writer /opt/stack/data/venv/lib/python3.12/site-packages/dbcounter.py:115}}
May 18 18:46:10.516259 np0000000983 nova-conductor[97671]: DEBUG dbcounter [-] [97671] Writing DB stats nova_cell0:SELECT=1,nova_cell0:UPDATE=1 {{(pid=97671) stat_writer /opt/stack/data/venv/lib/python3.12/site-packages/dbcounter.py:115}}
May 18 18:46:10.521882 np0000000983 nova-conductor[97674]: DEBUG dbcounter [-] [97674] Writing DB stats nova_cell0:SELECT=1 {{(pid=97674) stat_writer /opt/stack/data/venv/lib/python3.12/site-packages/dbcounter.py:115}}
May 18 18:46:37.849686 np0000000983 nova-conductor[97665]: DEBUG oslo_db.sqlalchemy.engines [None req-5df7ff12-195d-4baf-90cc-0b942c6b703e tempest-ServersNegativeTestJSON-309071842 tempest-ServersNegativeTestJSON-309071842-project-member] Parent process 96150 forked (97665) with an open database connection, which is being discarded and recreated. {{(pid=97665) checkout /opt/stack/data/venv/lib/python3.12/site-packages/oslo_db/sqlalchemy/engines.py:402}}
May 18 18:46:37.854555 np0000000983 nova-conductor[97665]: DEBUG dbcounter [-] [97665] Writer thread running {{(pid=97665) stat_writer /opt/stack/data/venv/lib/python3.12/site-packages/dbcounter.py:102}}
May 18 18:46:39.386530 np0000000983 nova-conductor[97665]: DEBUG nova.conductor.manager [None req-5df7ff12-195d-4baf-90cc-0b942c6b703e tempest-ServersNegativeTestJSON-309071842 tempest-ServersNegativeTestJSON-309071842-project-member] Took 1.53 seconds to select destinations for 1 instance(s). {{(pid=97665) _schedule_instances /opt/stack/nova/nova/conductor/manager.py:968}}
May 18 18:46:39.416052 np0000000983 nova-conductor[97665]: DEBUG oslo_concurrency.lockutils [None req-5df7ff12-195d-4baf-90cc-0b942c6b703e tempest-ServersNegativeTestJSON-309071842 tempest-ServersNegativeTestJSON-309071842-project-member] Acquiring lock "287610f3-a6f1-4189-aaeb-d62f31d4963e" by "nova.context.set_target_cell..get_or_set_cached_cell_and_set_connections" {{(pid=97665) inner /opt/stack/data/venv/lib/python3.12/site-packages/oslo_concurrency/lockutils.py:506}}
May 18 18:46:39.418369 np0000000983 nova-conductor[97665]: DEBUG oslo_concurrency.lockutils [None req-5df7ff12-195d-4baf-90cc-0b942c6b703e tempest-ServersNegativeTestJSON-309071842 tempest-ServersNegativeTestJSON-309071842-project-member] Lock "287610f3-a6f1-4189-aaeb-d62f31d4963e" acquired by "nova.context.set_target_cell..get_or_set_cached_cell_and_set_connections" :: waited 0.001s {{(pid=97665) inner /opt/stack/data/venv/lib/python3.12/site-packages/oslo_concurrency/lockutils.py:519}}
May 18 18:46:39.418657 np0000000983 nova-conductor[97665]: DEBUG oslo_concurrency.lockutils [None req-5df7ff12-195d-4baf-90cc-0b942c6b703e tempest-ServersNegativeTestJSON-309071842 tempest-ServersNegativeTestJSON-309071842-project-member] Lock "287610f3-a6f1-4189-aaeb-d62f31d4963e" "released" by "nova.context.set_target_cell..get_or_set_cached_cell_and_set_connections" :: held 0.002s {{(pid=97665) inner /opt/stack/data/venv/lib/python3.12/site-packages/oslo_concurrency/lockutils.py:538}}
May 18 18:46:39.421149 np0000000983 nova-conductor[97665]: INFO dbcounter [None req-5df7ff12-195d-4baf-90cc-0b942c6b703e tempest-ServersNegativeTestJSON-309071842 tempest-ServersNegativeTestJSON-309071842-project-member] Registered counter for database nova_cell1
May 18 18:46:39.429223 np0000000983 nova-conductor[97665]: DEBUG oslo_db.sqlalchemy.engines [None req-5df7ff12-195d-4baf-90cc-0b942c6b703e tempest-ServersNegativeTestJSON-309071842 tempest-ServersNegativeTestJSON-309071842-project-member] MySQL server mode set to STRICT_TRANS_TABLES,STRICT_ALL_TABLES,NO_ZERO_IN_DATE,NO_ZERO_DATE,ERROR_FOR_DIVISION_BY_ZERO,TRADITIONAL,NO_ENGINE_SUBSTITUTION {{(pid=97665) _check_effective_sql_mode /opt/stack/data/venv/lib/python3.12/site-packages/oslo_db/sqlalchemy/engines.py:325}}
May 18 18:46:39.435777 np0000000983 nova-conductor[97665]: DEBUG dbcounter [-] [97665] Writer thread running {{(pid=97665) stat_writer /opt/stack/data/venv/lib/python3.12/site-packages/dbcounter.py:102}}
May 18 18:46:39.538375 np0000000983 nova-conductor[97665]: INFO nova.utils [None req-5df7ff12-195d-4baf-90cc-0b942c6b703e tempest-ServersNegativeTestJSON-309071842 tempest-ServersNegativeTestJSON-309071842-project-member] The cell worker thread pool ForkProcess-1.cell_worker is initialized
May 18 18:46:39.538375 np0000000983 nova-conductor[97665]: DEBUG oslo_concurrency.lockutils [None req-5df7ff12-195d-4baf-90cc-0b942c6b703e tempest-ServersNegativeTestJSON-309071842 tempest-ServersNegativeTestJSON-309071842-project-member] Acquiring lock "00000000-0000-0000-0000-000000000000" by "nova.context.set_target_cell..get_or_set_cached_cell_and_set_connections" {{(pid=97665) inner /opt/stack/data/venv/lib/python3.12/site-packages/oslo_concurrency/lockutils.py:506}}
May 18 18:46:39.538375 np0000000983 nova-conductor[97665]: DEBUG oslo_concurrency.lockutils [None req-5df7ff12-195d-4baf-90cc-0b942c6b703e tempest-ServersNegativeTestJSON-309071842 tempest-ServersNegativeTestJSON-309071842-project-member] Lock "00000000-0000-0000-0000-000000000000" acquired by "nova.context.set_target_cell..get_or_set_cached_cell_and_set_connections" :: waited 0.000s {{(pid=97665) inner /opt/stack/data/venv/lib/python3.12/site-packages/oslo_concurrency/lockutils.py:519}}
May 18 18:46:39.538375 np0000000983 nova-conductor[97665]: DEBUG oslo_concurrency.lockutils [None req-5df7ff12-195d-4baf-90cc-0b942c6b703e tempest-ServersNegativeTestJSON-309071842 tempest-ServersNegativeTestJSON-309071842-project-member] Lock "00000000-0000-0000-0000-000000000000" "released" by "nova.context.set_target_cell..get_or_set_cached_cell_and_set_connections" :: held 0.000s {{(pid=97665) inner /opt/stack/data/venv/lib/python3.12/site-packages/oslo_concurrency/lockutils.py:538}}
May 18 18:46:39.539366 np0000000983 nova-conductor[97665]: DEBUG oslo_concurrency.lockutils [None req-5df7ff12-195d-4baf-90cc-0b942c6b703e tempest-ServersNegativeTestJSON-309071842 tempest-ServersNegativeTestJSON-309071842-project-member] Acquiring lock "287610f3-a6f1-4189-aaeb-d62f31d4963e" by "nova.context.set_target_cell..get_or_set_cached_cell_and_set_connections" {{(pid=97665) inner /opt/stack/data/venv/lib/python3.12/site-packages/oslo_concurrency/lockutils.py:506}}
May 18 18:46:39.541679 np0000000983 nova-conductor[97665]: INFO dbcounter [None req-5df7ff12-195d-4baf-90cc-0b942c6b703e tempest-ServersNegativeTestJSON-309071842 tempest-ServersNegativeTestJSON-309071842-project-member] Registered counter for database nova_cell0
May 18 18:46:39.544223 np0000000983 nova-conductor[97665]: DEBUG oslo_concurrency.lockutils [None req-5df7ff12-195d-4baf-90cc-0b942c6b703e tempest-ServersNegativeTestJSON-309071842 tempest-ServersNegativeTestJSON-309071842-project-member] Lock "287610f3-a6f1-4189-aaeb-d62f31d4963e" acquired by "nova.context.set_target_cell..get_or_set_cached_cell_and_set_connections" :: waited 0.002s {{(pid=97665) inner /opt/stack/data/venv/lib/python3.12/site-packages/oslo_concurrency/lockutils.py:519}}
May 18 18:46:39.544223 np0000000983 nova-conductor[97665]: DEBUG oslo_concurrency.lockutils [None req-5df7ff12-195d-4baf-90cc-0b942c6b703e tempest-ServersNegativeTestJSON-309071842 tempest-ServersNegativeTestJSON-309071842-project-member] Lock "287610f3-a6f1-4189-aaeb-d62f31d4963e" "released" by "nova.context.set_target_cell..get_or_set_cached_cell_and_set_connections" :: held 0.003s {{(pid=97665) inner /opt/stack/data/venv/lib/python3.12/site-packages/oslo_concurrency/lockutils.py:538}}
May 18 18:46:39.553817 np0000000983 nova-conductor[97665]: DEBUG oslo_db.sqlalchemy.engines [None req-5df7ff12-195d-4baf-90cc-0b942c6b703e tempest-ServersNegativeTestJSON-309071842 tempest-ServersNegativeTestJSON-309071842-project-member] MySQL server mode set to STRICT_TRANS_TABLES,STRICT_ALL_TABLES,NO_ZERO_IN_DATE,NO_ZERO_DATE,ERROR_FOR_DIVISION_BY_ZERO,TRADITIONAL,NO_ENGINE_SUBSTITUTION {{(pid=97665) _check_effective_sql_mode /opt/stack/data/venv/lib/python3.12/site-packages/oslo_db/sqlalchemy/engines.py:325}}
May 18 18:46:39.559223 np0000000983 nova-conductor[97665]: DEBUG dbcounter [-] [97665] Writer thread running {{(pid=97665) stat_writer /opt/stack/data/venv/lib/python3.12/site-packages/dbcounter.py:102}}
May 18 18:46:39.571996 np0000000983 nova-conductor[97665]: DEBUG nova.quota [None req-5df7ff12-195d-4baf-90cc-0b942c6b703e tempest-ServersNegativeTestJSON-309071842 tempest-ServersNegativeTestJSON-309071842-project-member] Getting quotas for project 3d2e41377d4244d4a4f5b46ea7b71864. Resources: {'ram', 'instances', 'cores'} {{(pid=97665) _get_quotas /opt/stack/nova/nova/quota.py:392}}
May 18 18:46:39.575971 np0000000983 nova-conductor[97665]: DEBUG nova.quota [None req-5df7ff12-195d-4baf-90cc-0b942c6b703e tempest-ServersNegativeTestJSON-309071842 tempest-ServersNegativeTestJSON-309071842-project-member] Getting quotas for user 8a1b5a7473284d05ad828ca893d2047b and project 3d2e41377d4244d4a4f5b46ea7b71864. Resources: {'ram', 'instances', 'cores'} {{(pid=97665) _get_quotas /opt/stack/nova/nova/quota.py:382}}
May 18 18:46:39.581670 np0000000983 nova-conductor[97665]: DEBUG nova.conductor.manager [None req-5df7ff12-195d-4baf-90cc-0b942c6b703e tempest-ServersNegativeTestJSON-309071842 tempest-ServersNegativeTestJSON-309071842-project-member] [instance: bd89627f-0fce-4841-a9da-7db295477542] Selected host: np0000000983; Selected node: np0000000983; Alternates: [] {{(pid=97665) schedule_and_build_instances /opt/stack/nova/nova/conductor/manager.py:1784}}
May 18 18:46:39.582196 np0000000983 nova-conductor[97665]: DEBUG oslo_concurrency.lockutils [None req-5df7ff12-195d-4baf-90cc-0b942c6b703e tempest-ServersNegativeTestJSON-309071842 tempest-ServersNegativeTestJSON-309071842-project-member] Acquiring lock "287610f3-a6f1-4189-aaeb-d62f31d4963e" by "nova.context.set_target_cell..get_or_set_cached_cell_and_set_connections" {{(pid=97665) inner /opt/stack/data/venv/lib/python3.12/site-packages/oslo_concurrency/lockutils.py:506}}
May 18 18:46:39.582390 np0000000983 nova-conductor[97665]: DEBUG oslo_concurrency.lockutils [None req-5df7ff12-195d-4baf-90cc-0b942c6b703e tempest-ServersNegativeTestJSON-309071842 tempest-ServersNegativeTestJSON-309071842-project-member] Lock "287610f3-a6f1-4189-aaeb-d62f31d4963e" acquired by "nova.context.set_target_cell..get_or_set_cached_cell_and_set_connections" :: waited 0.000s {{(pid=97665) inner /opt/stack/data/venv/lib/python3.12/site-packages/oslo_concurrency/lockutils.py:519}}
May 18 18:46:39.582528 np0000000983 nova-conductor[97665]: DEBUG oslo_concurrency.lockutils [None req-5df7ff12-195d-4baf-90cc-0b942c6b703e tempest-ServersNegativeTestJSON-309071842 tempest-ServersNegativeTestJSON-309071842-project-member] Lock "287610f3-a6f1-4189-aaeb-d62f31d4963e" "released" by "nova.context.set_target_cell..get_or_set_cached_cell_and_set_connections" :: held 0.000s {{(pid=97665) inner /opt/stack/data/venv/lib/python3.12/site-packages/oslo_concurrency/lockutils.py:538}}
May 18 18:46:39.591972 np0000000983 nova-conductor[97665]: DEBUG nova.conductor.manager [None req-5df7ff12-195d-4baf-90cc-0b942c6b703e tempest-ServersNegativeTestJSON-309071842 tempest-ServersNegativeTestJSON-309071842-project-member] [instance: bd89627f-0fce-4841-a9da-7db295477542] block_device_mapping [BlockDeviceMapping(attachment_id=,boot_index=0,connection_info=None,created_at=,delete_on_termination=True,deleted=,deleted_at=,destination_type='local',device_name=None,device_type='disk',disk_bus=None,encrypted=False,encryption_format=None,encryption_options=None,encryption_secret_uuid=None,guest_format=None,id=,image_id='5c860d83-7f89-4cd8-af7c-45eff7bc01d2',instance=,instance_uuid=,no_device=False,snapshot_id=None,source_type='image',tag=None,updated_at=,uuid=,volume_id=None,volume_size=None,volume_type=None)] {{(pid=97665) _create_block_device_mapping /opt/stack/nova/nova/conductor/manager.py:1529}}
May 18 18:46:39.595724 np0000000983 nova-conductor[97665]: DEBUG oslo_concurrency.lockutils [None req-5df7ff12-195d-4baf-90cc-0b942c6b703e tempest-ServersNegativeTestJSON-309071842 tempest-ServersNegativeTestJSON-309071842-project-member] Acquiring lock "287610f3-a6f1-4189-aaeb-d62f31d4963e" by "nova.context.set_target_cell..get_or_set_cached_cell_and_set_connections" {{(pid=97665) inner /opt/stack/data/venv/lib/python3.12/site-packages/oslo_concurrency/lockutils.py:506}}
May 18 18:46:39.595724 np0000000983 nova-conductor[97665]: DEBUG oslo_concurrency.lockutils [None req-5df7ff12-195d-4baf-90cc-0b942c6b703e tempest-ServersNegativeTestJSON-309071842 tempest-ServersNegativeTestJSON-309071842-project-member] Lock "287610f3-a6f1-4189-aaeb-d62f31d4963e" acquired by "nova.context.set_target_cell..get_or_set_cached_cell_and_set_connections" :: waited 0.000s {{(pid=97665) inner /opt/stack/data/venv/lib/python3.12/site-packages/oslo_concurrency/lockutils.py:519}}
May 18 18:46:39.595724 np0000000983 nova-conductor[97665]: DEBUG oslo_concurrency.lockutils [None req-5df7ff12-195d-4baf-90cc-0b942c6b703e tempest-ServersNegativeTestJSON-309071842 tempest-ServersNegativeTestJSON-309071842-project-member] Lock "287610f3-a6f1-4189-aaeb-d62f31d4963e" "released" by "nova.context.set_target_cell..get_or_set_cached_cell_and_set_connections" :: held 0.000s {{(pid=97665) inner /opt/stack/data/venv/lib/python3.12/site-packages/oslo_concurrency/lockutils.py:538}}
May 18 18:46:39.633395 np0000000983 nova-conductor[97665]: DEBUG oslo_concurrency.lockutils [None req-5df7ff12-195d-4baf-90cc-0b942c6b703e tempest-ServersNegativeTestJSON-309071842 tempest-ServersNegativeTestJSON-309071842-project-member] Acquiring lock "287610f3-a6f1-4189-aaeb-d62f31d4963e" by "nova.context.set_target_cell..get_or_set_cached_cell_and_set_connections" {{(pid=97665) inner /opt/stack/data/venv/lib/python3.12/site-packages/oslo_concurrency/lockutils.py:506}}
May 18 18:46:39.633395 np0000000983 nova-conductor[97665]: DEBUG oslo_concurrency.lockutils [None req-5df7ff12-195d-4baf-90cc-0b942c6b703e tempest-ServersNegativeTestJSON-309071842 tempest-ServersNegativeTestJSON-309071842-project-member] Lock "287610f3-a6f1-4189-aaeb-d62f31d4963e" acquired by "nova.context.set_target_cell..get_or_set_cached_cell_and_set_connections" :: waited 0.000s {{(pid=97665) inner /opt/stack/data/venv/lib/python3.12/site-packages/oslo_concurrency/lockutils.py:519}}
May 18 18:46:39.633395 np0000000983 nova-conductor[97665]: DEBUG oslo_concurrency.lockutils [None req-5df7ff12-195d-4baf-90cc-0b942c6b703e tempest-ServersNegativeTestJSON-309071842 tempest-ServersNegativeTestJSON-309071842-project-member] Lock "287610f3-a6f1-4189-aaeb-d62f31d4963e" "released" by "nova.context.set_target_cell..get_or_set_cached_cell_and_set_connections" :: held 0.000s {{(pid=97665) inner /opt/stack/data/venv/lib/python3.12/site-packages/oslo_concurrency/lockutils.py:538}}
May 18 18:46:39.633395 np0000000983 nova-conductor[97665]: DEBUG oslo_concurrency.lockutils [None req-5df7ff12-195d-4baf-90cc-0b942c6b703e tempest-ServersNegativeTestJSON-309071842 tempest-ServersNegativeTestJSON-309071842-project-member] Acquiring lock "compute-rpcapi-router" {{(pid=97665) lock /opt/stack/data/venv/lib/python3.12/site-packages/oslo_concurrency/lockutils.py:390}}
May 18 18:46:39.633799 np0000000983 nova-conductor[97665]: DEBUG oslo_concurrency.lockutils [None req-5df7ff12-195d-4baf-90cc-0b942c6b703e tempest-ServersNegativeTestJSON-309071842 tempest-ServersNegativeTestJSON-309071842-project-member] Acquired lock "compute-rpcapi-router" {{(pid=97665) lock /opt/stack/data/venv/lib/python3.12/site-packages/oslo_concurrency/lockutils.py:393}}
May 18 18:46:39.633799 np0000000983 nova-conductor[97665]: DEBUG oslo_concurrency.lockutils [None req-6295b9ba-71c8-48c1-a258-5713dc83113f None None] Acquiring lock "00000000-0000-0000-0000-000000000000" by "nova.context.set_target_cell..get_or_set_cached_cell_and_set_connections" {{(pid=97665) inner /opt/stack/data/venv/lib/python3.12/site-packages/oslo_concurrency/lockutils.py:506}}
May 18 18:46:39.633799 np0000000983 nova-conductor[97665]: DEBUG oslo_concurrency.lockutils [None req-6295b9ba-71c8-48c1-a258-5713dc83113f None None] Lock "00000000-0000-0000-0000-000000000000" acquired by "nova.context.set_target_cell..get_or_set_cached_cell_and_set_connections" :: waited 0.000s {{(pid=97665) inner /opt/stack/data/venv/lib/python3.12/site-packages/oslo_concurrency/lockutils.py:519}}
May 18 18:46:39.633799 np0000000983 nova-conductor[97665]: DEBUG oslo_concurrency.lockutils [None req-6295b9ba-71c8-48c1-a258-5713dc83113f None None] Lock "00000000-0000-0000-0000-000000000000" "released" by "nova.context.set_target_cell..get_or_set_cached_cell_and_set_connections" :: held 0.000s {{(pid=97665) inner /opt/stack/data/venv/lib/python3.12/site-packages/oslo_concurrency/lockutils.py:538}}
May 18 18:46:39.634266 np0000000983 nova-conductor[97665]: DEBUG oslo_concurrency.lockutils [None req-6295b9ba-71c8-48c1-a258-5713dc83113f None None] Acquiring lock "287610f3-a6f1-4189-aaeb-d62f31d4963e" by "nova.context.set_target_cell..get_or_set_cached_cell_and_set_connections" {{(pid=97665) inner /opt/stack/data/venv/lib/python3.12/site-packages/oslo_concurrency/lockutils.py:506}}
May 18 18:46:39.634266 np0000000983 nova-conductor[97665]: DEBUG oslo_concurrency.lockutils [None req-6295b9ba-71c8-48c1-a258-5713dc83113f None None] Lock "287610f3-a6f1-4189-aaeb-d62f31d4963e" acquired by "nova.context.set_target_cell..get_or_set_cached_cell_and_set_connections" :: waited 0.000s {{(pid=97665) inner /opt/stack/data/venv/lib/python3.12/site-packages/oslo_concurrency/lockutils.py:519}}
May 18 18:46:39.634443 np0000000983 nova-conductor[97665]: DEBUG oslo_concurrency.lockutils [None req-6295b9ba-71c8-48c1-a258-5713dc83113f None None] Lock "287610f3-a6f1-4189-aaeb-d62f31d4963e" "released" by "nova.context.set_target_cell..get_or_set_cached_cell_and_set_connections" :: held 0.000s {{(pid=97665) inner /opt/stack/data/venv/lib/python3.12/site-packages/oslo_concurrency/lockutils.py:538}}
May 18 18:46:39.643433 np0000000983 nova-conductor[97665]: INFO nova.compute.rpcapi [None req-6295b9ba-71c8-48c1-a258-5713dc83113f None None] Automatically selected compute RPC version 6.5 from minimum service version 72
May 18 18:46:39.645479 np0000000983 nova-conductor[97665]: DEBUG oslo_concurrency.lockutils [None req-6295b9ba-71c8-48c1-a258-5713dc83113f None None] Releasing lock "compute-rpcapi-router" {{(pid=97665) lock /opt/stack/data/venv/lib/python3.12/site-packages/oslo_concurrency/lockutils.py:413}}
May 18 18:46:42.513280 np0000000983 nova-conductor[97671]: DEBUG oslo.service.backend._threading.loopingcall [None req-a58d320c-3d93-43a9-a806-4fef397c42c0 None None] Dynamic interval looping call 'nova.service.Service.periodic_tasks' sleeping for 60.00 seconds {{(pid=97671) _run_loop /opt/stack/data/venv/lib/python3.12/site-packages/oslo_service/backend/_threading/loopingcall.py:125}}
May 18 18:46:47.942625 np0000000983 nova-conductor[97671]: DEBUG dbcounter [-] [97671] Writer thread running {{(pid=97671) stat_writer /opt/stack/data/venv/lib/python3.12/site-packages/dbcounter.py:102}}
May 18 18:46:48.475935 np0000000983 nova-conductor[97671]: DEBUG nova.conductor.manager [None req-6b8b56fe-a873-45fe-9c57-20095f9cf94e tempest-VolumesAdminNegativeTest-1323668255 tempest-VolumesAdminNegativeTest-1323668255-project-member] Took 0.53 seconds to select destinations for 1 instance(s). {{(pid=97671) _schedule_instances /opt/stack/nova/nova/conductor/manager.py:968}}
May 18 18:46:48.508373 np0000000983 nova-conductor[97671]: DEBUG oslo_concurrency.lockutils [None req-6b8b56fe-a873-45fe-9c57-20095f9cf94e tempest-VolumesAdminNegativeTest-1323668255 tempest-VolumesAdminNegativeTest-1323668255-project-member] Acquiring lock "287610f3-a6f1-4189-aaeb-d62f31d4963e" by "nova.context.set_target_cell..get_or_set_cached_cell_and_set_connections" {{(pid=97671) inner /opt/stack/data/venv/lib/python3.12/site-packages/oslo_concurrency/lockutils.py:506}}
May 18 18:46:48.508667 np0000000983 nova-conductor[97671]: DEBUG oslo_concurrency.lockutils [None req-6b8b56fe-a873-45fe-9c57-20095f9cf94e tempest-VolumesAdminNegativeTest-1323668255 tempest-VolumesAdminNegativeTest-1323668255-project-member] Lock "287610f3-a6f1-4189-aaeb-d62f31d4963e" acquired by "nova.context.set_target_cell..get_or_set_cached_cell_and_set_connections" :: waited 0.001s {{(pid=97671) inner /opt/stack/data/venv/lib/python3.12/site-packages/oslo_concurrency/lockutils.py:519}}
May 18 18:46:48.510042 np0000000983 nova-conductor[97671]: DEBUG oslo_concurrency.lockutils [None req-6b8b56fe-a873-45fe-9c57-20095f9cf94e tempest-VolumesAdminNegativeTest-1323668255 tempest-VolumesAdminNegativeTest-1323668255-project-member] Lock "287610f3-a6f1-4189-aaeb-d62f31d4963e" "released" by "nova.context.set_target_cell..get_or_set_cached_cell_and_set_connections" :: held 0.001s {{(pid=97671) inner /opt/stack/data/venv/lib/python3.12/site-packages/oslo_concurrency/lockutils.py:538}}
May 18 18:46:48.512178 np0000000983 nova-conductor[97671]: INFO dbcounter [None req-6b8b56fe-a873-45fe-9c57-20095f9cf94e tempest-VolumesAdminNegativeTest-1323668255 tempest-VolumesAdminNegativeTest-1323668255-project-member] Registered counter for database nova_cell1
May 18 18:46:48.520566 np0000000983 nova-conductor[97671]: DEBUG oslo_db.sqlalchemy.engines [None req-6b8b56fe-a873-45fe-9c57-20095f9cf94e tempest-VolumesAdminNegativeTest-1323668255 tempest-VolumesAdminNegativeTest-1323668255-project-member] MySQL server mode set to STRICT_TRANS_TABLES,STRICT_ALL_TABLES,NO_ZERO_IN_DATE,NO_ZERO_DATE,ERROR_FOR_DIVISION_BY_ZERO,TRADITIONAL,NO_ENGINE_SUBSTITUTION {{(pid=97671) _check_effective_sql_mode /opt/stack/data/venv/lib/python3.12/site-packages/oslo_db/sqlalchemy/engines.py:325}}
May 18 18:46:48.529272 np0000000983 nova-conductor[97671]: DEBUG dbcounter [-] [97671] Writer thread running {{(pid=97671) stat_writer /opt/stack/data/venv/lib/python3.12/site-packages/dbcounter.py:102}}
May 18 18:46:48.581964 np0000000983 nova-conductor[97671]: INFO nova.utils [None req-6b8b56fe-a873-45fe-9c57-20095f9cf94e tempest-VolumesAdminNegativeTest-1323668255 tempest-VolumesAdminNegativeTest-1323668255-project-member] The cell worker thread pool ForkProcess-2.cell_worker is initialized
May 18 18:46:48.582322 np0000000983 nova-conductor[97671]: DEBUG oslo_concurrency.lockutils [None req-6b8b56fe-a873-45fe-9c57-20095f9cf94e tempest-VolumesAdminNegativeTest-1323668255 tempest-VolumesAdminNegativeTest-1323668255-project-member] Acquiring lock "00000000-0000-0000-0000-000000000000" by "nova.context.set_target_cell..get_or_set_cached_cell_and_set_connections" {{(pid=97671) inner /opt/stack/data/venv/lib/python3.12/site-packages/oslo_concurrency/lockutils.py:506}}
May 18 18:46:48.582507 np0000000983 nova-conductor[97671]: DEBUG oslo_concurrency.lockutils [None req-6b8b56fe-a873-45fe-9c57-20095f9cf94e tempest-VolumesAdminNegativeTest-1323668255 tempest-VolumesAdminNegativeTest-1323668255-project-member] Lock "00000000-0000-0000-0000-000000000000" acquired by "nova.context.set_target_cell..get_or_set_cached_cell_and_set_connections" :: waited 0.000s {{(pid=97671) inner /opt/stack/data/venv/lib/python3.12/site-packages/oslo_concurrency/lockutils.py:519}}
May 18 18:46:48.583037 np0000000983 nova-conductor[97671]: DEBUG oslo_concurrency.lockutils [None req-6b8b56fe-a873-45fe-9c57-20095f9cf94e tempest-VolumesAdminNegativeTest-1323668255 tempest-VolumesAdminNegativeTest-1323668255-project-member] Lock "00000000-0000-0000-0000-000000000000" "released" by "nova.context.set_target_cell..get_or_set_cached_cell_and_set_connections" :: held 0.000s {{(pid=97671) inner /opt/stack/data/venv/lib/python3.12/site-packages/oslo_concurrency/lockutils.py:538}}
May 18 18:46:48.583650 np0000000983 nova-conductor[97671]: DEBUG oslo_concurrency.lockutils [None req-6b8b56fe-a873-45fe-9c57-20095f9cf94e tempest-VolumesAdminNegativeTest-1323668255 tempest-VolumesAdminNegativeTest-1323668255-project-member] Acquiring lock "287610f3-a6f1-4189-aaeb-d62f31d4963e" by "nova.context.set_target_cell..get_or_set_cached_cell_and_set_connections" {{(pid=97671) inner /opt/stack/data/venv/lib/python3.12/site-packages/oslo_concurrency/lockutils.py:506}}
May 18 18:46:48.585108 np0000000983 nova-conductor[97671]: INFO dbcounter [None req-6b8b56fe-a873-45fe-9c57-20095f9cf94e tempest-VolumesAdminNegativeTest-1323668255 tempest-VolumesAdminNegativeTest-1323668255-project-member] Registered counter for database nova_cell0
May 18 18:46:48.586276 np0000000983 nova-conductor[97671]: DEBUG oslo_concurrency.lockutils [None req-6b8b56fe-a873-45fe-9c57-20095f9cf94e tempest-VolumesAdminNegativeTest-1323668255 tempest-VolumesAdminNegativeTest-1323668255-project-member] Lock "287610f3-a6f1-4189-aaeb-d62f31d4963e" acquired by "nova.context.set_target_cell..get_or_set_cached_cell_and_set_connections" :: waited 0.001s {{(pid=97671) inner /opt/stack/data/venv/lib/python3.12/site-packages/oslo_concurrency/lockutils.py:519}}
May 18 18:46:48.586542 np0000000983 nova-conductor[97671]: DEBUG oslo_concurrency.lockutils [None req-6b8b56fe-a873-45fe-9c57-20095f9cf94e tempest-VolumesAdminNegativeTest-1323668255 tempest-VolumesAdminNegativeTest-1323668255-project-member] Lock "287610f3-a6f1-4189-aaeb-d62f31d4963e" "released" by "nova.context.set_target_cell..get_or_set_cached_cell_and_set_connections" :: held 0.001s {{(pid=97671) inner /opt/stack/data/venv/lib/python3.12/site-packages/oslo_concurrency/lockutils.py:538}}
May 18 18:46:48.595501 np0000000983 nova-conductor[97671]: DEBUG oslo_db.sqlalchemy.engines [None req-6b8b56fe-a873-45fe-9c57-20095f9cf94e tempest-VolumesAdminNegativeTest-1323668255 tempest-VolumesAdminNegativeTest-1323668255-project-member] MySQL server mode set to STRICT_TRANS_TABLES,STRICT_ALL_TABLES,NO_ZERO_IN_DATE,NO_ZERO_DATE,ERROR_FOR_DIVISION_BY_ZERO,TRADITIONAL,NO_ENGINE_SUBSTITUTION {{(pid=97671) _check_effective_sql_mode /opt/stack/data/venv/lib/python3.12/site-packages/oslo_db/sqlalchemy/engines.py:325}}
May 18 18:46:48.601839 np0000000983 nova-conductor[97671]: DEBUG dbcounter [-] [97671] Writer thread running {{(pid=97671) stat_writer /opt/stack/data/venv/lib/python3.12/site-packages/dbcounter.py:102}}
May 18 18:46:48.612074 np0000000983 nova-conductor[97671]: DEBUG nova.quota [None req-6b8b56fe-a873-45fe-9c57-20095f9cf94e tempest-VolumesAdminNegativeTest-1323668255 tempest-VolumesAdminNegativeTest-1323668255-project-member] Getting quotas for project 6064f5b701aa44e5929b99efb3d4fd3a. Resources: {'ram', 'instances', 'cores'} {{(pid=97671) _get_quotas /opt/stack/nova/nova/quota.py:392}}
May 18 18:46:48.615611 np0000000983 nova-conductor[97671]: DEBUG nova.quota [None req-6b8b56fe-a873-45fe-9c57-20095f9cf94e tempest-VolumesAdminNegativeTest-1323668255 tempest-VolumesAdminNegativeTest-1323668255-project-member] Getting quotas for user 08f09188bd7b486db6bd5a9d1eb80095 and project 6064f5b701aa44e5929b99efb3d4fd3a. Resources: {'ram', 'instances', 'cores'} {{(pid=97671) _get_quotas /opt/stack/nova/nova/quota.py:382}}
May 18 18:46:48.623204 np0000000983 nova-conductor[97671]: DEBUG nova.conductor.manager [None req-6b8b56fe-a873-45fe-9c57-20095f9cf94e tempest-VolumesAdminNegativeTest-1323668255 tempest-VolumesAdminNegativeTest-1323668255-project-member] [instance: e6912948-2275-4d8c-bd7d-3297db76ec14] Selected host: np0000000983; Selected node: np0000000983; Alternates: [] {{(pid=97671) schedule_and_build_instances /opt/stack/nova/nova/conductor/manager.py:1784}}
May 18 18:46:48.623772 np0000000983 nova-conductor[97671]: DEBUG oslo_concurrency.lockutils [None req-6b8b56fe-a873-45fe-9c57-20095f9cf94e tempest-VolumesAdminNegativeTest-1323668255 tempest-VolumesAdminNegativeTest-1323668255-project-member] Acquiring lock "287610f3-a6f1-4189-aaeb-d62f31d4963e" by "nova.context.set_target_cell..get_or_set_cached_cell_and_set_connections" {{(pid=97671) inner /opt/stack/data/venv/lib/python3.12/site-packages/oslo_concurrency/lockutils.py:506}}
May 18 18:46:48.623887 np0000000983 nova-conductor[97671]: DEBUG oslo_concurrency.lockutils [None req-6b8b56fe-a873-45fe-9c57-20095f9cf94e tempest-VolumesAdminNegativeTest-1323668255 tempest-VolumesAdminNegativeTest-1323668255-project-member] Lock "287610f3-a6f1-4189-aaeb-d62f31d4963e" acquired by "nova.context.set_target_cell..get_or_set_cached_cell_and_set_connections" :: waited 0.000s {{(pid=97671) inner /opt/stack/data/venv/lib/python3.12/site-packages/oslo_concurrency/lockutils.py:519}}
May 18 18:46:48.624092 np0000000983 nova-conductor[97671]: DEBUG oslo_concurrency.lockutils [None req-6b8b56fe-a873-45fe-9c57-20095f9cf94e tempest-VolumesAdminNegativeTest-1323668255 tempest-VolumesAdminNegativeTest-1323668255-project-member] Lock "287610f3-a6f1-4189-aaeb-d62f31d4963e" "released" by "nova.context.set_target_cell..get_or_set_cached_cell_and_set_connections" :: held 0.000s {{(pid=97671) inner /opt/stack/data/venv/lib/python3.12/site-packages/oslo_concurrency/lockutils.py:538}}
May 18 18:46:48.629671 np0000000983 nova-conductor[97671]: DEBUG nova.conductor.manager [None req-6b8b56fe-a873-45fe-9c57-20095f9cf94e tempest-VolumesAdminNegativeTest-1323668255 tempest-VolumesAdminNegativeTest-1323668255-project-member] [instance: e6912948-2275-4d8c-bd7d-3297db76ec14] block_device_mapping [BlockDeviceMapping(attachment_id=,boot_index=0,connection_info=None,created_at=,delete_on_termination=True,deleted=,deleted_at=,destination_type='local',device_name=None,device_type='disk',disk_bus=None,encrypted=False,encryption_format=None,encryption_options=None,encryption_secret_uuid=None,guest_format=None,id=,image_id='5c860d83-7f89-4cd8-af7c-45eff7bc01d2',instance=,instance_uuid=,no_device=False,snapshot_id=None,source_type='image',tag=None,updated_at=,uuid=,volume_id=None,volume_size=None,volume_type=None)] {{(pid=97671) _create_block_device_mapping /opt/stack/nova/nova/conductor/manager.py:1529}}
May 18 18:46:48.631210 np0000000983 nova-conductor[97671]: DEBUG oslo_concurrency.lockutils [None req-6b8b56fe-a873-45fe-9c57-20095f9cf94e tempest-VolumesAdminNegativeTest-1323668255 tempest-VolumesAdminNegativeTest-1323668255-project-member] Acquiring lock "287610f3-a6f1-4189-aaeb-d62f31d4963e" by "nova.context.set_target_cell..get_or_set_cached_cell_and_set_connections" {{(pid=97671) inner /opt/stack/data/venv/lib/python3.12/site-packages/oslo_concurrency/lockutils.py:506}}
