May 18 18:43:27.208898 np0000000983 neutron-periodic-workers[91564]: DEBUG cotyledon.oslo_config_glue [-] ovn.broadcast_arps_to_all_routers = True {{(pid=91564) log_opt_values /opt/stack/data/venv/lib/python3.12/site-packages/oslo_config/cfg.py:3006}}
May 18 18:43:27.208898 np0000000983 neutron-periodic-workers[91564]: DEBUG cotyledon.oslo_config_glue [-] ovn.dhcp_default_lease_time = 43200 {{(pid=91564) log_opt_values /opt/stack/data/venv/lib/python3.12/site-packages/oslo_config/cfg.py:3006}}
May 18 18:43:27.209167 np0000000983 neutron-periodic-workers[91564]: DEBUG cotyledon.oslo_config_glue [-] ovn.disable_ovn_dhcp_for_baremetal_ports = False {{(pid=91564) log_opt_values /opt/stack/data/venv/lib/python3.12/site-packages/oslo_config/cfg.py:3006}}
May 18 18:43:27.209167 np0000000983 neutron-periodic-workers[91564]: DEBUG cotyledon.oslo_config_glue [-] ovn.dns_records_ovn_owned = False {{(pid=91564) log_opt_values /opt/stack/data/venv/lib/python3.12/site-packages/oslo_config/cfg.py:3006}}
May 18 18:43:27.209167 np0000000983 neutron-periodic-workers[91564]: DEBUG cotyledon.oslo_config_glue [-] ovn.dns_servers = [] {{(pid=91564) log_opt_values /opt/stack/data/venv/lib/python3.12/site-packages/oslo_config/cfg.py:3006}}
May 18 18:43:27.209167 np0000000983 neutron-periodic-workers[91564]: DEBUG cotyledon.oslo_config_glue [-] ovn.enable_distributed_floating_ip = False {{(pid=91564) log_opt_values /opt/stack/data/venv/lib/python3.12/site-packages/oslo_config/cfg.py:3006}}
May 18 18:43:27.209167 np0000000983 neutron-periodic-workers[91564]: DEBUG cotyledon.oslo_config_glue [-] ovn.fdb_age_threshold = 300 {{(pid=91564) log_opt_values /opt/stack/data/venv/lib/python3.12/site-packages/oslo_config/cfg.py:3006}}
May 18 18:43:27.209167 np0000000983 neutron-periodic-workers[91564]: DEBUG cotyledon.oslo_config_glue [-] ovn.ha_failover_strategy = normal {{(pid=91564) log_opt_values /opt/stack/data/venv/lib/python3.12/site-packages/oslo_config/cfg.py:3006}}
May 18 18:43:27.209456 np0000000983 neutron-periodic-workers[91564]: DEBUG cotyledon.oslo_config_glue [-] ovn.live_migration_activation_strategy = rarp {{(pid=91564) log_opt_values /opt/stack/data/venv/lib/python3.12/site-packages/oslo_config/cfg.py:3006}}
May 18 18:43:27.209456 np0000000983 neutron-periodic-workers[91564]: DEBUG cotyledon.oslo_config_glue [-] ovn.localnet_learn_fdb = False {{(pid=91564) log_opt_values /opt/stack/data/venv/lib/python3.12/site-packages/oslo_config/cfg.py:3006}}
May 18 18:43:27.209456 np0000000983 neutron-periodic-workers[91564]: DEBUG cotyledon.oslo_config_glue [-] ovn.mac_binding_age_threshold = 300 {{(pid=91564) log_opt_values /opt/stack/data/venv/lib/python3.12/site-packages/oslo_config/cfg.py:3006}}
May 18 18:43:27.209456 np0000000983 neutron-periodic-workers[91564]: DEBUG cotyledon.oslo_config_glue [-] ovn.neutron_sync_mode = log {{(pid=91564) log_opt_values /opt/stack/data/venv/lib/python3.12/site-packages/oslo_config/cfg.py:3006}}
May 18 18:43:27.209456 np0000000983 neutron-periodic-workers[91564]: DEBUG cotyledon.oslo_config_glue [-] ovn.ovn_dhcp4_global_options = {} {{(pid=91564) log_opt_values /opt/stack/data/venv/lib/python3.12/site-packages/oslo_config/cfg.py:3006}}
May 18 18:43:27.209935 np0000000983 neutron-periodic-workers[91564]: DEBUG cotyledon.oslo_config_glue [-] ovn.ovn_dhcp6_global_options = {} {{(pid=91564) log_opt_values /opt/stack/data/venv/lib/python3.12/site-packages/oslo_config/cfg.py:3006}}
May 18 18:43:27.209935 np0000000983 neutron-periodic-workers[91564]: DEBUG cotyledon.oslo_config_glue [-] ovn.ovn_l3_scheduler = leastloaded {{(pid=91564) log_opt_values /opt/stack/data/venv/lib/python3.12/site-packages/oslo_config/cfg.py:3006}}
May 18 18:43:27.209935 np0000000983 neutron-periodic-workers[91564]: DEBUG cotyledon.oslo_config_glue [-] ovn.ovn_metadata_enabled = True {{(pid=91564) log_opt_values /opt/stack/data/venv/lib/python3.12/site-packages/oslo_config/cfg.py:3006}}
May 18 18:43:27.209935 np0000000983 neutron-periodic-workers[91564]: DEBUG cotyledon.oslo_config_glue [-] ovn.ovn_nb_ca_cert = /opt/stack/data/CA/int-ca/ca-chain.pem {{(pid=91564) log_opt_values /opt/stack/data/venv/lib/python3.12/site-packages/oslo_config/cfg.py:3006}}
May 18 18:43:27.209935 np0000000983 neutron-periodic-workers[91564]: DEBUG cotyledon.oslo_config_glue [-] ovn.ovn_nb_certificate = /opt/stack/data/CA/int-ca/devstack-cert.crt {{(pid=91564) log_opt_values /opt/stack/data/venv/lib/python3.12/site-packages/oslo_config/cfg.py:3006}}
May 18 18:43:27.209935 np0000000983 neutron-periodic-workers[91564]: DEBUG cotyledon.oslo_config_glue [-] ovn.ovn_nb_connection = ['ssl:10.4.3.166:6641'] {{(pid=91564) log_opt_values /opt/stack/data/venv/lib/python3.12/site-packages/oslo_config/cfg.py:3006}}
May 18 18:43:27.209935 np0000000983 neutron-periodic-workers[91564]: DEBUG cotyledon.oslo_config_glue [-] ovn.ovn_nb_private_key = /opt/stack/data/CA/int-ca/private/devstack-cert.key {{(pid=91564) log_opt_values /opt/stack/data/venv/lib/python3.12/site-packages/oslo_config/cfg.py:3006}}
May 18 18:43:27.209935 np0000000983 neutron-periodic-workers[91564]: DEBUG cotyledon.oslo_config_glue [-] ovn.ovn_router_indirect_snat = False {{(pid=91564) log_opt_values /opt/stack/data/venv/lib/python3.12/site-packages/oslo_config/cfg.py:3006}}
May 18 18:43:27.210302 np0000000983 neutron-periodic-workers[91564]: DEBUG cotyledon.oslo_config_glue [-] ovn.ovn_sb_ca_cert = /opt/stack/data/CA/int-ca/ca-chain.pem {{(pid=91564) log_opt_values /opt/stack/data/venv/lib/python3.12/site-packages/oslo_config/cfg.py:3006}}
May 18 18:43:27.210302 np0000000983 neutron-periodic-workers[91564]: DEBUG cotyledon.oslo_config_glue [-] ovn.ovn_sb_certificate = /opt/stack/data/CA/int-ca/devstack-cert.crt {{(pid=91564) log_opt_values /opt/stack/data/venv/lib/python3.12/site-packages/oslo_config/cfg.py:3006}}
May 18 18:43:27.210302 np0000000983 neutron-periodic-workers[91564]: DEBUG cotyledon.oslo_config_glue [-] ovn.ovn_sb_connection = ['ssl:10.4.3.166:6642'] {{(pid=91564) log_opt_values /opt/stack/data/venv/lib/python3.12/site-packages/oslo_config/cfg.py:3006}}
May 18 18:43:27.210302 np0000000983 neutron-periodic-workers[91564]: DEBUG cotyledon.oslo_config_glue [-] ovn.ovn_sb_private_key = /opt/stack/data/CA/int-ca/private/devstack-cert.key {{(pid=91564) log_opt_values /opt/stack/data/venv/lib/python3.12/site-packages/oslo_config/cfg.py:3006}}
May 18 18:43:27.210302 np0000000983 neutron-periodic-workers[91564]: DEBUG cotyledon.oslo_config_glue [-] ovn.ovs_create_tap = False {{(pid=91564) log_opt_values /opt/stack/data/venv/lib/python3.12/site-packages/oslo_config/cfg.py:3006}}
May 18 18:43:27.210302 np0000000983 neutron-periodic-workers[91564]: DEBUG cotyledon.oslo_config_glue [-] ovn.ovsdb_connection_timeout = 180 {{(pid=91564) log_opt_values /opt/stack/data/venv/lib/python3.12/site-packages/oslo_config/cfg.py:3006}}
May 18 18:43:27.210302 np0000000983 neutron-periodic-workers[91564]: DEBUG cotyledon.oslo_config_glue [-] ovn.ovsdb_log_level = INFO {{(pid=91564) log_opt_values /opt/stack/data/venv/lib/python3.12/site-packages/oslo_config/cfg.py:3006}}
May 18 18:43:27.210590 np0000000983 neutron-periodic-workers[91564]: DEBUG cotyledon.oslo_config_glue [-] ovn.ovsdb_probe_interval = 60000 {{(pid=91564) log_opt_values /opt/stack/data/venv/lib/python3.12/site-packages/oslo_config/cfg.py:3006}}
May 18 18:43:27.210590 np0000000983 neutron-periodic-workers[91564]: DEBUG cotyledon.oslo_config_glue [-] ovn.ovsdb_retry_max_interval = 180 {{(pid=91564) log_opt_values /opt/stack/data/venv/lib/python3.12/site-packages/oslo_config/cfg.py:3006}}
May 18 18:43:27.210590 np0000000983 neutron-periodic-workers[91564]: DEBUG cotyledon.oslo_config_glue [-] ovn.stateless_nat_enabled = False {{(pid=91564) log_opt_values /opt/stack/data/venv/lib/python3.12/site-packages/oslo_config/cfg.py:3006}}
May 18 18:43:27.210590 np0000000983 neutron-periodic-workers[91564]: DEBUG cotyledon.oslo_config_glue [-] ovn.vhost_sock_dir = /var/run/openvswitch {{(pid=91564) log_opt_values /opt/stack/data/venv/lib/python3.12/site-packages/oslo_config/cfg.py:3006}}
May 18 18:43:27.210590 np0000000983 neutron-periodic-workers[91564]: DEBUG cotyledon.oslo_config_glue [-] OVS.bridge_mac_table_size = 50000 {{(pid=91564) log_opt_values /opt/stack/data/venv/lib/python3.12/site-packages/oslo_config/cfg.py:3006}}
May 18 18:43:27.210783 np0000000983 neutron-periodic-workers[91564]: DEBUG cotyledon.oslo_config_glue [-] OVS.igmp_flood = False {{(pid=91564) log_opt_values /opt/stack/data/venv/lib/python3.12/site-packages/oslo_config/cfg.py:3006}}
May 18 18:43:27.210783 np0000000983 neutron-periodic-workers[91564]: DEBUG cotyledon.oslo_config_glue [-] OVS.igmp_flood_reports = True {{(pid=91564) log_opt_values /opt/stack/data/venv/lib/python3.12/site-packages/oslo_config/cfg.py:3006}}
May 18 18:43:27.210783 np0000000983 neutron-periodic-workers[91564]: DEBUG cotyledon.oslo_config_glue [-] OVS.igmp_flood_unregistered = False {{(pid=91564) log_opt_values /opt/stack/data/venv/lib/python3.12/site-packages/oslo_config/cfg.py:3006}}
May 18 18:43:27.210783 np0000000983 neutron-periodic-workers[91564]: DEBUG cotyledon.oslo_config_glue [-] OVS.igmp_snooping_enable = False {{(pid=91564) log_opt_values /opt/stack/data/venv/lib/python3.12/site-packages/oslo_config/cfg.py:3006}}
May 18 18:43:27.210937 np0000000983 neutron-periodic-workers[91564]: DEBUG cotyledon.oslo_config_glue [-] OVS.ovsdb_timeout = 10 {{(pid=91564) log_opt_values /opt/stack/data/venv/lib/python3.12/site-packages/oslo_config/cfg.py:3006}}
May 18 18:43:27.210937 np0000000983 neutron-periodic-workers[91564]: DEBUG cotyledon.oslo_config_glue [-] ovn_nb_global.fdb_removal_limit = 0 {{(pid=91564) log_opt_values /opt/stack/data/venv/lib/python3.12/site-packages/oslo_config/cfg.py:3006}}
May 18 18:43:27.210937 np0000000983 neutron-periodic-workers[91564]: DEBUG cotyledon.oslo_config_glue [-] ovn_nb_global.ignore_lsp_down = False {{(pid=91564) log_opt_values /opt/stack/data/venv/lib/python3.12/site-packages/oslo_config/cfg.py:3006}}
May 18 18:43:27.211140 np0000000983 neutron-periodic-workers[91564]: DEBUG cotyledon.oslo_config_glue [-] ovn_nb_global.mac_binding_removal_limit = 0 {{(pid=91564) log_opt_values /opt/stack/data/venv/lib/python3.12/site-packages/oslo_config/cfg.py:3006}}
May 18 18:43:27.211140 np0000000983 neutron-periodic-workers[91564]: DEBUG cotyledon.oslo_config_glue [-] ******************************************************************************** {{(pid=91564) log_opt_values /opt/stack/data/venv/lib/python3.12/site-packages/oslo_config/cfg.py:3013}}
May 18 18:43:27.211379 np0000000983 neutron-periodic-workers[91564]: DEBUG cotyledon._service_worker [-] Run service ServiceWrapper(0) [91564] {{(pid=91564) wait_forever /opt/stack/data/venv/lib/python3.12/site-packages/cotyledon/_service_worker.py:218}}
May 18 18:43:36.859874 np0000000983 neutron-periodic-workers[90564]: DEBUG dbcounter [-] [90564] Writing DB stats neutron:SELECT=4 {{(pid=90564) stat_writer /opt/stack/data/venv/lib/python3.12/site-packages/dbcounter.py:115}}
May 18 18:44:39.183146 np0000000983 neutron-periodic-workers[91538]: DEBUG oslo_db.sqlalchemy.engines [None req-4e6eb4c9-0fbb-48e2-9b01-67f7bde52398 None None] Parent process 90564 forked (91538) with an open database connection, which is being discarded and recreated. {{(pid=91538) checkout /opt/stack/data/venv/lib/python3.12/site-packages/oslo_db/sqlalchemy/engines.py:402}}
May 18 18:44:39.189107 np0000000983 neutron-periodic-workers[91538]: DEBUG dbcounter [-] [91538] Writer thread running {{(pid=91538) stat_writer /opt/stack/data/venv/lib/python3.12/site-packages/dbcounter.py:102}}
May 18 18:44:39.191926 np0000000983 neutron-periodic-workers[91538]: DEBUG neutron.db.agents_db [None req-4e6eb4c9-0fbb-48e2-9b01-67f7bde52398 None None] Agent healthcheck: found 0 active agents {{(pid=91538) agent_health_check /opt/stack/neutron/neutron/db/agents_db.py:322}}
May 18 18:44:39.192063 np0000000983 neutron-periodic-workers[91538]: DEBUG oslo.service.backend._threading.loopingcall [None req-4e6eb4c9-0fbb-48e2-9b01-67f7bde52398 None None] Fixed interval looping call 'neutron.plugins.ml2.plugin.AgentDbMixin.agent_health_check' sleeping for 36.99 seconds {{(pid=91538) _run_loop /opt/stack/data/venv/lib/python3.12/site-packages/oslo_service/backend/_threading/loopingcall.py:125}}
May 18 18:44:41.169172 np0000000983 neutron-periodic-workers[91534]: DEBUG dbcounter [-] [91534] Writer thread running {{(pid=91534) stat_writer /opt/stack/data/venv/lib/python3.12/site-packages/dbcounter.py:102}}
May 18 18:44:41.176681 np0000000983 neutron-periodic-workers[91534]: DEBUG oslo.service.backend._threading.loopingcall [None req-b1efaff8-11f6-4255-9ff7-d289cb74e800 None None] Fixed interval looping call 'neutron.plugins.ml2.plugin.DhcpAgentSchedulerDbMixin.remove_networks_from_down_agents' sleeping for 36.98 seconds {{(pid=91534) _run_loop /opt/stack/data/venv/lib/python3.12/site-packages/oslo_service/backend/_threading/loopingcall.py:125}}
May 18 18:44:49.189717 np0000000983 neutron-periodic-workers[91538]: DEBUG dbcounter [-] [91538] Writing DB stats neutron:SELECT=1 {{(pid=91538) stat_writer /opt/stack/data/venv/lib/python3.12/site-packages/dbcounter.py:115}}
May 18 18:44:51.175794 np0000000983 neutron-periodic-workers[91534]: DEBUG dbcounter [-] [91534] Writing DB stats neutron:SELECT=3 {{(pid=91534) stat_writer /opt/stack/data/venv/lib/python3.12/site-packages/dbcounter.py:115}}
May 18 18:45:16.185668 np0000000983 neutron-periodic-workers[91538]: DEBUG neutron.db.agents_db [None req-4e6eb4c9-0fbb-48e2-9b01-67f7bde52398 None None] Agent healthcheck: found 0 active agents {{(pid=91538) agent_health_check /opt/stack/neutron/neutron/db/agents_db.py:322}}
May 18 18:45:16.185668 np0000000983 neutron-periodic-workers[91538]: DEBUG oslo.service.backend._threading.loopingcall [None req-4e6eb4c9-0fbb-48e2-9b01-67f7bde52398 None None] Fixed interval looping call 'neutron.plugins.ml2.plugin.AgentDbMixin.agent_health_check' sleeping for 37.00 seconds {{(pid=91538) _run_loop /opt/stack/data/venv/lib/python3.12/site-packages/oslo_service/backend/_threading/loopingcall.py:125}}
May 18 18:45:18.164621 np0000000983 neutron-periodic-workers[91534]: DEBUG oslo.service.backend._threading.loopingcall [None req-b1efaff8-11f6-4255-9ff7-d289cb74e800 None None] Fixed interval looping call 'neutron.plugins.ml2.plugin.DhcpAgentSchedulerDbMixin.remove_networks_from_down_agents' sleeping for 36.99 seconds {{(pid=91534) _run_loop /opt/stack/data/venv/lib/python3.12/site-packages/oslo_service/backend/_threading/loopingcall.py:125}}
May 18 18:45:25.236876 np0000000983 neutron-periodic-workers[91564]: DEBUG dbcounter [-] [91564] Writer thread running {{(pid=91564) stat_writer /opt/stack/data/venv/lib/python3.12/site-packages/dbcounter.py:102}}
May 18 18:45:25.244840 np0000000983 neutron-periodic-workers[91564]: DEBUG oslo.service.backend._threading.loopingcall [None req-f3197360-bf6f-4a36-a21f-5f8c2b227c5e None None] Fixed interval looping call 'neutron.services.ovn_l3.plugin.L3_NAT_dbonly_mixin._clean_garbage' sleeping for 299.97 seconds {{(pid=91564) _run_loop /opt/stack/data/venv/lib/python3.12/site-packages/oslo_service/backend/_threading/loopingcall.py:125}}
May 18 18:45:26.184329 np0000000983 neutron-periodic-workers[91538]: DEBUG dbcounter [-] [91538] Writing DB stats neutron:SELECT=1 {{(pid=91538) stat_writer /opt/stack/data/venv/lib/python3.12/site-packages/dbcounter.py:115}}
May 18 18:45:27.204556 np0000000983 neutron-periodic-workers[91555]: DEBUG dbcounter [-] [91555] Writer thread running {{(pid=91555) stat_writer /opt/stack/data/venv/lib/python3.12/site-packages/dbcounter.py:102}}
May 18 18:45:27.206234 np0000000983 neutron-periodic-workers[91555]: DEBUG oslo.service.backend._threading.loopingcall [None req-ccf4d834-3cd5-4dbd-93f5-ecdef4f99516 None None] Fixed interval looping call 'neutron.db.quota.driver_nolock.DbQuotaNoLockDriver._remove_expired_reservations' sleeping for 119.99 seconds {{(pid=91555) _run_loop /opt/stack/data/venv/lib/python3.12/site-packages/oslo_service/backend/_threading/loopingcall.py:125}}
May 18 18:45:28.163819 np0000000983 neutron-periodic-workers[91534]: DEBUG dbcounter [-] [91534] Writing DB stats neutron:SELECT=3 {{(pid=91534) stat_writer /opt/stack/data/venv/lib/python3.12/site-packages/dbcounter.py:115}}
May 18 18:45:35.237484 np0000000983 neutron-periodic-workers[91564]: DEBUG dbcounter [-] [91564] Writing DB stats neutron:SELECT=1 {{(pid=91564) stat_writer /opt/stack/data/venv/lib/python3.12/site-packages/dbcounter.py:115}}
May 18 18:45:37.205144 np0000000983 neutron-periodic-workers[91555]: DEBUG dbcounter [-] [91555] Writing DB stats neutron:DELETE=1 {{(pid=91555) stat_writer /opt/stack/data/venv/lib/python3.12/site-packages/dbcounter.py:115}}
May 18 18:45:53.189365 np0000000983 neutron-periodic-workers[91538]: DEBUG neutron.db.agents_db [None req-4e6eb4c9-0fbb-48e2-9b01-67f7bde52398 None None] Agent healthcheck: found 0 active agents {{(pid=91538) agent_health_check /opt/stack/neutron/neutron/db/agents_db.py:322}}
May 18 18:45:53.189854 np0000000983 neutron-periodic-workers[91538]: DEBUG oslo.service.backend._threading.loopingcall [None req-4e6eb4c9-0fbb-48e2-9b01-67f7bde52398 None None] Fixed interval looping call 'neutron.plugins.ml2.plugin.AgentDbMixin.agent_health_check' sleeping for 37.00 seconds {{(pid=91538) _run_loop /opt/stack/data/venv/lib/python3.12/site-packages/oslo_service/backend/_threading/loopingcall.py:125}}
May 18 18:45:55.160990 np0000000983 neutron-periodic-workers[91534]: DEBUG oslo.service.backend._threading.loopingcall [None req-b1efaff8-11f6-4255-9ff7-d289cb74e800 None None] Fixed interval looping call 'neutron.plugins.ml2.plugin.DhcpAgentSchedulerDbMixin.remove_networks_from_down_agents' sleeping for 36.99 seconds {{(pid=91534) _run_loop /opt/stack/data/venv/lib/python3.12/site-packages/oslo_service/backend/_threading/loopingcall.py:125}}
May 18 18:46:03.188449 np0000000983 neutron-periodic-workers[91538]: DEBUG dbcounter [-] [91538] Writing DB stats neutron:SELECT=1 {{(pid=91538) stat_writer /opt/stack/data/venv/lib/python3.12/site-packages/dbcounter.py:115}}
May 18 18:46:05.160214 np0000000983 neutron-periodic-workers[91534]: DEBUG dbcounter [-] [91534] Writing DB stats neutron:SELECT=3 {{(pid=91534) stat_writer /opt/stack/data/venv/lib/python3.12/site-packages/dbcounter.py:115}}
May 18 18:46:30.193561 np0000000983 neutron-periodic-workers[91538]: DEBUG neutron.db.agents_db [None req-4e6eb4c9-0fbb-48e2-9b01-67f7bde52398 None None] Agent healthcheck: found 0 active agents {{(pid=91538) agent_health_check /opt/stack/neutron/neutron/db/agents_db.py:322}}
May 18 18:46:30.193977 np0000000983 neutron-periodic-workers[91538]: DEBUG oslo.service.backend._threading.loopingcall [None req-4e6eb4c9-0fbb-48e2-9b01-67f7bde52398 None None] Fixed interval looping call 'neutron.plugins.ml2.plugin.AgentDbMixin.agent_health_check' sleeping for 37.00 seconds {{(pid=91538) _run_loop /opt/stack/data/venv/lib/python3.12/site-packages/oslo_service/backend/_threading/loopingcall.py:125}}
May 18 18:46:32.160404 np0000000983 neutron-periodic-workers[91534]: DEBUG oslo.service.backend._threading.loopingcall [None req-b1efaff8-11f6-4255-9ff7-d289cb74e800 None None] Fixed interval looping call 'neutron.plugins.ml2.plugin.DhcpAgentSchedulerDbMixin.remove_networks_from_down_agents' sleeping for 36.99 seconds {{(pid=91534) _run_loop /opt/stack/data/venv/lib/python3.12/site-packages/oslo_service/backend/_threading/loopingcall.py:125}}
May 18 18:46:40.192221 np0000000983 neutron-periodic-workers[91538]: DEBUG dbcounter [-] [91538] Writing DB stats neutron:SELECT=1 {{(pid=91538) stat_writer /opt/stack/data/venv/lib/python3.12/site-packages/dbcounter.py:115}}
May 18 18:46:42.157948 np0000000983 neutron-periodic-workers[91534]: DEBUG dbcounter [-] [91534] Writing DB stats neutron:SELECT=3 {{(pid=91534) stat_writer /opt/stack/data/venv/lib/python3.12/site-packages/dbcounter.py:115}}
May 18 18:47:07.198528 np0000000983 neutron-periodic-workers[91538]: DEBUG neutron.db.agents_db [None req-4e6eb4c9-0fbb-48e2-9b01-67f7bde52398 None None] Agent healthcheck: found 0 active agents {{(pid=91538) agent_health_check /opt/stack/neutron/neutron/db/agents_db.py:322}}
May 18 18:47:07.199228 np0000000983 neutron-periodic-workers[91538]: DEBUG oslo.service.backend._threading.loopingcall [None req-4e6eb4c9-0fbb-48e2-9b01-67f7bde52398 None None] Fixed interval looping call 'neutron.plugins.ml2.plugin.AgentDbMixin.agent_health_check' sleeping for 36.99 seconds {{(pid=91538) _run_loop /opt/stack/data/venv/lib/python3.12/site-packages/oslo_service/backend/_threading/loopingcall.py:125}}
May 18 18:47:09.162868 np0000000983 neutron-periodic-workers[91534]: DEBUG oslo.service.backend._threading.loopingcall [None req-b1efaff8-11f6-4255-9ff7-d289cb74e800 None None] Fixed interval looping call 'neutron.plugins.ml2.plugin.DhcpAgentSchedulerDbMixin.remove_networks_from_down_agents' sleeping for 36.99 seconds {{(pid=91534) _run_loop /opt/stack/data/venv/lib/python3.12/site-packages/oslo_service/backend/_threading/loopingcall.py:125}}
May 18 18:47:17.199100 np0000000983 neutron-periodic-workers[91538]: DEBUG dbcounter [-] [91538] Writing DB stats neutron:SELECT=1 {{(pid=91538) stat_writer /opt/stack/data/venv/lib/python3.12/site-packages/dbcounter.py:115}}
May 18 18:47:19.163285 np0000000983 neutron-periodic-workers[91534]: DEBUG dbcounter [-] [91534] Writing DB stats neutron:SELECT=3 {{(pid=91534) stat_writer /opt/stack/data/venv/lib/python3.12/site-packages/dbcounter.py:115}}
May 18 18:47:27.206267 np0000000983 neutron-periodic-workers[91555]: DEBUG oslo.service.backend._threading.loopingcall [None req-ccf4d834-3cd5-4dbd-93f5-ecdef4f99516 None None] Fixed interval looping call 'neutron.db.quota.driver_nolock.DbQuotaNoLockDriver._remove_expired_reservations' sleeping for 119.99 seconds {{(pid=91555) _run_loop /opt/stack/data/venv/lib/python3.12/site-packages/oslo_service/backend/_threading/loopingcall.py:125}}
May 18 18:47:37.200277 np0000000983 neutron-periodic-workers[91555]: DEBUG dbcounter [-] [91555] Writing DB stats neutron:DELETE=1 {{(pid=91555) stat_writer /opt/stack/data/venv/lib/python3.12/site-packages/dbcounter.py:115}}
May 18 18:47:44.194337 np0000000983 neutron-periodic-workers[91538]: DEBUG neutron.db.agents_db [None req-4e6eb4c9-0fbb-48e2-9b01-67f7bde52398 None None] Agent healthcheck: found 0 active agents {{(pid=91538) agent_health_check /opt/stack/neutron/neutron/db/agents_db.py:322}}
May 18 18:47:44.195215 np0000000983 neutron-periodic-workers[91538]: DEBUG oslo.service.backend._threading.loopingcall [None req-4e6eb4c9-0fbb-48e2-9b01-67f7bde52398 None None] Fixed interval looping call 'neutron.plugins.ml2.plugin.AgentDbMixin.agent_health_check' sleeping for 37.00 seconds {{(pid=91538) _run_loop /opt/stack/data/venv/lib/python3.12/site-packages/oslo_service/backend/_threading/loopingcall.py:125}}
May 18 18:47:46.163691 np0000000983 neutron-periodic-workers[91534]: DEBUG oslo.service.backend._threading.loopingcall [None req-b1efaff8-11f6-4255-9ff7-d289cb74e800 None None] Fixed interval looping call 'neutron.plugins.ml2.plugin.DhcpAgentSchedulerDbMixin.remove_networks_from_down_agents' sleeping for 36.99 seconds {{(pid=91534) _run_loop /opt/stack/data/venv/lib/python3.12/site-packages/oslo_service/backend/_threading/loopingcall.py:125}}
May 18 18:47:54.193236 np0000000983 neutron-periodic-workers[91538]: DEBUG dbcounter [-] [91538] Writing DB stats neutron:SELECT=1 {{(pid=91538) stat_writer /opt/stack/data/venv/lib/python3.12/site-packages/dbcounter.py:115}}
May 18 18:47:56.165735 np0000000983 neutron-periodic-workers[91534]: DEBUG dbcounter [-] [91534] Writing DB stats neutron:SELECT=3 {{(pid=91534) stat_writer /opt/stack/data/venv/lib/python3.12/site-packages/dbcounter.py:115}}
May 18 18:48:21.199333 np0000000983 neutron-periodic-workers[91538]: DEBUG neutron.db.agents_db [None req-4e6eb4c9-0fbb-48e2-9b01-67f7bde52398 None None] Agent healthcheck: found 0 active agents {{(pid=91538) agent_health_check /opt/stack/neutron/neutron/db/agents_db.py:322}}
May 18 18:48:21.199702 np0000000983 neutron-periodic-workers[91538]: DEBUG oslo.service.backend._threading.loopingcall [None req-4e6eb4c9-0fbb-48e2-9b01-67f7bde52398 None None] Fixed interval looping call 'neutron.plugins.ml2.plugin.AgentDbMixin.agent_health_check' sleeping for 37.00 seconds {{(pid=91538) _run_loop /opt/stack/data/venv/lib/python3.12/site-packages/oslo_service/backend/_threading/loopingcall.py:125}}
May 18 18:48:23.160040 np0000000983 neutron-periodic-workers[91534]: DEBUG oslo.service.backend._threading.loopingcall [None req-b1efaff8-11f6-4255-9ff7-d289cb74e800 None None] Fixed interval looping call 'neutron.plugins.ml2.plugin.DhcpAgentSchedulerDbMixin.remove_networks_from_down_agents' sleeping for 36.99 seconds {{(pid=91534) _run_loop /opt/stack/data/venv/lib/python3.12/site-packages/oslo_service/backend/_threading/loopingcall.py:125}}
May 18 18:48:31.199735 np0000000983 neutron-periodic-workers[91538]: DEBUG dbcounter [-] [91538] Writing DB stats neutron:SELECT=1 {{(pid=91538) stat_writer /opt/stack/data/venv/lib/python3.12/site-packages/dbcounter.py:115}}
May 18 18:48:33.159099 np0000000983 neutron-periodic-workers[91534]: DEBUG dbcounter [-] [91534] Writing DB stats neutron:SELECT=3 {{(pid=91534) stat_writer /opt/stack/data/venv/lib/python3.12/site-packages/dbcounter.py:115}}
May 18 18:48:58.206222 np0000000983 neutron-periodic-workers[91538]: DEBUG neutron.db.agents_db [None req-4e6eb4c9-0fbb-48e2-9b01-67f7bde52398 None None] Agent healthcheck: found 0 active agents {{(pid=91538) agent_health_check /opt/stack/neutron/neutron/db/agents_db.py:322}}
May 18 18:48:58.206222 np0000000983 neutron-periodic-workers[91538]: DEBUG oslo.service.backend._threading.loopingcall [None req-4e6eb4c9-0fbb-48e2-9b01-67f7bde52398 None None] Fixed interval looping call 'neutron.plugins.ml2.plugin.AgentDbMixin.agent_health_check' sleeping for 36.99 seconds {{(pid=91538) _run_loop /opt/stack/data/venv/lib/python3.12/site-packages/oslo_service/backend/_threading/loopingcall.py:125}}
May 18 18:49:00.158704 np0000000983 neutron-periodic-workers[91534]: DEBUG oslo.service.backend._threading.loopingcall [None req-b1efaff8-11f6-4255-9ff7-d289cb74e800 None None] Fixed interval looping call 'neutron.plugins.ml2.plugin.DhcpAgentSchedulerDbMixin.remove_networks_from_down_agents' sleeping for 36.99 seconds {{(pid=91534) _run_loop /opt/stack/data/venv/lib/python3.12/site-packages/oslo_service/backend/_threading/loopingcall.py:125}}
May 18 18:49:08.205875 np0000000983 neutron-periodic-workers[91538]: DEBUG dbcounter [-] [91538] Writing DB stats neutron:SELECT=1 {{(pid=91538) stat_writer /opt/stack/data/venv/lib/python3.12/site-packages/dbcounter.py:115}}
May 18 18:49:10.160372 np0000000983 neutron-periodic-workers[91534]: DEBUG dbcounter [-] [91534] Writing DB stats neutron:SELECT=3 {{(pid=91534) stat_writer /opt/stack/data/venv/lib/python3.12/site-packages/dbcounter.py:115}}
May 18 18:49:27.208444 np0000000983 neutron-periodic-workers[91555]: DEBUG oslo.service.backend._threading.loopingcall [None req-ccf4d834-3cd5-4dbd-93f5-ecdef4f99516 None None] Fixed interval looping call 'neutron.db.quota.driver_nolock.DbQuotaNoLockDriver._remove_expired_reservations' sleeping for 119.99 seconds {{(pid=91555) _run_loop /opt/stack/data/venv/lib/python3.12/site-packages/oslo_service/backend/_threading/loopingcall.py:125}}
May 18 18:49:35.199929 np0000000983 neutron-periodic-workers[91538]: DEBUG neutron.db.agents_db [None req-4e6eb4c9-0fbb-48e2-9b01-67f7bde52398 None None] Agent healthcheck: found 0 active agents {{(pid=91538) agent_health_check /opt/stack/neutron/neutron/db/agents_db.py:322}}
May 18 18:49:35.200444 np0000000983 neutron-periodic-workers[91538]: DEBUG oslo.service.backend._threading.loopingcall [None req-4e6eb4c9-0fbb-48e2-9b01-67f7bde52398 None None] Fixed interval looping call 'neutron.plugins.ml2.plugin.AgentDbMixin.agent_health_check' sleeping for 37.00 seconds {{(pid=91538) _run_loop /opt/stack/data/venv/lib/python3.12/site-packages/oslo_service/backend/_threading/loopingcall.py:125}}
May 18 18:49:37.164533 np0000000983 neutron-periodic-workers[91534]: DEBUG oslo.service.backend._threading.loopingcall [None req-b1efaff8-11f6-4255-9ff7-d289cb74e800 None None] Fixed interval looping call 'neutron.plugins.ml2.plugin.DhcpAgentSchedulerDbMixin.remove_networks_from_down_agents' sleeping for 36.99 seconds {{(pid=91534) _run_loop /opt/stack/data/venv/lib/python3.12/site-packages/oslo_service/backend/_threading/loopingcall.py:125}}
May 18 18:49:37.203993 np0000000983 neutron-periodic-workers[91555]: DEBUG dbcounter [-] [91555] Writing DB stats neutron:DELETE=1 {{(pid=91555) stat_writer /opt/stack/data/venv/lib/python3.12/site-packages/dbcounter.py:115}}
May 18 18:49:45.199653 np0000000983 neutron-periodic-workers[91538]: DEBUG dbcounter [-] [91538] Writing DB stats neutron:SELECT=1 {{(pid=91538) stat_writer /opt/stack/data/venv/lib/python3.12/site-packages/dbcounter.py:115}}
May 18 18:49:47.162744 np0000000983 neutron-periodic-workers[91534]: DEBUG dbcounter [-] [91534] Writing DB stats neutron:SELECT=3 {{(pid=91534) stat_writer /opt/stack/data/venv/lib/python3.12/site-packages/dbcounter.py:115}}
May 18 18:50:12.204049 np0000000983 neutron-periodic-workers[91538]: DEBUG neutron.db.agents_db [None req-4e6eb4c9-0fbb-48e2-9b01-67f7bde52398 None None] Agent healthcheck: found 0 active agents {{(pid=91538) agent_health_check /opt/stack/neutron/neutron/db/agents_db.py:322}}
May 18 18:50:12.204554 np0000000983 neutron-periodic-workers[91538]: DEBUG oslo.service.backend._threading.loopingcall [None req-4e6eb4c9-0fbb-48e2-9b01-67f7bde52398 None None] Fixed interval looping call 'neutron.plugins.ml2.plugin.AgentDbMixin.agent_health_check' sleeping for 37.00 seconds {{(pid=91538) _run_loop /opt/stack/data/venv/lib/python3.12/site-packages/oslo_service/backend/_threading/loopingcall.py:125}}
May 18 18:50:14.169019 np0000000983 neutron-periodic-workers[91534]: DEBUG oslo.service.backend._threading.loopingcall [None req-b1efaff8-11f6-4255-9ff7-d289cb74e800 None None] Fixed interval looping call 'neutron.plugins.ml2.plugin.DhcpAgentSchedulerDbMixin.remove_networks_from_down_agents' sleeping for 36.99 seconds {{(pid=91534) _run_loop /opt/stack/data/venv/lib/python3.12/site-packages/oslo_service/backend/_threading/loopingcall.py:125}}
May 18 18:50:22.203463 np0000000983 neutron-periodic-workers[91538]: DEBUG dbcounter [-] [91538] Writing DB stats neutron:SELECT=1 {{(pid=91538) stat_writer /opt/stack/data/venv/lib/python3.12/site-packages/dbcounter.py:115}}
May 18 18:50:24.167985 np0000000983 neutron-periodic-workers[91534]: DEBUG dbcounter [-] [91534] Writing DB stats neutron:SELECT=3 {{(pid=91534) stat_writer /opt/stack/data/venv/lib/python3.12/site-packages/dbcounter.py:115}}
May 18 18:50:25.252249 np0000000983 neutron-periodic-workers[91564]: DEBUG oslo.service.backend._threading.loopingcall [None req-f3197360-bf6f-4a36-a21f-5f8c2b227c5e None None] Fixed interval looping call 'neutron.services.ovn_l3.plugin.L3_NAT_dbonly_mixin._clean_garbage' sleeping for 299.97 seconds {{(pid=91564) _run_loop /opt/stack/data/venv/lib/python3.12/site-packages/oslo_service/backend/_threading/loopingcall.py:125}}
May 18 18:50:35.224850 np0000000983 neutron-periodic-workers[91564]: DEBUG dbcounter [-] [91564] Writing DB stats neutron:SELECT=1 {{(pid=91564) stat_writer /opt/stack/data/venv/lib/python3.12/site-packages/dbcounter.py:115}}
May 18 18:50:49.210367 np0000000983 neutron-periodic-workers[91538]: DEBUG neutron.db.agents_db [None req-4e6eb4c9-0fbb-48e2-9b01-67f7bde52398 None None] Agent healthcheck: found 0 active agents {{(pid=91538) agent_health_check /opt/stack/neutron/neutron/db/agents_db.py:322}}
May 18 18:50:49.210367 np0000000983 neutron-periodic-workers[91538]: DEBUG oslo.service.backend._threading.loopingcall [None req-4e6eb4c9-0fbb-48e2-9b01-67f7bde52398 None None] Fixed interval looping call 'neutron.plugins.ml2.plugin.AgentDbMixin.agent_health_check' sleeping for 37.00 seconds {{(pid=91538) _run_loop /opt/stack/data/venv/lib/python3.12/site-packages/oslo_service/backend/_threading/loopingcall.py:125}}
May 18 18:50:51.166560 np0000000983 neutron-periodic-workers[91534]: DEBUG oslo.service.backend._threading.loopingcall [None req-b1efaff8-11f6-4255-9ff7-d289cb74e800 None None] Fixed interval looping call 'neutron.plugins.ml2.plugin.DhcpAgentSchedulerDbMixin.remove_networks_from_down_agents' sleeping for 36.99 seconds {{(pid=91534) _run_loop /opt/stack/data/venv/lib/python3.12/site-packages/oslo_service/backend/_threading/loopingcall.py:125}}
May 18 18:50:59.210456 np0000000983 neutron-periodic-workers[91538]: DEBUG dbcounter [-] [91538] Writing DB stats neutron:SELECT=1 {{(pid=91538) stat_writer /opt/stack/data/venv/lib/python3.12/site-packages/dbcounter.py:115}}
May 18 18:51:01.166403 np0000000983 neutron-periodic-workers[91534]: DEBUG dbcounter [-] [91534] Writing DB stats neutron:SELECT=3 {{(pid=91534) stat_writer /opt/stack/data/venv/lib/python3.12/site-packages/dbcounter.py:115}}
May 18 18:51:26.214404 np0000000983 neutron-periodic-workers[91538]: DEBUG neutron.db.agents_db [None req-4e6eb4c9-0fbb-48e2-9b01-67f7bde52398 None None] Agent healthcheck: found 0 active agents {{(pid=91538) agent_health_check /opt/stack/neutron/neutron/db/agents_db.py:322}}
May 18 18:51:26.214828 np0000000983 neutron-periodic-workers[91538]: DEBUG oslo.service.backend._threading.loopingcall [None req-4e6eb4c9-0fbb-48e2-9b01-67f7bde52398 None None] Fixed interval looping call 'neutron.plugins.ml2.plugin.AgentDbMixin.agent_health_check' sleeping for 37.00 seconds {{(pid=91538) _run_loop /opt/stack/data/venv/lib/python3.12/site-packages/oslo_service/backend/_threading/loopingcall.py:125}}
May 18 18:51:27.211117 np0000000983 neutron-periodic-workers[91555]: DEBUG oslo.service.backend._threading.loopingcall [None req-ccf4d834-3cd5-4dbd-93f5-ecdef4f99516 None None] Fixed interval looping call 'neutron.db.quota.driver_nolock.DbQuotaNoLockDriver._remove_expired_reservations' sleeping for 119.99 seconds {{(pid=91555) _run_loop /opt/stack/data/venv/lib/python3.12/site-packages/oslo_service/backend/_threading/loopingcall.py:125}}
May 18 18:51:28.172632 np0000000983 neutron-periodic-workers[91534]: DEBUG oslo.service.backend._threading.loopingcall [None req-b1efaff8-11f6-4255-9ff7-d289cb74e800 None None] Fixed interval looping call 'neutron.plugins.ml2.plugin.DhcpAgentSchedulerDbMixin.remove_networks_from_down_agents' sleeping for 36.98 seconds {{(pid=91534) _run_loop /opt/stack/data/venv/lib/python3.12/site-packages/oslo_service/backend/_threading/loopingcall.py:125}}
May 18 18:51:36.213318 np0000000983 neutron-periodic-workers[91538]: DEBUG dbcounter [-] [91538] Writing DB stats neutron:SELECT=1 {{(pid=91538) stat_writer /opt/stack/data/venv/lib/python3.12/site-packages/dbcounter.py:115}}
May 18 18:51:37.203876 np0000000983 neutron-periodic-workers[91555]: DEBUG dbcounter [-] [91555] Writing DB stats neutron:DELETE=1 {{(pid=91555) stat_writer /opt/stack/data/venv/lib/python3.12/site-packages/dbcounter.py:115}}
May 18 18:51:38.168599 np0000000983 neutron-periodic-workers[91534]: DEBUG dbcounter [-] [91534] Writing DB stats neutron:SELECT=3 {{(pid=91534) stat_writer /opt/stack/data/venv/lib/python3.12/site-packages/dbcounter.py:115}}
May 18 18:52:03.221153 np0000000983 neutron-periodic-workers[91538]: DEBUG neutron.db.agents_db [None req-4e6eb4c9-0fbb-48e2-9b01-67f7bde52398 None None] Agent healthcheck: found 0 active agents {{(pid=91538) agent_health_check /opt/stack/neutron/neutron/db/agents_db.py:322}}
May 18 18:52:03.221741 np0000000983 neutron-periodic-workers[91538]: DEBUG oslo.service.backend._threading.loopingcall [None req-4e6eb4c9-0fbb-48e2-9b01-67f7bde52398 None None] Fixed interval looping call 'neutron.plugins.ml2.plugin.AgentDbMixin.agent_health_check' sleeping for 36.99 seconds {{(pid=91538) _run_loop /opt/stack/data/venv/lib/python3.12/site-packages/oslo_service/backend/_threading/loopingcall.py:125}}
May 18 18:52:05.162277 np0000000983 neutron-periodic-workers[91534]: DEBUG oslo.service.backend._threading.loopingcall [None req-b1efaff8-11f6-4255-9ff7-d289cb74e800 None None] Fixed interval looping call 'neutron.plugins.ml2.plugin.DhcpAgentSchedulerDbMixin.remove_networks_from_down_agents' sleeping for 36.99 seconds {{(pid=91534) _run_loop /opt/stack/data/venv/lib/python3.12/site-packages/oslo_service/backend/_threading/loopingcall.py:125}}
May 18 18:52:13.220083 np0000000983 neutron-periodic-workers[91538]: DEBUG dbcounter [-] [91538] Writing DB stats neutron:SELECT=1 {{(pid=91538) stat_writer /opt/stack/data/venv/lib/python3.12/site-packages/dbcounter.py:115}}
May 18 18:52:15.161117 np0000000983 neutron-periodic-workers[91534]: DEBUG dbcounter [-] [91534] Writing DB stats neutron:SELECT=3 {{(pid=91534) stat_writer /opt/stack/data/venv/lib/python3.12/site-packages/dbcounter.py:115}}
May 18 18:52:40.220372 np0000000983 neutron-periodic-workers[91538]: DEBUG neutron.db.agents_db [None req-4e6eb4c9-0fbb-48e2-9b01-67f7bde52398 None None] Agent healthcheck: found 0 active agents {{(pid=91538) agent_health_check /opt/stack/neutron/neutron/db/agents_db.py:322}}
May 18 18:52:40.220372 np0000000983 neutron-periodic-workers[91538]: DEBUG oslo.service.backend._threading.loopingcall [None req-4e6eb4c9-0fbb-48e2-9b01-67f7bde52398 None None] Fixed interval looping call 'neutron.plugins.ml2.plugin.AgentDbMixin.agent_health_check' sleeping for 36.99 seconds {{(pid=91538) _run_loop /opt/stack/data/venv/lib/python3.12/site-packages/oslo_service/backend/_threading/loopingcall.py:125}}
May 18 18:52:42.165382 np0000000983 neutron-periodic-workers[91534]: DEBUG oslo.service.backend._threading.loopingcall [None req-b1efaff8-11f6-4255-9ff7-d289cb74e800 None None] Fixed interval looping call 'neutron.plugins.ml2.plugin.DhcpAgentSchedulerDbMixin.remove_networks_from_down_agents' sleeping for 36.99 seconds {{(pid=91534) _run_loop /opt/stack/data/venv/lib/python3.12/site-packages/oslo_service/backend/_threading/loopingcall.py:125}}
May 18 18:52:50.217753 np0000000983 neutron-periodic-workers[91538]: DEBUG dbcounter [-] [91538] Writing DB stats neutron:SELECT=1 {{(pid=91538) stat_writer /opt/stack/data/venv/lib/python3.12/site-packages/dbcounter.py:115}}
May 18 18:52:52.164869 np0000000983 neutron-periodic-workers[91534]: DEBUG dbcounter [-] [91534] Writing DB stats neutron:SELECT=3 {{(pid=91534) stat_writer /opt/stack/data/venv/lib/python3.12/site-packages/dbcounter.py:115}}
May 18 18:53:17.214888 np0000000983 neutron-periodic-workers[91538]: DEBUG neutron.db.agents_db [None req-4e6eb4c9-0fbb-48e2-9b01-67f7bde52398 None None] Agent healthcheck: found 0 active agents {{(pid=91538) agent_health_check /opt/stack/neutron/neutron/db/agents_db.py:322}}
May 18 18:53:17.214888 np0000000983 neutron-periodic-workers[91538]: DEBUG oslo.service.backend._threading.loopingcall [None req-4e6eb4c9-0fbb-48e2-9b01-67f7bde52398 None None] Fixed interval looping call 'neutron.plugins.ml2.plugin.AgentDbMixin.agent_health_check' sleeping for 37.00 seconds {{(pid=91538) _run_loop /opt/stack/data/venv/lib/python3.12/site-packages/oslo_service/backend/_threading/loopingcall.py:125}}
May 18 18:53:19.174910 np0000000983 neutron-periodic-workers[91534]: DEBUG oslo.service.backend._threading.loopingcall [None req-b1efaff8-11f6-4255-9ff7-d289cb74e800 None None] Fixed interval looping call 'neutron.plugins.ml2.plugin.DhcpAgentSchedulerDbMixin.remove_networks_from_down_agents' sleeping for 36.98 seconds {{(pid=91534) _run_loop /opt/stack/data/venv/lib/python3.12/site-packages/oslo_service/backend/_threading/loopingcall.py:125}}
May 18 18:53:27.206074 np0000000983 neutron-periodic-workers[91555]: DEBUG oslo.service.backend._threading.loopingcall [None req-ccf4d834-3cd5-4dbd-93f5-ecdef4f99516 None None] Fixed interval looping call 'neutron.db.quota.driver_nolock.DbQuotaNoLockDriver._remove_expired_reservations' sleeping for 120.00 seconds {{(pid=91555) _run_loop /opt/stack/data/venv/lib/python3.12/site-packages/oslo_service/backend/_threading/loopingcall.py:125}}
May 18 18:53:27.212831 np0000000983 neutron-periodic-workers[91538]: DEBUG dbcounter [-] [91538] Writing DB stats neutron:SELECT=1 {{(pid=91538) stat_writer /opt/stack/data/venv/lib/python3.12/site-packages/dbcounter.py:115}}
May 18 18:53:29.171677 np0000000983 neutron-periodic-workers[91534]: DEBUG dbcounter [-] [91534] Writing DB stats neutron:SELECT=3 {{(pid=91534) stat_writer /opt/stack/data/venv/lib/python3.12/site-packages/dbcounter.py:115}}
May 18 18:53:37.205200 np0000000983 neutron-periodic-workers[91555]: DEBUG dbcounter [-] [91555] Writing DB stats neutron:DELETE=1 {{(pid=91555) stat_writer /opt/stack/data/venv/lib/python3.12/site-packages/dbcounter.py:115}}
May 18 18:53:54.218493 np0000000983 neutron-periodic-workers[91538]: DEBUG neutron.db.agents_db [None req-4e6eb4c9-0fbb-48e2-9b01-67f7bde52398 None None] Agent healthcheck: found 0 active agents {{(pid=91538) agent_health_check /opt/stack/neutron/neutron/db/agents_db.py:322}}
May 18 18:53:54.218835 np0000000983 neutron-periodic-workers[91538]: DEBUG oslo.service.backend._threading.loopingcall [None req-4e6eb4c9-0fbb-48e2-9b01-67f7bde52398 None None] Fixed interval looping call 'neutron.plugins.ml2.plugin.AgentDbMixin.agent_health_check' sleeping for 37.00 seconds {{(pid=91538) _run_loop /opt/stack/data/venv/lib/python3.12/site-packages/oslo_service/backend/_threading/loopingcall.py:125}}
May 18 18:53:56.163308 np0000000983 neutron-periodic-workers[91534]: DEBUG oslo.service.backend._threading.loopingcall [None req-b1efaff8-11f6-4255-9ff7-d289cb74e800 None None] Fixed interval looping call 'neutron.plugins.ml2.plugin.DhcpAgentSchedulerDbMixin.remove_networks_from_down_agents' sleeping for 36.99 seconds {{(pid=91534) _run_loop /opt/stack/data/venv/lib/python3.12/site-packages/oslo_service/backend/_threading/loopingcall.py:125}}
May 18 18:54:04.217082 np0000000983 neutron-periodic-workers[91538]: DEBUG dbcounter [-] [91538] Writing DB stats neutron:SELECT=1 {{(pid=91538) stat_writer /opt/stack/data/venv/lib/python3.12/site-packages/dbcounter.py:115}}
May 18 18:54:06.164064 np0000000983 neutron-periodic-workers[91534]: DEBUG dbcounter [-] [91534] Writing DB stats neutron:SELECT=3 {{(pid=91534) stat_writer /opt/stack/data/venv/lib/python3.12/site-packages/dbcounter.py:115}}
May 18 18:54:31.222326 np0000000983 neutron-periodic-workers[91538]: DEBUG neutron.db.agents_db [None req-4e6eb4c9-0fbb-48e2-9b01-67f7bde52398 None None] Agent healthcheck: found 0 active agents {{(pid=91538) agent_health_check /opt/stack/neutron/neutron/db/agents_db.py:322}}
May 18 18:54:31.222828 np0000000983 neutron-periodic-workers[91538]: DEBUG oslo.service.backend._threading.loopingcall [None req-4e6eb4c9-0fbb-48e2-9b01-67f7bde52398 None None] Fixed interval looping call 'neutron.plugins.ml2.plugin.AgentDbMixin.agent_health_check' sleeping for 37.00 seconds {{(pid=91538) _run_loop /opt/stack/data/venv/lib/python3.12/site-packages/oslo_service/backend/_threading/loopingcall.py:125}}
May 18 18:54:33.163798 np0000000983 neutron-periodic-workers[91534]: DEBUG oslo.service.backend._threading.loopingcall [None req-b1efaff8-11f6-4255-9ff7-d289cb74e800 None None] Fixed interval looping call 'neutron.plugins.ml2.plugin.DhcpAgentSchedulerDbMixin.remove_networks_from_down_agents' sleeping for 36.99 seconds {{(pid=91534) _run_loop /opt/stack/data/venv/lib/python3.12/site-packages/oslo_service/backend/_threading/loopingcall.py:125}}
May 18 18:54:41.221178 np0000000983 neutron-periodic-workers[91538]: DEBUG dbcounter [-] [91538] Writing DB stats neutron:SELECT=1 {{(pid=91538) stat_writer /opt/stack/data/venv/lib/python3.12/site-packages/dbcounter.py:115}}
May 18 18:54:43.161388 np0000000983 neutron-periodic-workers[91534]: DEBUG dbcounter [-] [91534] Writing DB stats neutron:SELECT=3 {{(pid=91534) stat_writer /opt/stack/data/venv/lib/python3.12/site-packages/dbcounter.py:115}}
May 18 18:55:08.226685 np0000000983 neutron-periodic-workers[91538]: DEBUG neutron.db.agents_db [None req-4e6eb4c9-0fbb-48e2-9b01-67f7bde52398 None None] Agent healthcheck: found 0 active agents {{(pid=91538) agent_health_check /opt/stack/neutron/neutron/db/agents_db.py:322}}
May 18 18:55:08.226685 np0000000983 neutron-periodic-workers[91538]: DEBUG oslo.service.backend._threading.loopingcall [None req-4e6eb4c9-0fbb-48e2-9b01-67f7bde52398 None None] Fixed interval looping call 'neutron.plugins.ml2.plugin.AgentDbMixin.agent_health_check' sleeping for 37.00 seconds {{(pid=91538) _run_loop /opt/stack/data/venv/lib/python3.12/site-packages/oslo_service/backend/_threading/loopingcall.py:125}}
May 18 18:55:10.163224 np0000000983 neutron-periodic-workers[91534]: DEBUG oslo.service.backend._threading.loopingcall [None req-b1efaff8-11f6-4255-9ff7-d289cb74e800 None None] Fixed interval looping call 'neutron.plugins.ml2.plugin.DhcpAgentSchedulerDbMixin.remove_networks_from_down_agents' sleeping for 36.99 seconds {{(pid=91534) _run_loop /opt/stack/data/venv/lib/python3.12/site-packages/oslo_service/backend/_threading/loopingcall.py:125}}
May 18 18:55:18.225643 np0000000983 neutron-periodic-workers[91538]: DEBUG dbcounter [-] [91538] Writing DB stats neutron:SELECT=1 {{(pid=91538) stat_writer /opt/stack/data/venv/lib/python3.12/site-packages/dbcounter.py:115}}
May 18 18:55:20.161790 np0000000983 neutron-periodic-workers[91534]: DEBUG dbcounter [-] [91534] Writing DB stats neutron:SELECT=3 {{(pid=91534) stat_writer /opt/stack/data/venv/lib/python3.12/site-packages/dbcounter.py:115}}
May 18 18:55:25.229543 np0000000983 neutron-periodic-workers[91564]: DEBUG oslo.service.backend._threading.loopingcall [None req-f3197360-bf6f-4a36-a21f-5f8c2b227c5e None None] Fixed interval looping call 'neutron.services.ovn_l3.plugin.L3_NAT_dbonly_mixin._clean_garbage' sleeping for 299.99 seconds {{(pid=91564) _run_loop /opt/stack/data/venv/lib/python3.12/site-packages/oslo_service/backend/_threading/loopingcall.py:125}}
May 18 18:55:27.227668 np0000000983 neutron-periodic-workers[91555]: DEBUG oslo.service.backend._threading.loopingcall [None req-ccf4d834-3cd5-4dbd-93f5-ecdef4f99516 None None] Fixed interval looping call 'neutron.db.quota.driver_nolock.DbQuotaNoLockDriver._remove_expired_reservations' sleeping for 119.98 seconds {{(pid=91555) _run_loop /opt/stack/data/venv/lib/python3.12/site-packages/oslo_service/backend/_threading/loopingcall.py:125}}
May 18 18:55:35.224960 np0000000983 neutron-periodic-workers[91564]: DEBUG dbcounter [-] [91564] Writing DB stats neutron:SELECT=1 {{(pid=91564) stat_writer /opt/stack/data/venv/lib/python3.12/site-packages/dbcounter.py:115}}
May 18 18:55:37.226811 np0000000983 neutron-periodic-workers[91555]: DEBUG dbcounter [-] [91555] Writing DB stats neutron:DELETE=1 {{(pid=91555) stat_writer /opt/stack/data/venv/lib/python3.12/site-packages/dbcounter.py:115}}
May 18 18:55:45.230839 np0000000983 neutron-periodic-workers[91538]: DEBUG neutron.db.agents_db [None req-4e6eb4c9-0fbb-48e2-9b01-67f7bde52398 None None] Agent healthcheck: found 0 active agents {{(pid=91538) agent_health_check /opt/stack/neutron/neutron/db/agents_db.py:322}}
May 18 18:55:45.230839 np0000000983 neutron-periodic-workers[91538]: DEBUG oslo.service.backend._threading.loopingcall [None req-4e6eb4c9-0fbb-48e2-9b01-67f7bde52398 None None] Fixed interval looping call 'neutron.plugins.ml2.plugin.AgentDbMixin.agent_health_check' sleeping for 37.00 seconds {{(pid=91538) _run_loop /opt/stack/data/venv/lib/python3.12/site-packages/oslo_service/backend/_threading/loopingcall.py:125}}
May 18 18:55:47.160367 np0000000983 neutron-periodic-workers[91534]: DEBUG oslo.service.backend._threading.loopingcall [None req-b1efaff8-11f6-4255-9ff7-d289cb74e800 None None] Fixed interval looping call 'neutron.plugins.ml2.plugin.DhcpAgentSchedulerDbMixin.remove_networks_from_down_agents' sleeping for 36.99 seconds {{(pid=91534) _run_loop /opt/stack/data/venv/lib/python3.12/site-packages/oslo_service/backend/_threading/loopingcall.py:125}}
May 18 18:55:55.228856 np0000000983 neutron-periodic-workers[91538]: DEBUG dbcounter [-] [91538] Writing DB stats neutron:SELECT=1 {{(pid=91538) stat_writer /opt/stack/data/venv/lib/python3.12/site-packages/dbcounter.py:115}}
May 18 18:55:57.158035 np0000000983 neutron-periodic-workers[91534]: DEBUG dbcounter [-] [91534] Writing DB stats neutron:SELECT=3 {{(pid=91534) stat_writer /opt/stack/data/venv/lib/python3.12/site-packages/dbcounter.py:115}}
May 18 18:56:22.233250 np0000000983 neutron-periodic-workers[91538]: DEBUG neutron.db.agents_db [None req-4e6eb4c9-0fbb-48e2-9b01-67f7bde52398 None None] Agent healthcheck: found 0 active agents {{(pid=91538) agent_health_check /opt/stack/neutron/neutron/db/agents_db.py:322}}
May 18 18:56:22.233703 np0000000983 neutron-periodic-workers[91538]: DEBUG oslo.service.backend._threading.loopingcall [None req-4e6eb4c9-0fbb-48e2-9b01-67f7bde52398 None None] Fixed interval looping call 'neutron.plugins.ml2.plugin.AgentDbMixin.agent_health_check' sleeping for 37.00 seconds {{(pid=91538) _run_loop /opt/stack/data/venv/lib/python3.12/site-packages/oslo_service/backend/_threading/loopingcall.py:125}}
May 18 18:56:24.154964 np0000000983 neutron-periodic-workers[91534]: DEBUG oslo.service.backend._threading.loopingcall [None req-b1efaff8-11f6-4255-9ff7-d289cb74e800 None None] Fixed interval looping call 'neutron.plugins.ml2.plugin.DhcpAgentSchedulerDbMixin.remove_networks_from_down_agents' sleeping for 36.99 seconds {{(pid=91534) _run_loop /opt/stack/data/venv/lib/python3.12/site-packages/oslo_service/backend/_threading/loopingcall.py:125}}
May 18 18:56:32.234378 np0000000983 neutron-periodic-workers[91538]: DEBUG dbcounter [-] [91538] Writing DB stats neutron:SELECT=1 {{(pid=91538) stat_writer /opt/stack/data/venv/lib/python3.12/site-packages/dbcounter.py:115}}
