Jun 30 11:40:05.979232 np0000003974 devstack@g-api.service[102649]: DEBUG glance.api.middleware.version_negotiation [None req-e96d043a-2efe-4a47-8b9e-c784b2a0524a tempest-TaggedBootDevicesTest-1997473601 tempest-TaggedBootDevicesTest-1997473601-project-member] Using url versioning {{(pid=102649) process_request /opt/stack/glance/glance/api/middleware/version_negotiation.py:57}}
Jun 30 11:40:05.979232 np0000003974 devstack@g-api.service[102649]: DEBUG glance.api.middleware.version_negotiation [None req-e96d043a-2efe-4a47-8b9e-c784b2a0524a tempest-TaggedBootDevicesTest-1997473601 tempest-TaggedBootDevicesTest-1997473601-project-member] Matched version: v2 {{(pid=102649) process_request /opt/stack/glance/glance/api/middleware/version_negotiation.py:69}}
Jun 30 11:40:05.979369 np0000003974 devstack@g-api.service[102649]: DEBUG glance.api.middleware.version_negotiation [None req-e96d043a-2efe-4a47-8b9e-c784b2a0524a tempest-TaggedBootDevicesTest-1997473601 tempest-TaggedBootDevicesTest-1997473601-project-member] new path /v2/images/17323980-c9e2-439a-8e04-eff1a4821f1b {{(pid=102649) process_request /opt/stack/glance/glance/api/middleware/version_negotiation.py:70}}
Jun 30 11:40:05.992937 np0000003974 devstack@g-api.service[102649]: [pid: 102649|app: 0|req: 54/215] 127.0.0.1 () {40 vars in 838 bytes} [Tue Jun 30 11:40:05 2026] GET /v2/images/17323980-c9e2-439a-8e04-eff1a4821f1b => generated 650 bytes in 14 msecs (HTTP/1.1 200) 4 headers in 157 bytes (1 switches on core 0)
Jun 30 11:40:06.577529 np0000003974 devstack@g-api.service[102652]: DEBUG glance.api.middleware.version_negotiation [None req-92aff99b-44c5-431d-b782-505c5ba035bf tempest-ImageDependencyTests-705338070 tempest-ImageDependencyTests-705338070-project-member] Determining version of request: PUT /v2/images/17323980-c9e2-439a-8e04-eff1a4821f1b/file Accept: */* {{(pid=102652) process_request /opt/stack/glance/glance/api/middleware/version_negotiation.py:44}}
Jun 30 11:40:06.578019 np0000003974 devstack@g-api.service[102652]: DEBUG glance.api.middleware.version_negotiation [None req-92aff99b-44c5-431d-b782-505c5ba035bf tempest-ImageDependencyTests-705338070 tempest-ImageDependencyTests-705338070-project-member] Using url versioning {{(pid=102652) process_request /opt/stack/glance/glance/api/middleware/version_negotiation.py:57}}
Jun 30 11:40:06.578019 np0000003974 devstack@g-api.service[102652]: DEBUG glance.api.middleware.version_negotiation [None req-92aff99b-44c5-431d-b782-505c5ba035bf tempest-ImageDependencyTests-705338070 tempest-ImageDependencyTests-705338070-project-member] Matched version: v2 {{(pid=102652) process_request /opt/stack/glance/glance/api/middleware/version_negotiation.py:69}}
Jun 30 11:40:06.581449 np0000003974 devstack@g-api.service[102652]: DEBUG glance.api.middleware.version_negotiation [None req-92aff99b-44c5-431d-b782-505c5ba035bf tempest-ImageDependencyTests-705338070 tempest-ImageDependencyTests-705338070-project-member] new path /v2/images/17323980-c9e2-439a-8e04-eff1a4821f1b/file {{(pid=102652) process_request /opt/stack/glance/glance/api/middleware/version_negotiation.py:70}}
Jun 30 11:40:07.005132 np0000003974 devstack@g-api.service[102650]: DEBUG glance.api.middleware.version_negotiation [None req-8b2c1253-3558-4ca3-8a50-4f761d44bd3d tempest-ImageDependencyTests-705338070 tempest-ImageDependencyTests-705338070-project-member] Determining version of request: GET /v2/images/17323980-c9e2-439a-8e04-eff1a4821f1b Accept: application/json {{(pid=102650) process_request /opt/stack/glance/glance/api/middleware/version_negotiation.py:44}}
Jun 30 11:40:07.005638 np0000003974 devstack@g-api.service[102650]: DEBUG glance.api.middleware.version_negotiation [None req-8b2c1253-3558-4ca3-8a50-4f761d44bd3d tempest-ImageDependencyTests-705338070 tempest-ImageDependencyTests-705338070-project-member] Using url versioning {{(pid=102650) process_request /opt/stack/glance/glance/api/middleware/version_negotiation.py:57}}
Jun 30 11:40:07.005756 np0000003974 devstack@g-api.service[102650]: DEBUG glance.api.middleware.version_negotiation [None req-8b2c1253-3558-4ca3-8a50-4f761d44bd3d tempest-ImageDependencyTests-705338070 tempest-ImageDependencyTests-705338070-project-member] Matched version: v2 {{(pid=102650) process_request /opt/stack/glance/glance/api/middleware/version_negotiation.py:69}}
Jun 30 11:40:07.005899 np0000003974 devstack@g-api.service[102650]: DEBUG glance.api.middleware.version_negotiation [None req-8b2c1253-3558-4ca3-8a50-4f761d44bd3d tempest-ImageDependencyTests-705338070 tempest-ImageDependencyTests-705338070-project-member] new path /v2/images/17323980-c9e2-439a-8e04-eff1a4821f1b {{(pid=102650) process_request /opt/stack/glance/glance/api/middleware/version_negotiation.py:70}}
Jun 30 11:40:07.023120 np0000003974 devstack@g-api.service[102650]: [pid: 102650|app: 0|req: 57/216] 127.0.0.1 () {40 vars in 838 bytes} [Tue Jun 30 11:40:07 2026] GET /v2/images/17323980-c9e2-439a-8e04-eff1a4821f1b => generated 650 bytes in 18 msecs (HTTP/1.1 200) 4 headers in 157 bytes (1 switches on core 0)
Jun 30 11:40:07.411181 np0000003974 devstack@g-api.service[102652]: INFO glance.api.v2.image_data [None req-d2671ac3-4a15-4981-b51e-489729d5f603 tempest-VolumesActionsTest-457189673 tempest-VolumesActionsTest-457189673-project-member] Unable to create trust: no such option collect_timing in group [keystone_authtoken] Use the existing user token.
Jun 30 11:40:08.035470 np0000003974 devstack@g-api.service[102648]: DEBUG glance.api.middleware.version_negotiation [None req-e844f7f5-96f3-4ae6-8880-dd5e860d49c2 tempest-VolumesActionsTest-457189673 tempest-VolumesActionsTest-457189673-project-member] Determining version of request: GET /v2/images/17323980-c9e2-439a-8e04-eff1a4821f1b Accept: application/json {{(pid=102648) process_request /opt/stack/glance/glance/api/middleware/version_negotiation.py:44}}
Jun 30 11:40:08.036289 np0000003974 devstack@g-api.service[102648]: DEBUG glance.api.middleware.version_negotiation [None req-e844f7f5-96f3-4ae6-8880-dd5e860d49c2 tempest-VolumesActionsTest-457189673 tempest-VolumesActionsTest-457189673-project-member] Using url versioning {{(pid=102648) process_request /opt/stack/glance/glance/api/middleware/version_negotiation.py:57}}
Jun 30 11:40:08.036289 np0000003974 devstack@g-api.service[102648]: DEBUG glance.api.middleware.version_negotiation [None req-e844f7f5-96f3-4ae6-8880-dd5e860d49c2 tempest-VolumesActionsTest-457189673 tempest-VolumesActionsTest-457189673-project-member] Matched version: v2 {{(pid=102648) process_request /opt/stack/glance/glance/api/middleware/version_negotiation.py:69}}
Jun 30 11:40:08.036289 np0000003974 devstack@g-api.service[102648]: DEBUG glance.api.middleware.version_negotiation [None req-e844f7f5-96f3-4ae6-8880-dd5e860d49c2 tempest-VolumesActionsTest-457189673 tempest-VolumesActionsTest-457189673-project-member] new path /v2/images/17323980-c9e2-439a-8e04-eff1a4821f1b {{(pid=102648) process_request /opt/stack/glance/glance/api/middleware/version_negotiation.py:70}}
Jun 30 11:40:08.047469 np0000003974 devstack@g-api.service[102648]: [pid: 102648|app: 0|req: 57/217] 127.0.0.1 () {40 vars in 838 bytes} [Tue Jun 30 11:40:08 2026] GET /v2/images/17323980-c9e2-439a-8e04-eff1a4821f1b => generated 650 bytes in 12 msecs (HTTP/1.1 200) 4 headers in 157 bytes (1 switches on core 0)
Jun 30 11:40:08.210054 np0000003974 devstack@g-api.service[102652]: DEBUG glance.location [None req-d2671ac3-4a15-4981-b51e-489729d5f603 tempest-VolumesActionsTest-457189673 tempest-VolumesActionsTest-457189673-project-member] Enabling in-flight format inspection for raw {{(pid=102652) set_data /opt/stack/glance/glance/location.py:616}}
Jun 30 11:40:08.211003 np0000003974 devstack@g-api.service[102652]: DEBUG glance_store.backend [None req-d2671ac3-4a15-4981-b51e-489729d5f603 tempest-VolumesActionsTest-457189673 tempest-VolumesActionsTest-457189673-project-member] Attempting to import store swift {{(pid=102652) _load_store /opt/stack/data/venv/lib/python3.12/site-packages/glance_store/backend.py:215}}
Jun 30 11:40:08.213205 np0000003974 devstack@g-api.service[102652]: DEBUG glance_store.capabilities [None req-d2671ac3-4a15-4981-b51e-489729d5f603 tempest-VolumesActionsTest-457189673 tempest-VolumesActionsTest-457189673-project-member] Store glance_store._drivers.swift.store.SingleTenantStore doesn't support updating dynamic storage capabilities. Please overwrite 'update_capabilities' method of the store to implement updating logics if needed. {{(pid=102652) update_capabilities /opt/stack/data/venv/lib/python3.12/site-packages/glance_store/capabilities.py:91}}
Jun 30 11:40:08.213361 np0000003974 devstack@g-api.service[102652]: DEBUG glance_store.driver [None req-d2671ac3-4a15-4981-b51e-489729d5f603 tempest-VolumesActionsTest-457189673 tempest-VolumesActionsTest-457189673-project-member] Late loading location class glance_store._drivers.swift.store.StoreLocation {{(pid=102652) get_store_location_class /opt/stack/data/venv/lib/python3.12/site-packages/glance_store/driver.py:134}}
Jun 30 11:40:08.213508 np0000003974 devstack@g-api.service[102652]: DEBUG glance_store.location [None req-d2671ac3-4a15-4981-b51e-489729d5f603 tempest-VolumesActionsTest-457189673 tempest-VolumesActionsTest-457189673-project-member] Registering scheme swift+https with {'store': , 'location_class': , 'store_entry': 'swift'} {{(pid=102652) register_scheme_map /opt/stack/data/venv/lib/python3.12/site-packages/glance_store/location.py:146}}
Jun 30 11:40:08.213634 np0000003974 devstack@g-api.service[102652]: DEBUG glance_store.location [None req-d2671ac3-4a15-4981-b51e-489729d5f603 tempest-VolumesActionsTest-457189673 tempest-VolumesActionsTest-457189673-project-member] Registering scheme swift+https with {'store': , 'location_class': , 'store_entry': 'swift'} {{(pid=102652) register_scheme_map /opt/stack/data/venv/lib/python3.12/site-packages/glance_store/location.py:146}}
Jun 30 11:40:08.213797 np0000003974 devstack@g-api.service[102652]: DEBUG glance_store.location [None req-d2671ac3-4a15-4981-b51e-489729d5f603 tempest-VolumesActionsTest-457189673 tempest-VolumesActionsTest-457189673-project-member] Registering scheme swift with {'store': , 'location_class': , 'store_entry': 'swift'} {{(pid=102652) register_scheme_map /opt/stack/data/venv/lib/python3.12/site-packages/glance_store/location.py:146}}
Jun 30 11:40:08.213913 np0000003974 devstack@g-api.service[102652]: DEBUG glance_store.location [None req-d2671ac3-4a15-4981-b51e-489729d5f603 tempest-VolumesActionsTest-457189673 tempest-VolumesActionsTest-457189673-project-member] Registering scheme swift+https with {'store': , 'location_class': , 'store_entry': 'swift'} {{(pid=102652) register_scheme_map /opt/stack/data/venv/lib/python3.12/site-packages/glance_store/location.py:146}}
Jun 30 11:40:08.214023 np0000003974 devstack@g-api.service[102652]: DEBUG glance_store.location [None req-d2671ac3-4a15-4981-b51e-489729d5f603 tempest-VolumesActionsTest-457189673 tempest-VolumesActionsTest-457189673-project-member] Registering scheme swift with {'store': , 'location_class': , 'store_entry': 'swift'} {{(pid=102652) register_scheme_map /opt/stack/data/venv/lib/python3.12/site-packages/glance_store/location.py:146}}
Jun 30 11:40:08.214141 np0000003974 devstack@g-api.service[102652]: DEBUG glance_store.location [None req-d2671ac3-4a15-4981-b51e-489729d5f603 tempest-VolumesActionsTest-457189673 tempest-VolumesActionsTest-457189673-project-member] Registering scheme swift+http with {'store': , 'location_class': , 'store_entry': 'swift'} {{(pid=102652) register_scheme_map /opt/stack/data/venv/lib/python3.12/site-packages/glance_store/location.py:146}}
Jun 30 11:40:08.214251 np0000003974 devstack@g-api.service[102652]: DEBUG glance_store.location [None req-d2671ac3-4a15-4981-b51e-489729d5f603 tempest-VolumesActionsTest-457189673 tempest-VolumesActionsTest-457189673-project-member] Registering scheme swift+https with {'store': , 'location_class': , 'store_entry': 'swift'} {{(pid=102652) register_scheme_map /opt/stack/data/venv/lib/python3.12/site-packages/glance_store/location.py:146}}
Jun 30 11:40:08.214349 np0000003974 devstack@g-api.service[102652]: DEBUG glance_store.location [None req-d2671ac3-4a15-4981-b51e-489729d5f603 tempest-VolumesActionsTest-457189673 tempest-VolumesActionsTest-457189673-project-member] Registering scheme swift with {'store': , 'location_class': , 'store_entry': 'swift'} {{(pid=102652) register_scheme_map /opt/stack/data/venv/lib/python3.12/site-packages/glance_store/location.py:146}}
Jun 30 11:40:08.214458 np0000003974 devstack@g-api.service[102652]: DEBUG glance_store.location [None req-d2671ac3-4a15-4981-b51e-489729d5f603 tempest-VolumesActionsTest-457189673 tempest-VolumesActionsTest-457189673-project-member] Registering scheme swift+http with {'store': , 'location_class': , 'store_entry': 'swift'} {{(pid=102652) register_scheme_map /opt/stack/data/venv/lib/python3.12/site-packages/glance_store/location.py:146}}
Jun 30 11:40:08.214568 np0000003974 devstack@g-api.service[102652]: DEBUG glance_store.location [None req-d2671ac3-4a15-4981-b51e-489729d5f603 tempest-VolumesActionsTest-457189673 tempest-VolumesActionsTest-457189673-project-member] Registering scheme swift+config with {'store': , 'location_class': , 'store_entry': 'swift'} {{(pid=102652) register_scheme_map /opt/stack/data/venv/lib/python3.12/site-packages/glance_store/location.py:146}}
Jun 30 11:40:09.237320 np0000003974 devstack@g-api.service[102652]: DEBUG swiftclient [None req-d2671ac3-4a15-4981-b51e-489729d5f603 tempest-VolumesActionsTest-457189673 tempest-VolumesActionsTest-457189673-project-member] REQ: curl -i https://10.4.3.204:8080/v1/AUTH_5dd0c0e9390d4898804dd311311f1fbe/glance -I -H "X-Auth-Token: gAAAAABqQ6sYozAU..." {{(pid=102652) http_log /opt/stack/data/venv/lib/python3.12/site-packages/swiftclient/client.py:160}}
Jun 30 11:40:09.237320 np0000003974 devstack@g-api.service[102652]: DEBUG swiftclient [None req-d2671ac3-4a15-4981-b51e-489729d5f603 tempest-VolumesActionsTest-457189673 tempest-VolumesActionsTest-457189673-project-member] RESP STATUS: 204 No Content {{(pid=102652) http_log /opt/stack/data/venv/lib/python3.12/site-packages/swiftclient/client.py:161}}
Jun 30 11:40:09.237320 np0000003974 devstack@g-api.service[102652]: DEBUG swiftclient [None req-d2671ac3-4a15-4981-b51e-489729d5f603 tempest-VolumesActionsTest-457189673 tempest-VolumesActionsTest-457189673-project-member] RESP HEADERS: {'Date': 'Tue, 30 Jun 2026 11:40:08 GMT', 'Server': 'Apache/2.4.58 (Ubuntu)', 'Content-Type': 'text/plain; charset=utf-8', 'X-Container-Object-Count': '7', 'X-Container-Bytes-Used': '111411200', 'X-Timestamp': '1782819360.43373', 'Last-Modified': 'Tue, 30 Jun 2026 11:36:01 GMT', 'Accept-Ranges': 'bytes', 'X-Storage-Policy': 'Policy-0', 'X-Container-Sharding': 'False', 'Vary': 'Accept', 'X-Trans-Id': 'tx509b2c177a0b4ae8a2634-006a43ab18', 'X-Openstack-Request-Id': 'tx509b2c177a0b4ae8a2634-006a43ab18', 'Connection': 'close'} {{(pid=102652) http_log /opt/stack/data/venv/lib/python3.12/site-packages/swiftclient/client.py:162}}
Jun 30 11:40:09.237320 np0000003974 devstack@g-api.service[102652]: DEBUG glance_store._drivers.swift.store [None req-d2671ac3-4a15-4981-b51e-489729d5f603 tempest-VolumesActionsTest-457189673 tempest-VolumesActionsTest-457189673-project-member] Adding image object '17323980-c9e2-439a-8e04-eff1a4821f1b' to Swift {{(pid=102652) add /opt/stack/data/venv/lib/python3.12/site-packages/glance_store/_drivers/swift/store.py:970}}
Jun 30 11:40:09.237320 np0000003974 devstack@g-api.service[102652]: DEBUG glance_store._drivers.swift.store [None req-d2671ac3-4a15-4981-b51e-489729d5f603 tempest-VolumesActionsTest-457189673 tempest-VolumesActionsTest-457189673-project-member] Cannot determine image size because it is either not provided in the request or chunked-transfer encoding is used. Adding image as a segmented object to Swift. {{(pid=102652) add /opt/stack/data/venv/lib/python3.12/site-packages/glance_store/_drivers/swift/store.py:994}}
Jun 30 11:40:09.237320 np0000003974 devstack@g-api.service[102652]: DEBUG oslo_utils.imageutils.format_inspector [None req-d2671ac3-4a15-4981-b51e-489729d5f603 tempest-VolumesActionsTest-457189673 tempest-VolumesActionsTest-457189673-project-member] Format inspector for vmdk does not match, excluding from consideration (Signature KDMV not found: b'\x00\x00\x00\x00') {{(pid=102652) _process_chunk /opt/stack/data/venv/lib/python3.12/site-packages/oslo_utils/imageutils/format_inspector.py:1758}}
Jun 30 11:40:09.237320 np0000003974 devstack@g-api.service[102652]: DEBUG oslo_utils.imageutils.format_inspector [None req-d2671ac3-4a15-4981-b51e-489729d5f603 tempest-VolumesActionsTest-457189673 tempest-VolumesActionsTest-457189673-project-member] Format inspector for vhdx does not match, excluding from consideration (Region signature not found at 30000) {{(pid=102652) _process_chunk /opt/stack/data/venv/lib/python3.12/site-packages/oslo_utils/imageutils/format_inspector.py:1758}}
Jun 30 11:40:09.239754 np0000003974 devstack@g-api.service[102649]: DEBUG glance.api.middleware.version_negotiation [None req-71b5ec6d-446f-40ca-89ed-6f2732947e67 tempest-VolumesActionsTest-457189673 tempest-VolumesActionsTest-457189673-project-member] Determining version of request: GET /v2/images/17323980-c9e2-439a-8e04-eff1a4821f1b Accept: application/json {{(pid=102649) process_request /opt/stack/glance/glance/api/middleware/version_negotiation.py:44}}
Jun 30 11:40:09.239754 np0000003974 devstack@g-api.service[102649]: DEBUG glance.api.middleware.version_negotiation [None req-71b5ec6d-446f-40ca-89ed-6f2732947e67 tempest-VolumesActionsTest-457189673 tempest-VolumesActionsTest-457189673-project-member] Using url versioning {{(pid=102649) process_request /opt/stack/glance/glance/api/middleware/version_negotiation.py:57}}
Jun 30 11:40:09.239754 np0000003974 devstack@g-api.service[102649]: DEBUG glance.api.middleware.version_negotiation [None req-71b5ec6d-446f-40ca-89ed-6f2732947e67 tempest-VolumesActionsTest-457189673 tempest-VolumesActionsTest-457189673-project-member] Matched version: v2 {{(pid=102649) process_request /opt/stack/glance/glance/api/middleware/version_negotiation.py:69}}
Jun 30 11:40:09.239754 np0000003974 devstack@g-api.service[102649]: DEBUG glance.api.middleware.version_negotiation [None req-71b5ec6d-446f-40ca-89ed-6f2732947e67 tempest-VolumesActionsTest-457189673 tempest-VolumesActionsTest-457189673-project-member] new path /v2/images/17323980-c9e2-439a-8e04-eff1a4821f1b {{(pid=102649) process_request /opt/stack/glance/glance/api/middleware/version_negotiation.py:70}}
Jun 30 11:40:09.239754 np0000003974 devstack@g-api.service[102649]: [pid: 102649|app: 0|req: 55/218] 127.0.0.1 () {40 vars in 838 bytes} [Tue Jun 30 11:40:09 2026] GET /v2/images/17323980-c9e2-439a-8e04-eff1a4821f1b => generated 650 bytes in 9 msecs (HTTP/1.1 200) 4 headers in 157 bytes (1 switches on core 0)
Jun 30 11:40:10.075518 np0000003974 devstack@g-api.service[102650]: DEBUG glance.api.middleware.version_negotiation [None req-179c5727-d5bd-4c00-9b8e-ec5ecd0771e8 tempest-VolumesActionsTest-457189673 tempest-VolumesActionsTest-457189673-project-member] Determining version of request: GET /v2/images/17323980-c9e2-439a-8e04-eff1a4821f1b Accept: application/json {{(pid=102650) process_request /opt/stack/glance/glance/api/middleware/version_negotiation.py:44}}
Jun 30 11:40:10.075906 np0000003974 devstack@g-api.service[102650]: DEBUG glance.api.middleware.version_negotiation [None req-179c5727-d5bd-4c00-9b8e-ec5ecd0771e8 tempest-VolumesActionsTest-457189673 tempest-VolumesActionsTest-457189673-project-member] Using url versioning {{(pid=102650) process_request /opt/stack/glance/glance/api/middleware/version_negotiation.py:57}}
Jun 30 11:40:10.075906 np0000003974 devstack@g-api.service[102650]: DEBUG glance.api.middleware.version_negotiation [None req-179c5727-d5bd-4c00-9b8e-ec5ecd0771e8 tempest-VolumesActionsTest-457189673 tempest-VolumesActionsTest-457189673-project-member] Matched version: v2 {{(pid=102650) process_request /opt/stack/glance/glance/api/middleware/version_negotiation.py:69}}
Jun 30 11:40:10.075960 np0000003974 devstack@g-api.service[102650]: DEBUG glance.api.middleware.version_negotiation [None req-179c5727-d5bd-4c00-9b8e-ec5ecd0771e8 tempest-VolumesActionsTest-457189673 tempest-VolumesActionsTest-457189673-project-member] new path /v2/images/17323980-c9e2-439a-8e04-eff1a4821f1b {{(pid=102650) process_request /opt/stack/glance/glance/api/middleware/version_negotiation.py:70}}
Jun 30 11:40:10.086878 np0000003974 devstack@g-api.service[102650]: [pid: 102650|app: 0|req: 58/219] 127.0.0.1 () {40 vars in 838 bytes} [Tue Jun 30 11:40:10 2026] GET /v2/images/17323980-c9e2-439a-8e04-eff1a4821f1b => generated 650 bytes in 11 msecs (HTTP/1.1 200) 4 headers in 157 bytes (1 switches on core 0)
Jun 30 11:40:11.100072 np0000003974 devstack@g-api.service[102648]: DEBUG glance.api.middleware.version_negotiation [None req-f1806851-f5b3-474b-a88c-ec98fd85e457 tempest-VolumesActionsTest-457189673 tempest-VolumesActionsTest-457189673-project-member] Determining version of request: GET /v2/images/17323980-c9e2-439a-8e04-eff1a4821f1b Accept: application/json {{(pid=102648) process_request /opt/stack/glance/glance/api/middleware/version_negotiation.py:44}}
Jun 30 11:40:11.100941 np0000003974 devstack@g-api.service[102648]: DEBUG glance.api.middleware.version_negotiation [None req-f1806851-f5b3-474b-a88c-ec98fd85e457 tempest-VolumesActionsTest-457189673 tempest-VolumesActionsTest-457189673-project-member] Using url versioning {{(pid=102648) process_request /opt/stack/glance/glance/api/middleware/version_negotiation.py:57}}
Jun 30 11:40:11.100941 np0000003974 devstack@g-api.service[102648]: DEBUG glance.api.middleware.version_negotiation [None req-f1806851-f5b3-474b-a88c-ec98fd85e457 tempest-VolumesActionsTest-457189673 tempest-VolumesActionsTest-457189673-project-member] Matched version: v2 {{(pid=102648) process_request /opt/stack/glance/glance/api/middleware/version_negotiation.py:69}}
Jun 30 11:40:11.100941 np0000003974 devstack@g-api.service[102648]: DEBUG glance.api.middleware.version_negotiation [None req-f1806851-f5b3-474b-a88c-ec98fd85e457 tempest-VolumesActionsTest-457189673 tempest-VolumesActionsTest-457189673-project-member] new path /v2/images/17323980-c9e2-439a-8e04-eff1a4821f1b {{(pid=102648) process_request /opt/stack/glance/glance/api/middleware/version_negotiation.py:70}}
Jun 30 11:40:11.120958 np0000003974 devstack@g-api.service[102648]: [pid: 102648|app: 0|req: 58/220] 127.0.0.1 () {40 vars in 838 bytes} [Tue Jun 30 11:40:11 2026] GET /v2/images/17323980-c9e2-439a-8e04-eff1a4821f1b => generated 650 bytes in 22 msecs (HTTP/1.1 200) 4 headers in 157 bytes (1 switches on core 0)
Jun 30 11:40:12.139600 np0000003974 devstack@g-api.service[102649]: DEBUG glance.api.middleware.version_negotiation [None req-16c6ff10-45c2-4663-acb5-1a0f57ede367 tempest-VolumesActionsTest-457189673 tempest-VolumesActionsTest-457189673-project-member] Determining version of request: GET /v2/images/17323980-c9e2-439a-8e04-eff1a4821f1b Accept: application/json {{(pid=102649) process_request /opt/stack/glance/glance/api/middleware/version_negotiation.py:44}}
Jun 30 11:40:12.139600 np0000003974 devstack@g-api.service[102649]: DEBUG glance.api.middleware.version_negotiation [None req-16c6ff10-45c2-4663-acb5-1a0f57ede367 tempest-VolumesActionsTest-457189673 tempest-VolumesActionsTest-457189673-project-member] Using url versioning {{(pid=102649) process_request /opt/stack/glance/glance/api/middleware/version_negotiation.py:57}}
Jun 30 11:40:12.139600 np0000003974 devstack@g-api.service[102649]: DEBUG glance.api.middleware.version_negotiation [None req-16c6ff10-45c2-4663-acb5-1a0f57ede367 tempest-VolumesActionsTest-457189673 tempest-VolumesActionsTest-457189673-project-member] Matched version: v2 {{(pid=102649) process_request /opt/stack/glance/glance/api/middleware/version_negotiation.py:69}}
Jun 30 11:40:12.139600 np0000003974 devstack@g-api.service[102649]: DEBUG glance.api.middleware.version_negotiation [None req-16c6ff10-45c2-4663-acb5-1a0f57ede367 tempest-VolumesActionsTest-457189673 tempest-VolumesActionsTest-457189673-project-member] new path /v2/images/17323980-c9e2-439a-8e04-eff1a4821f1b {{(pid=102649) process_request /opt/stack/glance/glance/api/middleware/version_negotiation.py:70}}
Jun 30 11:40:12.152497 np0000003974 devstack@g-api.service[102649]: [pid: 102649|app: 0|req: 56/221] 127.0.0.1 () {40 vars in 838 bytes} [Tue Jun 30 11:40:12 2026] GET /v2/images/17323980-c9e2-439a-8e04-eff1a4821f1b => generated 650 bytes in 14 msecs (HTTP/1.1 200) 4 headers in 157 bytes (1 switches on core 0)
Jun 30 11:40:12.399203 np0000003974 devstack@g-api.service[102652]: DEBUG swiftclient [None req-d2671ac3-4a15-4981-b51e-489729d5f603 tempest-VolumesActionsTest-457189673 tempest-VolumesActionsTest-457189673-project-member] REQ: curl -i https://10.4.3.204:8080/v1/AUTH_5dd0c0e9390d4898804dd311311f1fbe/glance/17323980-c9e2-439a-8e04-eff1a4821f1b-00001 -X PUT -H "X-Auth-Token: gAAAAABqQ6sYozAU..." {{(pid=102652) http_log /opt/stack/data/venv/lib/python3.12/site-packages/swiftclient/client.py:160}}
Jun 30 11:40:12.399203 np0000003974 devstack@g-api.service[102652]: DEBUG swiftclient [None req-d2671ac3-4a15-4981-b51e-489729d5f603 tempest-VolumesActionsTest-457189673 tempest-VolumesActionsTest-457189673-project-member] RESP STATUS: 201 Created {{(pid=102652) http_log /opt/stack/data/venv/lib/python3.12/site-packages/swiftclient/client.py:161}}
Jun 30 11:40:12.399743 np0000003974 devstack@g-api.service[102652]: DEBUG swiftclient [None req-d2671ac3-4a15-4981-b51e-489729d5f603 tempest-VolumesActionsTest-457189673 tempest-VolumesActionsTest-457189673-project-member] RESP HEADERS: {'Date': 'Tue, 30 Jun 2026 11:40:12 GMT', 'Server': 'Apache/2.4.58 (Ubuntu)', 'Content-Type': 'text/html; charset=UTF-8', 'Content-Length': '0', 'Etag': 'eda9a9889837ac4bc81d6387d92c1bec', 'Last-Modified': 'Tue, 30 Jun 2026 11:40:09 GMT', 'X-Trans-Id': 'tx578e8ae89e37454496f67-006a43ab18', 'X-Openstack-Request-Id': 'tx578e8ae89e37454496f67-006a43ab18', 'Connection': 'close'} {{(pid=102652) http_log /opt/stack/data/venv/lib/python3.12/site-packages/swiftclient/client.py:162}}
Jun 30 11:40:12.399743 np0000003974 devstack@g-api.service[102652]: DEBUG glance_store._drivers.swift.store [None req-d2671ac3-4a15-4981-b51e-489729d5f603 tempest-VolumesActionsTest-457189673 tempest-VolumesActionsTest-457189673-project-member] Wrote chunk 17323980-c9e2-439a-8e04-eff1a4821f1b-00001 (1/?) of length 204800000 to Swift returning MD5 of content: eda9a9889837ac4bc81d6387d92c1bec {{(pid=102652) add /opt/stack/data/venv/lib/python3.12/site-packages/glance_store/_drivers/swift/store.py:1059}}
Jun 30 11:40:13.163625 np0000003974 devstack@g-api.service[102650]: DEBUG glance.api.middleware.version_negotiation [None req-794373ab-28a5-492b-bed7-9846616ff0fb tempest-VolumesActionsTest-457189673 tempest-VolumesActionsTest-457189673-project-member] Determining version of request: GET /v2/images/17323980-c9e2-439a-8e04-eff1a4821f1b Accept: application/json {{(pid=102650) process_request /opt/stack/glance/glance/api/middleware/version_negotiation.py:44}}
Jun 30 11:40:13.164051 np0000003974 devstack@g-api.service[102650]: DEBUG glance.api.middleware.version_negotiation [None req-794373ab-28a5-492b-bed7-9846616ff0fb tempest-VolumesActionsTest-457189673 tempest-VolumesActionsTest-457189673-project-member] Using url versioning {{(pid=102650) process_request /opt/stack/glance/glance/api/middleware/version_negotiation.py:57}}
Jun 30 11:40:13.164051 np0000003974 devstack@g-api.service[102650]: DEBUG glance.api.middleware.version_negotiation [None req-794373ab-28a5-492b-bed7-9846616ff0fb tempest-VolumesActionsTest-457189673 tempest-VolumesActionsTest-457189673-project-member] Matched version: v2 {{(pid=102650) process_request /opt/stack/glance/glance/api/middleware/version_negotiation.py:69}}
Jun 30 11:40:13.164688 np0000003974 devstack@g-api.service[102650]: DEBUG glance.api.middleware.version_negotiation [None req-794373ab-28a5-492b-bed7-9846616ff0fb tempest-VolumesActionsTest-457189673 tempest-VolumesActionsTest-457189673-project-member] new path /v2/images/17323980-c9e2-439a-8e04-eff1a4821f1b {{(pid=102650) process_request /opt/stack/glance/glance/api/middleware/version_negotiation.py:70}}
Jun 30 11:40:13.186369 np0000003974 devstack@g-api.service[102650]: [pid: 102650|app: 0|req: 59/222] 127.0.0.1 () {40 vars in 838 bytes} [Tue Jun 30 11:40:13 2026] GET /v2/images/17323980-c9e2-439a-8e04-eff1a4821f1b => generated 650 bytes in 22 msecs (HTTP/1.1 200) 4 headers in 157 bytes (1 switches on core 0)
Jun 30 11:40:14.197206 np0000003974 devstack@g-api.service[102648]: DEBUG glance.api.middleware.version_negotiation [None req-1fec4fa0-593e-4833-87af-54727b4ef54b tempest-VolumesActionsTest-457189673 tempest-VolumesActionsTest-457189673-project-member] Determining version of request: GET /v2/images/17323980-c9e2-439a-8e04-eff1a4821f1b Accept: application/json {{(pid=102648) process_request /opt/stack/glance/glance/api/middleware/version_negotiation.py:44}}
Jun 30 11:40:14.198211 np0000003974 devstack@g-api.service[102648]: DEBUG glance.api.middleware.version_negotiation [None req-1fec4fa0-593e-4833-87af-54727b4ef54b tempest-VolumesActionsTest-457189673 tempest-VolumesActionsTest-457189673-project-member] Using url versioning {{(pid=102648) process_request /opt/stack/glance/glance/api/middleware/version_negotiation.py:57}}
Jun 30 11:40:14.198211 np0000003974 devstack@g-api.service[102648]: DEBUG glance.api.middleware.version_negotiation [None req-1fec4fa0-593e-4833-87af-54727b4ef54b tempest-VolumesActionsTest-457189673 tempest-VolumesActionsTest-457189673-project-member] Matched version: v2 {{(pid=102648) process_request /opt/stack/glance/glance/api/middleware/version_negotiation.py:69}}
Jun 30 11:40:14.198211 np0000003974 devstack@g-api.service[102648]: DEBUG glance.api.middleware.version_negotiation [None req-1fec4fa0-593e-4833-87af-54727b4ef54b tempest-VolumesActionsTest-457189673 tempest-VolumesActionsTest-457189673-project-member] new path /v2/images/17323980-c9e2-439a-8e04-eff1a4821f1b {{(pid=102648) process_request /opt/stack/glance/glance/api/middleware/version_negotiation.py:70}}
Jun 30 11:40:14.215360 np0000003974 devstack@g-api.service[102648]: [pid: 102648|app: 0|req: 59/223] 127.0.0.1 () {40 vars in 838 bytes} [Tue Jun 30 11:40:14 2026] GET /v2/images/17323980-c9e2-439a-8e04-eff1a4821f1b => generated 650 bytes in 18 msecs (HTTP/1.1 200) 4 headers in 157 bytes (1 switches on core 0)
Jun 30 11:40:14.858805 np0000003974 devstack@g-api.service[102652]: DEBUG swiftclient [None req-d2671ac3-4a15-4981-b51e-489729d5f603 tempest-VolumesActionsTest-457189673 tempest-VolumesActionsTest-457189673-project-member] REQ: curl -i https://10.4.3.204:8080/v1/AUTH_5dd0c0e9390d4898804dd311311f1fbe/glance/17323980-c9e2-439a-8e04-eff1a4821f1b-00002 -X PUT -H "X-Auth-Token: gAAAAABqQ6sYozAU..." {{(pid=102652) http_log /opt/stack/data/venv/lib/python3.12/site-packages/swiftclient/client.py:160}}
Jun 30 11:40:14.859085 np0000003974 devstack@g-api.service[102652]: DEBUG swiftclient [None req-d2671ac3-4a15-4981-b51e-489729d5f603 tempest-VolumesActionsTest-457189673 tempest-VolumesActionsTest-457189673-project-member] RESP STATUS: 201 Created {{(pid=102652) http_log /opt/stack/data/venv/lib/python3.12/site-packages/swiftclient/client.py:161}}
Jun 30 11:40:14.859085 np0000003974 devstack@g-api.service[102652]: DEBUG swiftclient [None req-d2671ac3-4a15-4981-b51e-489729d5f603 tempest-VolumesActionsTest-457189673 tempest-VolumesActionsTest-457189673-project-member] RESP HEADERS: {'Date': 'Tue, 30 Jun 2026 11:40:14 GMT', 'Server': 'Apache/2.4.58 (Ubuntu)', 'Content-Type': 'text/html; charset=UTF-8', 'Content-Length': '0', 'Etag': 'eda9a9889837ac4bc81d6387d92c1bec', 'Last-Modified': 'Tue, 30 Jun 2026 11:40:13 GMT', 'X-Trans-Id': 'tx39a5533fe0b64a1b929f2-006a43ab1c', 'X-Openstack-Request-Id': 'tx39a5533fe0b64a1b929f2-006a43ab1c', 'Connection': 'close'} {{(pid=102652) http_log /opt/stack/data/venv/lib/python3.12/site-packages/swiftclient/client.py:162}}
Jun 30 11:40:14.859330 np0000003974 devstack@g-api.service[102652]: DEBUG glance_store._drivers.swift.store [None req-d2671ac3-4a15-4981-b51e-489729d5f603 tempest-VolumesActionsTest-457189673 tempest-VolumesActionsTest-457189673-project-member] Wrote chunk 17323980-c9e2-439a-8e04-eff1a4821f1b-00002 (2/?) of length 204800000 to Swift returning MD5 of content: eda9a9889837ac4bc81d6387d92c1bec {{(pid=102652) add /opt/stack/data/venv/lib/python3.12/site-packages/glance_store/_drivers/swift/store.py:1059}}
Jun 30 11:40:15.232980 np0000003974 devstack@g-api.service[102649]: DEBUG glance.api.middleware.version_negotiation [None req-e15c78af-c98f-4735-b585-aa444059f2f6 tempest-VolumesActionsTest-457189673 tempest-VolumesActionsTest-457189673-project-member] Determining version of request: GET /v2/images/17323980-c9e2-439a-8e04-eff1a4821f1b Accept: application/json {{(pid=102649) process_request /opt/stack/glance/glance/api/middleware/version_negotiation.py:44}}
Jun 30 11:40:15.233320 np0000003974 devstack@g-api.service[102649]: DEBUG glance.api.middleware.version_negotiation [None req-e15c78af-c98f-4735-b585-aa444059f2f6 tempest-VolumesActionsTest-457189673 tempest-VolumesActionsTest-457189673-project-member] Using url versioning {{(pid=102649) process_request /opt/stack/glance/glance/api/middleware/version_negotiation.py:57}}
Jun 30 11:40:15.234765 np0000003974 devstack@g-api.service[102649]: DEBUG glance.api.middleware.version_negotiation [None req-e15c78af-c98f-4735-b585-aa444059f2f6 tempest-VolumesActionsTest-457189673 tempest-VolumesActionsTest-457189673-project-member] Matched version: v2 {{(pid=102649) process_request /opt/stack/glance/glance/api/middleware/version_negotiation.py:69}}
Jun 30 11:40:15.234765 np0000003974 devstack@g-api.service[102649]: DEBUG glance.api.middleware.version_negotiation [None req-e15c78af-c98f-4735-b585-aa444059f2f6 tempest-VolumesActionsTest-457189673 tempest-VolumesActionsTest-457189673-project-member] new path /v2/images/17323980-c9e2-439a-8e04-eff1a4821f1b {{(pid=102649) process_request /opt/stack/glance/glance/api/middleware/version_negotiation.py:70}}
Jun 30 11:40:15.250190 np0000003974 devstack@g-api.service[102649]: [pid: 102649|app: 0|req: 57/224] 127.0.0.1 () {40 vars in 838 bytes} [Tue Jun 30 11:40:15 2026] GET /v2/images/17323980-c9e2-439a-8e04-eff1a4821f1b => generated 650 bytes in 17 msecs (HTTP/1.1 200) 4 headers in 157 bytes (1 switches on core 0)
Jun 30 11:40:15.627654 np0000003974 devstack@g-api.service[102650]: DEBUG glance.api.middleware.version_negotiation [None req-633c51bc-7e14-4db3-986e-00035da4d6cd tempest-VolumesActionsTest-457189673 tempest-VolumesActionsTest-457189673-project-member] Determining version of request: GET /v2/images/0c266fb9-8e69-415a-bae2-d0ce4edecbee Accept: */* {{(pid=102650) process_request /opt/stack/glance/glance/api/middleware/version_negotiation.py:44}}
Jun 30 11:40:15.629012 np0000003974 devstack@g-api.service[102650]: DEBUG glance.api.middleware.version_negotiation [None req-633c51bc-7e14-4db3-986e-00035da4d6cd tempest-VolumesActionsTest-457189673 tempest-VolumesActionsTest-457189673-project-member] Using url versioning {{(pid=102650) process_request /opt/stack/glance/glance/api/middleware/version_negotiation.py:57}}
Jun 30 11:40:15.629012 np0000003974 devstack@g-api.service[102650]: DEBUG glance.api.middleware.version_negotiation [None req-633c51bc-7e14-4db3-986e-00035da4d6cd tempest-VolumesActionsTest-457189673 tempest-VolumesActionsTest-457189673-project-member] Matched version: v2 {{(pid=102650) process_request /opt/stack/glance/glance/api/middleware/version_negotiation.py:69}}
Jun 30 11:40:15.629012 np0000003974 devstack@g-api.service[102650]: DEBUG glance.api.middleware.version_negotiation [None req-633c51bc-7e14-4db3-986e-00035da4d6cd tempest-VolumesActionsTest-457189673 tempest-VolumesActionsTest-457189673-project-member] new path /v2/images/0c266fb9-8e69-415a-bae2-d0ce4edecbee {{(pid=102650) process_request /opt/stack/glance/glance/api/middleware/version_negotiation.py:70}}
Jun 30 11:40:15.643167 np0000003974 devstack@g-api.service[102650]: [pid: 102650|app: 0|req: 60/225] 127.0.0.1 () {44 vars in 1115 bytes} [Tue Jun 30 11:40:15 2026] GET /v2/images/0c266fb9-8e69-415a-bae2-d0ce4edecbee => generated 1044 bytes in 16 msecs (HTTP/1.1 200) 4 headers in 158 bytes (1 switches on core 0)
Jun 30 11:40:15.689705 np0000003974 devstack@g-api.service[102648]: DEBUG glance.api.middleware.version_negotiation [None req-f98b7be8-a090-4600-ba0e-64a602d3fe62 tempest-VolumesActionsTest-457189673 tempest-VolumesActionsTest-457189673-project-member] Determining version of request: GET /v2/schemas/image Accept: */* {{(pid=102648) process_request /opt/stack/glance/glance/api/middleware/version_negotiation.py:44}}
Jun 30 11:40:15.690171 np0000003974 devstack@g-api.service[102648]: DEBUG glance.api.middleware.version_negotiation [None req-f98b7be8-a090-4600-ba0e-64a602d3fe62 tempest-VolumesActionsTest-457189673 tempest-VolumesActionsTest-457189673-project-member] Using url versioning {{(pid=102648) process_request /opt/stack/glance/glance/api/middleware/version_negotiation.py:57}}
Jun 30 11:40:15.690171 np0000003974 devstack@g-api.service[102648]: DEBUG glance.api.middleware.version_negotiation [None req-f98b7be8-a090-4600-ba0e-64a602d3fe62 tempest-VolumesActionsTest-457189673 tempest-VolumesActionsTest-457189673-project-member] Matched version: v2 {{(pid=102648) process_request /opt/stack/glance/glance/api/middleware/version_negotiation.py:69}}
Jun 30 11:40:15.690378 np0000003974 devstack@g-api.service[102648]: DEBUG glance.api.middleware.version_negotiation [None req-f98b7be8-a090-4600-ba0e-64a602d3fe62 tempest-VolumesActionsTest-457189673 tempest-VolumesActionsTest-457189673-project-member] new path /v2/schemas/image {{(pid=102648) process_request /opt/stack/glance/glance/api/middleware/version_negotiation.py:70}}
Jun 30 11:40:15.697735 np0000003974 devstack@g-api.service[102648]: [pid: 102648|app: 0|req: 60/226] 127.0.0.1 () {44 vars in 1055 bytes} [Tue Jun 30 11:40:15 2026] GET /v2/schemas/image => generated 6083 bytes in 8 msecs (HTTP/1.1 200) 4 headers in 158 bytes (1 switches on core 0)
Jun 30 11:40:16.263326 np0000003974 devstack@g-api.service[102649]: DEBUG glance.api.middleware.version_negotiation [None req-9957d9aa-92d7-4df4-b7d2-06edc2f8eedf tempest-VolumesActionsTest-457189673 tempest-VolumesActionsTest-457189673-project-member] Determining version of request: GET /v2/images/17323980-c9e2-439a-8e04-eff1a4821f1b Accept: application/json {{(pid=102649) process_request /opt/stack/glance/glance/api/middleware/version_negotiation.py:44}}
Jun 30 11:40:16.264218 np0000003974 devstack@g-api.service[102649]: DEBUG glance.api.middleware.version_negotiation [None req-9957d9aa-92d7-4df4-b7d2-06edc2f8eedf tempest-VolumesActionsTest-457189673 tempest-VolumesActionsTest-457189673-project-member] Using url versioning {{(pid=102649) process_request /opt/stack/glance/glance/api/middleware/version_negotiation.py:57}}
Jun 30 11:40:16.265371 np0000003974 devstack@g-api.service[102649]: DEBUG glance.api.middleware.version_negotiation [None req-9957d9aa-92d7-4df4-b7d2-06edc2f8eedf tempest-VolumesActionsTest-457189673 tempest-VolumesActionsTest-457189673-project-member] Matched version: v2 {{(pid=102649) process_request /opt/stack/glance/glance/api/middleware/version_negotiation.py:69}}
Jun 30 11:40:16.265371 np0000003974 devstack@g-api.service[102649]: DEBUG glance.api.middleware.version_negotiation [None req-9957d9aa-92d7-4df4-b7d2-06edc2f8eedf tempest-VolumesActionsTest-457189673 tempest-VolumesActionsTest-457189673-project-member] new path /v2/images/17323980-c9e2-439a-8e04-eff1a4821f1b {{(pid=102649) process_request /opt/stack/glance/glance/api/middleware/version_negotiation.py:70}}
Jun 30 11:40:16.284538 np0000003974 devstack@g-api.service[102649]: [pid: 102649|app: 0|req: 58/227] 127.0.0.1 () {40 vars in 838 bytes} [Tue Jun 30 11:40:16 2026] GET /v2/images/17323980-c9e2-439a-8e04-eff1a4821f1b => generated 650 bytes in 19 msecs (HTTP/1.1 200) 4 headers in 157 bytes (1 switches on core 0)
Jun 30 11:40:16.463974 np0000003974 devstack@g-api.service[102650]: DEBUG glance.api.middleware.version_negotiation [None req-f5f1efc5-f50d-44a3-9b1b-31629990e4d8 tempest-TaggedBootDevicesTest-1997473601 tempest-TaggedBootDevicesTest-1997473601-project-member] Determining version of request: DELETE /v2/images/f2f1c851-3054-4d86-8a7b-a613f2f0f62a Accept: application/json {{(pid=102650) process_request /opt/stack/glance/glance/api/middleware/version_negotiation.py:44}}
Jun 30 11:40:16.464230 np0000003974 devstack@g-api.service[102650]: DEBUG glance.api.middleware.version_negotiation [None req-f5f1efc5-f50d-44a3-9b1b-31629990e4d8 tempest-TaggedBootDevicesTest-1997473601 tempest-TaggedBootDevicesTest-1997473601-project-member] Using url versioning {{(pid=102650) process_request /opt/stack/glance/glance/api/middleware/version_negotiation.py:57}}
Jun 30 11:40:16.464500 np0000003974 devstack@g-api.service[102650]: DEBUG glance.api.middleware.version_negotiation [None req-f5f1efc5-f50d-44a3-9b1b-31629990e4d8 tempest-TaggedBootDevicesTest-1997473601 tempest-TaggedBootDevicesTest-1997473601-project-member] Matched version: v2 {{(pid=102650) process_request /opt/stack/glance/glance/api/middleware/version_negotiation.py:69}}
Jun 30 11:40:16.464718 np0000003974 devstack@g-api.service[102650]: DEBUG glance.api.middleware.version_negotiation [None req-f5f1efc5-f50d-44a3-9b1b-31629990e4d8 tempest-TaggedBootDevicesTest-1997473601 tempest-TaggedBootDevicesTest-1997473601-project-member] new path /v2/images/f2f1c851-3054-4d86-8a7b-a613f2f0f62a {{(pid=102650) process_request /opt/stack/glance/glance/api/middleware/version_negotiation.py:70}}
Jun 30 11:40:16.470269 np0000003974 devstack@g-api.service[102650]: DEBUG glance.db.sqlalchemy.api [None req-fe4380dd-46fc-4353-a10a-67fd0882807c tempest-ImageDependencyTests-705338070 tempest-ImageDependencyTests-705338070-project-member] No image found with ID f2f1c851-3054-4d86-8a7b-a613f2f0f62a {{(pid=102650) _image_get /opt/stack/glance/glance/db/sqlalchemy/api.py:303}}
Jun 30 11:40:16.479629 np0000003974 devstack@g-api.service[102650]: WARNING glance.api.v2.images [None req-fe4380dd-46fc-4353-a10a-67fd0882807c tempest-ImageDependencyTests-705338070 tempest-ImageDependencyTests-705338070-project-member] Failed to find image f2f1c851-3054-4d86-8a7b-a613f2f0f62a to delete: glance.common.exception.ImageNotFound: No image found with ID f2f1c851-3054-4d86-8a7b-a613f2f0f62a
Jun 30 11:40:16.480778 np0000003974 devstack@g-api.service[102650]: [pid: 102650|app: 0|req: 61/228] 127.0.0.1 () {40 vars in 841 bytes} [Tue Jun 30 11:40:16 2026] DELETE /v2/images/f2f1c851-3054-4d86-8a7b-a613f2f0f62a => generated 147 bytes in 17 msecs (HTTP/1.1 404) 4 headers in 164 bytes (1 switches on core 0)
Jun 30 11:40:16.498591 np0000003974 devstack@g-api.service[102648]: DEBUG glance.api.middleware.version_negotiation [None req-f5f1efc5-f50d-44a3-9b1b-31629990e4d8 tempest-TaggedBootDevicesTest-1997473601 tempest-TaggedBootDevicesTest-1997473601-project-member] Determining version of request: GET /v2/images/f2f1c851-3054-4d86-8a7b-a613f2f0f62a Accept: application/json {{(pid=102648) process_request /opt/stack/glance/glance/api/middleware/version_negotiation.py:44}}
Jun 30 11:40:16.498591 np0000003974 devstack@g-api.service[102648]: DEBUG glance.api.middleware.version_negotiation [None req-f5f1efc5-f50d-44a3-9b1b-31629990e4d8 tempest-TaggedBootDevicesTest-1997473601 tempest-TaggedBootDevicesTest-1997473601-project-member] Using url versioning {{(pid=102648) process_request /opt/stack/glance/glance/api/middleware/version_negotiation.py:57}}
Jun 30 11:40:16.498591 np0000003974 devstack@g-api.service[102648]: DEBUG glance.api.middleware.version_negotiation [None req-f5f1efc5-f50d-44a3-9b1b-31629990e4d8 tempest-TaggedBootDevicesTest-1997473601 tempest-TaggedBootDevicesTest-1997473601-project-member] Matched version: v2 {{(pid=102648) process_request /opt/stack/glance/glance/api/middleware/version_negotiation.py:69}}
Jun 30 11:40:16.498591 np0000003974 devstack@g-api.service[102648]: DEBUG glance.api.middleware.version_negotiation [None req-f5f1efc5-f50d-44a3-9b1b-31629990e4d8 tempest-TaggedBootDevicesTest-1997473601 tempest-TaggedBootDevicesTest-1997473601-project-member] new path /v2/images/f2f1c851-3054-4d86-8a7b-a613f2f0f62a {{(pid=102648) process_request /opt/stack/glance/glance/api/middleware/version_negotiation.py:70}}
Jun 30 11:40:16.505908 np0000003974 devstack@g-api.service[102648]: DEBUG glance.db.sqlalchemy.api [None req-232acd60-4ff0-4377-8473-09251eaf8f0a tempest-ImageDependencyTests-705338070 tempest-ImageDependencyTests-705338070-project-member] No image found with ID f2f1c851-3054-4d86-8a7b-a613f2f0f62a {{(pid=102648) _image_get /opt/stack/glance/glance/db/sqlalchemy/api.py:303}}
Jun 30 11:40:16.508784 np0000003974 devstack@g-api.service[102648]: [pid: 102648|app: 0|req: 61/229] 127.0.0.1 () {40 vars in 838 bytes} [Tue Jun 30 11:40:16 2026] GET /v2/images/f2f1c851-3054-4d86-8a7b-a613f2f0f62a => generated 139 bytes in 11 msecs (HTTP/1.1 404) 4 headers in 164 bytes (1 switches on core 0)
Jun 30 11:40:17.085073 np0000003974 devstack@g-api.service[102652]: DEBUG swiftclient [None req-d2671ac3-4a15-4981-b51e-489729d5f603 tempest-VolumesActionsTest-457189673 tempest-VolumesActionsTest-457189673-project-member] REQ: curl -i https://10.4.3.204:8080/v1/AUTH_5dd0c0e9390d4898804dd311311f1fbe/glance/17323980-c9e2-439a-8e04-eff1a4821f1b-00003 -X PUT -H "X-Auth-Token: gAAAAABqQ6sYozAU..." {{(pid=102652) http_log /opt/stack/data/venv/lib/python3.12/site-packages/swiftclient/client.py:160}}
Jun 30 11:40:17.085447 np0000003974 devstack@g-api.service[102652]: DEBUG swiftclient [None req-d2671ac3-4a15-4981-b51e-489729d5f603 tempest-VolumesActionsTest-457189673 tempest-VolumesActionsTest-457189673-project-member] RESP STATUS: 201 Created {{(pid=102652) http_log /opt/stack/data/venv/lib/python3.12/site-packages/swiftclient/client.py:161}}
Jun 30 11:40:17.085447 np0000003974 devstack@g-api.service[102652]: DEBUG swiftclient [None req-d2671ac3-4a15-4981-b51e-489729d5f603 tempest-VolumesActionsTest-457189673 tempest-VolumesActionsTest-457189673-project-member] RESP HEADERS: {'Date': 'Tue, 30 Jun 2026 11:40:17 GMT', 'Server': 'Apache/2.4.58 (Ubuntu)', 'Content-Type': 'text/html; charset=UTF-8', 'Content-Length': '0', 'Etag': 'eda9a9889837ac4bc81d6387d92c1bec', 'Last-Modified': 'Tue, 30 Jun 2026 11:40:15 GMT', 'X-Trans-Id': 'txbca39b69901f41c58eb72-006a43ab1e', 'X-Openstack-Request-Id': 'txbca39b69901f41c58eb72-006a43ab1e', 'Connection': 'close'} {{(pid=102652) http_log /opt/stack/data/venv/lib/python3.12/site-packages/swiftclient/client.py:162}}
Jun 30 11:40:17.085945 np0000003974 devstack@g-api.service[102652]: DEBUG glance_store._drivers.swift.store [None req-d2671ac3-4a15-4981-b51e-489729d5f603 tempest-VolumesActionsTest-457189673 tempest-VolumesActionsTest-457189673-project-member] Wrote chunk 17323980-c9e2-439a-8e04-eff1a4821f1b-00003 (3/?) of length 204800000 to Swift returning MD5 of content: eda9a9889837ac4bc81d6387d92c1bec {{(pid=102652) add /opt/stack/data/venv/lib/python3.12/site-packages/glance_store/_drivers/swift/store.py:1059}}
Jun 30 11:40:17.297788 np0000003974 devstack@g-api.service[102649]: DEBUG glance.api.middleware.version_negotiation [None req-f2521eec-dc0e-459c-90ea-634325440d42 tempest-VolumesActionsTest-457189673 tempest-VolumesActionsTest-457189673-project-member] Determining version of request: GET /v2/images/17323980-c9e2-439a-8e04-eff1a4821f1b Accept: application/json {{(pid=102649) process_request /opt/stack/glance/glance/api/middleware/version_negotiation.py:44}}
Jun 30 11:40:17.298328 np0000003974 devstack@g-api.service[102649]: DEBUG glance.api.middleware.version_negotiation [None req-f2521eec-dc0e-459c-90ea-634325440d42 tempest-VolumesActionsTest-457189673 tempest-VolumesActionsTest-457189673-project-member] Using url versioning {{(pid=102649) process_request /opt/stack/glance/glance/api/middleware/version_negotiation.py:57}}
Jun 30 11:40:17.298328 np0000003974 devstack@g-api.service[102649]: DEBUG glance.api.middleware.version_negotiation [None req-f2521eec-dc0e-459c-90ea-634325440d42 tempest-VolumesActionsTest-457189673 tempest-VolumesActionsTest-457189673-project-member] Matched version: v2 {{(pid=102649) process_request /opt/stack/glance/glance/api/middleware/version_negotiation.py:69}}
Jun 30 11:40:17.298491 np0000003974 devstack@g-api.service[102649]: DEBUG glance.api.middleware.version_negotiation [None req-f2521eec-dc0e-459c-90ea-634325440d42 tempest-VolumesActionsTest-457189673 tempest-VolumesActionsTest-457189673-project-member] new path /v2/images/17323980-c9e2-439a-8e04-eff1a4821f1b {{(pid=102649) process_request /opt/stack/glance/glance/api/middleware/version_negotiation.py:70}}
Jun 30 11:40:17.320859 np0000003974 devstack@g-api.service[102649]: [pid: 102649|app: 0|req: 59/230] 127.0.0.1 () {40 vars in 838 bytes} [Tue Jun 30 11:40:17 2026] GET /v2/images/17323980-c9e2-439a-8e04-eff1a4821f1b => generated 650 bytes in 23 msecs (HTTP/1.1 200) 4 headers in 157 bytes (1 switches on core 0)
Jun 30 11:40:18.206520 np0000003974 devstack@g-api.service[102652]: DEBUG dbcounter [-] [102652] Writing DB stats glance:SELECT=70,glance:UPDATE=22,glance:INSERT=15 {{(pid=102652) stat_writer /opt/stack/data/venv/lib/python3.12/site-packages/dbcounter.py:115}}
