Jun 30 11:39:42.311797 np0000003974 devstack@g-api.service[102649]: DEBUG glance.api.middleware.version_negotiation [None req-9fed83ef-e5de-4d69-a5c8-3ddf2436f9d7 tempest-ServerBootFromVolumeStableRescueTest-738749796 tempest-ServerBootFromVolumeStableRescueTest-738749796-project-member] new path /v2/images/f45a8f1b-031d-43ba-9b4a-f542418992e2 {{(pid=102649) process_request /opt/stack/glance/glance/api/middleware/version_negotiation.py:70}}
Jun 30 11:39:42.326710 np0000003974 devstack@g-api.service[102649]: [pid: 102649|app: 0|req: 37/148] 127.0.0.1 () {44 vars in 1115 bytes} [Tue Jun 30 11:39:42 2026] GET /v2/images/f45a8f1b-031d-43ba-9b4a-f542418992e2 => generated 1356 bytes in 17 msecs (HTTP/1.1 200) 4 headers in 158 bytes (1 switches on core 0)
Jun 30 11:39:42.384755 np0000003974 devstack@g-api.service[102650]: DEBUG glance.api.middleware.version_negotiation [None req-9fed83ef-e5de-4d69-a5c8-3ddf2436f9d7 tempest-ServerBootFromVolumeStableRescueTest-738749796 tempest-ServerBootFromVolumeStableRescueTest-738749796-project-member] Determining version of request: GET /v2/schemas/image Accept: */* {{(pid=102650) process_request /opt/stack/glance/glance/api/middleware/version_negotiation.py:44}}
Jun 30 11:39:42.384755 np0000003974 devstack@g-api.service[102650]: DEBUG glance.api.middleware.version_negotiation [None req-9fed83ef-e5de-4d69-a5c8-3ddf2436f9d7 tempest-ServerBootFromVolumeStableRescueTest-738749796 tempest-ServerBootFromVolumeStableRescueTest-738749796-project-member] Using url versioning {{(pid=102650) process_request /opt/stack/glance/glance/api/middleware/version_negotiation.py:57}}
Jun 30 11:39:42.385355 np0000003974 devstack@g-api.service[102650]: DEBUG glance.api.middleware.version_negotiation [None req-9fed83ef-e5de-4d69-a5c8-3ddf2436f9d7 tempest-ServerBootFromVolumeStableRescueTest-738749796 tempest-ServerBootFromVolumeStableRescueTest-738749796-project-member] Matched version: v2 {{(pid=102650) process_request /opt/stack/glance/glance/api/middleware/version_negotiation.py:69}}
Jun 30 11:39:42.385355 np0000003974 devstack@g-api.service[102650]: DEBUG glance.api.middleware.version_negotiation [None req-9fed83ef-e5de-4d69-a5c8-3ddf2436f9d7 tempest-ServerBootFromVolumeStableRescueTest-738749796 tempest-ServerBootFromVolumeStableRescueTest-738749796-project-member] new path /v2/schemas/image {{(pid=102650) process_request /opt/stack/glance/glance/api/middleware/version_negotiation.py:70}}
Jun 30 11:39:42.389631 np0000003974 devstack@g-api.service[102650]: [pid: 102650|app: 0|req: 39/149] 127.0.0.1 () {44 vars in 1055 bytes} [Tue Jun 30 11:39:42 2026] GET /v2/schemas/image => generated 6083 bytes in 5 msecs (HTTP/1.1 200) 4 headers in 158 bytes (1 switches on core 0)
Jun 30 11:39:42.772344 np0000003974 devstack@g-api.service[102648]: DEBUG glance.api.middleware.version_negotiation [None req-393b6163-15d2-48b3-afa8-a1e9cc2ea957 tempest-ServerBootFromVolumeStableRescueTest-738749796 tempest-ServerBootFromVolumeStableRescueTest-738749796-project-member] Determining version of request: GET /v2/images/f45a8f1b-031d-43ba-9b4a-f542418992e2 Accept: application/json {{(pid=102648) process_request /opt/stack/glance/glance/api/middleware/version_negotiation.py:44}}
Jun 30 11:39:42.772917 np0000003974 devstack@g-api.service[102648]: DEBUG glance.api.middleware.version_negotiation [None req-393b6163-15d2-48b3-afa8-a1e9cc2ea957 tempest-ServerBootFromVolumeStableRescueTest-738749796 tempest-ServerBootFromVolumeStableRescueTest-738749796-project-member] Using url versioning {{(pid=102648) process_request /opt/stack/glance/glance/api/middleware/version_negotiation.py:57}}
Jun 30 11:39:42.772917 np0000003974 devstack@g-api.service[102648]: DEBUG glance.api.middleware.version_negotiation [None req-393b6163-15d2-48b3-afa8-a1e9cc2ea957 tempest-ServerBootFromVolumeStableRescueTest-738749796 tempest-ServerBootFromVolumeStableRescueTest-738749796-project-member] Matched version: v2 {{(pid=102648) process_request /opt/stack/glance/glance/api/middleware/version_negotiation.py:69}}
Jun 30 11:39:42.772917 np0000003974 devstack@g-api.service[102648]: DEBUG glance.api.middleware.version_negotiation [None req-393b6163-15d2-48b3-afa8-a1e9cc2ea957 tempest-ServerBootFromVolumeStableRescueTest-738749796 tempest-ServerBootFromVolumeStableRescueTest-738749796-project-member] new path /v2/images/f45a8f1b-031d-43ba-9b4a-f542418992e2 {{(pid=102648) process_request /opt/stack/glance/glance/api/middleware/version_negotiation.py:70}}
Jun 30 11:39:42.785647 np0000003974 devstack@g-api.service[102648]: [pid: 102648|app: 0|req: 38/150] 127.0.0.1 () {40 vars in 838 bytes} [Tue Jun 30 11:39:42 2026] GET /v2/images/f45a8f1b-031d-43ba-9b4a-f542418992e2 => generated 1356 bytes in 14 msecs (HTTP/1.1 200) 4 headers in 158 bytes (1 switches on core 0)
Jun 30 11:39:43.796392 np0000003974 devstack@g-api.service[102652]: DEBUG glance.api.middleware.version_negotiation [None req-24f4cc5d-c895-46c2-9063-72accbcbdef0 tempest-ServerBootFromVolumeStableRescueTest-738749796 tempest-ServerBootFromVolumeStableRescueTest-738749796-project-member] Determining version of request: GET /v2/images/f45a8f1b-031d-43ba-9b4a-f542418992e2 Accept: application/json {{(pid=102652) process_request /opt/stack/glance/glance/api/middleware/version_negotiation.py:44}}
Jun 30 11:39:43.797513 np0000003974 devstack@g-api.service[102652]: DEBUG glance.api.middleware.version_negotiation [None req-24f4cc5d-c895-46c2-9063-72accbcbdef0 tempest-ServerBootFromVolumeStableRescueTest-738749796 tempest-ServerBootFromVolumeStableRescueTest-738749796-project-member] Using url versioning {{(pid=102652) process_request /opt/stack/glance/glance/api/middleware/version_negotiation.py:57}}
Jun 30 11:39:43.797746 np0000003974 devstack@g-api.service[102652]: DEBUG glance.api.middleware.version_negotiation [None req-24f4cc5d-c895-46c2-9063-72accbcbdef0 tempest-ServerBootFromVolumeStableRescueTest-738749796 tempest-ServerBootFromVolumeStableRescueTest-738749796-project-member] Matched version: v2 {{(pid=102652) process_request /opt/stack/glance/glance/api/middleware/version_negotiation.py:69}}
Jun 30 11:39:43.797929 np0000003974 devstack@g-api.service[102652]: DEBUG glance.api.middleware.version_negotiation [None req-24f4cc5d-c895-46c2-9063-72accbcbdef0 tempest-ServerBootFromVolumeStableRescueTest-738749796 tempest-ServerBootFromVolumeStableRescueTest-738749796-project-member] new path /v2/images/f45a8f1b-031d-43ba-9b4a-f542418992e2 {{(pid=102652) process_request /opt/stack/glance/glance/api/middleware/version_negotiation.py:70}}
Jun 30 11:39:43.814040 np0000003974 devstack@g-api.service[102652]: [pid: 102652|app: 0|req: 37/151] 127.0.0.1 () {40 vars in 838 bytes} [Tue Jun 30 11:39:43 2026] GET /v2/images/f45a8f1b-031d-43ba-9b4a-f542418992e2 => generated 1356 bytes in 18 msecs (HTTP/1.1 200) 4 headers in 158 bytes (1 switches on core 0)
Jun 30 11:39:44.826179 np0000003974 devstack@g-api.service[102649]: DEBUG glance.api.middleware.version_negotiation [None req-9fed83ef-e5de-4d69-a5c8-3ddf2436f9d7 tempest-ServerBootFromVolumeStableRescueTest-738749796 tempest-ServerBootFromVolumeStableRescueTest-738749796-project-member] Determining version of request: GET /v2/images/f45a8f1b-031d-43ba-9b4a-f542418992e2 Accept: application/json {{(pid=102649) process_request /opt/stack/glance/glance/api/middleware/version_negotiation.py:44}}
Jun 30 11:39:44.827809 np0000003974 devstack@g-api.service[102649]: DEBUG glance.api.middleware.version_negotiation [None req-9fed83ef-e5de-4d69-a5c8-3ddf2436f9d7 tempest-ServerBootFromVolumeStableRescueTest-738749796 tempest-ServerBootFromVolumeStableRescueTest-738749796-project-member] Using url versioning {{(pid=102649) process_request /opt/stack/glance/glance/api/middleware/version_negotiation.py:57}}
Jun 30 11:39:44.827809 np0000003974 devstack@g-api.service[102649]: DEBUG glance.api.middleware.version_negotiation [None req-9fed83ef-e5de-4d69-a5c8-3ddf2436f9d7 tempest-ServerBootFromVolumeStableRescueTest-738749796 tempest-ServerBootFromVolumeStableRescueTest-738749796-project-member] Matched version: v2 {{(pid=102649) process_request /opt/stack/glance/glance/api/middleware/version_negotiation.py:69}}
Jun 30 11:39:44.827809 np0000003974 devstack@g-api.service[102649]: DEBUG glance.api.middleware.version_negotiation [None req-9fed83ef-e5de-4d69-a5c8-3ddf2436f9d7 tempest-ServerBootFromVolumeStableRescueTest-738749796 tempest-ServerBootFromVolumeStableRescueTest-738749796-project-member] new path /v2/images/f45a8f1b-031d-43ba-9b4a-f542418992e2 {{(pid=102649) process_request /opt/stack/glance/glance/api/middleware/version_negotiation.py:70}}
Jun 30 11:39:44.859645 np0000003974 devstack@g-api.service[102649]: [pid: 102649|app: 0|req: 38/152] 127.0.0.1 () {40 vars in 838 bytes} [Tue Jun 30 11:39:44 2026] GET /v2/images/f45a8f1b-031d-43ba-9b4a-f542418992e2 => generated 1356 bytes in 33 msecs (HTTP/1.1 200) 4 headers in 158 bytes (1 switches on core 0)
Jun 30 11:39:45.480772 np0000003974 devstack@g-api.service[102650]: DEBUG glance.api.middleware.version_negotiation [None req-9fed83ef-e5de-4d69-a5c8-3ddf2436f9d7 tempest-ServerBootFromVolumeStableRescueTest-738749796 tempest-ServerBootFromVolumeStableRescueTest-738749796-project-member] Determining version of request: GET /v2/images/f45a8f1b-031d-43ba-9b4a-f542418992e2 Accept: */* {{(pid=102650) process_request /opt/stack/glance/glance/api/middleware/version_negotiation.py:44}}
Jun 30 11:39:45.481230 np0000003974 devstack@g-api.service[102650]: DEBUG glance.api.middleware.version_negotiation [None req-9fed83ef-e5de-4d69-a5c8-3ddf2436f9d7 tempest-ServerBootFromVolumeStableRescueTest-738749796 tempest-ServerBootFromVolumeStableRescueTest-738749796-project-member] Using url versioning {{(pid=102650) process_request /opt/stack/glance/glance/api/middleware/version_negotiation.py:57}}
Jun 30 11:39:45.481285 np0000003974 devstack@g-api.service[102650]: DEBUG glance.api.middleware.version_negotiation [None req-9fed83ef-e5de-4d69-a5c8-3ddf2436f9d7 tempest-ServerBootFromVolumeStableRescueTest-738749796 tempest-ServerBootFromVolumeStableRescueTest-738749796-project-member] Matched version: v2 {{(pid=102650) process_request /opt/stack/glance/glance/api/middleware/version_negotiation.py:69}}
Jun 30 11:39:45.481914 np0000003974 devstack@g-api.service[102650]: DEBUG glance.api.middleware.version_negotiation [None req-9fed83ef-e5de-4d69-a5c8-3ddf2436f9d7 tempest-ServerBootFromVolumeStableRescueTest-738749796 tempest-ServerBootFromVolumeStableRescueTest-738749796-project-member] new path /v2/images/f45a8f1b-031d-43ba-9b4a-f542418992e2 {{(pid=102650) process_request /opt/stack/glance/glance/api/middleware/version_negotiation.py:70}}
Jun 30 11:39:45.501644 np0000003974 devstack@g-api.service[102650]: [pid: 102650|app: 0|req: 40/153] 127.0.0.1 () {44 vars in 1115 bytes} [Tue Jun 30 11:39:45 2026] GET /v2/images/f45a8f1b-031d-43ba-9b4a-f542418992e2 => generated 1356 bytes in 19 msecs (HTTP/1.1 200) 4 headers in 158 bytes (1 switches on core 0)
Jun 30 11:39:45.560139 np0000003974 devstack@g-api.service[102648]: DEBUG glance.api.middleware.version_negotiation [None req-a0a4e3f9-e43f-4641-824b-5f97dd65fb75 tempest-ServerBootFromVolumeStableRescueTest-738749796 tempest-ServerBootFromVolumeStableRescueTest-738749796-project-member] Determining version of request: GET /v2/schemas/image Accept: */* {{(pid=102648) process_request /opt/stack/glance/glance/api/middleware/version_negotiation.py:44}}
Jun 30 11:39:45.560650 np0000003974 devstack@g-api.service[102648]: DEBUG glance.api.middleware.version_negotiation [None req-a0a4e3f9-e43f-4641-824b-5f97dd65fb75 tempest-ServerBootFromVolumeStableRescueTest-738749796 tempest-ServerBootFromVolumeStableRescueTest-738749796-project-member] Using url versioning {{(pid=102648) process_request /opt/stack/glance/glance/api/middleware/version_negotiation.py:57}}
Jun 30 11:39:45.560650 np0000003974 devstack@g-api.service[102648]: DEBUG glance.api.middleware.version_negotiation [None req-a0a4e3f9-e43f-4641-824b-5f97dd65fb75 tempest-ServerBootFromVolumeStableRescueTest-738749796 tempest-ServerBootFromVolumeStableRescueTest-738749796-project-member] Matched version: v2 {{(pid=102648) process_request /opt/stack/glance/glance/api/middleware/version_negotiation.py:69}}
Jun 30 11:39:45.560753 np0000003974 devstack@g-api.service[102648]: DEBUG glance.api.middleware.version_negotiation [None req-a0a4e3f9-e43f-4641-824b-5f97dd65fb75 tempest-ServerBootFromVolumeStableRescueTest-738749796 tempest-ServerBootFromVolumeStableRescueTest-738749796-project-member] new path /v2/schemas/image {{(pid=102648) process_request /opt/stack/glance/glance/api/middleware/version_negotiation.py:70}}
Jun 30 11:39:45.564866 np0000003974 devstack@g-api.service[102648]: [pid: 102648|app: 0|req: 39/154] 127.0.0.1 () {44 vars in 1055 bytes} [Tue Jun 30 11:39:45 2026] GET /v2/schemas/image => generated 6083 bytes in 5 msecs (HTTP/1.1 200) 4 headers in 158 bytes (1 switches on core 0)
Jun 30 11:39:45.614203 np0000003974 devstack@g-api.service[102652]: DEBUG glance.api.middleware.version_negotiation [None req-2376716d-4b7b-41b8-836c-732f1500d5ef tempest-ServerBootFromVolumeStableRescueTest-738749796 tempest-ServerBootFromVolumeStableRescueTest-738749796-project-member] Determining version of request: GET /v2/schemas/image Accept: */* {{(pid=102652) process_request /opt/stack/glance/glance/api/middleware/version_negotiation.py:44}}
Jun 30 11:39:45.614737 np0000003974 devstack@g-api.service[102652]: DEBUG glance.api.middleware.version_negotiation [None req-2376716d-4b7b-41b8-836c-732f1500d5ef tempest-ServerBootFromVolumeStableRescueTest-738749796 tempest-ServerBootFromVolumeStableRescueTest-738749796-project-member] Using url versioning {{(pid=102652) process_request /opt/stack/glance/glance/api/middleware/version_negotiation.py:57}}
Jun 30 11:39:45.614737 np0000003974 devstack@g-api.service[102652]: DEBUG glance.api.middleware.version_negotiation [None req-2376716d-4b7b-41b8-836c-732f1500d5ef tempest-ServerBootFromVolumeStableRescueTest-738749796 tempest-ServerBootFromVolumeStableRescueTest-738749796-project-member] Matched version: v2 {{(pid=102652) process_request /opt/stack/glance/glance/api/middleware/version_negotiation.py:69}}
Jun 30 11:39:45.614842 np0000003974 devstack@g-api.service[102652]: DEBUG glance.api.middleware.version_negotiation [None req-2376716d-4b7b-41b8-836c-732f1500d5ef tempest-ServerBootFromVolumeStableRescueTest-738749796 tempest-ServerBootFromVolumeStableRescueTest-738749796-project-member] new path /v2/schemas/image {{(pid=102652) process_request /opt/stack/glance/glance/api/middleware/version_negotiation.py:70}}
Jun 30 11:39:45.617561 np0000003974 devstack@g-api.service[102652]: [pid: 102652|app: 0|req: 38/155] 127.0.0.1 () {44 vars in 1055 bytes} [Tue Jun 30 11:39:45 2026] GET /v2/schemas/image => generated 6083 bytes in 3 msecs (HTTP/1.1 200) 4 headers in 158 bytes (1 switches on core 0)
Jun 30 11:39:45.674084 np0000003974 devstack@g-api.service[102649]: DEBUG glance.api.middleware.version_negotiation [None req-c19ca5cd-2dbf-4878-a865-14ee56e61ffe tempest-ServerBootFromVolumeStableRescueTest-738749796 tempest-ServerBootFromVolumeStableRescueTest-738749796-project-member] Determining version of request: PATCH /v2/images/f45a8f1b-031d-43ba-9b4a-f542418992e2 Accept: */* {{(pid=102649) process_request /opt/stack/glance/glance/api/middleware/version_negotiation.py:44}}
Jun 30 11:39:45.674084 np0000003974 devstack@g-api.service[102649]: DEBUG glance.api.middleware.version_negotiation [None req-c19ca5cd-2dbf-4878-a865-14ee56e61ffe tempest-ServerBootFromVolumeStableRescueTest-738749796 tempest-ServerBootFromVolumeStableRescueTest-738749796-project-member] Using url versioning {{(pid=102649) process_request /opt/stack/glance/glance/api/middleware/version_negotiation.py:57}}
Jun 30 11:39:45.674084 np0000003974 devstack@g-api.service[102649]: DEBUG glance.api.middleware.version_negotiation [None req-c19ca5cd-2dbf-4878-a865-14ee56e61ffe tempest-ServerBootFromVolumeStableRescueTest-738749796 tempest-ServerBootFromVolumeStableRescueTest-738749796-project-member] Matched version: v2 {{(pid=102649) process_request /opt/stack/glance/glance/api/middleware/version_negotiation.py:69}}
Jun 30 11:39:45.674084 np0000003974 devstack@g-api.service[102649]: DEBUG glance.api.middleware.version_negotiation [None req-c19ca5cd-2dbf-4878-a865-14ee56e61ffe tempest-ServerBootFromVolumeStableRescueTest-738749796 tempest-ServerBootFromVolumeStableRescueTest-738749796-project-member] new path /v2/images/f45a8f1b-031d-43ba-9b4a-f542418992e2 {{(pid=102649) process_request /opt/stack/glance/glance/api/middleware/version_negotiation.py:70}}
Jun 30 11:39:45.873318 np0000003974 devstack@g-api.service[102650]: DEBUG glance.api.middleware.version_negotiation [None req-9fed83ef-e5de-4d69-a5c8-3ddf2436f9d7 tempest-ServerBootFromVolumeStableRescueTest-738749796 tempest-ServerBootFromVolumeStableRescueTest-738749796-project-member] Determining version of request: GET /v2/images/f45a8f1b-031d-43ba-9b4a-f542418992e2 Accept: application/json {{(pid=102650) process_request /opt/stack/glance/glance/api/middleware/version_negotiation.py:44}}
Jun 30 11:39:45.873318 np0000003974 devstack@g-api.service[102650]: DEBUG glance.api.middleware.version_negotiation [None req-9fed83ef-e5de-4d69-a5c8-3ddf2436f9d7 tempest-ServerBootFromVolumeStableRescueTest-738749796 tempest-ServerBootFromVolumeStableRescueTest-738749796-project-member] Using url versioning {{(pid=102650) process_request /opt/stack/glance/glance/api/middleware/version_negotiation.py:57}}
Jun 30 11:39:45.873318 np0000003974 devstack@g-api.service[102650]: DEBUG glance.api.middleware.version_negotiation [None req-9fed83ef-e5de-4d69-a5c8-3ddf2436f9d7 tempest-ServerBootFromVolumeStableRescueTest-738749796 tempest-ServerBootFromVolumeStableRescueTest-738749796-project-member] Matched version: v2 {{(pid=102650) process_request /opt/stack/glance/glance/api/middleware/version_negotiation.py:69}}
Jun 30 11:39:45.873318 np0000003974 devstack@g-api.service[102650]: DEBUG glance.api.middleware.version_negotiation [None req-9fed83ef-e5de-4d69-a5c8-3ddf2436f9d7 tempest-ServerBootFromVolumeStableRescueTest-738749796 tempest-ServerBootFromVolumeStableRescueTest-738749796-project-member] new path /v2/images/f45a8f1b-031d-43ba-9b4a-f542418992e2 {{(pid=102650) process_request /opt/stack/glance/glance/api/middleware/version_negotiation.py:70}}
Jun 30 11:39:45.893804 np0000003974 devstack@g-api.service[102650]: [pid: 102650|app: 0|req: 41/156] 127.0.0.1 () {40 vars in 838 bytes} [Tue Jun 30 11:39:45 2026] GET /v2/images/f45a8f1b-031d-43ba-9b4a-f542418992e2 => generated 1356 bytes in 22 msecs (HTTP/1.1 200) 4 headers in 158 bytes (1 switches on core 0)
Jun 30 11:39:45.904597 np0000003974 devstack@g-api.service[102649]: [pid: 102649|app: 0|req: 39/157] 127.0.0.1 () {46 vars in 1158 bytes} [Tue Jun 30 11:39:45 2026] PATCH /v2/images/f45a8f1b-031d-43ba-9b4a-f542418992e2 => generated 1467 bytes in 232 msecs (HTTP/1.1 200) 4 headers in 158 bytes (1 switches on core 0)
Jun 30 11:39:45.975769 np0000003974 devstack@g-api.service[102648]: DEBUG glance.api.middleware.version_negotiation [None req-9fed83ef-e5de-4d69-a5c8-3ddf2436f9d7 tempest-ServerBootFromVolumeStableRescueTest-738749796 tempest-ServerBootFromVolumeStableRescueTest-738749796-project-member] Determining version of request: GET /v2/images/f45a8f1b-031d-43ba-9b4a-f542418992e2 Accept: */* {{(pid=102648) process_request /opt/stack/glance/glance/api/middleware/version_negotiation.py:44}}
Jun 30 11:39:45.976170 np0000003974 devstack@g-api.service[102648]: DEBUG glance.api.middleware.version_negotiation [None req-9fed83ef-e5de-4d69-a5c8-3ddf2436f9d7 tempest-ServerBootFromVolumeStableRescueTest-738749796 tempest-ServerBootFromVolumeStableRescueTest-738749796-project-member] Using url versioning {{(pid=102648) process_request /opt/stack/glance/glance/api/middleware/version_negotiation.py:57}}
Jun 30 11:39:45.976170 np0000003974 devstack@g-api.service[102648]: DEBUG glance.api.middleware.version_negotiation [None req-9fed83ef-e5de-4d69-a5c8-3ddf2436f9d7 tempest-ServerBootFromVolumeStableRescueTest-738749796 tempest-ServerBootFromVolumeStableRescueTest-738749796-project-member] Matched version: v2 {{(pid=102648) process_request /opt/stack/glance/glance/api/middleware/version_negotiation.py:69}}
Jun 30 11:39:45.976354 np0000003974 devstack@g-api.service[102648]: DEBUG glance.api.middleware.version_negotiation [None req-9fed83ef-e5de-4d69-a5c8-3ddf2436f9d7 tempest-ServerBootFromVolumeStableRescueTest-738749796 tempest-ServerBootFromVolumeStableRescueTest-738749796-project-member] new path /v2/images/f45a8f1b-031d-43ba-9b4a-f542418992e2 {{(pid=102648) process_request /opt/stack/glance/glance/api/middleware/version_negotiation.py:70}}
Jun 30 11:39:45.992789 np0000003974 devstack@g-api.service[102648]: [pid: 102648|app: 0|req: 40/158] 127.0.0.1 () {44 vars in 1115 bytes} [Tue Jun 30 11:39:45 2026] GET /v2/images/f45a8f1b-031d-43ba-9b4a-f542418992e2 => generated 1467 bytes in 17 msecs (HTTP/1.1 200) 4 headers in 158 bytes (1 switches on core 0)
Jun 30 11:39:46.055516 np0000003974 devstack@g-api.service[102652]: DEBUG glance.api.middleware.version_negotiation [None req-9fed83ef-e5de-4d69-a5c8-3ddf2436f9d7 tempest-ServerBootFromVolumeStableRescueTest-738749796 tempest-ServerBootFromVolumeStableRescueTest-738749796-project-member] Determining version of request: PUT /v2/images/f45a8f1b-031d-43ba-9b4a-f542418992e2/file Accept: */* {{(pid=102652) process_request /opt/stack/glance/glance/api/middleware/version_negotiation.py:44}}
Jun 30 11:39:46.055803 np0000003974 devstack@g-api.service[102652]: DEBUG glance.api.middleware.version_negotiation [None req-9fed83ef-e5de-4d69-a5c8-3ddf2436f9d7 tempest-ServerBootFromVolumeStableRescueTest-738749796 tempest-ServerBootFromVolumeStableRescueTest-738749796-project-member] Using url versioning {{(pid=102652) process_request /opt/stack/glance/glance/api/middleware/version_negotiation.py:57}}
Jun 30 11:39:46.056220 np0000003974 devstack@g-api.service[102652]: DEBUG glance.api.middleware.version_negotiation [None req-9fed83ef-e5de-4d69-a5c8-3ddf2436f9d7 tempest-ServerBootFromVolumeStableRescueTest-738749796 tempest-ServerBootFromVolumeStableRescueTest-738749796-project-member] Matched version: v2 {{(pid=102652) process_request /opt/stack/glance/glance/api/middleware/version_negotiation.py:69}}
Jun 30 11:39:46.056220 np0000003974 devstack@g-api.service[102652]: DEBUG glance.api.middleware.version_negotiation [None req-9fed83ef-e5de-4d69-a5c8-3ddf2436f9d7 tempest-ServerBootFromVolumeStableRescueTest-738749796 tempest-ServerBootFromVolumeStableRescueTest-738749796-project-member] new path /v2/images/f45a8f1b-031d-43ba-9b4a-f542418992e2/file {{(pid=102652) process_request /opt/stack/glance/glance/api/middleware/version_negotiation.py:70}}
Jun 30 11:39:46.908698 np0000003974 devstack@g-api.service[102650]: DEBUG glance.api.middleware.version_negotiation [None req-6eedb8c3-9656-442a-9501-e889519ba2e5 tempest-ServerBootFromVolumeStableRescueTest-738749796 tempest-ServerBootFromVolumeStableRescueTest-738749796-project-member] Determining version of request: GET /v2/images/f45a8f1b-031d-43ba-9b4a-f542418992e2 Accept: application/json {{(pid=102650) process_request /opt/stack/glance/glance/api/middleware/version_negotiation.py:44}}
Jun 30 11:39:46.908698 np0000003974 devstack@g-api.service[102650]: DEBUG glance.api.middleware.version_negotiation [None req-6eedb8c3-9656-442a-9501-e889519ba2e5 tempest-ServerBootFromVolumeStableRescueTest-738749796 tempest-ServerBootFromVolumeStableRescueTest-738749796-project-member] Using url versioning {{(pid=102650) process_request /opt/stack/glance/glance/api/middleware/version_negotiation.py:57}}
Jun 30 11:39:46.908698 np0000003974 devstack@g-api.service[102650]: DEBUG glance.api.middleware.version_negotiation [None req-6eedb8c3-9656-442a-9501-e889519ba2e5 tempest-ServerBootFromVolumeStableRescueTest-738749796 tempest-ServerBootFromVolumeStableRescueTest-738749796-project-member] Matched version: v2 {{(pid=102650) process_request /opt/stack/glance/glance/api/middleware/version_negotiation.py:69}}
Jun 30 11:39:46.908698 np0000003974 devstack@g-api.service[102650]: DEBUG glance.api.middleware.version_negotiation [None req-6eedb8c3-9656-442a-9501-e889519ba2e5 tempest-ServerBootFromVolumeStableRescueTest-738749796 tempest-ServerBootFromVolumeStableRescueTest-738749796-project-member] new path /v2/images/f45a8f1b-031d-43ba-9b4a-f542418992e2 {{(pid=102650) process_request /opt/stack/glance/glance/api/middleware/version_negotiation.py:70}}
Jun 30 11:39:46.924371 np0000003974 devstack@g-api.service[102652]: INFO glance.api.v2.image_data [None req-9fed83ef-e5de-4d69-a5c8-3ddf2436f9d7 tempest-ServerBootFromVolumeStableRescueTest-738749796 tempest-ServerBootFromVolumeStableRescueTest-738749796-project-member] Unable to create trust: no such option collect_timing in group [keystone_authtoken] Use the existing user token.
Jun 30 11:39:46.930402 np0000003974 devstack@g-api.service[102650]: [pid: 102650|app: 0|req: 42/159] 127.0.0.1 () {40 vars in 838 bytes} [Tue Jun 30 11:39:46 2026] GET /v2/images/f45a8f1b-031d-43ba-9b4a-f542418992e2 => generated 1467 bytes in 25 msecs (HTTP/1.1 200) 4 headers in 158 bytes (1 switches on core 0)
Jun 30 11:39:47.941630 np0000003974 devstack@g-api.service[102649]: DEBUG glance.api.middleware.version_negotiation [None req-9fed83ef-e5de-4d69-a5c8-3ddf2436f9d7 tempest-ServerBootFromVolumeStableRescueTest-738749796 tempest-ServerBootFromVolumeStableRescueTest-738749796-project-member] Determining version of request: GET /v2/images/f45a8f1b-031d-43ba-9b4a-f542418992e2 Accept: application/json {{(pid=102649) process_request /opt/stack/glance/glance/api/middleware/version_negotiation.py:44}}
Jun 30 11:39:47.942134 np0000003974 devstack@g-api.service[102649]: DEBUG glance.api.middleware.version_negotiation [None req-9fed83ef-e5de-4d69-a5c8-3ddf2436f9d7 tempest-ServerBootFromVolumeStableRescueTest-738749796 tempest-ServerBootFromVolumeStableRescueTest-738749796-project-member] Using url versioning {{(pid=102649) process_request /opt/stack/glance/glance/api/middleware/version_negotiation.py:57}}
Jun 30 11:39:47.942134 np0000003974 devstack@g-api.service[102649]: DEBUG glance.api.middleware.version_negotiation [None req-9fed83ef-e5de-4d69-a5c8-3ddf2436f9d7 tempest-ServerBootFromVolumeStableRescueTest-738749796 tempest-ServerBootFromVolumeStableRescueTest-738749796-project-member] Matched version: v2 {{(pid=102649) process_request /opt/stack/glance/glance/api/middleware/version_negotiation.py:69}}
Jun 30 11:39:47.942247 np0000003974 devstack@g-api.service[102649]: DEBUG glance.api.middleware.version_negotiation [None req-9fed83ef-e5de-4d69-a5c8-3ddf2436f9d7 tempest-ServerBootFromVolumeStableRescueTest-738749796 tempest-ServerBootFromVolumeStableRescueTest-738749796-project-member] new path /v2/images/f45a8f1b-031d-43ba-9b4a-f542418992e2 {{(pid=102649) process_request /opt/stack/glance/glance/api/middleware/version_negotiation.py:70}}
Jun 30 11:39:47.960639 np0000003974 devstack@g-api.service[102649]: [pid: 102649|app: 0|req: 40/160] 127.0.0.1 () {40 vars in 838 bytes} [Tue Jun 30 11:39:47 2026] GET /v2/images/f45a8f1b-031d-43ba-9b4a-f542418992e2 => generated 1467 bytes in 19 msecs (HTTP/1.1 200) 4 headers in 158 bytes (1 switches on core 0)
Jun 30 11:39:47.982476 np0000003974 devstack@g-api.service[102652]: DEBUG glance.location [None req-9fed83ef-e5de-4d69-a5c8-3ddf2436f9d7 tempest-ServerBootFromVolumeStableRescueTest-738749796 tempest-ServerBootFromVolumeStableRescueTest-738749796-project-member] Enabling in-flight format inspection for qcow2 {{(pid=102652) set_data /opt/stack/glance/glance/location.py:616}}
Jun 30 11:39:47.982476 np0000003974 devstack@g-api.service[102652]: DEBUG glance_store.backend [None req-9fed83ef-e5de-4d69-a5c8-3ddf2436f9d7 tempest-ServerBootFromVolumeStableRescueTest-738749796 tempest-ServerBootFromVolumeStableRescueTest-738749796-project-member] Attempting to import store swift {{(pid=102652) _load_store /opt/stack/data/venv/lib/python3.12/site-packages/glance_store/backend.py:215}}
Jun 30 11:39:47.985136 np0000003974 devstack@g-api.service[102652]: DEBUG glance_store.capabilities [None req-9fed83ef-e5de-4d69-a5c8-3ddf2436f9d7 tempest-ServerBootFromVolumeStableRescueTest-738749796 tempest-ServerBootFromVolumeStableRescueTest-738749796-project-member] Store glance_store._drivers.swift.store.SingleTenantStore doesn't support updating dynamic storage capabilities. Please overwrite 'update_capabilities' method of the store to implement updating logics if needed. {{(pid=102652) update_capabilities /opt/stack/data/venv/lib/python3.12/site-packages/glance_store/capabilities.py:91}}
Jun 30 11:39:47.985339 np0000003974 devstack@g-api.service[102652]: DEBUG glance_store.driver [None req-9fed83ef-e5de-4d69-a5c8-3ddf2436f9d7 tempest-ServerBootFromVolumeStableRescueTest-738749796 tempest-ServerBootFromVolumeStableRescueTest-738749796-project-member] Late loading location class glance_store._drivers.swift.store.StoreLocation {{(pid=102652) get_store_location_class /opt/stack/data/venv/lib/python3.12/site-packages/glance_store/driver.py:134}}
Jun 30 11:39:47.985339 np0000003974 devstack@g-api.service[102652]: DEBUG glance_store.location [None req-9fed83ef-e5de-4d69-a5c8-3ddf2436f9d7 tempest-ServerBootFromVolumeStableRescueTest-738749796 tempest-ServerBootFromVolumeStableRescueTest-738749796-project-member] Registering scheme swift+https with {'store': , 'location_class': , 'store_entry': 'swift'} {{(pid=102652) register_scheme_map /opt/stack/data/venv/lib/python3.12/site-packages/glance_store/location.py:146}}
Jun 30 11:39:47.985448 np0000003974 devstack@g-api.service[102652]: DEBUG glance_store.location [None req-9fed83ef-e5de-4d69-a5c8-3ddf2436f9d7 tempest-ServerBootFromVolumeStableRescueTest-738749796 tempest-ServerBootFromVolumeStableRescueTest-738749796-project-member] Registering scheme swift+https with {'store': , 'location_class': , 'store_entry': 'swift'} {{(pid=102652) register_scheme_map /opt/stack/data/venv/lib/python3.12/site-packages/glance_store/location.py:146}}
Jun 30 11:39:47.985863 np0000003974 devstack@g-api.service[102652]: DEBUG glance_store.location [None req-9fed83ef-e5de-4d69-a5c8-3ddf2436f9d7 tempest-ServerBootFromVolumeStableRescueTest-738749796 tempest-ServerBootFromVolumeStableRescueTest-738749796-project-member] Registering scheme swift with {'store': , 'location_class': , 'store_entry': 'swift'} {{(pid=102652) register_scheme_map /opt/stack/data/venv/lib/python3.12/site-packages/glance_store/location.py:146}}
Jun 30 11:39:47.985863 np0000003974 devstack@g-api.service[102652]: DEBUG glance_store.location [None req-9fed83ef-e5de-4d69-a5c8-3ddf2436f9d7 tempest-ServerBootFromVolumeStableRescueTest-738749796 tempest-ServerBootFromVolumeStableRescueTest-738749796-project-member] Registering scheme swift+https with {'store': , 'location_class': , 'store_entry': 'swift'} {{(pid=102652) register_scheme_map /opt/stack/data/venv/lib/python3.12/site-packages/glance_store/location.py:146}}
Jun 30 11:39:47.985863 np0000003974 devstack@g-api.service[102652]: DEBUG glance_store.location [None req-9fed83ef-e5de-4d69-a5c8-3ddf2436f9d7 tempest-ServerBootFromVolumeStableRescueTest-738749796 tempest-ServerBootFromVolumeStableRescueTest-738749796-project-member] Registering scheme swift with {'store': , 'location_class': , 'store_entry': 'swift'} {{(pid=102652) register_scheme_map /opt/stack/data/venv/lib/python3.12/site-packages/glance_store/location.py:146}}
Jun 30 11:39:47.986237 np0000003974 devstack@g-api.service[102652]: DEBUG glance_store.location [None req-9fed83ef-e5de-4d69-a5c8-3ddf2436f9d7 tempest-ServerBootFromVolumeStableRescueTest-738749796 tempest-ServerBootFromVolumeStableRescueTest-738749796-project-member] Registering scheme swift+http with {'store': , 'location_class': , 'store_entry': 'swift'} {{(pid=102652) register_scheme_map /opt/stack/data/venv/lib/python3.12/site-packages/glance_store/location.py:146}}
Jun 30 11:39:47.986237 np0000003974 devstack@g-api.service[102652]: DEBUG glance_store.location [None req-9fed83ef-e5de-4d69-a5c8-3ddf2436f9d7 tempest-ServerBootFromVolumeStableRescueTest-738749796 tempest-ServerBootFromVolumeStableRescueTest-738749796-project-member] Registering scheme swift+https with {'store': , 'location_class': , 'store_entry': 'swift'} {{(pid=102652) register_scheme_map /opt/stack/data/venv/lib/python3.12/site-packages/glance_store/location.py:146}}
Jun 30 11:39:47.986237 np0000003974 devstack@g-api.service[102652]: DEBUG glance_store.location [None req-9fed83ef-e5de-4d69-a5c8-3ddf2436f9d7 tempest-ServerBootFromVolumeStableRescueTest-738749796 tempest-ServerBootFromVolumeStableRescueTest-738749796-project-member] Registering scheme swift with {'store': , 'location_class': , 'store_entry': 'swift'} {{(pid=102652) register_scheme_map /opt/stack/data/venv/lib/python3.12/site-packages/glance_store/location.py:146}}
Jun 30 11:39:47.986237 np0000003974 devstack@g-api.service[102652]: DEBUG glance_store.location [None req-9fed83ef-e5de-4d69-a5c8-3ddf2436f9d7 tempest-ServerBootFromVolumeStableRescueTest-738749796 tempest-ServerBootFromVolumeStableRescueTest-738749796-project-member] Registering scheme swift+http with {'store': , 'location_class': , 'store_entry': 'swift'} {{(pid=102652) register_scheme_map /opt/stack/data/venv/lib/python3.12/site-packages/glance_store/location.py:146}}
Jun 30 11:39:47.986511 np0000003974 devstack@g-api.service[102652]: DEBUG glance_store.location [None req-9fed83ef-e5de-4d69-a5c8-3ddf2436f9d7 tempest-ServerBootFromVolumeStableRescueTest-738749796 tempest-ServerBootFromVolumeStableRescueTest-738749796-project-member] Registering scheme swift+config with {'store': , 'location_class': , 'store_entry': 'swift'} {{(pid=102652) register_scheme_map /opt/stack/data/venv/lib/python3.12/site-packages/glance_store/location.py:146}}
Jun 30 11:39:48.693555 np0000003974 devstack@g-api.service[102652]: DEBUG swiftclient [None req-9fed83ef-e5de-4d69-a5c8-3ddf2436f9d7 tempest-ServerBootFromVolumeStableRescueTest-738749796 tempest-ServerBootFromVolumeStableRescueTest-738749796-project-member] REQ: curl -i https://10.4.3.204:8080/v1/AUTH_5dd0c0e9390d4898804dd311311f1fbe/glance -I -H "X-Auth-Token: gAAAAABqQ6sEEm8y..." {{(pid=102652) http_log /opt/stack/data/venv/lib/python3.12/site-packages/swiftclient/client.py:160}}
Jun 30 11:39:48.693685 np0000003974 devstack@g-api.service[102652]: DEBUG swiftclient [None req-9fed83ef-e5de-4d69-a5c8-3ddf2436f9d7 tempest-ServerBootFromVolumeStableRescueTest-738749796 tempest-ServerBootFromVolumeStableRescueTest-738749796-project-member] RESP STATUS: 204 No Content {{(pid=102652) http_log /opt/stack/data/venv/lib/python3.12/site-packages/swiftclient/client.py:161}}
Jun 30 11:39:48.694123 np0000003974 devstack@g-api.service[102652]: DEBUG swiftclient [None req-9fed83ef-e5de-4d69-a5c8-3ddf2436f9d7 tempest-ServerBootFromVolumeStableRescueTest-738749796 tempest-ServerBootFromVolumeStableRescueTest-738749796-project-member] RESP HEADERS: {'Date': 'Tue, 30 Jun 2026 11:39:48 GMT', 'Server': 'Apache/2.4.58 (Ubuntu)', 'Content-Type': 'text/plain; charset=utf-8', 'X-Container-Object-Count': '6', 'X-Container-Bytes-Used': '87884800', 'X-Timestamp': '1782819360.43373', 'Last-Modified': 'Tue, 30 Jun 2026 11:36:01 GMT', 'Accept-Ranges': 'bytes', 'X-Storage-Policy': 'Policy-0', 'X-Container-Sharding': 'False', 'Vary': 'Accept', 'X-Trans-Id': 'tx690722d394f747498adee-006a43ab04', 'X-Openstack-Request-Id': 'tx690722d394f747498adee-006a43ab04', 'Connection': 'close'} {{(pid=102652) http_log /opt/stack/data/venv/lib/python3.12/site-packages/swiftclient/client.py:162}}
Jun 30 11:39:48.694123 np0000003974 devstack@g-api.service[102652]: DEBUG glance_store._drivers.swift.store [None req-9fed83ef-e5de-4d69-a5c8-3ddf2436f9d7 tempest-ServerBootFromVolumeStableRescueTest-738749796 tempest-ServerBootFromVolumeStableRescueTest-738749796-project-member] Adding image object 'f45a8f1b-031d-43ba-9b4a-f542418992e2' to Swift {{(pid=102652) add /opt/stack/data/venv/lib/python3.12/site-packages/glance_store/_drivers/swift/store.py:970}}
Jun 30 11:39:48.694123 np0000003974 devstack@g-api.service[102652]: DEBUG glance_store._drivers.swift.store [None req-9fed83ef-e5de-4d69-a5c8-3ddf2436f9d7 tempest-ServerBootFromVolumeStableRescueTest-738749796 tempest-ServerBootFromVolumeStableRescueTest-738749796-project-member] Cannot determine image size because it is either not provided in the request or chunked-transfer encoding is used. Adding image as a segmented object to Swift. {{(pid=102652) add /opt/stack/data/venv/lib/python3.12/site-packages/glance_store/_drivers/swift/store.py:994}}
Jun 30 11:39:48.699906 np0000003974 devstack@g-api.service[102652]: DEBUG oslo_utils.imageutils.format_inspector [None req-9fed83ef-e5de-4d69-a5c8-3ddf2436f9d7 tempest-ServerBootFromVolumeStableRescueTest-738749796 tempest-ServerBootFromVolumeStableRescueTest-738749796-project-member] Format inspector for vmdk does not match, excluding from consideration (Signature KDMV not found: b'QFI\xfb') {{(pid=102652) _process_chunk /opt/stack/data/venv/lib/python3.12/site-packages/oslo_utils/imageutils/format_inspector.py:1758}}
Jun 30 11:39:48.701870 np0000003974 devstack@g-api.service[102652]: DEBUG oslo_utils.imageutils.format_inspector [None req-9fed83ef-e5de-4d69-a5c8-3ddf2436f9d7 tempest-ServerBootFromVolumeStableRescueTest-738749796 tempest-ServerBootFromVolumeStableRescueTest-738749796-project-member] Format inspector for vhdx does not match, excluding from consideration (Region signature not found at 30000) {{(pid=102652) _process_chunk /opt/stack/data/venv/lib/python3.12/site-packages/oslo_utils/imageutils/format_inspector.py:1758}}
Jun 30 11:39:48.983009 np0000003974 devstack@g-api.service[102648]: DEBUG glance.api.middleware.version_negotiation [None req-9fed83ef-e5de-4d69-a5c8-3ddf2436f9d7 tempest-ServerBootFromVolumeStableRescueTest-738749796 tempest-ServerBootFromVolumeStableRescueTest-738749796-project-member] Determining version of request: GET /v2/images/f45a8f1b-031d-43ba-9b4a-f542418992e2 Accept: application/json {{(pid=102648) process_request /opt/stack/glance/glance/api/middleware/version_negotiation.py:44}}
Jun 30 11:39:48.983465 np0000003974 devstack@g-api.service[102648]: DEBUG glance.api.middleware.version_negotiation [None req-9fed83ef-e5de-4d69-a5c8-3ddf2436f9d7 tempest-ServerBootFromVolumeStableRescueTest-738749796 tempest-ServerBootFromVolumeStableRescueTest-738749796-project-member] Using url versioning {{(pid=102648) process_request /opt/stack/glance/glance/api/middleware/version_negotiation.py:57}}
Jun 30 11:39:48.983465 np0000003974 devstack@g-api.service[102648]: DEBUG glance.api.middleware.version_negotiation [None req-9fed83ef-e5de-4d69-a5c8-3ddf2436f9d7 tempest-ServerBootFromVolumeStableRescueTest-738749796 tempest-ServerBootFromVolumeStableRescueTest-738749796-project-member] Matched version: v2 {{(pid=102648) process_request /opt/stack/glance/glance/api/middleware/version_negotiation.py:69}}
Jun 30 11:39:48.983555 np0000003974 devstack@g-api.service[102648]: DEBUG glance.api.middleware.version_negotiation [None req-9fed83ef-e5de-4d69-a5c8-3ddf2436f9d7 tempest-ServerBootFromVolumeStableRescueTest-738749796 tempest-ServerBootFromVolumeStableRescueTest-738749796-project-member] new path /v2/images/f45a8f1b-031d-43ba-9b4a-f542418992e2 {{(pid=102648) process_request /opt/stack/glance/glance/api/middleware/version_negotiation.py:70}}
Jun 30 11:39:48.999456 np0000003974 devstack@g-api.service[102652]: DEBUG swiftclient [None req-9fed83ef-e5de-4d69-a5c8-3ddf2436f9d7 tempest-ServerBootFromVolumeStableRescueTest-738749796 tempest-ServerBootFromVolumeStableRescueTest-738749796-project-member] REQ: curl -i https://10.4.3.204:8080/v1/AUTH_5dd0c0e9390d4898804dd311311f1fbe/glance/f45a8f1b-031d-43ba-9b4a-f542418992e2-00001 -X PUT -H "X-Auth-Token: gAAAAABqQ6sEEm8y..." {{(pid=102652) http_log /opt/stack/data/venv/lib/python3.12/site-packages/swiftclient/client.py:160}}
Jun 30 11:39:48.999456 np0000003974 devstack@g-api.service[102652]: DEBUG swiftclient [None req-9fed83ef-e5de-4d69-a5c8-3ddf2436f9d7 tempest-ServerBootFromVolumeStableRescueTest-738749796 tempest-ServerBootFromVolumeStableRescueTest-738749796-project-member] RESP STATUS: 201 Created {{(pid=102652) http_log /opt/stack/data/venv/lib/python3.12/site-packages/swiftclient/client.py:161}}
Jun 30 11:39:48.999456 np0000003974 devstack@g-api.service[102652]: DEBUG swiftclient [None req-9fed83ef-e5de-4d69-a5c8-3ddf2436f9d7 tempest-ServerBootFromVolumeStableRescueTest-738749796 tempest-ServerBootFromVolumeStableRescueTest-738749796-project-member] RESP HEADERS: {'Date': 'Tue, 30 Jun 2026 11:39:48 GMT', 'Server': 'Apache/2.4.58 (Ubuntu)', 'Content-Type': 'text/html; charset=UTF-8', 'Content-Length': '0', 'Etag': '4fa343ee581d8d2e78533191fd1ac3e1', 'Last-Modified': 'Tue, 30 Jun 2026 11:39:49 GMT', 'X-Trans-Id': 'tx80923c91d29a438cbe573-006a43ab04', 'X-Openstack-Request-Id': 'tx80923c91d29a438cbe573-006a43ab04', 'Connection': 'close'} {{(pid=102652) http_log /opt/stack/data/venv/lib/python3.12/site-packages/swiftclient/client.py:162}}
Jun 30 11:39:48.999456 np0000003974 devstack@g-api.service[102652]: DEBUG glance_store._drivers.swift.store [None req-9fed83ef-e5de-4d69-a5c8-3ddf2436f9d7 tempest-ServerBootFromVolumeStableRescueTest-738749796 tempest-ServerBootFromVolumeStableRescueTest-738749796-project-member] Wrote chunk f45a8f1b-031d-43ba-9b4a-f542418992e2-00001 (1/?) of length 23527424 to Swift returning MD5 of content: 4fa343ee581d8d2e78533191fd1ac3e1 {{(pid=102652) add /opt/stack/data/venv/lib/python3.12/site-packages/glance_store/_drivers/swift/store.py:1059}}
Jun 30 11:39:49.000338 np0000003974 devstack@g-api.service[102652]: DEBUG glance_store._drivers.swift.store [None req-9fed83ef-e5de-4d69-a5c8-3ddf2436f9d7 tempest-ServerBootFromVolumeStableRescueTest-738749796 tempest-ServerBootFromVolumeStableRescueTest-738749796-project-member] Not writing zero-length chunk. {{(pid=102652) add /opt/stack/data/venv/lib/python3.12/site-packages/glance_store/_drivers/swift/store.py:1028}}
Jun 30 11:39:49.002612 np0000003974 devstack@g-api.service[102648]: [pid: 102648|app: 0|req: 41/161] 127.0.0.1 () {40 vars in 838 bytes} [Tue Jun 30 11:39:48 2026] GET /v2/images/f45a8f1b-031d-43ba-9b4a-f542418992e2 => generated 1467 bytes in 18 msecs (HTTP/1.1 200) 4 headers in 158 bytes (1 switches on core 0)
Jun 30 11:39:49.043232 np0000003974 devstack@g-api.service[102652]: DEBUG swiftclient [None req-9fed83ef-e5de-4d69-a5c8-3ddf2436f9d7 tempest-ServerBootFromVolumeStableRescueTest-738749796 tempest-ServerBootFromVolumeStableRescueTest-738749796-project-member] REQ: curl -i https://10.4.3.204:8080/v1/AUTH_5dd0c0e9390d4898804dd311311f1fbe/glance/f45a8f1b-031d-43ba-9b4a-f542418992e2 -X PUT -H "X-Object-Manifest: glance/f45a8f1b-031d-43ba-9b4a-f542418992e2-" -H "X-Auth-Token: gAAAAABqQ6sEEm8y..." -H "Content-Length: 0" {{(pid=102652) http_log /opt/stack/data/venv/lib/python3.12/site-packages/swiftclient/client.py:160}}
Jun 30 11:39:49.043388 np0000003974 devstack@g-api.service[102652]: DEBUG swiftclient [None req-9fed83ef-e5de-4d69-a5c8-3ddf2436f9d7 tempest-ServerBootFromVolumeStableRescueTest-738749796 tempest-ServerBootFromVolumeStableRescueTest-738749796-project-member] RESP STATUS: 201 Created {{(pid=102652) http_log /opt/stack/data/venv/lib/python3.12/site-packages/swiftclient/client.py:161}}
Jun 30 11:39:49.043660 np0000003974 devstack@g-api.service[102652]: DEBUG swiftclient [None req-9fed83ef-e5de-4d69-a5c8-3ddf2436f9d7 tempest-ServerBootFromVolumeStableRescueTest-738749796 tempest-ServerBootFromVolumeStableRescueTest-738749796-project-member] RESP HEADERS: {'Date': 'Tue, 30 Jun 2026 11:39:49 GMT', 'Server': 'Apache/2.4.58 (Ubuntu)', 'Content-Type': 'text/html; charset=UTF-8', 'Content-Length': '0', 'Etag': 'd41d8cd98f00b204e9800998ecf8427e', 'Last-Modified': 'Tue, 30 Jun 2026 11:39:50 GMT', 'X-Trans-Id': 'tx4b9338bef9544310a4764-006a43ab05', 'X-Openstack-Request-Id': 'tx4b9338bef9544310a4764-006a43ab05', 'Connection': 'close'} {{(pid=102652) http_log /opt/stack/data/venv/lib/python3.12/site-packages/swiftclient/client.py:162}}
Jun 30 11:39:49.044946 np0000003974 devstack@g-api.service[102652]: INFO glance.location [None req-9fed83ef-e5de-4d69-a5c8-3ddf2436f9d7 tempest-ServerBootFromVolumeStableRescueTest-738749796 tempest-ServerBootFromVolumeStableRescueTest-738749796-project-member] Image format matched and virtual size computed: 1073741824
Jun 30 11:39:49.103101 np0000003974 devstack@g-api.service[102652]: DEBUG glance_store.backend [None req-9fed83ef-e5de-4d69-a5c8-3ddf2436f9d7 tempest-ServerBootFromVolumeStableRescueTest-738749796 tempest-ServerBootFromVolumeStableRescueTest-738749796-project-member] Attempting to import store swift {{(pid=102652) _load_store /opt/stack/data/venv/lib/python3.12/site-packages/glance_store/backend.py:215}}
Jun 30 11:39:49.105165 np0000003974 devstack@g-api.service[102652]: DEBUG glance_store.capabilities [None req-9fed83ef-e5de-4d69-a5c8-3ddf2436f9d7 tempest-ServerBootFromVolumeStableRescueTest-738749796 tempest-ServerBootFromVolumeStableRescueTest-738749796-project-member] Store glance_store._drivers.swift.store.SingleTenantStore doesn't support updating dynamic storage capabilities. Please overwrite 'update_capabilities' method of the store to implement updating logics if needed. {{(pid=102652) update_capabilities /opt/stack/data/venv/lib/python3.12/site-packages/glance_store/capabilities.py:91}}
Jun 30 11:39:49.105348 np0000003974 devstack@g-api.service[102652]: DEBUG glance_store.driver [None req-9fed83ef-e5de-4d69-a5c8-3ddf2436f9d7 tempest-ServerBootFromVolumeStableRescueTest-738749796 tempest-ServerBootFromVolumeStableRescueTest-738749796-project-member] Late loading location class glance_store._drivers.swift.store.StoreLocation {{(pid=102652) get_store_location_class /opt/stack/data/venv/lib/python3.12/site-packages/glance_store/driver.py:134}}
Jun 30 11:39:49.105530 np0000003974 devstack@g-api.service[102652]: DEBUG glance_store.location [None req-9fed83ef-e5de-4d69-a5c8-3ddf2436f9d7 tempest-ServerBootFromVolumeStableRescueTest-738749796 tempest-ServerBootFromVolumeStableRescueTest-738749796-project-member] Registering scheme swift+https with {'store': , 'location_class': , 'store_entry': 'swift'} {{(pid=102652) register_scheme_map /opt/stack/data/venv/lib/python3.12/site-packages/glance_store/location.py:146}}
Jun 30 11:39:49.105702 np0000003974 devstack@g-api.service[102652]: DEBUG glance_store.location [None req-9fed83ef-e5de-4d69-a5c8-3ddf2436f9d7 tempest-ServerBootFromVolumeStableRescueTest-738749796 tempest-ServerBootFromVolumeStableRescueTest-738749796-project-member] Registering scheme swift+https with {'store': , 'location_class': , 'store_entry': 'swift'} {{(pid=102652) register_scheme_map /opt/stack/data/venv/lib/python3.12/site-packages/glance_store/location.py:146}}
Jun 30 11:39:49.105801 np0000003974 devstack@g-api.service[102652]: DEBUG glance_store.location [None req-9fed83ef-e5de-4d69-a5c8-3ddf2436f9d7 tempest-ServerBootFromVolumeStableRescueTest-738749796 tempest-ServerBootFromVolumeStableRescueTest-738749796-project-member] Registering scheme swift with {'store': , 'location_class': , 'store_entry': 'swift'} {{(pid=102652) register_scheme_map /opt/stack/data/venv/lib/python3.12/site-packages/glance_store/location.py:146}}
Jun 30 11:39:49.106705 np0000003974 devstack@g-api.service[102652]: DEBUG glance_store.location [None req-9fed83ef-e5de-4d69-a5c8-3ddf2436f9d7 tempest-ServerBootFromVolumeStableRescueTest-738749796 tempest-ServerBootFromVolumeStableRescueTest-738749796-project-member] Registering scheme swift+https with {'store': , 'location_class': , 'store_entry': 'swift'} {{(pid=102652) register_scheme_map /opt/stack/data/venv/lib/python3.12/site-packages/glance_store/location.py:146}}
Jun 30 11:39:49.106938 np0000003974 devstack@g-api.service[102652]: DEBUG glance_store.location [None req-9fed83ef-e5de-4d69-a5c8-3ddf2436f9d7 tempest-ServerBootFromVolumeStableRescueTest-738749796 tempest-ServerBootFromVolumeStableRescueTest-738749796-project-member] Registering scheme swift with {'store': , 'location_class': , 'store_entry': 'swift'} {{(pid=102652) register_scheme_map /opt/stack/data/venv/lib/python3.12/site-packages/glance_store/location.py:146}}
Jun 30 11:39:49.107061 np0000003974 devstack@g-api.service[102652]: DEBUG glance_store.location [None req-9fed83ef-e5de-4d69-a5c8-3ddf2436f9d7 tempest-ServerBootFromVolumeStableRescueTest-738749796 tempest-ServerBootFromVolumeStableRescueTest-738749796-project-member] Registering scheme swift+http with {'store': , 'location_class': , 'store_entry': 'swift'} {{(pid=102652) register_scheme_map /opt/stack/data/venv/lib/python3.12/site-packages/glance_store/location.py:146}}
Jun 30 11:39:49.107142 np0000003974 devstack@g-api.service[102652]: DEBUG glance_store.location [None req-9fed83ef-e5de-4d69-a5c8-3ddf2436f9d7 tempest-ServerBootFromVolumeStableRescueTest-738749796 tempest-ServerBootFromVolumeStableRescueTest-738749796-project-member] Registering scheme swift+https with {'store': , 'location_class': , 'store_entry': 'swift'} {{(pid=102652) register_scheme_map /opt/stack/data/venv/lib/python3.12/site-packages/glance_store/location.py:146}}
Jun 30 11:39:49.107303 np0000003974 devstack@g-api.service[102652]: DEBUG glance_store.location [None req-9fed83ef-e5de-4d69-a5c8-3ddf2436f9d7 tempest-ServerBootFromVolumeStableRescueTest-738749796 tempest-ServerBootFromVolumeStableRescueTest-738749796-project-member] Registering scheme swift with {'store': , 'location_class': , 'store_entry': 'swift'} {{(pid=102652) register_scheme_map /opt/stack/data/venv/lib/python3.12/site-packages/glance_store/location.py:146}}
