Jun 30 11:35:29.358117 np0000003974 systemd[1]: Starting devstack@n-api-meta.service - Devstack devstack@n-api-meta.service...
Jun 30 11:35:29.365513 np0000003974 devstack@n-api-meta.service[95689]: [uWSGI] getting INI configuration from /etc/nova/nova-metadata-uwsgi.ini
Jun 30 11:35:29.368863 np0000003974 devstack@n-api-meta.service[95689]: *** Starting uWSGI 2.0.24-debian (64bit) on [Tue Jun 30 11:35:29 2026] ***
Jun 30 11:35:29.368863 np0000003974 devstack@n-api-meta.service[95689]: compiled with version: 13.2.0 on 17 April 2024 16:23:48
Jun 30 11:35:29.368863 np0000003974 devstack@n-api-meta.service[95689]: os: Linux-6.8.0-100-generic #100-Ubuntu SMP PREEMPT_DYNAMIC Tue Jan 13 16:40:06 UTC 2026
Jun 30 11:35:29.368863 np0000003974 devstack@n-api-meta.service[95689]: nodename: np0000003974
Jun 30 11:35:29.368863 np0000003974 devstack@n-api-meta.service[95689]: machine: x86_64
Jun 30 11:35:29.368863 np0000003974 devstack@n-api-meta.service[95689]: clock source: unix
Jun 30 11:35:29.368863 np0000003974 devstack@n-api-meta.service[95689]: pcre jit disabled
Jun 30 11:35:29.368863 np0000003974 devstack@n-api-meta.service[95689]: detected number of CPU cores: 16
Jun 30 11:35:29.368863 np0000003974 devstack@n-api-meta.service[95689]: current working directory: /
Jun 30 11:35:29.368863 np0000003974 devstack@n-api-meta.service[95689]: detected binary path: /usr/bin/uwsgi-core
Jun 30 11:35:29.368863 np0000003974 devstack@n-api-meta.service[95689]: your processes number limit is 257052
Jun 30 11:35:29.368863 np0000003974 devstack@n-api-meta.service[95689]: your memory page size is 4096 bytes
Jun 30 11:35:29.368863 np0000003974 devstack@n-api-meta.service[95689]: detected max file descriptor number: 2048
Jun 30 11:35:29.368863 np0000003974 devstack@n-api-meta.service[95689]: lock engine: pthread robust mutexes
Jun 30 11:35:29.369312 np0000003974 devstack@n-api-meta.service[95689]: thunder lock: enabled
Jun 30 11:35:29.369468 np0000003974 devstack@n-api-meta.service[95689]: uWSGI http bound on 0.0.0.0:8775 fd 5
Jun 30 11:35:29.369518 np0000003974 devstack@n-api-meta.service[95689]: uwsgi socket 0 bound to TCP address 127.0.0.1:42927 (port auto-assigned) fd 4
Jun 30 11:35:29.369563 np0000003974 devstack@n-api-meta.service[95689]: Python version: 3.12.3 (main, Mar 23 2026, 19:04:32) [GCC 13.3.0]
Jun 30 11:35:29.369563 np0000003974 devstack@n-api-meta.service[95689]: PEP 405 virtualenv detected: /opt/stack/data/venv
Jun 30 11:35:29.369563 np0000003974 devstack@n-api-meta.service[95689]: Set PythonHome to /opt/stack/data/venv
Jun 30 11:35:29.409538 np0000003974 devstack@n-api-meta.service[95689]: Python main interpreter initialized at 0x7e7e1cea3668
Jun 30 11:35:29.409611 np0000003974 devstack@n-api-meta.service[95689]: python threads support enabled
Jun 30 11:35:29.409611 np0000003974 devstack@n-api-meta.service[95689]: your server socket listen backlog is limited to 100 connections
Jun 30 11:35:29.409611 np0000003974 devstack@n-api-meta.service[95689]: your mercy for graceful operations on workers is 80 seconds
Jun 30 11:35:29.410084 np0000003974 devstack@n-api-meta.service[95689]: mapped 671795 bytes (656 KB) for 4 cores
Jun 30 11:35:29.410221 np0000003974 devstack@n-api-meta.service[95689]: *** Operational MODE: preforking ***
Jun 30 11:35:29.410415 np0000003974 devstack@n-api-meta.service[95689]: *** uWSGI is running in multiple interpreter mode ***
Jun 30 11:35:29.410415 np0000003974 devstack@n-api-meta.service[95689]: spawned uWSGI master process (pid: 95689)
Jun 30 11:35:29.410613 np0000003974 systemd[1]: Started devstack@n-api-meta.service - Devstack devstack@n-api-meta.service.
Jun 30 11:35:29.411024 np0000003974 devstack@n-api-meta.service[95689]: spawned uWSGI worker 1 (pid: 95691, cores: 1)
Jun 30 11:35:29.411512 np0000003974 devstack@n-api-meta.service[95689]: spawned uWSGI worker 2 (pid: 95692, cores: 1)
Jun 30 11:35:29.412022 np0000003974 devstack@n-api-meta.service[95689]: spawned uWSGI worker 3 (pid: 95694, cores: 1)
Jun 30 11:35:29.412462 np0000003974 devstack@n-api-meta.service[95689]: spawned uWSGI worker 4 (pid: 95695, cores: 1)
Jun 30 11:35:29.413064 np0000003974 devstack@n-api-meta.service[95689]: spawned uWSGI http 1 (pid: 95696)
Jun 30 11:35:29.413064 np0000003974 devstack@n-api-meta.service[95689]: running "unix_signal:15 gracefully_kill_them_all" (master-start)...
Jun 30 11:35:31.169835 np0000003974 devstack@n-api-meta.service[95695]: INFO dbcounter [None req-077c3f9a-5001-4b61-9934-177301e61663 None None] Registered counter for database nova_api
Jun 30 11:35:31.196006 np0000003974 devstack@n-api-meta.service[95691]: INFO dbcounter [None req-12216233-56a0-46b4-a763-19e37f48b534 None None] Registered counter for database nova_api
Jun 30 11:35:31.203571 np0000003974 devstack@n-api-meta.service[95692]: INFO dbcounter [None req-e93f9dec-c675-4e90-a76d-ffbc0e33ca74 None None] Registered counter for database nova_api
Jun 30 11:35:31.218729 np0000003974 devstack@n-api-meta.service[95695]: DEBUG oslo_db.sqlalchemy.engines [None req-077c3f9a-5001-4b61-9934-177301e61663 None None] MySQL server mode set to STRICT_TRANS_TABLES,STRICT_ALL_TABLES,NO_ZERO_IN_DATE,NO_ZERO_DATE,ERROR_FOR_DIVISION_BY_ZERO,TRADITIONAL,NO_ENGINE_SUBSTITUTION {{(pid=95695) _check_effective_sql_mode /opt/stack/data/venv/lib/python3.12/site-packages/oslo_db/sqlalchemy/engines.py:325}}
Jun 30 11:35:31.243584 np0000003974 devstack@n-api-meta.service[95691]: DEBUG oslo_db.sqlalchemy.engines [None req-12216233-56a0-46b4-a763-19e37f48b534 None None] MySQL server mode set to STRICT_TRANS_TABLES,STRICT_ALL_TABLES,NO_ZERO_IN_DATE,NO_ZERO_DATE,ERROR_FOR_DIVISION_BY_ZERO,TRADITIONAL,NO_ENGINE_SUBSTITUTION {{(pid=95691) _check_effective_sql_mode /opt/stack/data/venv/lib/python3.12/site-packages/oslo_db/sqlalchemy/engines.py:325}}
Jun 30 11:35:31.250196 np0000003974 devstack@n-api-meta.service[95692]: DEBUG oslo_db.sqlalchemy.engines [None req-e93f9dec-c675-4e90-a76d-ffbc0e33ca74 None None] MySQL server mode set to STRICT_TRANS_TABLES,STRICT_ALL_TABLES,NO_ZERO_IN_DATE,NO_ZERO_DATE,ERROR_FOR_DIVISION_BY_ZERO,TRADITIONAL,NO_ENGINE_SUBSTITUTION {{(pid=95692) _check_effective_sql_mode /opt/stack/data/venv/lib/python3.12/site-packages/oslo_db/sqlalchemy/engines.py:325}}
Jun 30 11:35:31.250530 np0000003974 devstack@n-api-meta.service[95695]: DEBUG dbcounter [-] [95695] Writer thread running {{(pid=95695) stat_writer /opt/stack/data/venv/lib/python3.12/site-packages/dbcounter.py:102}}
Jun 30 11:35:31.253634 np0000003974 devstack@n-api-meta.service[95695]: DEBUG nova.context [None req-077c3f9a-5001-4b61-9934-177301e61663 None None] Found 2 cells: 00000000-0000-0000-0000-000000000000(cell0),a94d9f56-2eb3-4b66-bea3-97fd36c8cf8f(cell1) {{(pid=95695) load_cells /opt/stack/nova/nova/context.py:509}}
Jun 30 11:35:31.253895 np0000003974 devstack@n-api-meta.service[95695]: INFO nova.utils [None req-077c3f9a-5001-4b61-9934-177301e61663 None None] The cell worker thread pool MainProcess.cell_worker is initialized
Jun 30 11:35:31.255538 np0000003974 devstack@n-api-meta.service[95695]: DEBUG oslo_concurrency.lockutils [None req-077c3f9a-5001-4b61-9934-177301e61663 None None] Acquiring lock "00000000-0000-0000-0000-000000000000" by "nova.context.set_target_cell..get_or_set_cached_cell_and_set_connections" {{(pid=95695) inner /opt/stack/data/venv/lib/python3.12/site-packages/oslo_concurrency/lockutils.py:511}}
Jun 30 11:35:31.255778 np0000003974 devstack@n-api-meta.service[95695]: DEBUG oslo_concurrency.lockutils [None req-077c3f9a-5001-4b61-9934-177301e61663 None None] Lock "00000000-0000-0000-0000-000000000000" acquired by "nova.context.set_target_cell..get_or_set_cached_cell_and_set_connections" :: waited 0.000s {{(pid=95695) inner /opt/stack/data/venv/lib/python3.12/site-packages/oslo_concurrency/lockutils.py:524}}
Jun 30 11:35:31.256127 np0000003974 devstack@n-api-meta.service[95695]: DEBUG oslo_concurrency.lockutils [None req-077c3f9a-5001-4b61-9934-177301e61663 None None] Lock "00000000-0000-0000-0000-000000000000" "released" by "nova.context.set_target_cell..get_or_set_cached_cell_and_set_connections" :: held 0.000s {{(pid=95695) inner /opt/stack/data/venv/lib/python3.12/site-packages/oslo_concurrency/lockutils.py:543}}
Jun 30 11:35:31.256976 np0000003974 devstack@n-api-meta.service[95695]: DEBUG oslo_concurrency.lockutils [None req-077c3f9a-5001-4b61-9934-177301e61663 None None] Acquiring lock "a94d9f56-2eb3-4b66-bea3-97fd36c8cf8f" by "nova.context.set_target_cell..get_or_set_cached_cell_and_set_connections" {{(pid=95695) inner /opt/stack/data/venv/lib/python3.12/site-packages/oslo_concurrency/lockutils.py:511}}
Jun 30 11:35:31.257157 np0000003974 devstack@n-api-meta.service[95695]: DEBUG oslo_concurrency.lockutils [None req-077c3f9a-5001-4b61-9934-177301e61663 None None] Lock "a94d9f56-2eb3-4b66-bea3-97fd36c8cf8f" acquired by "nova.context.set_target_cell..get_or_set_cached_cell_and_set_connections" :: waited 0.000s {{(pid=95695) inner /opt/stack/data/venv/lib/python3.12/site-packages/oslo_concurrency/lockutils.py:524}}
Jun 30 11:35:31.258268 np0000003974 devstack@n-api-meta.service[95695]: DEBUG oslo_concurrency.lockutils [None req-077c3f9a-5001-4b61-9934-177301e61663 None None] Lock "a94d9f56-2eb3-4b66-bea3-97fd36c8cf8f" "released" by "nova.context.set_target_cell..get_or_set_cached_cell_and_set_connections" :: held 0.001s {{(pid=95695) inner /opt/stack/data/venv/lib/python3.12/site-packages/oslo_concurrency/lockutils.py:543}}
Jun 30 11:35:31.260869 np0000003974 devstack@n-api-meta.service[95695]: INFO dbcounter [None req-077c3f9a-5001-4b61-9934-177301e61663 None None] Registered counter for database nova_cell0
Jun 30 11:35:31.265689 np0000003974 devstack@n-api-meta.service[95695]: INFO dbcounter [None req-077c3f9a-5001-4b61-9934-177301e61663 None None] Registered counter for database nova_cell1
Jun 30 11:35:31.277051 np0000003974 devstack@n-api-meta.service[95691]: DEBUG dbcounter [-] [95691] Writer thread running {{(pid=95691) stat_writer /opt/stack/data/venv/lib/python3.12/site-packages/dbcounter.py:102}}
Jun 30 11:35:31.279995 np0000003974 devstack@n-api-meta.service[95691]: DEBUG nova.context [None req-12216233-56a0-46b4-a763-19e37f48b534 None None] Found 2 cells: 00000000-0000-0000-0000-000000000000(cell0),a94d9f56-2eb3-4b66-bea3-97fd36c8cf8f(cell1) {{(pid=95691) load_cells /opt/stack/nova/nova/context.py:509}}
Jun 30 11:35:31.280285 np0000003974 devstack@n-api-meta.service[95691]: INFO nova.utils [None req-12216233-56a0-46b4-a763-19e37f48b534 None None] The cell worker thread pool MainProcess.cell_worker is initialized
Jun 30 11:35:31.281467 np0000003974 devstack@n-api-meta.service[95692]: DEBUG dbcounter [-] [95692] Writer thread running {{(pid=95692) stat_writer /opt/stack/data/venv/lib/python3.12/site-packages/dbcounter.py:102}}
Jun 30 11:35:31.282553 np0000003974 devstack@n-api-meta.service[95691]: DEBUG oslo_concurrency.lockutils [None req-12216233-56a0-46b4-a763-19e37f48b534 None None] Acquiring lock "00000000-0000-0000-0000-000000000000" by "nova.context.set_target_cell..get_or_set_cached_cell_and_set_connections" {{(pid=95691) inner /opt/stack/data/venv/lib/python3.12/site-packages/oslo_concurrency/lockutils.py:511}}
Jun 30 11:35:31.282795 np0000003974 devstack@n-api-meta.service[95691]: DEBUG oslo_concurrency.lockutils [None req-12216233-56a0-46b4-a763-19e37f48b534 None None] Lock "00000000-0000-0000-0000-000000000000" acquired by "nova.context.set_target_cell..get_or_set_cached_cell_and_set_connections" :: waited 0.000s {{(pid=95691) inner /opt/stack/data/venv/lib/python3.12/site-packages/oslo_concurrency/lockutils.py:524}}
Jun 30 11:35:31.283264 np0000003974 devstack@n-api-meta.service[95691]: DEBUG oslo_concurrency.lockutils [None req-12216233-56a0-46b4-a763-19e37f48b534 None None] Lock "00000000-0000-0000-0000-000000000000" "released" by "nova.context.set_target_cell..get_or_set_cached_cell_and_set_connections" :: held 0.001s {{(pid=95691) inner /opt/stack/data/venv/lib/python3.12/site-packages/oslo_concurrency/lockutils.py:543}}
Jun 30 11:35:31.283909 np0000003974 devstack@n-api-meta.service[95692]: DEBUG nova.context [None req-e93f9dec-c675-4e90-a76d-ffbc0e33ca74 None None] Found 2 cells: 00000000-0000-0000-0000-000000000000(cell0),a94d9f56-2eb3-4b66-bea3-97fd36c8cf8f(cell1) {{(pid=95692) load_cells /opt/stack/nova/nova/context.py:509}}
Jun 30 11:35:31.284037 np0000003974 devstack@n-api-meta.service[95691]: DEBUG oslo_concurrency.lockutils [None req-12216233-56a0-46b4-a763-19e37f48b534 None None] Acquiring lock "a94d9f56-2eb3-4b66-bea3-97fd36c8cf8f" by "nova.context.set_target_cell..get_or_set_cached_cell_and_set_connections" {{(pid=95691) inner /opt/stack/data/venv/lib/python3.12/site-packages/oslo_concurrency/lockutils.py:511}}
Jun 30 11:35:31.284129 np0000003974 devstack@n-api-meta.service[95692]: INFO nova.utils [None req-e93f9dec-c675-4e90-a76d-ffbc0e33ca74 None None] The cell worker thread pool MainProcess.cell_worker is initialized
Jun 30 11:35:31.285782 np0000003974 devstack@n-api-meta.service[95691]: INFO dbcounter [None req-12216233-56a0-46b4-a763-19e37f48b534 None None] Registered counter for database nova_cell0
Jun 30 11:35:31.286065 np0000003974 devstack@n-api-meta.service[95692]: DEBUG oslo_concurrency.lockutils [None req-e93f9dec-c675-4e90-a76d-ffbc0e33ca74 None None] Acquiring lock "00000000-0000-0000-0000-000000000000" by "nova.context.set_target_cell..get_or_set_cached_cell_and_set_connections" {{(pid=95692) inner /opt/stack/data/venv/lib/python3.12/site-packages/oslo_concurrency/lockutils.py:511}}
Jun 30 11:35:31.286288 np0000003974 devstack@n-api-meta.service[95692]: DEBUG oslo_concurrency.lockutils [None req-e93f9dec-c675-4e90-a76d-ffbc0e33ca74 None None] Lock "00000000-0000-0000-0000-000000000000" acquired by "nova.context.set_target_cell..get_or_set_cached_cell_and_set_connections" :: waited 0.000s {{(pid=95692) inner /opt/stack/data/venv/lib/python3.12/site-packages/oslo_concurrency/lockutils.py:524}}
Jun 30 11:35:31.286772 np0000003974 devstack@n-api-meta.service[95692]: DEBUG oslo_concurrency.lockutils [None req-e93f9dec-c675-4e90-a76d-ffbc0e33ca74 None None] Lock "00000000-0000-0000-0000-000000000000" "released" by "nova.context.set_target_cell..get_or_set_cached_cell_and_set_connections" :: held 0.000s {{(pid=95692) inner /opt/stack/data/venv/lib/python3.12/site-packages/oslo_concurrency/lockutils.py:543}}
Jun 30 11:35:31.287101 np0000003974 devstack@n-api-meta.service[95691]: DEBUG oslo_concurrency.lockutils [None req-12216233-56a0-46b4-a763-19e37f48b534 None None] Lock "a94d9f56-2eb3-4b66-bea3-97fd36c8cf8f" acquired by "nova.context.set_target_cell..get_or_set_cached_cell_and_set_connections" :: waited 0.002s {{(pid=95691) inner /opt/stack/data/venv/lib/python3.12/site-packages/oslo_concurrency/lockutils.py:524}}
Jun 30 11:35:31.287600 np0000003974 devstack@n-api-meta.service[95692]: DEBUG oslo_concurrency.lockutils [None req-e93f9dec-c675-4e90-a76d-ffbc0e33ca74 None None] Acquiring lock "a94d9f56-2eb3-4b66-bea3-97fd36c8cf8f" by "nova.context.set_target_cell..get_or_set_cached_cell_and_set_connections" {{(pid=95692) inner /opt/stack/data/venv/lib/python3.12/site-packages/oslo_concurrency/lockutils.py:511}}
Jun 30 11:35:31.287800 np0000003974 devstack@n-api-meta.service[95692]: DEBUG oslo_concurrency.lockutils [None req-e93f9dec-c675-4e90-a76d-ffbc0e33ca74 None None] Lock "a94d9f56-2eb3-4b66-bea3-97fd36c8cf8f" acquired by "nova.context.set_target_cell..get_or_set_cached_cell_and_set_connections" :: waited 0.000s {{(pid=95692) inner /opt/stack/data/venv/lib/python3.12/site-packages/oslo_concurrency/lockutils.py:524}}
Jun 30 11:35:31.288496 np0000003974 devstack@n-api-meta.service[95691]: DEBUG oslo_concurrency.lockutils [None req-12216233-56a0-46b4-a763-19e37f48b534 None None] Lock "a94d9f56-2eb3-4b66-bea3-97fd36c8cf8f" "released" by "nova.context.set_target_cell..get_or_set_cached_cell_and_set_connections" :: held 0.003s {{(pid=95691) inner /opt/stack/data/venv/lib/python3.12/site-packages/oslo_concurrency/lockutils.py:543}}
Jun 30 11:35:31.290699 np0000003974 devstack@n-api-meta.service[95692]: DEBUG oslo_concurrency.lockutils [None req-e93f9dec-c675-4e90-a76d-ffbc0e33ca74 None None] Lock "a94d9f56-2eb3-4b66-bea3-97fd36c8cf8f" "released" by "nova.context.set_target_cell..get_or_set_cached_cell_and_set_connections" :: held 0.001s {{(pid=95692) inner /opt/stack/data/venv/lib/python3.12/site-packages/oslo_concurrency/lockutils.py:543}}
Jun 30 11:35:31.290699 np0000003974 devstack@n-api-meta.service[95692]: INFO dbcounter [None req-e93f9dec-c675-4e90-a76d-ffbc0e33ca74 None None] Registered counter for database nova_cell0
Jun 30 11:35:31.290836 np0000003974 devstack@n-api-meta.service[95691]: INFO dbcounter [None req-12216233-56a0-46b4-a763-19e37f48b534 None None] Registered counter for database nova_cell1
Jun 30 11:35:31.292430 np0000003974 devstack@n-api-meta.service[95692]: INFO dbcounter [None req-e93f9dec-c675-4e90-a76d-ffbc0e33ca74 None None] Registered counter for database nova_cell1
Jun 30 11:35:31.310771 np0000003974 devstack@n-api-meta.service[95695]: DEBUG oslo_db.sqlalchemy.engines [None req-077c3f9a-5001-4b61-9934-177301e61663 None None] MySQL server mode set to STRICT_TRANS_TABLES,STRICT_ALL_TABLES,NO_ZERO_IN_DATE,NO_ZERO_DATE,ERROR_FOR_DIVISION_BY_ZERO,TRADITIONAL,NO_ENGINE_SUBSTITUTION {{(pid=95695) _check_effective_sql_mode /opt/stack/data/venv/lib/python3.12/site-packages/oslo_db/sqlalchemy/engines.py:325}}
Jun 30 11:35:31.320399 np0000003974 devstack@n-api-meta.service[95694]: INFO dbcounter [None req-07666766-5312-4238-8789-1bd6a3fbca1c None None] Registered counter for database nova_api
Jun 30 11:35:31.339936 np0000003974 devstack@n-api-meta.service[95691]: DEBUG oslo_db.sqlalchemy.engines [None req-12216233-56a0-46b4-a763-19e37f48b534 None None] MySQL server mode set to STRICT_TRANS_TABLES,STRICT_ALL_TABLES,NO_ZERO_IN_DATE,NO_ZERO_DATE,ERROR_FOR_DIVISION_BY_ZERO,TRADITIONAL,NO_ENGINE_SUBSTITUTION {{(pid=95691) _check_effective_sql_mode /opt/stack/data/venv/lib/python3.12/site-packages/oslo_db/sqlalchemy/engines.py:325}}
Jun 30 11:35:31.345546 np0000003974 devstack@n-api-meta.service[95692]: DEBUG oslo_db.sqlalchemy.engines [None req-e93f9dec-c675-4e90-a76d-ffbc0e33ca74 None None] MySQL server mode set to STRICT_TRANS_TABLES,STRICT_ALL_TABLES,NO_ZERO_IN_DATE,NO_ZERO_DATE,ERROR_FOR_DIVISION_BY_ZERO,TRADITIONAL,NO_ENGINE_SUBSTITUTION {{(pid=95692) _check_effective_sql_mode /opt/stack/data/venv/lib/python3.12/site-packages/oslo_db/sqlalchemy/engines.py:325}}
Jun 30 11:35:31.360587 np0000003974 devstack@n-api-meta.service[95691]: DEBUG oslo_db.sqlalchemy.engines [None req-12216233-56a0-46b4-a763-19e37f48b534 None None] MySQL server mode set to STRICT_TRANS_TABLES,STRICT_ALL_TABLES,NO_ZERO_IN_DATE,NO_ZERO_DATE,ERROR_FOR_DIVISION_BY_ZERO,TRADITIONAL,NO_ENGINE_SUBSTITUTION {{(pid=95691) _check_effective_sql_mode /opt/stack/data/venv/lib/python3.12/site-packages/oslo_db/sqlalchemy/engines.py:325}}
Jun 30 11:35:31.382289 np0000003974 devstack@n-api-meta.service[95694]: DEBUG oslo_db.sqlalchemy.engines [None req-07666766-5312-4238-8789-1bd6a3fbca1c None None] MySQL server mode set to STRICT_TRANS_TABLES,STRICT_ALL_TABLES,NO_ZERO_IN_DATE,NO_ZERO_DATE,ERROR_FOR_DIVISION_BY_ZERO,TRADITIONAL,NO_ENGINE_SUBSTITUTION {{(pid=95694) _check_effective_sql_mode /opt/stack/data/venv/lib/python3.12/site-packages/oslo_db/sqlalchemy/engines.py:325}}
Jun 30 11:35:31.406260 np0000003974 devstack@n-api-meta.service[95695]: DEBUG dbcounter [-] [95695] Writer thread running {{(pid=95695) stat_writer /opt/stack/data/venv/lib/python3.12/site-packages/dbcounter.py:102}}
Jun 30 11:35:31.413534 np0000003974 devstack@n-api-meta.service[95694]: DEBUG dbcounter [-] [95694] Writer thread running {{(pid=95694) stat_writer /opt/stack/data/venv/lib/python3.12/site-packages/dbcounter.py:102}}
Jun 30 11:35:31.415183 np0000003974 devstack@n-api-meta.service[95695]: DEBUG oslo_db.sqlalchemy.engines [None req-077c3f9a-5001-4b61-9934-177301e61663 None None] MySQL server mode set to STRICT_TRANS_TABLES,STRICT_ALL_TABLES,NO_ZERO_IN_DATE,NO_ZERO_DATE,ERROR_FOR_DIVISION_BY_ZERO,TRADITIONAL,NO_ENGINE_SUBSTITUTION {{(pid=95695) _check_effective_sql_mode /opt/stack/data/venv/lib/python3.12/site-packages/oslo_db/sqlalchemy/engines.py:325}}
Jun 30 11:35:31.415743 np0000003974 devstack@n-api-meta.service[95692]: DEBUG oslo_db.sqlalchemy.engines [None req-e93f9dec-c675-4e90-a76d-ffbc0e33ca74 None None] MySQL server mode set to STRICT_TRANS_TABLES,STRICT_ALL_TABLES,NO_ZERO_IN_DATE,NO_ZERO_DATE,ERROR_FOR_DIVISION_BY_ZERO,TRADITIONAL,NO_ENGINE_SUBSTITUTION {{(pid=95692) _check_effective_sql_mode /opt/stack/data/venv/lib/python3.12/site-packages/oslo_db/sqlalchemy/engines.py:325}}
Jun 30 11:35:31.415946 np0000003974 devstack@n-api-meta.service[95694]: DEBUG nova.context [None req-07666766-5312-4238-8789-1bd6a3fbca1c None None] Found 2 cells: 00000000-0000-0000-0000-000000000000(cell0),a94d9f56-2eb3-4b66-bea3-97fd36c8cf8f(cell1) {{(pid=95694) load_cells /opt/stack/nova/nova/context.py:509}}
Jun 30 11:35:31.416172 np0000003974 devstack@n-api-meta.service[95694]: INFO nova.utils [None req-07666766-5312-4238-8789-1bd6a3fbca1c None None] The cell worker thread pool MainProcess.cell_worker is initialized
Jun 30 11:35:31.417794 np0000003974 devstack@n-api-meta.service[95694]: DEBUG oslo_concurrency.lockutils [None req-07666766-5312-4238-8789-1bd6a3fbca1c None None] Acquiring lock "00000000-0000-0000-0000-000000000000" by "nova.context.set_target_cell..get_or_set_cached_cell_and_set_connections" {{(pid=95694) inner /opt/stack/data/venv/lib/python3.12/site-packages/oslo_concurrency/lockutils.py:511}}
Jun 30 11:35:31.417960 np0000003974 devstack@n-api-meta.service[95694]: DEBUG oslo_concurrency.lockutils [None req-07666766-5312-4238-8789-1bd6a3fbca1c None None] Lock "00000000-0000-0000-0000-000000000000" acquired by "nova.context.set_target_cell..get_or_set_cached_cell_and_set_connections" :: waited 0.000s {{(pid=95694) inner /opt/stack/data/venv/lib/python3.12/site-packages/oslo_concurrency/lockutils.py:524}}
Jun 30 11:35:31.418964 np0000003974 devstack@n-api-meta.service[95694]: DEBUG oslo_concurrency.lockutils [None req-07666766-5312-4238-8789-1bd6a3fbca1c None None] Lock "00000000-0000-0000-0000-000000000000" "released" by "nova.context.set_target_cell..get_or_set_cached_cell_and_set_connections" :: held 0.000s {{(pid=95694) inner /opt/stack/data/venv/lib/python3.12/site-packages/oslo_concurrency/lockutils.py:543}}
Jun 30 11:35:31.419044 np0000003974 devstack@n-api-meta.service[95694]: DEBUG oslo_concurrency.lockutils [None req-07666766-5312-4238-8789-1bd6a3fbca1c None None] Acquiring lock "a94d9f56-2eb3-4b66-bea3-97fd36c8cf8f" by "nova.context.set_target_cell..get_or_set_cached_cell_and_set_connections" {{(pid=95694) inner /opt/stack/data/venv/lib/python3.12/site-packages/oslo_concurrency/lockutils.py:511}}
Jun 30 11:35:31.419229 np0000003974 devstack@n-api-meta.service[95694]: DEBUG oslo_concurrency.lockutils [None req-07666766-5312-4238-8789-1bd6a3fbca1c None None] Lock "a94d9f56-2eb3-4b66-bea3-97fd36c8cf8f" acquired by "nova.context.set_target_cell..get_or_set_cached_cell_and_set_connections" :: waited 0.000s {{(pid=95694) inner /opt/stack/data/venv/lib/python3.12/site-packages/oslo_concurrency/lockutils.py:524}}
Jun 30 11:35:31.421712 np0000003974 devstack@n-api-meta.service[95695]: DEBUG dbcounter [-] [95695] Writer thread running {{(pid=95695) stat_writer /opt/stack/data/venv/lib/python3.12/site-packages/dbcounter.py:102}}
Jun 30 11:35:31.421772 np0000003974 devstack@n-api-meta.service[95694]: INFO dbcounter [None req-07666766-5312-4238-8789-1bd6a3fbca1c None None] Registered counter for database nova_cell0
Jun 30 11:35:31.424196 np0000003974 devstack@n-api-meta.service[95694]: DEBUG oslo_concurrency.lockutils [None req-07666766-5312-4238-8789-1bd6a3fbca1c None None] Lock "a94d9f56-2eb3-4b66-bea3-97fd36c8cf8f" "released" by "nova.context.set_target_cell..get_or_set_cached_cell_and_set_connections" :: held 0.002s {{(pid=95694) inner /opt/stack/data/venv/lib/python3.12/site-packages/oslo_concurrency/lockutils.py:543}}
Jun 30 11:35:31.426125 np0000003974 devstack@n-api-meta.service[95695]: INFO dbcounter [None req-077c3f9a-5001-4b61-9934-177301e61663 None None] Registered counter for database nova_cell0
Jun 30 11:35:31.426186 np0000003974 devstack@n-api-meta.service[95694]: INFO dbcounter [None req-07666766-5312-4238-8789-1bd6a3fbca1c None None] Registered counter for database nova_cell1
Jun 30 11:35:31.430058 np0000003974 devstack@n-api-meta.service[95692]: DEBUG dbcounter [-] [95692] Writer thread running {{(pid=95692) stat_writer /opt/stack/data/venv/lib/python3.12/site-packages/dbcounter.py:102}}
Jun 30 11:35:31.433900 np0000003974 devstack@n-api-meta.service[95691]: DEBUG dbcounter [-] [95691] Writer thread running {{(pid=95691) stat_writer /opt/stack/data/venv/lib/python3.12/site-packages/dbcounter.py:102}}
Jun 30 11:35:31.436783 np0000003974 devstack@n-api-meta.service[95692]: DEBUG dbcounter [-] [95692] Writer thread running {{(pid=95692) stat_writer /opt/stack/data/venv/lib/python3.12/site-packages/dbcounter.py:102}}
Jun 30 11:35:31.437819 np0000003974 devstack@n-api-meta.service[95691]: DEBUG dbcounter [-] [95691] Writer thread running {{(pid=95691) stat_writer /opt/stack/data/venv/lib/python3.12/site-packages/dbcounter.py:102}}
Jun 30 11:35:31.440757 np0000003974 devstack@n-api-meta.service[95691]: INFO dbcounter [None req-12216233-56a0-46b4-a763-19e37f48b534 None None] Registered counter for database nova_cell0
Jun 30 11:35:31.443631 np0000003974 devstack@n-api-meta.service[95692]: INFO dbcounter [None req-e93f9dec-c675-4e90-a76d-ffbc0e33ca74 None None] Registered counter for database nova_cell0
Jun 30 11:35:31.458985 np0000003974 devstack@n-api-meta.service[95695]: DEBUG oslo_db.sqlalchemy.engines [None req-077c3f9a-5001-4b61-9934-177301e61663 None None] MySQL server mode set to STRICT_TRANS_TABLES,STRICT_ALL_TABLES,NO_ZERO_IN_DATE,NO_ZERO_DATE,ERROR_FOR_DIVISION_BY_ZERO,TRADITIONAL,NO_ENGINE_SUBSTITUTION {{(pid=95695) _check_effective_sql_mode /opt/stack/data/venv/lib/python3.12/site-packages/oslo_db/sqlalchemy/engines.py:325}}
Jun 30 11:35:31.465140 np0000003974 devstack@n-api-meta.service[95695]: DEBUG dbcounter [-] [95695] Writer thread running {{(pid=95695) stat_writer /opt/stack/data/venv/lib/python3.12/site-packages/dbcounter.py:102}}
Jun 30 11:35:31.478881 np0000003974 devstack@n-api-meta.service[95691]: DEBUG oslo_db.sqlalchemy.engines [None req-12216233-56a0-46b4-a763-19e37f48b534 None None] MySQL server mode set to STRICT_TRANS_TABLES,STRICT_ALL_TABLES,NO_ZERO_IN_DATE,NO_ZERO_DATE,ERROR_FOR_DIVISION_BY_ZERO,TRADITIONAL,NO_ENGINE_SUBSTITUTION {{(pid=95691) _check_effective_sql_mode /opt/stack/data/venv/lib/python3.12/site-packages/oslo_db/sqlalchemy/engines.py:325}}
Jun 30 11:35:31.485494 np0000003974 devstack@n-api-meta.service[95691]: DEBUG dbcounter [-] [95691] Writer thread running {{(pid=95691) stat_writer /opt/stack/data/venv/lib/python3.12/site-packages/dbcounter.py:102}}
Jun 30 11:35:31.487487 np0000003974 devstack@n-api-meta.service[95694]: DEBUG oslo_db.sqlalchemy.engines [None req-07666766-5312-4238-8789-1bd6a3fbca1c None None] MySQL server mode set to STRICT_TRANS_TABLES,STRICT_ALL_TABLES,NO_ZERO_IN_DATE,NO_ZERO_DATE,ERROR_FOR_DIVISION_BY_ZERO,TRADITIONAL,NO_ENGINE_SUBSTITUTION {{(pid=95694) _check_effective_sql_mode /opt/stack/data/venv/lib/python3.12/site-packages/oslo_db/sqlalchemy/engines.py:325}}
Jun 30 11:35:31.492043 np0000003974 devstack@n-api-meta.service[95694]: DEBUG oslo_db.sqlalchemy.engines [None req-07666766-5312-4238-8789-1bd6a3fbca1c None None] MySQL server mode set to STRICT_TRANS_TABLES,STRICT_ALL_TABLES,NO_ZERO_IN_DATE,NO_ZERO_DATE,ERROR_FOR_DIVISION_BY_ZERO,TRADITIONAL,NO_ENGINE_SUBSTITUTION {{(pid=95694) _check_effective_sql_mode /opt/stack/data/venv/lib/python3.12/site-packages/oslo_db/sqlalchemy/engines.py:325}}
Jun 30 11:35:31.496868 np0000003974 devstack@n-api-meta.service[95692]: DEBUG oslo_db.sqlalchemy.engines [None req-e93f9dec-c675-4e90-a76d-ffbc0e33ca74 None None] MySQL server mode set to STRICT_TRANS_TABLES,STRICT_ALL_TABLES,NO_ZERO_IN_DATE,NO_ZERO_DATE,ERROR_FOR_DIVISION_BY_ZERO,TRADITIONAL,NO_ENGINE_SUBSTITUTION {{(pid=95692) _check_effective_sql_mode /opt/stack/data/venv/lib/python3.12/site-packages/oslo_db/sqlalchemy/engines.py:325}}
Jun 30 11:35:31.504532 np0000003974 devstack@n-api-meta.service[95692]: DEBUG dbcounter [-] [95692] Writer thread running {{(pid=95692) stat_writer /opt/stack/data/venv/lib/python3.12/site-packages/dbcounter.py:102}}
Jun 30 11:35:31.506249 np0000003974 devstack@n-api-meta.service[95695]: WARNING nova.api.metadata.handler [None req-077c3f9a-5001-4b61-9934-177301e61663 None None] metadata_proxy_shared_secret is not configured, the metadata information returned by the proxy cannot be trusted
Jun 30 11:35:31.508432 np0000003974 devstack@n-api-meta.service[95695]: DEBUG nova.api.openstack.wsgi_app [None req-077c3f9a-5001-4b61-9934-177301e61663 None None] ******************************************************************************** {{(pid=95695) log_opt_values /opt/stack/data/venv/lib/python3.12/site-packages/oslo_config/cfg.py:3226}}
Jun 30 11:35:31.508567 np0000003974 devstack@n-api-meta.service[95695]: DEBUG nova.api.openstack.wsgi_app [None req-077c3f9a-5001-4b61-9934-177301e61663 None None] Configuration options gathered from: {{(pid=95695) log_opt_values /opt/stack/data/venv/lib/python3.12/site-packages/oslo_config/cfg.py:3227}}
Jun 30 11:35:31.508677 np0000003974 devstack@n-api-meta.service[95695]: DEBUG nova.api.openstack.wsgi_app [None req-077c3f9a-5001-4b61-9934-177301e61663 None None] command line args: [] {{(pid=95695) log_opt_values /opt/stack/data/venv/lib/python3.12/site-packages/oslo_config/cfg.py:3228}}
Jun 30 11:35:31.508844 np0000003974 devstack@n-api-meta.service[95695]: DEBUG nova.api.openstack.wsgi_app [None req-077c3f9a-5001-4b61-9934-177301e61663 None None] config files: ['/etc/nova/api-paste.ini', '/etc/nova/nova.conf'] {{(pid=95695) log_opt_values /opt/stack/data/venv/lib/python3.12/site-packages/oslo_config/cfg.py:3229}}
Jun 30 11:35:31.509014 np0000003974 devstack@n-api-meta.service[95695]: DEBUG nova.api.openstack.wsgi_app [None req-077c3f9a-5001-4b61-9934-177301e61663 None None] ================================================================================ {{(pid=95695) log_opt_values /opt/stack/data/venv/lib/python3.12/site-packages/oslo_config/cfg.py:3234}}
Jun 30 11:35:31.509192 np0000003974 devstack@n-api-meta.service[95695]: DEBUG nova.api.openstack.wsgi_app [None req-077c3f9a-5001-4b61-9934-177301e61663 None None] allow_resize_to_same_host = True {{(pid=95695) log_opt_values /opt/stack/data/venv/lib/python3.12/site-packages/oslo_config/cfg.py:3242}}
Jun 30 11:35:31.509354 np0000003974 devstack@n-api-meta.service[95695]: DEBUG nova.api.openstack.wsgi_app [None req-077c3f9a-5001-4b61-9934-177301e61663 None None] arq_binding_timeout = 300 {{(pid=95695) log_opt_values /opt/stack/data/venv/lib/python3.12/site-packages/oslo_config/cfg.py:3242}}
Jun 30 11:35:31.509505 np0000003974 devstack@n-api-meta.service[95695]: DEBUG nova.api.openstack.wsgi_app [None req-077c3f9a-5001-4b61-9934-177301e61663 None None] block_device_allocate_retries = 60 {{(pid=95695) log_opt_values /opt/stack/data/venv/lib/python3.12/site-packages/oslo_config/cfg.py:3242}}
Jun 30 11:35:31.509640 np0000003974 devstack@n-api-meta.service[95695]: DEBUG nova.api.openstack.wsgi_app [None req-077c3f9a-5001-4b61-9934-177301e61663 None None] block_device_allocate_retries_interval = 3 {{(pid=95695) log_opt_values /opt/stack/data/venv/lib/python3.12/site-packages/oslo_config/cfg.py:3242}}
Jun 30 11:35:31.509793 np0000003974 devstack@n-api-meta.service[95695]: DEBUG nova.api.openstack.wsgi_app [None req-077c3f9a-5001-4b61-9934-177301e61663 None None] cell_worker_thread_pool_size = 5 {{(pid=95695) log_opt_values /opt/stack/data/venv/lib/python3.12/site-packages/oslo_config/cfg.py:3242}}
Jun 30 11:35:31.509932 np0000003974 devstack@n-api-meta.service[95695]: DEBUG nova.api.openstack.wsgi_app [None req-077c3f9a-5001-4b61-9934-177301e61663 None None] cert = self.pem {{(pid=95695) log_opt_values /opt/stack/data/venv/lib/python3.12/site-packages/oslo_config/cfg.py:3242}}
Jun 30 11:35:31.510057 np0000003974 devstack@n-api-meta.service[95695]: DEBUG nova.api.openstack.wsgi_app [None req-077c3f9a-5001-4b61-9934-177301e61663 None None] compute_driver = libvirt.LibvirtDriver {{(pid=95695) log_opt_values /opt/stack/data/venv/lib/python3.12/site-packages/oslo_config/cfg.py:3242}}
Jun 30 11:35:31.510180 np0000003974 devstack@n-api-meta.service[95695]: DEBUG nova.api.openstack.wsgi_app [None req-077c3f9a-5001-4b61-9934-177301e61663 None None] compute_monitors = [] {{(pid=95695) log_opt_values /opt/stack/data/venv/lib/python3.12/site-packages/oslo_config/cfg.py:3242}}
Jun 30 11:35:31.510358 np0000003974 devstack@n-api-meta.service[95695]: DEBUG nova.api.openstack.wsgi_app [None req-077c3f9a-5001-4b61-9934-177301e61663 None None] config_dir = [] {{(pid=95695) log_opt_values /opt/stack/data/venv/lib/python3.12/site-packages/oslo_config/cfg.py:3242}}
Jun 30 11:35:31.510544 np0000003974 devstack@n-api-meta.service[95695]: DEBUG nova.api.openstack.wsgi_app [None req-077c3f9a-5001-4b61-9934-177301e61663 None None] config_drive_format = iso9660 {{(pid=95695) log_opt_values /opt/stack/data/venv/lib/python3.12/site-packages/oslo_config/cfg.py:3242}}
Jun 30 11:35:31.510677 np0000003974 devstack@n-api-meta.service[95695]: DEBUG nova.api.openstack.wsgi_app [None req-077c3f9a-5001-4b61-9934-177301e61663 None None] config_file = ['/etc/nova/api-paste.ini', '/etc/nova/nova.conf'] {{(pid=95695) log_opt_values /opt/stack/data/venv/lib/python3.12/site-packages/oslo_config/cfg.py:3242}}
Jun 30 11:35:31.510836 np0000003974 devstack@n-api-meta.service[95695]: DEBUG nova.api.openstack.wsgi_app [None req-077c3f9a-5001-4b61-9934-177301e61663 None None] config_source = [] {{(pid=95695) log_opt_values /opt/stack/data/venv/lib/python3.12/site-packages/oslo_config/cfg.py:3242}}
Jun 30 11:35:31.511026 np0000003974 devstack@n-api-meta.service[95695]: DEBUG nova.api.openstack.wsgi_app [None req-077c3f9a-5001-4b61-9934-177301e61663 None None] console_host = np0000003974 {{(pid=95695) log_opt_values /opt/stack/data/venv/lib/python3.12/site-packages/oslo_config/cfg.py:3242}}
Jun 30 11:35:31.511158 np0000003974 devstack@n-api-meta.service[95695]: DEBUG nova.api.openstack.wsgi_app [None req-077c3f9a-5001-4b61-9934-177301e61663 None None] control_exchange = nova {{(pid=95695) log_opt_values /opt/stack/data/venv/lib/python3.12/site-packages/oslo_config/cfg.py:3242}}
Jun 30 11:35:31.511283 np0000003974 devstack@n-api-meta.service[95695]: DEBUG nova.api.openstack.wsgi_app [None req-077c3f9a-5001-4b61-9934-177301e61663 None None] cpu_allocation_ratio = None {{(pid=95695) log_opt_values /opt/stack/data/venv/lib/python3.12/site-packages/oslo_config/cfg.py:3242}}
Jun 30 11:35:31.511400 np0000003974 devstack@n-api-meta.service[95695]: DEBUG nova.api.openstack.wsgi_app [None req-077c3f9a-5001-4b61-9934-177301e61663 None None] daemon = False {{(pid=95695) log_opt_values /opt/stack/data/venv/lib/python3.12/site-packages/oslo_config/cfg.py:3242}}
Jun 30 11:35:31.511519 np0000003974 devstack@n-api-meta.service[95695]: DEBUG nova.api.openstack.wsgi_app [None req-077c3f9a-5001-4b61-9934-177301e61663 None None] debug = True {{(pid=95695) log_opt_values /opt/stack/data/venv/lib/python3.12/site-packages/oslo_config/cfg.py:3242}}
Jun 30 11:35:31.511630 np0000003974 devstack@n-api-meta.service[95695]: DEBUG nova.api.openstack.wsgi_app [None req-077c3f9a-5001-4b61-9934-177301e61663 None None] default_access_ip_network_name = None {{(pid=95695) log_opt_values /opt/stack/data/venv/lib/python3.12/site-packages/oslo_config/cfg.py:3242}}
Jun 30 11:35:31.511785 np0000003974 devstack@n-api-meta.service[95695]: DEBUG nova.api.openstack.wsgi_app [None req-077c3f9a-5001-4b61-9934-177301e61663 None None] default_availability_zone = nova {{(pid=95695) log_opt_values /opt/stack/data/venv/lib/python3.12/site-packages/oslo_config/cfg.py:3242}}
Jun 30 11:35:31.511927 np0000003974 devstack@n-api-meta.service[95695]: DEBUG nova.api.openstack.wsgi_app [None req-077c3f9a-5001-4b61-9934-177301e61663 None None] default_ephemeral_format = ext4 {{(pid=95695) log_opt_values /opt/stack/data/venv/lib/python3.12/site-packages/oslo_config/cfg.py:3242}}
Jun 30 11:35:31.512043 np0000003974 devstack@n-api-meta.service[95695]: DEBUG nova.api.openstack.wsgi_app [None req-077c3f9a-5001-4b61-9934-177301e61663 None None] default_green_pool_size = 1000 {{(pid=95695) log_opt_values /opt/stack/data/venv/lib/python3.12/site-packages/oslo_config/cfg.py:3242}}
Jun 30 11:35:31.512234 np0000003974 devstack@n-api-meta.service[95695]: DEBUG nova.api.openstack.wsgi_app [None req-077c3f9a-5001-4b61-9934-177301e61663 None None] default_log_levels = ['amqp=WARN', 'boto=WARN', 'sqlalchemy=WARN', 'suds=INFO', 'oslo.messaging=INFO', 'oslo_messaging=INFO', 'iso8601=WARN', 'requests.packages.urllib3.connectionpool=WARN', 'urllib3.connectionpool=WARN', 'websocket=WARN', 'requests.packages.urllib3.util.retry=WARN', 'urllib3.util.retry=WARN', 'keystonemiddleware=WARN', 'routes.middleware=WARN', 'stevedore=WARN', 'taskflow=WARN', 'keystoneauth=WARN', 'oslo.cache=INFO', 'oslo_policy=INFO', 'dogpile.core.dogpile=INFO', 'glanceclient=WARN', 'oslo.privsep.daemon=INFO'] {{(pid=95695) log_opt_values /opt/stack/data/venv/lib/python3.12/site-packages/oslo_config/cfg.py:3242}}
Jun 30 11:35:31.512367 np0000003974 devstack@n-api-meta.service[95695]: DEBUG nova.api.openstack.wsgi_app [None req-077c3f9a-5001-4b61-9934-177301e61663 None None] default_schedule_zone = None {{(pid=95695) log_opt_values /opt/stack/data/venv/lib/python3.12/site-packages/oslo_config/cfg.py:3242}}
Jun 30 11:35:31.512484 np0000003974 devstack@n-api-meta.service[95695]: DEBUG nova.api.openstack.wsgi_app [None req-077c3f9a-5001-4b61-9934-177301e61663 None None] default_thread_pool_size = 10 {{(pid=95695) log_opt_values /opt/stack/data/venv/lib/python3.12/site-packages/oslo_config/cfg.py:3242}}
Jun 30 11:35:31.512591 np0000003974 devstack@n-api-meta.service[95695]: DEBUG nova.api.openstack.wsgi_app [None req-077c3f9a-5001-4b61-9934-177301e61663 None None] disk_allocation_ratio = None {{(pid=95695) log_opt_values /opt/stack/data/venv/lib/python3.12/site-packages/oslo_config/cfg.py:3242}}
Jun 30 11:35:31.512735 np0000003974 devstack@n-api-meta.service[95695]: DEBUG nova.api.openstack.wsgi_app [None req-077c3f9a-5001-4b61-9934-177301e61663 None None] enable_new_services = True {{(pid=95695) log_opt_values /opt/stack/data/venv/lib/python3.12/site-packages/oslo_config/cfg.py:3242}}
Jun 30 11:35:31.512875 np0000003974 devstack@n-api-meta.service[95695]: DEBUG nova.api.openstack.wsgi_app [None req-077c3f9a-5001-4b61-9934-177301e61663 None None] flat_injected = False {{(pid=95695) log_opt_values /opt/stack/data/venv/lib/python3.12/site-packages/oslo_config/cfg.py:3242}}
Jun 30 11:35:31.513003 np0000003974 devstack@n-api-meta.service[95695]: DEBUG nova.api.openstack.wsgi_app [None req-077c3f9a-5001-4b61-9934-177301e61663 None None] force_config_drive = True {{(pid=95695) log_opt_values /opt/stack/data/venv/lib/python3.12/site-packages/oslo_config/cfg.py:3242}}
Jun 30 11:35:31.513116 np0000003974 devstack@n-api-meta.service[95695]: DEBUG nova.api.openstack.wsgi_app [None req-077c3f9a-5001-4b61-9934-177301e61663 None None] force_raw_images = True {{(pid=95695) log_opt_values /opt/stack/data/venv/lib/python3.12/site-packages/oslo_config/cfg.py:3242}}
Jun 30 11:35:31.513240 np0000003974 devstack@n-api-meta.service[95695]: DEBUG nova.api.openstack.wsgi_app [None req-077c3f9a-5001-4b61-9934-177301e61663 None None] graceful_shutdown_timeout = 5 {{(pid=95695) log_opt_values /opt/stack/data/venv/lib/python3.12/site-packages/oslo_config/cfg.py:3242}}
Jun 30 11:35:31.513356 np0000003974 devstack@n-api-meta.service[95695]: DEBUG nova.api.openstack.wsgi_app [None req-077c3f9a-5001-4b61-9934-177301e61663 None None] heal_instance_info_cache_interval = -1 {{(pid=95695) log_opt_values /opt/stack/data/venv/lib/python3.12/site-packages/oslo_config/cfg.py:3242}}
Jun 30 11:35:31.513522 np0000003974 devstack@n-api-meta.service[95695]: DEBUG nova.api.openstack.wsgi_app [None req-077c3f9a-5001-4b61-9934-177301e61663 None None] host = np0000003974 {{(pid=95695) log_opt_values /opt/stack/data/venv/lib/python3.12/site-packages/oslo_config/cfg.py:3242}}
Jun 30 11:35:31.513678 np0000003974 devstack@n-api-meta.service[95695]: DEBUG nova.api.openstack.wsgi_app [None req-077c3f9a-5001-4b61-9934-177301e61663 None None] initial_cpu_allocation_ratio = 4.0 {{(pid=95695) log_opt_values /opt/stack/data/venv/lib/python3.12/site-packages/oslo_config/cfg.py:3242}}
Jun 30 11:35:31.513818 np0000003974 devstack@n-api-meta.service[95695]: DEBUG nova.api.openstack.wsgi_app [None req-077c3f9a-5001-4b61-9934-177301e61663 None None] initial_disk_allocation_ratio = 1.0 {{(pid=95695) log_opt_values /opt/stack/data/venv/lib/python3.12/site-packages/oslo_config/cfg.py:3242}}
Jun 30 11:35:31.513946 np0000003974 devstack@n-api-meta.service[95695]: DEBUG nova.api.openstack.wsgi_app [None req-077c3f9a-5001-4b61-9934-177301e61663 None None] initial_ram_allocation_ratio = 1.0 {{(pid=95695) log_opt_values /opt/stack/data/venv/lib/python3.12/site-packages/oslo_config/cfg.py:3242}}
Jun 30 11:35:31.514143 np0000003974 devstack@n-api-meta.service[95695]: DEBUG nova.api.openstack.wsgi_app [None req-077c3f9a-5001-4b61-9934-177301e61663 None None] injected_network_template = /opt/stack/nova/nova/virt/interfaces.template {{(pid=95695) log_opt_values /opt/stack/data/venv/lib/python3.12/site-packages/oslo_config/cfg.py:3242}}
Jun 30 11:35:31.514343 np0000003974 devstack@n-api-meta.service[95695]: DEBUG nova.api.openstack.wsgi_app [None req-077c3f9a-5001-4b61-9934-177301e61663 None None] instance_build_timeout = 0 {{(pid=95695) log_opt_values /opt/stack/data/venv/lib/python3.12/site-packages/oslo_config/cfg.py:3242}}
Jun 30 11:35:31.514497 np0000003974 devstack@n-api-meta.service[95695]: DEBUG nova.api.openstack.wsgi_app [None req-077c3f9a-5001-4b61-9934-177301e61663 None None] instance_delete_interval = 300 {{(pid=95695) log_opt_values /opt/stack/data/venv/lib/python3.12/site-packages/oslo_config/cfg.py:3242}}
Jun 30 11:35:31.514644 np0000003974 devstack@n-api-meta.service[95695]: DEBUG nova.api.openstack.wsgi_app [None req-077c3f9a-5001-4b61-9934-177301e61663 None None] instance_format = [instance: %(uuid)s] {{(pid=95695) log_opt_values /opt/stack/data/venv/lib/python3.12/site-packages/oslo_config/cfg.py:3242}}
Jun 30 11:35:31.514840 np0000003974 devstack@n-api-meta.service[95695]: DEBUG nova.api.openstack.wsgi_app [None req-077c3f9a-5001-4b61-9934-177301e61663 None None] instance_name_template = instance-%08x {{(pid=95695) log_opt_values /opt/stack/data/venv/lib/python3.12/site-packages/oslo_config/cfg.py:3242}}
Jun 30 11:35:31.514979 np0000003974 devstack@n-api-meta.service[95695]: DEBUG nova.api.openstack.wsgi_app [None req-077c3f9a-5001-4b61-9934-177301e61663 None None] instance_usage_audit = False {{(pid=95695) log_opt_values /opt/stack/data/venv/lib/python3.12/site-packages/oslo_config/cfg.py:3242}}
Jun 30 11:35:31.515036 np0000003974 devstack@n-api-meta.service[95691]: WARNING nova.api.metadata.handler [None req-12216233-56a0-46b4-a763-19e37f48b534 None None] metadata_proxy_shared_secret is not configured, the metadata information returned by the proxy cannot be trusted
Jun 30 11:35:31.515113 np0000003974 devstack@n-api-meta.service[95695]: DEBUG nova.api.openstack.wsgi_app [None req-077c3f9a-5001-4b61-9934-177301e61663 None None] instance_usage_audit_period = month {{(pid=95695) log_opt_values /opt/stack/data/venv/lib/python3.12/site-packages/oslo_config/cfg.py:3242}}
Jun 30 11:35:31.515233 np0000003974 devstack@n-api-meta.service[95695]: DEBUG nova.api.openstack.wsgi_app [None req-077c3f9a-5001-4b61-9934-177301e61663 None None] instance_uuid_format = [instance: %(uuid)s] {{(pid=95695) log_opt_values /opt/stack/data/venv/lib/python3.12/site-packages/oslo_config/cfg.py:3242}}
Jun 30 11:35:31.515351 np0000003974 devstack@n-api-meta.service[95695]: DEBUG nova.api.openstack.wsgi_app [None req-077c3f9a-5001-4b61-9934-177301e61663 None None] instances_path = /opt/stack/data/nova/instances {{(pid=95695) log_opt_values /opt/stack/data/venv/lib/python3.12/site-packages/oslo_config/cfg.py:3242}}
Jun 30 11:35:31.515475 np0000003974 devstack@n-api-meta.service[95695]: DEBUG nova.api.openstack.wsgi_app [None req-077c3f9a-5001-4b61-9934-177301e61663 None None] internal_service_availability_zone = internal {{(pid=95695) log_opt_values /opt/stack/data/venv/lib/python3.12/site-packages/oslo_config/cfg.py:3242}}
Jun 30 11:35:31.515581 np0000003974 devstack@n-api-meta.service[95695]: DEBUG nova.api.openstack.wsgi_app [None req-077c3f9a-5001-4b61-9934-177301e61663 None None] key = None {{(pid=95695) log_opt_values /opt/stack/data/venv/lib/python3.12/site-packages/oslo_config/cfg.py:3242}}
Jun 30 11:35:31.515723 np0000003974 devstack@n-api-meta.service[95695]: DEBUG nova.api.openstack.wsgi_app [None req-077c3f9a-5001-4b61-9934-177301e61663 None None] live_migration_retry_count = 30 {{(pid=95695) log_opt_values /opt/stack/data/venv/lib/python3.12/site-packages/oslo_config/cfg.py:3242}}
Jun 30 11:35:31.515851 np0000003974 devstack@n-api-meta.service[95695]: DEBUG nova.api.openstack.wsgi_app [None req-077c3f9a-5001-4b61-9934-177301e61663 None None] log_color = False {{(pid=95695) log_opt_values /opt/stack/data/venv/lib/python3.12/site-packages/oslo_config/cfg.py:3242}}
Jun 30 11:35:31.515984 np0000003974 devstack@n-api-meta.service[95695]: DEBUG nova.api.openstack.wsgi_app [None req-077c3f9a-5001-4b61-9934-177301e61663 None None] log_config_append = None {{(pid=95695) log_opt_values /opt/stack/data/venv/lib/python3.12/site-packages/oslo_config/cfg.py:3242}}
Jun 30 11:35:31.516105 np0000003974 devstack@n-api-meta.service[95695]: DEBUG nova.api.openstack.wsgi_app [None req-077c3f9a-5001-4b61-9934-177301e61663 None None] log_date_format = %Y-%m-%d %H:%M:%S {{(pid=95695) log_opt_values /opt/stack/data/venv/lib/python3.12/site-packages/oslo_config/cfg.py:3242}}
Jun 30 11:35:31.516216 np0000003974 devstack@n-api-meta.service[95695]: DEBUG nova.api.openstack.wsgi_app [None req-077c3f9a-5001-4b61-9934-177301e61663 None None] log_dir = None {{(pid=95695) log_opt_values /opt/stack/data/venv/lib/python3.12/site-packages/oslo_config/cfg.py:3242}}
Jun 30 11:35:31.516325 np0000003974 devstack@n-api-meta.service[95695]: DEBUG nova.api.openstack.wsgi_app [None req-077c3f9a-5001-4b61-9934-177301e61663 None None] log_file = None {{(pid=95695) log_opt_values /opt/stack/data/venv/lib/python3.12/site-packages/oslo_config/cfg.py:3242}}
Jun 30 11:35:31.516415 np0000003974 devstack@n-api-meta.service[95695]: DEBUG nova.api.openstack.wsgi_app [None req-077c3f9a-5001-4b61-9934-177301e61663 None None] log_options = True {{(pid=95695) log_opt_values /opt/stack/data/venv/lib/python3.12/site-packages/oslo_config/cfg.py:3242}}
Jun 30 11:35:31.516528 np0000003974 devstack@n-api-meta.service[95695]: DEBUG nova.api.openstack.wsgi_app [None req-077c3f9a-5001-4b61-9934-177301e61663 None None] log_rotate_interval = 1 {{(pid=95695) log_opt_values /opt/stack/data/venv/lib/python3.12/site-packages/oslo_config/cfg.py:3242}}
Jun 30 11:35:31.516645 np0000003974 devstack@n-api-meta.service[95695]: DEBUG nova.api.openstack.wsgi_app [None req-077c3f9a-5001-4b61-9934-177301e61663 None None] log_rotate_interval_type = days {{(pid=95695) log_opt_values /opt/stack/data/venv/lib/python3.12/site-packages/oslo_config/cfg.py:3242}}
Jun 30 11:35:31.516804 np0000003974 devstack@n-api-meta.service[95695]: DEBUG nova.api.openstack.wsgi_app [None req-077c3f9a-5001-4b61-9934-177301e61663 None None] log_rotation_type = none {{(pid=95695) log_opt_values /opt/stack/data/venv/lib/python3.12/site-packages/oslo_config/cfg.py:3242}}
Jun 30 11:35:31.516939 np0000003974 devstack@n-api-meta.service[95695]: DEBUG nova.api.openstack.wsgi_app [None req-077c3f9a-5001-4b61-9934-177301e61663 None None] logging_context_format_string = %(color)s%(levelname)s %(name)s [%(global_request_id)s %(request_id)s %(project_name)s %(user_name)s%(color)s] %(instance)s%(color)s%(message)s {{(pid=95695) log_opt_values /opt/stack/data/venv/lib/python3.12/site-packages/oslo_config/cfg.py:3242}}
Jun 30 11:35:31.517038 np0000003974 devstack@n-api-meta.service[95695]: DEBUG nova.api.openstack.wsgi_app [None req-077c3f9a-5001-4b61-9934-177301e61663 None None] logging_debug_format_suffix = {{(pid=%(process)d) %(funcName)s %(pathname)s:%(lineno)d}} {{(pid=95695) log_opt_values /opt/stack/data/venv/lib/python3.12/site-packages/oslo_config/cfg.py:3242}}
Jun 30 11:35:31.517219 np0000003974 devstack@n-api-meta.service[95695]: DEBUG nova.api.openstack.wsgi_app [None req-077c3f9a-5001-4b61-9934-177301e61663 None None] logging_default_format_string = %(color)s%(levelname)s %(name)s [-%(color)s] %(instance)s%(color)s%(message)s {{(pid=95695) log_opt_values /opt/stack/data/venv/lib/python3.12/site-packages/oslo_config/cfg.py:3242}}
Jun 30 11:35:31.517245 np0000003974 devstack@n-api-meta.service[95691]: DEBUG nova.api.openstack.wsgi_app [None req-12216233-56a0-46b4-a763-19e37f48b534 None None] ******************************************************************************** {{(pid=95691) log_opt_values /opt/stack/data/venv/lib/python3.12/site-packages/oslo_config/cfg.py:3226}}
Jun 30 11:35:31.517365 np0000003974 devstack@n-api-meta.service[95691]: DEBUG nova.api.openstack.wsgi_app [None req-12216233-56a0-46b4-a763-19e37f48b534 None None] Configuration options gathered from: {{(pid=95691) log_opt_values /opt/stack/data/venv/lib/python3.12/site-packages/oslo_config/cfg.py:3227}}
