Jun 08 13:44:15.720916 np0000002312 devstack@g-api.service[102068]: DEBUG glance_store.capabilities [-] Store glance_store._drivers.swift.store.SingleTenantStore doesn't support updating dynamic storage capabilities. Please overwrite 'update_capabilities' method of the store to implement updating logics if needed. {{(pid=102068) update_capabilities /opt/stack/data/venv/lib/python3.12/site-packages/glance_store/capabilities.py:91}}
Jun 08 13:44:15.720982 np0000002312 devstack@g-api.service[102068]: DEBUG glance_store.backend [-] Registering store swift with schemes ('swift+https', 'swift', 'swift+http', 'swift+config') {{(pid=102068) create_stores /opt/stack/data/venv/lib/python3.12/site-packages/glance_store/backend.py:261}}
Jun 08 13:44:15.721011 np0000002312 devstack@g-api.service[102068]: DEBUG glance_store.driver [-] Late loading location class glance_store._drivers.swift.store.StoreLocation {{(pid=102068) get_store_location_class /opt/stack/data/venv/lib/python3.12/site-packages/glance_store/driver.py:134}}
Jun 08 13:44:15.721082 np0000002312 devstack@g-api.service[102068]: DEBUG glance_store.location [-] Registering scheme swift+https with {'store': , 'location_class': , 'store_entry': 'swift'} {{(pid=102068) register_scheme_map /opt/stack/data/venv/lib/python3.12/site-packages/glance_store/location.py:146}}
Jun 08 13:44:15.721147 np0000002312 devstack@g-api.service[102068]: DEBUG glance_store.location [-] Registering scheme swift with {'store': , 'location_class': , 'store_entry': 'swift'} {{(pid=102068) register_scheme_map /opt/stack/data/venv/lib/python3.12/site-packages/glance_store/location.py:146}}
Jun 08 13:44:15.721197 np0000002312 devstack@g-api.service[102068]: DEBUG glance_store.location [-] Registering scheme swift+http with {'store': , 'location_class': , 'store_entry': 'swift'} {{(pid=102068) register_scheme_map /opt/stack/data/venv/lib/python3.12/site-packages/glance_store/location.py:146}}
Jun 08 13:44:15.721197 np0000002312 devstack@g-api.service[102068]: DEBUG glance_store.location [-] Registering scheme swift+config with {'store': , 'location_class': , 'store_entry': 'swift'} {{(pid=102068) register_scheme_map /opt/stack/data/venv/lib/python3.12/site-packages/glance_store/location.py:146}}
Jun 08 13:44:15.721326 np0000002312 devstack@g-api.service[102068]: DEBUG glance_store.backend [-] Attempting to import store http {{(pid=102068) _load_store /opt/stack/data/venv/lib/python3.12/site-packages/glance_store/backend.py:215}}
Jun 08 13:44:15.721476 np0000002312 devstack@g-api.service[102068]: DEBUG glance_store.capabilities [-] Store glance_store._drivers.http.Store doesn't support updating dynamic storage capabilities. Please overwrite 'update_capabilities' method of the store to implement updating logics if needed. {{(pid=102068) update_capabilities /opt/stack/data/venv/lib/python3.12/site-packages/glance_store/capabilities.py:91}}
Jun 08 13:44:15.721540 np0000002312 devstack@g-api.service[102068]: DEBUG glance_store.backend [-] Registering store http with schemes ('http', 'https') {{(pid=102068) create_stores /opt/stack/data/venv/lib/python3.12/site-packages/glance_store/backend.py:261}}
Jun 08 13:44:15.721586 np0000002312 devstack@g-api.service[102068]: DEBUG glance_store.driver [-] Late loading location class glance_store._drivers.http.StoreLocation {{(pid=102068) get_store_location_class /opt/stack/data/venv/lib/python3.12/site-packages/glance_store/driver.py:134}}
Jun 08 13:44:15.721628 np0000002312 devstack@g-api.service[102068]: DEBUG glance_store.location [-] Registering scheme http with {'store': , 'location_class': , 'store_entry': 'http'} {{(pid=102068) register_scheme_map /opt/stack/data/venv/lib/python3.12/site-packages/glance_store/location.py:146}}
Jun 08 13:44:15.721671 np0000002312 devstack@g-api.service[102068]: DEBUG glance_store.location [-] Registering scheme https with {'store': , 'location_class': , 'store_entry': 'http'} {{(pid=102068) register_scheme_map /opt/stack/data/venv/lib/python3.12/site-packages/glance_store/location.py:146}}
Jun 08 13:44:15.721775 np0000002312 devstack@g-api.service[102068]: DEBUG glance_store.backend [-] Attempting to import store swift {{(pid=102068) _load_store /opt/stack/data/venv/lib/python3.12/site-packages/glance_store/backend.py:215}}
Jun 08 13:44:15.722768 np0000002312 devstack@g-api.service[102068]: DEBUG glance_store.capabilities [-] Store glance_store._drivers.swift.store.SingleTenantStore doesn't support updating dynamic storage capabilities. Please overwrite 'update_capabilities' method of the store to implement updating logics if needed. {{(pid=102068) update_capabilities /opt/stack/data/venv/lib/python3.12/site-packages/glance_store/capabilities.py:91}}
Jun 08 13:44:15.722838 np0000002312 devstack@g-api.service[102068]: DEBUG glance_store.driver [-] Late loading location class glance_store._drivers.swift.store.StoreLocation {{(pid=102068) get_store_location_class /opt/stack/data/venv/lib/python3.12/site-packages/glance_store/driver.py:134}}
Jun 08 13:44:15.722892 np0000002312 devstack@g-api.service[102068]: DEBUG glance_store.location [-] Registering scheme swift+https with {'store': , 'location_class': , 'store_entry': 'swift'} {{(pid=102068) register_scheme_map /opt/stack/data/venv/lib/python3.12/site-packages/glance_store/location.py:146}}
Jun 08 13:44:15.722945 np0000002312 devstack@g-api.service[102068]: DEBUG glance_store.location [-] Registering scheme swift+https with {'store': , 'location_class': , 'store_entry': 'swift'} {{(pid=102068) register_scheme_map /opt/stack/data/venv/lib/python3.12/site-packages/glance_store/location.py:146}}
Jun 08 13:44:15.722990 np0000002312 devstack@g-api.service[102068]: DEBUG glance_store.location [-] Registering scheme swift with {'store': , 'location_class': , 'store_entry': 'swift'} {{(pid=102068) register_scheme_map /opt/stack/data/venv/lib/python3.12/site-packages/glance_store/location.py:146}}
Jun 08 13:44:15.723030 np0000002312 devstack@g-api.service[102068]: DEBUG glance_store.location [-] Registering scheme swift+https with {'store': , 'location_class': , 'store_entry': 'swift'} {{(pid=102068) register_scheme_map /opt/stack/data/venv/lib/python3.12/site-packages/glance_store/location.py:146}}
Jun 08 13:44:15.723066 np0000002312 devstack@g-api.service[102068]: DEBUG glance_store.location [-] Registering scheme swift with {'store': , 'location_class': , 'store_entry': 'swift'} {{(pid=102068) register_scheme_map /opt/stack/data/venv/lib/python3.12/site-packages/glance_store/location.py:146}}
Jun 08 13:44:15.723128 np0000002312 devstack@g-api.service[102068]: DEBUG glance_store.location [-] Registering scheme swift+http with {'store': , 'location_class': , 'store_entry': 'swift'} {{(pid=102068) register_scheme_map /opt/stack/data/venv/lib/python3.12/site-packages/glance_store/location.py:146}}
Jun 08 13:44:15.723191 np0000002312 devstack@g-api.service[102068]: DEBUG glance_store.location [-] Registering scheme swift+https with {'store': , 'location_class': , 'store_entry': 'swift'} {{(pid=102068) register_scheme_map /opt/stack/data/venv/lib/python3.12/site-packages/glance_store/location.py:146}}
Jun 08 13:44:15.723191 np0000002312 devstack@g-api.service[102068]: DEBUG glance_store.location [-] Registering scheme swift with {'store': , 'location_class': , 'store_entry': 'swift'} {{(pid=102068) register_scheme_map /opt/stack/data/venv/lib/python3.12/site-packages/glance_store/location.py:146}}
Jun 08 13:44:15.723265 np0000002312 devstack@g-api.service[102068]: DEBUG glance_store.location [-] Registering scheme swift+http with {'store': , 'location_class': , 'store_entry': 'swift'} {{(pid=102068) register_scheme_map /opt/stack/data/venv/lib/python3.12/site-packages/glance_store/location.py:146}}
Jun 08 13:44:15.723324 np0000002312 devstack@g-api.service[102068]: DEBUG glance_store.location [-] Registering scheme swift+config with {'store': , 'location_class': , 'store_entry': 'swift'} {{(pid=102068) register_scheme_map /opt/stack/data/venv/lib/python3.12/site-packages/glance_store/location.py:146}}
Jun 08 13:44:15.723554 np0000002312 devstack@g-api.service[102068]: DEBUG glance.sqlite_migration [-] SQLite caching database not located, skipping migration {{(pid=102068) get_db_path /opt/stack/glance/glance/sqlite_migration.py:68}}
Jun 08 13:44:15.723724 np0000002312 devstack@g-api.service[102068]: WARNING glance.common.wsgi_app [-] Import methods are enabled but staging directory /tmp/staging/ does not exist; Imports will fail!
Jun 08 13:44:15.952233 np0000002312 devstack@g-api.service[102066]: DEBUG glance.common.config [None req-15a1d4ab-0011-4a51-8998-f7e5eee992c7 None None] Loading glance-api-keystone+cachemanagement from /etc/glance/glance-api-paste.ini {{(pid=102066) load_paste_app /opt/stack/glance/glance/common/config.py:758}}
Jun 08 13:44:15.968988 np0000002312 devstack@g-api.service[102069]: DEBUG glance.common.config [None req-00f27a6b-4ef2-4881-9302-ffdaf42185d3 None None] Loading glance-api-keystone+cachemanagement from /etc/glance/glance-api-paste.ini {{(pid=102069) load_paste_app /opt/stack/glance/glance/common/config.py:758}}
Jun 08 13:44:15.975333 np0000002312 devstack@g-api.service[102068]: DEBUG glance.common.config [None req-548f92d8-d90c-43ba-926c-1233bc7e875a None None] Loading glance-api-keystone+cachemanagement from /etc/glance/glance-api-paste.ini {{(pid=102068) load_paste_app /opt/stack/glance/glance/common/config.py:758}}
Jun 08 13:44:16.510986 np0000002312 devstack@g-api.service[102069]: INFO glance.image_cache [None req-00f27a6b-4ef2-4881-9302-ffdaf42185d3 None None] Image cache loaded driver 'centralized_db'.
Jun 08 13:44:16.513974 np0000002312 devstack@g-api.service[102068]: INFO glance.image_cache [None req-548f92d8-d90c-43ba-926c-1233bc7e875a None None] Image cache loaded driver 'centralized_db'.
Jun 08 13:44:16.514896 np0000002312 devstack@g-api.service[102066]: INFO glance.image_cache [None req-15a1d4ab-0011-4a51-8998-f7e5eee992c7 None None] Image cache loaded driver 'centralized_db'.
Jun 08 13:44:16.558212 np0000002312 devstack@g-api.service[102069]: INFO dbcounter [None req-00f27a6b-4ef2-4881-9302-ffdaf42185d3 None None] Registered counter for database glance
Jun 08 13:44:16.560356 np0000002312 devstack@g-api.service[102068]: INFO dbcounter [None req-548f92d8-d90c-43ba-926c-1233bc7e875a None None] Registered counter for database glance
Jun 08 13:44:16.564416 np0000002312 devstack@g-api.service[102066]: INFO dbcounter [None req-15a1d4ab-0011-4a51-8998-f7e5eee992c7 None None] Registered counter for database glance
Jun 08 13:44:16.601445 np0000002312 devstack@g-api.service[102069]: DEBUG oslo_db.sqlalchemy.engines [None req-00f27a6b-4ef2-4881-9302-ffdaf42185d3 None None] MySQL server mode set to STRICT_TRANS_TABLES,STRICT_ALL_TABLES,NO_ZERO_IN_DATE,NO_ZERO_DATE,ERROR_FOR_DIVISION_BY_ZERO,TRADITIONAL,NO_ENGINE_SUBSTITUTION {{(pid=102069) _check_effective_sql_mode /opt/stack/data/venv/lib/python3.12/site-packages/oslo_db/sqlalchemy/engines.py:325}}
Jun 08 13:44:16.607235 np0000002312 devstack@g-api.service[102068]: DEBUG oslo_db.sqlalchemy.engines [None req-548f92d8-d90c-43ba-926c-1233bc7e875a None None] MySQL server mode set to STRICT_TRANS_TABLES,STRICT_ALL_TABLES,NO_ZERO_IN_DATE,NO_ZERO_DATE,ERROR_FOR_DIVISION_BY_ZERO,TRADITIONAL,NO_ENGINE_SUBSTITUTION {{(pid=102068) _check_effective_sql_mode /opt/stack/data/venv/lib/python3.12/site-packages/oslo_db/sqlalchemy/engines.py:325}}
Jun 08 13:44:16.609909 np0000002312 devstack@g-api.service[102066]: DEBUG oslo_db.sqlalchemy.engines [None req-15a1d4ab-0011-4a51-8998-f7e5eee992c7 None None] MySQL server mode set to STRICT_TRANS_TABLES,STRICT_ALL_TABLES,NO_ZERO_IN_DATE,NO_ZERO_DATE,ERROR_FOR_DIVISION_BY_ZERO,TRADITIONAL,NO_ENGINE_SUBSTITUTION {{(pid=102066) _check_effective_sql_mode /opt/stack/data/venv/lib/python3.12/site-packages/oslo_db/sqlalchemy/engines.py:325}}
Jun 08 13:44:16.623105 np0000002312 devstack@g-api.service[102069]: DEBUG dbcounter [-] [102069] Writer thread running {{(pid=102069) stat_writer /opt/stack/data/venv/lib/python3.12/site-packages/dbcounter.py:102}}
Jun 08 13:44:16.629005 np0000002312 devstack@g-api.service[102068]: DEBUG dbcounter [-] [102068] Writer thread running {{(pid=102068) stat_writer /opt/stack/data/venv/lib/python3.12/site-packages/dbcounter.py:102}}
Jun 08 13:44:16.631563 np0000002312 devstack@g-api.service[102068]: DEBUG glance.image_cache.drivers.centralized_db [None req-548f92d8-d90c-43ba-926c-1233bc7e875a None None] Node reference is already recorded, ignoring it {{(pid=102068) configure /opt/stack/glance/glance/image_cache/drivers/centralized_db.py:71}}
Jun 08 13:44:16.631637 np0000002312 devstack@g-api.service[102066]: DEBUG dbcounter [-] [102066] Writer thread running {{(pid=102066) stat_writer /opt/stack/data/venv/lib/python3.12/site-packages/dbcounter.py:102}}
Jun 08 13:44:16.633814 np0000002312 devstack@g-api.service[102069]: INFO glance.image_cache [None req-00f27a6b-4ef2-4881-9302-ffdaf42185d3 None None] Image cache loaded driver 'centralized_db'.
Jun 08 13:44:16.634118 np0000002312 devstack@g-api.service[102066]: DEBUG glance.image_cache.drivers.centralized_db [None req-15a1d4ab-0011-4a51-8998-f7e5eee992c7 None None] Node reference is already recorded, ignoring it {{(pid=102066) configure /opt/stack/glance/glance/image_cache/drivers/centralized_db.py:71}}
Jun 08 13:44:16.637452 np0000002312 devstack@g-api.service[102068]: INFO glance.image_cache [None req-548f92d8-d90c-43ba-926c-1233bc7e875a None None] Image cache loaded driver 'centralized_db'.
Jun 08 13:44:16.639914 np0000002312 devstack@g-api.service[102069]: DEBUG glance.image_cache.drivers.centralized_db [None req-00f27a6b-4ef2-4881-9302-ffdaf42185d3 None None] Node reference is already recorded, ignoring it {{(pid=102069) configure /opt/stack/glance/glance/image_cache/drivers/centralized_db.py:71}}
Jun 08 13:44:16.640038 np0000002312 devstack@g-api.service[102066]: INFO glance.image_cache [None req-15a1d4ab-0011-4a51-8998-f7e5eee992c7 None None] Image cache loaded driver 'centralized_db'.
Jun 08 13:44:16.643692 np0000002312 devstack@g-api.service[102068]: DEBUG glance.image_cache.drivers.centralized_db [None req-548f92d8-d90c-43ba-926c-1233bc7e875a None None] Node reference is already recorded, ignoring it {{(pid=102068) configure /opt/stack/glance/glance/image_cache/drivers/centralized_db.py:71}}
Jun 08 13:44:16.644400 np0000002312 devstack@g-api.service[102069]: DEBUG glance.api.v2.cached_images [None req-00f27a6b-4ef2-4881-9302-ffdaf42185d3 None None] Started cache worker thread {{(pid=102069) __init__ /opt/stack/glance/glance/api/v2/cached_images.py:69}}
Jun 08 13:44:16.645023 np0000002312 devstack@g-api.service[102069]: INFO glance.image_cache [None req-00f27a6b-4ef2-4881-9302-ffdaf42185d3 None None] Image cache loaded driver 'centralized_db'.
Jun 08 13:44:16.647109 np0000002312 devstack@g-api.service[102066]: DEBUG glance.image_cache.drivers.centralized_db [None req-15a1d4ab-0011-4a51-8998-f7e5eee992c7 None None] Node reference is already recorded, ignoring it {{(pid=102066) configure /opt/stack/glance/glance/image_cache/drivers/centralized_db.py:71}}
Jun 08 13:44:16.648483 np0000002312 devstack@g-api.service[102068]: DEBUG glance.api.v2.cached_images [None req-548f92d8-d90c-43ba-926c-1233bc7e875a None None] Started cache worker thread {{(pid=102068) __init__ /opt/stack/glance/glance/api/v2/cached_images.py:69}}
Jun 08 13:44:16.649109 np0000002312 devstack@g-api.service[102068]: INFO glance.image_cache [None req-548f92d8-d90c-43ba-926c-1233bc7e875a None None] Image cache loaded driver 'centralized_db'.
Jun 08 13:44:16.650637 np0000002312 devstack@g-api.service[102069]: DEBUG glance.image_cache.drivers.centralized_db [None req-00f27a6b-4ef2-4881-9302-ffdaf42185d3 None None] Node reference is already recorded, ignoring it {{(pid=102069) configure /opt/stack/glance/glance/image_cache/drivers/centralized_db.py:71}}
Jun 08 13:44:16.651613 np0000002312 devstack@g-api.service[102066]: DEBUG glance.api.v2.cached_images [None req-15a1d4ab-0011-4a51-8998-f7e5eee992c7 None None] Started cache worker thread {{(pid=102066) __init__ /opt/stack/glance/glance/api/v2/cached_images.py:69}}
Jun 08 13:44:16.652099 np0000002312 devstack@g-api.service[102066]: INFO glance.image_cache [None req-15a1d4ab-0011-4a51-8998-f7e5eee992c7 None None] Image cache loaded driver 'centralized_db'.
Jun 08 13:44:16.654884 np0000002312 devstack@g-api.service[102069]: INFO glance.api.middleware.cache_manage [None req-00f27a6b-4ef2-4881-9302-ffdaf42185d3 None None] Initialized image cache management middleware
Jun 08 13:44:16.655042 np0000002312 devstack@g-api.service[102069]: INFO glance.image_cache [None req-00f27a6b-4ef2-4881-9302-ffdaf42185d3 None None] Image cache loaded driver 'centralized_db'.
Jun 08 13:44:16.655450 np0000002312 devstack@g-api.service[102068]: DEBUG glance.image_cache.drivers.centralized_db [None req-548f92d8-d90c-43ba-926c-1233bc7e875a None None] Node reference is already recorded, ignoring it {{(pid=102068) configure /opt/stack/glance/glance/image_cache/drivers/centralized_db.py:71}}
Jun 08 13:44:16.658060 np0000002312 devstack@g-api.service[102066]: DEBUG glance.image_cache.drivers.centralized_db [None req-15a1d4ab-0011-4a51-8998-f7e5eee992c7 None None] Node reference is already recorded, ignoring it {{(pid=102066) configure /opt/stack/glance/glance/image_cache/drivers/centralized_db.py:71}}
Jun 08 13:44:16.660026 np0000002312 devstack@g-api.service[102068]: INFO glance.api.middleware.cache_manage [None req-548f92d8-d90c-43ba-926c-1233bc7e875a None None] Initialized image cache management middleware
Jun 08 13:44:16.660178 np0000002312 devstack@g-api.service[102068]: INFO glance.image_cache [None req-548f92d8-d90c-43ba-926c-1233bc7e875a None None] Image cache loaded driver 'centralized_db'.
Jun 08 13:44:16.660976 np0000002312 devstack@g-api.service[102069]: DEBUG glance.image_cache.drivers.centralized_db [None req-00f27a6b-4ef2-4881-9302-ffdaf42185d3 None None] Node reference is already recorded, ignoring it {{(pid=102069) configure /opt/stack/glance/glance/image_cache/drivers/centralized_db.py:71}}
Jun 08 13:44:16.662157 np0000002312 devstack@g-api.service[102066]: INFO glance.api.middleware.cache_manage [None req-15a1d4ab-0011-4a51-8998-f7e5eee992c7 None None] Initialized image cache management middleware
Jun 08 13:44:16.662300 np0000002312 devstack@g-api.service[102066]: INFO glance.image_cache [None req-15a1d4ab-0011-4a51-8998-f7e5eee992c7 None None] Image cache loaded driver 'centralized_db'.
Jun 08 13:44:16.664613 np0000002312 devstack@g-api.service[102069]: INFO glance.api.middleware.cache [None req-00f27a6b-4ef2-4881-9302-ffdaf42185d3 None None] Initialized image cache middleware
Jun 08 13:44:16.667134 np0000002312 devstack@g-api.service[102068]: DEBUG glance.image_cache.drivers.centralized_db [None req-548f92d8-d90c-43ba-926c-1233bc7e875a None None] Node reference is already recorded, ignoring it {{(pid=102068) configure /opt/stack/glance/glance/image_cache/drivers/centralized_db.py:71}}
Jun 08 13:44:16.668146 np0000002312 devstack@g-api.service[102066]: DEBUG glance.image_cache.drivers.centralized_db [None req-15a1d4ab-0011-4a51-8998-f7e5eee992c7 None None] Node reference is already recorded, ignoring it {{(pid=102066) configure /opt/stack/glance/glance/image_cache/drivers/centralized_db.py:71}}
Jun 08 13:44:16.670985 np0000002312 devstack@g-api.service[102068]: INFO glance.api.middleware.cache [None req-548f92d8-d90c-43ba-926c-1233bc7e875a None None] Initialized image cache middleware
Jun 08 13:44:16.672301 np0000002312 devstack@g-api.service[102066]: INFO glance.api.middleware.cache [None req-15a1d4ab-0011-4a51-8998-f7e5eee992c7 None None] Initialized image cache middleware
Jun 08 13:44:16.683459 np0000002312 devstack@g-api.service[102068]: DEBUG glance.common.config [None req-548f92d8-d90c-43ba-926c-1233bc7e875a None None] ******************************************************************************** {{(pid=102068) log_opt_values /opt/stack/data/venv/lib/python3.12/site-packages/oslo_config/cfg.py:3229}}
Jun 08 13:44:16.683578 np0000002312 devstack@g-api.service[102068]: DEBUG glance.common.config [None req-548f92d8-d90c-43ba-926c-1233bc7e875a None None] Configuration options gathered from: {{(pid=102068) log_opt_values /opt/stack/data/venv/lib/python3.12/site-packages/oslo_config/cfg.py:3230}}
Jun 08 13:44:16.683904 np0000002312 devstack@g-api.service[102068]: DEBUG glance.common.config [None req-548f92d8-d90c-43ba-926c-1233bc7e875a None None] command line args: [] {{(pid=102068) log_opt_values /opt/stack/data/venv/lib/python3.12/site-packages/oslo_config/cfg.py:3231}}
Jun 08 13:44:16.684063 np0000002312 devstack@g-api.service[102068]: DEBUG glance.common.config [None req-548f92d8-d90c-43ba-926c-1233bc7e875a None None] config files: ['/etc/glance/glance-image-import.conf', '/etc/glance/glance-api.conf'] {{(pid=102068) log_opt_values /opt/stack/data/venv/lib/python3.12/site-packages/oslo_config/cfg.py:3232}}
Jun 08 13:44:16.684138 np0000002312 devstack@g-api.service[102068]: DEBUG glance.common.config [None req-548f92d8-d90c-43ba-926c-1233bc7e875a None None] ================================================================================ {{(pid=102068) log_opt_values /opt/stack/data/venv/lib/python3.12/site-packages/oslo_config/cfg.py:3237}}
Jun 08 13:44:16.684259 np0000002312 devstack@g-api.service[102068]: DEBUG glance.common.config [None req-548f92d8-d90c-43ba-926c-1233bc7e875a None None] allow_anonymous_access = False {{(pid=102068) log_opt_values /opt/stack/data/venv/lib/python3.12/site-packages/oslo_config/cfg.py:3245}}
Jun 08 13:44:16.684371 np0000002312 devstack@g-api.service[102068]: DEBUG glance.common.config [None req-548f92d8-d90c-43ba-926c-1233bc7e875a None None] api_limit_max = 1000 {{(pid=102068) log_opt_values /opt/stack/data/venv/lib/python3.12/site-packages/oslo_config/cfg.py:3245}}
Jun 08 13:44:16.684492 np0000002312 devstack@g-api.service[102068]: DEBUG glance.common.config [None req-548f92d8-d90c-43ba-926c-1233bc7e875a None None] backlog = 4096 {{(pid=102068) log_opt_values /opt/stack/data/venv/lib/python3.12/site-packages/oslo_config/cfg.py:3245}}
Jun 08 13:44:16.684631 np0000002312 devstack@g-api.service[102068]: DEBUG glance.common.config [None req-548f92d8-d90c-43ba-926c-1233bc7e875a None None] bind_host = 0.0.0.0 {{(pid=102068) log_opt_values /opt/stack/data/venv/lib/python3.12/site-packages/oslo_config/cfg.py:3245}}
Jun 08 13:44:16.684735 np0000002312 devstack@g-api.service[102068]: DEBUG glance.common.config [None req-548f92d8-d90c-43ba-926c-1233bc7e875a None None] bind_port = 19292 {{(pid=102068) log_opt_values /opt/stack/data/venv/lib/python3.12/site-packages/oslo_config/cfg.py:3245}}
Jun 08 13:44:16.684829 np0000002312 devstack@g-api.service[102068]: DEBUG glance.common.config [None req-548f92d8-d90c-43ba-926c-1233bc7e875a None None] client_socket_timeout = 900 {{(pid=102068) log_opt_values /opt/stack/data/venv/lib/python3.12/site-packages/oslo_config/cfg.py:3245}}
Jun 08 13:44:16.684923 np0000002312 devstack@g-api.service[102068]: DEBUG glance.common.config [None req-548f92d8-d90c-43ba-926c-1233bc7e875a None None] config_dir = [] {{(pid=102068) log_opt_values /opt/stack/data/venv/lib/python3.12/site-packages/oslo_config/cfg.py:3245}}
Jun 08 13:44:16.685002 np0000002312 devstack@g-api.service[102068]: DEBUG glance.common.config [None req-548f92d8-d90c-43ba-926c-1233bc7e875a None None] config_file = ['/etc/glance/glance-image-import.conf', '/etc/glance/glance-api.conf'] {{(pid=102068) log_opt_values /opt/stack/data/venv/lib/python3.12/site-packages/oslo_config/cfg.py:3245}}
Jun 08 13:44:16.685085 np0000002312 devstack@g-api.service[102068]: DEBUG glance.common.config [None req-548f92d8-d90c-43ba-926c-1233bc7e875a None None] config_source = [] {{(pid=102068) log_opt_values /opt/stack/data/venv/lib/python3.12/site-packages/oslo_config/cfg.py:3245}}
Jun 08 13:44:16.685182 np0000002312 devstack@g-api.service[102068]: DEBUG glance.common.config [None req-548f92d8-d90c-43ba-926c-1233bc7e875a None None] control_exchange = glance {{(pid=102068) log_opt_values /opt/stack/data/venv/lib/python3.12/site-packages/oslo_config/cfg.py:3245}}
Jun 08 13:44:16.685266 np0000002312 devstack@g-api.service[102068]: DEBUG glance.common.config [None req-548f92d8-d90c-43ba-926c-1233bc7e875a None None] debug = True {{(pid=102068) log_opt_values /opt/stack/data/venv/lib/python3.12/site-packages/oslo_config/cfg.py:3245}}
Jun 08 13:44:16.685432 np0000002312 devstack@g-api.service[102068]: DEBUG glance.common.config [None req-548f92d8-d90c-43ba-926c-1233bc7e875a None None] default_log_levels = ['amqp=WARN', 'boto=WARN', 'sqlalchemy=WARN', 'suds=INFO', 'oslo.messaging=INFO', 'oslo_messaging=INFO', 'iso8601=WARN', 'requests.packages.urllib3.connectionpool=WARN', 'urllib3.connectionpool=WARN', 'websocket=WARN', 'requests.packages.urllib3.util.retry=WARN', 'urllib3.util.retry=WARN', 'keystonemiddleware=WARN', 'routes.middleware=WARN', 'stevedore=WARN', 'taskflow=WARN', 'keystoneauth=WARN', 'oslo.cache=INFO', 'oslo_policy=INFO', 'dogpile.core.dogpile=INFO'] {{(pid=102068) log_opt_values /opt/stack/data/venv/lib/python3.12/site-packages/oslo_config/cfg.py:3245}}
Jun 08 13:44:16.685548 np0000002312 devstack@g-api.service[102068]: DEBUG glance.common.config [None req-548f92d8-d90c-43ba-926c-1233bc7e875a None None] default_publisher_id = image.localhost {{(pid=102068) log_opt_values /opt/stack/data/venv/lib/python3.12/site-packages/oslo_config/cfg.py:3245}}
Jun 08 13:44:16.685661 np0000002312 devstack@g-api.service[102068]: DEBUG glance.common.config [None req-548f92d8-d90c-43ba-926c-1233bc7e875a None None] delayed_delete = False {{(pid=102068) log_opt_values /opt/stack/data/venv/lib/python3.12/site-packages/oslo_config/cfg.py:3245}}
Jun 08 13:44:16.685763 np0000002312 devstack@g-api.service[102068]: DEBUG glance.common.config [None req-548f92d8-d90c-43ba-926c-1233bc7e875a None None] digest_algorithm = sha256 {{(pid=102068) log_opt_values /opt/stack/data/venv/lib/python3.12/site-packages/oslo_config/cfg.py:3245}}
Jun 08 13:44:16.685856 np0000002312 devstack@g-api.service[102068]: DEBUG glance.common.config [None req-548f92d8-d90c-43ba-926c-1233bc7e875a None None] disabled_notifications = [] {{(pid=102068) log_opt_values /opt/stack/data/venv/lib/python3.12/site-packages/oslo_config/cfg.py:3245}}
Jun 08 13:44:16.685989 np0000002312 devstack@g-api.service[102068]: DEBUG glance.common.config [None req-548f92d8-d90c-43ba-926c-1233bc7e875a None None] do_secure_hash = True {{(pid=102068) log_opt_values /opt/stack/data/venv/lib/python3.12/site-packages/oslo_config/cfg.py:3245}}
Jun 08 13:44:16.686082 np0000002312 devstack@g-api.service[102068]: DEBUG glance.common.config [None req-548f92d8-d90c-43ba-926c-1233bc7e875a None None] enabled_backends = None {{(pid=102068) log_opt_values /opt/stack/data/venv/lib/python3.12/site-packages/oslo_config/cfg.py:3245}}
Jun 08 13:44:16.686187 np0000002312 devstack@g-api.service[102068]: DEBUG glance.common.config [None req-548f92d8-d90c-43ba-926c-1233bc7e875a None None] enabled_import_methods = ['glance-direct', 'web-download', 'copy-image'] {{(pid=102068) log_opt_values /opt/stack/data/venv/lib/python3.12/site-packages/oslo_config/cfg.py:3245}}
Jun 08 13:44:16.686273 np0000002312 devstack@g-api.service[102068]: DEBUG glance.common.config [None req-548f92d8-d90c-43ba-926c-1233bc7e875a None None] fatal_deprecations = False {{(pid=102068) log_opt_values /opt/stack/data/venv/lib/python3.12/site-packages/oslo_config/cfg.py:3245}}
Jun 08 13:44:16.686386 np0000002312 devstack@g-api.service[102068]: DEBUG glance.common.config [None req-548f92d8-d90c-43ba-926c-1233bc7e875a None None] hashing_algorithm = sha512 {{(pid=102068) log_opt_values /opt/stack/data/venv/lib/python3.12/site-packages/oslo_config/cfg.py:3245}}
Jun 08 13:44:16.686486 np0000002312 devstack@g-api.service[102068]: DEBUG glance.common.config [None req-548f92d8-d90c-43ba-926c-1233bc7e875a None None] http_keepalive = True {{(pid=102068) log_opt_values /opt/stack/data/venv/lib/python3.12/site-packages/oslo_config/cfg.py:3245}}
Jun 08 13:44:16.686591 np0000002312 devstack@g-api.service[102068]: DEBUG glance.common.config [None req-548f92d8-d90c-43ba-926c-1233bc7e875a None None] http_retries = 3 {{(pid=102068) log_opt_values /opt/stack/data/venv/lib/python3.12/site-packages/oslo_config/cfg.py:3245}}
Jun 08 13:44:16.686689 np0000002312 devstack@g-api.service[102068]: DEBUG glance.common.config [None req-548f92d8-d90c-43ba-926c-1233bc7e875a None None] image_cache_dir = /opt/stack/data/glance/cache/ {{(pid=102068) log_opt_values /opt/stack/data/venv/lib/python3.12/site-packages/oslo_config/cfg.py:3245}}
Jun 08 13:44:16.686781 np0000002312 devstack@g-api.service[102068]: DEBUG glance.common.config [None req-548f92d8-d90c-43ba-926c-1233bc7e875a None None] image_cache_driver = centralized_db {{(pid=102068) log_opt_values /opt/stack/data/venv/lib/python3.12/site-packages/oslo_config/cfg.py:3245}}
Jun 08 13:44:16.686869 np0000002312 devstack@g-api.service[102068]: DEBUG glance.common.config [None req-548f92d8-d90c-43ba-926c-1233bc7e875a None None] image_cache_max_size = 10737418240 {{(pid=102068) log_opt_values /opt/stack/data/venv/lib/python3.12/site-packages/oslo_config/cfg.py:3245}}
Jun 08 13:44:16.686965 np0000002312 devstack@g-api.service[102068]: DEBUG glance.common.config [None req-548f92d8-d90c-43ba-926c-1233bc7e875a None None] image_cache_sqlite_db = cache.db {{(pid=102068) log_opt_values /opt/stack/data/venv/lib/python3.12/site-packages/oslo_config/cfg.py:3245}}
Jun 08 13:44:16.687053 np0000002312 devstack@g-api.service[102068]: DEBUG glance.common.config [None req-548f92d8-d90c-43ba-926c-1233bc7e875a None None] image_cache_stall_time = 86400 {{(pid=102068) log_opt_values /opt/stack/data/venv/lib/python3.12/site-packages/oslo_config/cfg.py:3245}}
Jun 08 13:44:16.687139 np0000002312 devstack@g-api.service[102068]: DEBUG glance.common.config [None req-548f92d8-d90c-43ba-926c-1233bc7e875a None None] image_location_quota = 10 {{(pid=102068) log_opt_values /opt/stack/data/venv/lib/python3.12/site-packages/oslo_config/cfg.py:3245}}
Jun 08 13:44:16.687228 np0000002312 devstack@g-api.service[102068]: DEBUG glance.common.config [None req-548f92d8-d90c-43ba-926c-1233bc7e875a None None] image_member_quota = 128 {{(pid=102068) log_opt_values /opt/stack/data/venv/lib/python3.12/site-packages/oslo_config/cfg.py:3245}}
Jun 08 13:44:16.687334 np0000002312 devstack@g-api.service[102068]: DEBUG glance.common.config [None req-548f92d8-d90c-43ba-926c-1233bc7e875a None None] image_property_quota = 128 {{(pid=102068) log_opt_values /opt/stack/data/venv/lib/python3.12/site-packages/oslo_config/cfg.py:3245}}
Jun 08 13:44:16.687436 np0000002312 devstack@g-api.service[102068]: DEBUG glance.common.config [None req-548f92d8-d90c-43ba-926c-1233bc7e875a None None] image_size_cap = 1099511627776 {{(pid=102068) log_opt_values /opt/stack/data/venv/lib/python3.12/site-packages/oslo_config/cfg.py:3245}}
Jun 08 13:44:16.687570 np0000002312 devstack@g-api.service[102068]: DEBUG glance.common.config [None req-548f92d8-d90c-43ba-926c-1233bc7e875a None None] image_tag_quota = 128 {{(pid=102068) log_opt_values /opt/stack/data/venv/lib/python3.12/site-packages/oslo_config/cfg.py:3245}}
Jun 08 13:44:16.687672 np0000002312 devstack@g-api.service[102068]: DEBUG glance.common.config [None req-548f92d8-d90c-43ba-926c-1233bc7e875a None None] instance_format = [instance: %(uuid)s] {{(pid=102068) log_opt_values /opt/stack/data/venv/lib/python3.12/site-packages/oslo_config/cfg.py:3245}}
Jun 08 13:44:16.687764 np0000002312 devstack@g-api.service[102068]: DEBUG glance.common.config [None req-548f92d8-d90c-43ba-926c-1233bc7e875a None None] instance_uuid_format = [instance: %(uuid)s] {{(pid=102068) log_opt_values /opt/stack/data/venv/lib/python3.12/site-packages/oslo_config/cfg.py:3245}}
Jun 08 13:44:16.687861 np0000002312 devstack@g-api.service[102068]: DEBUG glance.common.config [None req-548f92d8-d90c-43ba-926c-1233bc7e875a None None] limit_param_default = 25 {{(pid=102068) log_opt_values /opt/stack/data/venv/lib/python3.12/site-packages/oslo_config/cfg.py:3245}}
Jun 08 13:44:16.687997 np0000002312 devstack@g-api.service[102068]: DEBUG glance.common.config [None req-548f92d8-d90c-43ba-926c-1233bc7e875a None None] log_color = False {{(pid=102068) log_opt_values /opt/stack/data/venv/lib/python3.12/site-packages/oslo_config/cfg.py:3245}}
Jun 08 13:44:16.688099 np0000002312 devstack@g-api.service[102068]: DEBUG glance.common.config [None req-548f92d8-d90c-43ba-926c-1233bc7e875a None None] log_config_append = None {{(pid=102068) log_opt_values /opt/stack/data/venv/lib/python3.12/site-packages/oslo_config/cfg.py:3245}}
Jun 08 13:44:16.688192 np0000002312 devstack@g-api.service[102068]: DEBUG glance.common.config [None req-548f92d8-d90c-43ba-926c-1233bc7e875a None None] log_date_format = %Y-%m-%d %H:%M:%S {{(pid=102068) log_opt_values /opt/stack/data/venv/lib/python3.12/site-packages/oslo_config/cfg.py:3245}}
Jun 08 13:44:16.688296 np0000002312 devstack@g-api.service[102068]: DEBUG glance.common.config [None req-548f92d8-d90c-43ba-926c-1233bc7e875a None None] log_dir = None {{(pid=102068) log_opt_values /opt/stack/data/venv/lib/python3.12/site-packages/oslo_config/cfg.py:3245}}
Jun 08 13:44:16.688404 np0000002312 devstack@g-api.service[102068]: DEBUG glance.common.config [None req-548f92d8-d90c-43ba-926c-1233bc7e875a None None] log_file = None {{(pid=102068) log_opt_values /opt/stack/data/venv/lib/python3.12/site-packages/oslo_config/cfg.py:3245}}
Jun 08 13:44:16.688502 np0000002312 devstack@g-api.service[102068]: DEBUG glance.common.config [None req-548f92d8-d90c-43ba-926c-1233bc7e875a None None] log_rotate_interval = 1 {{(pid=102068) log_opt_values /opt/stack/data/venv/lib/python3.12/site-packages/oslo_config/cfg.py:3245}}
Jun 08 13:44:16.688613 np0000002312 devstack@g-api.service[102068]: DEBUG glance.common.config [None req-548f92d8-d90c-43ba-926c-1233bc7e875a None None] log_rotate_interval_type = days {{(pid=102068) log_opt_values /opt/stack/data/venv/lib/python3.12/site-packages/oslo_config/cfg.py:3245}}
Jun 08 13:44:16.688713 np0000002312 devstack@g-api.service[102068]: DEBUG glance.common.config [None req-548f92d8-d90c-43ba-926c-1233bc7e875a None None] log_rotation_type = none {{(pid=102068) log_opt_values /opt/stack/data/venv/lib/python3.12/site-packages/oslo_config/cfg.py:3245}}
Jun 08 13:44:16.688803 np0000002312 devstack@g-api.service[102068]: DEBUG glance.common.config [None req-548f92d8-d90c-43ba-926c-1233bc7e875a None None] logging_context_format_string = %(color)s%(levelname)s %(name)s [%(global_request_id)s %(request_id)s %(project_name)s %(user_name)s%(color)s] %(instance)s%(color)s%(message)s {{(pid=102068) log_opt_values /opt/stack/data/venv/lib/python3.12/site-packages/oslo_config/cfg.py:3245}}
Jun 08 13:44:16.688845 np0000002312 devstack@g-api.service[102068]: DEBUG glance.common.config [None req-548f92d8-d90c-43ba-926c-1233bc7e875a None None] logging_debug_format_suffix = {{(pid=%(process)d) %(funcName)s %(pathname)s:%(lineno)d}} {{(pid=102068) log_opt_values /opt/stack/data/venv/lib/python3.12/site-packages/oslo_config/cfg.py:3245}}
Jun 08 13:44:16.688935 np0000002312 devstack@g-api.service[102068]: DEBUG glance.common.config [None req-548f92d8-d90c-43ba-926c-1233bc7e875a None None] logging_default_format_string = %(color)s%(levelname)s %(name)s [-%(color)s] %(instance)s%(color)s%(message)s {{(pid=102068) log_opt_values /opt/stack/data/venv/lib/python3.12/site-packages/oslo_config/cfg.py:3245}}
Jun 08 13:44:16.689022 np0000002312 devstack@g-api.service[102068]: DEBUG glance.common.config [None req-548f92d8-d90c-43ba-926c-1233bc7e875a None None] logging_exception_prefix = ERROR %(name)s %(instance)s {{(pid=102068) log_opt_values /opt/stack/data/venv/lib/python3.12/site-packages/oslo_config/cfg.py:3245}}
Jun 08 13:44:16.689094 np0000002312 devstack@g-api.service[102068]: DEBUG glance.common.config [None req-548f92d8-d90c-43ba-926c-1233bc7e875a None None] logging_user_identity_format = %(user)s %(project)s %(domain)s %(system_scope)s %(user_domain)s %(project_domain)s {{(pid=102068) log_opt_values /opt/stack/data/venv/lib/python3.12/site-packages/oslo_config/cfg.py:3245}}
Jun 08 13:44:16.689173 np0000002312 devstack@g-api.service[102068]: DEBUG glance.common.config [None req-548f92d8-d90c-43ba-926c-1233bc7e875a None None] max_header_line = 16384 {{(pid=102068) log_opt_values /opt/stack/data/venv/lib/python3.12/site-packages/oslo_config/cfg.py:3245}}
Jun 08 13:44:16.689263 np0000002312 devstack@g-api.service[102068]: DEBUG glance.common.config [None req-548f92d8-d90c-43ba-926c-1233bc7e875a None None] max_logfile_count = 30 {{(pid=102068) log_opt_values /opt/stack/data/venv/lib/python3.12/site-packages/oslo_config/cfg.py:3245}}
Jun 08 13:44:16.689383 np0000002312 devstack@g-api.service[102068]: DEBUG glance.common.config [None req-548f92d8-d90c-43ba-926c-1233bc7e875a None None] max_logfile_size_mb = 200 {{(pid=102068) log_opt_values /opt/stack/data/venv/lib/python3.12/site-packages/oslo_config/cfg.py:3245}}
Jun 08 13:44:16.689502 np0000002312 devstack@g-api.service[102068]: DEBUG glance.common.config [None req-548f92d8-d90c-43ba-926c-1233bc7e875a None None] max_request_id_length = 64 {{(pid=102068) log_opt_values /opt/stack/data/venv/lib/python3.12/site-packages/oslo_config/cfg.py:3245}}
Jun 08 13:44:16.689613 np0000002312 devstack@g-api.service[102068]: DEBUG glance.common.config [None req-548f92d8-d90c-43ba-926c-1233bc7e875a None None] metadata_encryption_key = **** {{(pid=102068) log_opt_values /opt/stack/data/venv/lib/python3.12/site-packages/oslo_config/cfg.py:3245}}
Jun 08 13:44:16.689711 np0000002312 devstack@g-api.service[102068]: DEBUG glance.common.config [None req-548f92d8-d90c-43ba-926c-1233bc7e875a None None] node_staging_uri = file:///tmp/staging/ {{(pid=102068) log_opt_values /opt/stack/data/venv/lib/python3.12/site-packages/oslo_config/cfg.py:3245}}
Jun 08 13:44:16.689795 np0000002312 devstack@g-api.service[102068]: DEBUG glance.common.config [None req-548f92d8-d90c-43ba-926c-1233bc7e875a None None] property_protection_file = None {{(pid=102068) log_opt_values /opt/stack/data/venv/lib/python3.12/site-packages/oslo_config/cfg.py:3245}}
Jun 08 13:44:16.689923 np0000002312 devstack@g-api.service[102068]: DEBUG glance.common.config [None req-548f92d8-d90c-43ba-926c-1233bc7e875a None None] property_protection_rule_format = roles {{(pid=102068) log_opt_values /opt/stack/data/venv/lib/python3.12/site-packages/oslo_config/cfg.py:3245}}
Jun 08 13:44:16.690045 np0000002312 devstack@g-api.service[102068]: DEBUG glance.common.config [None req-548f92d8-d90c-43ba-926c-1233bc7e875a None None] public_endpoint = https://10.4.3.181/image {{(pid=102068) log_opt_values /opt/stack/data/venv/lib/python3.12/site-packages/oslo_config/cfg.py:3245}}
Jun 08 13:44:16.690176 np0000002312 devstack@g-api.service[102068]: DEBUG glance.common.config [None req-548f92d8-d90c-43ba-926c-1233bc7e875a None None] publish_errors = False {{(pid=102068) log_opt_values /opt/stack/data/venv/lib/python3.12/site-packages/oslo_config/cfg.py:3245}}
Jun 08 13:44:16.690294 np0000002312 devstack@g-api.service[102068]: DEBUG glance.common.config [None req-548f92d8-d90c-43ba-926c-1233bc7e875a None None] pydev_worker_debug_host = None {{(pid=102068) log_opt_values /opt/stack/data/venv/lib/python3.12/site-packages/oslo_config/cfg.py:3245}}
Jun 08 13:44:16.690486 np0000002312 devstack@g-api.service[102068]: DEBUG glance.common.config [None req-548f92d8-d90c-43ba-926c-1233bc7e875a None None] pydev_worker_debug_port = 5678 {{(pid=102068) log_opt_values /opt/stack/data/venv/lib/python3.12/site-packages/oslo_config/cfg.py:3245}}
Jun 08 13:44:16.690638 np0000002312 devstack@g-api.service[102068]: DEBUG glance.common.config [None req-548f92d8-d90c-43ba-926c-1233bc7e875a None None] rate_limit_burst = 0 {{(pid=102068) log_opt_values /opt/stack/data/venv/lib/python3.12/site-packages/oslo_config/cfg.py:3245}}
Jun 08 13:44:16.690789 np0000002312 devstack@g-api.service[102068]: DEBUG glance.common.config [None req-548f92d8-d90c-43ba-926c-1233bc7e875a None None] rate_limit_except_level = CRITICAL {{(pid=102068) log_opt_values /opt/stack/data/venv/lib/python3.12/site-packages/oslo_config/cfg.py:3245}}
Jun 08 13:44:16.690887 np0000002312 devstack@g-api.service[102068]: DEBUG glance.common.config [None req-548f92d8-d90c-43ba-926c-1233bc7e875a None None] rate_limit_interval = 0 {{(pid=102068) log_opt_values /opt/stack/data/venv/lib/python3.12/site-packages/oslo_config/cfg.py:3245}}
Jun 08 13:44:16.691004 np0000002312 devstack@g-api.service[102068]: DEBUG glance.common.config [None req-548f92d8-d90c-43ba-926c-1233bc7e875a None None] scrub_pool_size = 1 {{(pid=102068) log_opt_values /opt/stack/data/venv/lib/python3.12/site-packages/oslo_config/cfg.py:3245}}
Jun 08 13:44:16.691113 np0000002312 devstack@g-api.service[102068]: DEBUG glance.common.config [None req-548f92d8-d90c-43ba-926c-1233bc7e875a None None] scrub_time = 0 {{(pid=102068) log_opt_values /opt/stack/data/venv/lib/python3.12/site-packages/oslo_config/cfg.py:3245}}
Jun 08 13:44:16.691200 np0000002312 devstack@g-api.service[102068]: DEBUG glance.common.config [None req-548f92d8-d90c-43ba-926c-1233bc7e875a None None] shell_completion = None {{(pid=102068) log_opt_values /opt/stack/data/venv/lib/python3.12/site-packages/oslo_config/cfg.py:3245}}
Jun 08 13:44:16.691320 np0000002312 devstack@g-api.service[102068]: DEBUG glance.common.config [None req-548f92d8-d90c-43ba-926c-1233bc7e875a None None] show_image_direct_url = False {{(pid=102068) log_opt_values /opt/stack/data/venv/lib/python3.12/site-packages/oslo_config/cfg.py:3245}}
Jun 08 13:44:16.691601 np0000002312 devstack@g-api.service[102068]: WARNING oslo_config.cfg [None req-548f92d8-d90c-43ba-926c-1233bc7e875a None None] Deprecated: Option "show_multiple_locations" from group "DEFAULT" is deprecated for removal (Use of this option, deprecated since Newton, is a security risk and will be removed once we figure out a way to satisfy those use cases that currently require it. An earlier announcement that the same functionality can be achieved with greater granularity by using policies is incorrect. You cannot work around this option via policy configuration at the present time, though that is the direction we believe the fix will take. Please keep an eye on the Glance release notes to stay up to date on progress in addressing this issue.). Its value may be silently ignored in the future.
Jun 08 13:44:16.691706 np0000002312 devstack@g-api.service[102068]: DEBUG glance.common.config [None req-548f92d8-d90c-43ba-926c-1233bc7e875a None None] show_multiple_locations = False {{(pid=102068) log_opt_values /opt/stack/data/venv/lib/python3.12/site-packages/oslo_config/cfg.py:3245}}
Jun 08 13:44:16.691802 np0000002312 devstack@g-api.service[102068]: DEBUG glance.common.config [None req-548f92d8-d90c-43ba-926c-1233bc7e875a None None] syslog_log_facility = LOG_USER {{(pid=102068) log_opt_values /opt/stack/data/venv/lib/python3.12/site-packages/oslo_config/cfg.py:3245}}
Jun 08 13:44:16.691892 np0000002312 devstack@g-api.service[102068]: DEBUG glance.common.config [None req-548f92d8-d90c-43ba-926c-1233bc7e875a None None] tcp_keepidle = 600 {{(pid=102068) log_opt_values /opt/stack/data/venv/lib/python3.12/site-packages/oslo_config/cfg.py:3245}}
Jun 08 13:44:16.692017 np0000002312 devstack@g-api.service[102068]: DEBUG glance.common.config [None req-548f92d8-d90c-43ba-926c-1233bc7e875a None None] transport_url = **** {{(pid=102068) log_opt_values /opt/stack/data/venv/lib/python3.12/site-packages/oslo_config/cfg.py:3245}}
Jun 08 13:44:16.692127 np0000002312 devstack@g-api.service[102068]: DEBUG glance.common.config [None req-548f92d8-d90c-43ba-926c-1233bc7e875a None None] use_journal = False {{(pid=102068) log_opt_values /opt/stack/data/venv/lib/python3.12/site-packages/oslo_config/cfg.py:3245}}
Jun 08 13:44:16.692220 np0000002312 devstack@g-api.service[102068]: DEBUG glance.common.config [None req-548f92d8-d90c-43ba-926c-1233bc7e875a None None] use_json = False {{(pid=102068) log_opt_values /opt/stack/data/venv/lib/python3.12/site-packages/oslo_config/cfg.py:3245}}
Jun 08 13:44:16.692343 np0000002312 devstack@g-api.service[102068]: DEBUG glance.common.config [None req-548f92d8-d90c-43ba-926c-1233bc7e875a None None] use_keystone_limits = True {{(pid=102068) log_opt_values /opt/stack/data/venv/lib/python3.12/site-packages/oslo_config/cfg.py:3245}}
Jun 08 13:44:16.692480 np0000002312 devstack@g-api.service[102068]: DEBUG glance.common.config [None req-548f92d8-d90c-43ba-926c-1233bc7e875a None None] use_stderr = False {{(pid=102068) log_opt_values /opt/stack/data/venv/lib/python3.12/site-packages/oslo_config/cfg.py:3245}}
Jun 08 13:44:16.692618 np0000002312 devstack@g-api.service[102068]: DEBUG glance.common.config [None req-548f92d8-d90c-43ba-926c-1233bc7e875a None None] use_syslog = False {{(pid=102068) log_opt_values /opt/stack/data/venv/lib/python3.12/site-packages/oslo_config/cfg.py:3245}}
Jun 08 13:44:16.692942 np0000002312 devstack@g-api.service[102068]: DEBUG glance.common.config [None req-548f92d8-d90c-43ba-926c-1233bc7e875a None None] user_storage_quota = 0 {{(pid=102068) log_opt_values /opt/stack/data/venv/lib/python3.12/site-packages/oslo_config/cfg.py:3245}}
Jun 08 13:44:16.692942 np0000002312 devstack@g-api.service[102068]: DEBUG glance.common.config [None req-548f92d8-d90c-43ba-926c-1233bc7e875a None None] worker_self_reference_url = http://127.0.0.1:60999 {{(pid=102068) log_opt_values /opt/stack/data/venv/lib/python3.12/site-packages/oslo_config/cfg.py:3245}}
Jun 08 13:44:16.692942 np0000002312 devstack@g-api.service[102068]: DEBUG glance.common.config [None req-548f92d8-d90c-43ba-926c-1233bc7e875a None None] workers = None {{(pid=102068) log_opt_values /opt/stack/data/venv/lib/python3.12/site-packages/oslo_config/cfg.py:3245}}
Jun 08 13:44:16.693067 np0000002312 devstack@g-api.service[102068]: DEBUG glance.common.config [None req-548f92d8-d90c-43ba-926c-1233bc7e875a None None] oslo_concurrency.disable_process_locking = False {{(pid=102068) log_opt_values /opt/stack/data/venv/lib/python3.12/site-packages/oslo_config/cfg.py:3256}}
Jun 08 13:44:16.693144 np0000002312 devstack@g-api.service[102068]: DEBUG glance.common.config [None req-548f92d8-d90c-43ba-926c-1233bc7e875a None None] oslo_concurrency.lock_path = /opt/stack/data/glance/locks {{(pid=102068) log_opt_values /opt/stack/data/venv/lib/python3.12/site-packages/oslo_config/cfg.py:3256}}
Jun 08 13:44:16.693244 np0000002312 devstack@g-api.service[102068]: DEBUG glance.common.config [None req-548f92d8-d90c-43ba-926c-1233bc7e875a None None] oslo_middleware.enable_proxy_headers_parsing = False {{(pid=102068) log_opt_values /opt/stack/data/venv/lib/python3.12/site-packages/oslo_config/cfg.py:3256}}
Jun 08 13:44:16.693360 np0000002312 devstack@g-api.service[102068]: DEBUG glance.common.config [None req-548f92d8-d90c-43ba-926c-1233bc7e875a None None] oslo_middleware.http_basic_auth_user_file = /etc/htpasswd {{(pid=102068) log_opt_values /opt/stack/data/venv/lib/python3.12/site-packages/oslo_config/cfg.py:3256}}
Jun 08 13:44:16.693486 np0000002312 devstack@g-api.service[102068]: DEBUG glance.common.config [None req-548f92d8-d90c-43ba-926c-1233bc7e875a None None] paste_deploy.config_file = None {{(pid=102068) log_opt_values /opt/stack/data/venv/lib/python3.12/site-packages/oslo_config/cfg.py:3256}}
Jun 08 13:44:16.693592 np0000002312 devstack@g-api.service[102068]: DEBUG glance.common.config [None req-548f92d8-d90c-43ba-926c-1233bc7e875a None None] paste_deploy.flavor = keystone+cachemanagement {{(pid=102068) log_opt_values /opt/stack/data/venv/lib/python3.12/site-packages/oslo_config/cfg.py:3256}}
Jun 08 13:44:16.693725 np0000002312 devstack@g-api.service[102068]: DEBUG glance.common.config [None req-548f92d8-d90c-43ba-926c-1233bc7e875a None None] image_format.container_formats = ['ami', 'ari', 'aki', 'bare', 'ovf', 'ova', 'docker', 'compressed'] {{(pid=102068) log_opt_values /opt/stack/data/venv/lib/python3.12/site-packages/oslo_config/cfg.py:3256}}
Jun 08 13:44:16.693853 np0000002312 devstack@g-api.service[102068]: DEBUG glance.common.config [None req-548f92d8-d90c-43ba-926c-1233bc7e875a None None] image_format.disk_formats = ['ami', 'ari', 'aki', 'vhd', 'vhdx', 'vmdk', 'raw', 'qcow2', 'vdi', 'iso', 'ploop'] {{(pid=102068) log_opt_values /opt/stack/data/venv/lib/python3.12/site-packages/oslo_config/cfg.py:3256}}
Jun 08 13:44:16.693978 np0000002312 devstack@g-api.service[102068]: DEBUG glance.common.config [None req-548f92d8-d90c-43ba-926c-1233bc7e875a None None] image_format.gpt_safety_checks_nonfatal = [] {{(pid=102068) log_opt_values /opt/stack/data/venv/lib/python3.12/site-packages/oslo_config/cfg.py:3256}}
Jun 08 13:44:16.694115 np0000002312 devstack@g-api.service[102068]: DEBUG glance.common.config [None req-548f92d8-d90c-43ba-926c-1233bc7e875a None None] image_format.require_image_format_match = True {{(pid=102068) log_opt_values /opt/stack/data/venv/lib/python3.12/site-packages/oslo_config/cfg.py:3256}}
Jun 08 13:44:16.694233 np0000002312 devstack@g-api.service[102068]: DEBUG glance.common.config [None req-548f92d8-d90c-43ba-926c-1233bc7e875a None None] image_format.vmdk_allowed_types = ['streamOptimized', 'monolithicSparse'] {{(pid=102068) log_opt_values /opt/stack/data/venv/lib/python3.12/site-packages/oslo_config/cfg.py:3256}}
Jun 08 13:44:16.694402 np0000002312 devstack@g-api.service[102068]: DEBUG glance.common.config [None req-548f92d8-d90c-43ba-926c-1233bc7e875a None None] task.task_executor = taskflow {{(pid=102068) log_opt_values /opt/stack/data/venv/lib/python3.12/site-packages/oslo_config/cfg.py:3256}}
