Jun 08 13:43:53.888737 np0000002312 nova-scheduler[95818]: DEBUG cotyledon.oslo_config_glue [-] oslo_limit.connect_retries = None {{(pid=95818) log_opt_values /opt/stack/data/venv/lib/python3.12/site-packages/oslo_config/cfg.py:3256}}
Jun 08 13:43:53.888786 np0000002312 nova-scheduler[95818]: DEBUG cotyledon.oslo_config_glue [-] oslo_limit.connect_retry_delay = None {{(pid=95818) log_opt_values /opt/stack/data/venv/lib/python3.12/site-packages/oslo_config/cfg.py:3256}}
Jun 08 13:43:53.888837 np0000002312 nova-scheduler[95818]: DEBUG cotyledon.oslo_config_glue [-] oslo_limit.endpoint_id = None {{(pid=95818) log_opt_values /opt/stack/data/venv/lib/python3.12/site-packages/oslo_config/cfg.py:3256}}
Jun 08 13:43:53.888895 np0000002312 nova-scheduler[95818]: DEBUG cotyledon.oslo_config_glue [-] oslo_limit.endpoint_interface = public {{(pid=95818) log_opt_values /opt/stack/data/venv/lib/python3.12/site-packages/oslo_config/cfg.py:3256}}
Jun 08 13:43:53.888947 np0000002312 nova-scheduler[95818]: DEBUG cotyledon.oslo_config_glue [-] oslo_limit.endpoint_override = None {{(pid=95818) log_opt_values /opt/stack/data/venv/lib/python3.12/site-packages/oslo_config/cfg.py:3256}}
Jun 08 13:43:53.888999 np0000002312 nova-scheduler[95818]: DEBUG cotyledon.oslo_config_glue [-] oslo_limit.endpoint_region_name = None {{(pid=95818) log_opt_values /opt/stack/data/venv/lib/python3.12/site-packages/oslo_config/cfg.py:3256}}
Jun 08 13:43:53.889050 np0000002312 nova-scheduler[95818]: DEBUG cotyledon.oslo_config_glue [-] oslo_limit.endpoint_service_name = None {{(pid=95818) log_opt_values /opt/stack/data/venv/lib/python3.12/site-packages/oslo_config/cfg.py:3256}}
Jun 08 13:43:53.889096 np0000002312 nova-scheduler[95818]: DEBUG cotyledon.oslo_config_glue [-] oslo_limit.endpoint_service_type = None {{(pid=95818) log_opt_values /opt/stack/data/venv/lib/python3.12/site-packages/oslo_config/cfg.py:3256}}
Jun 08 13:43:53.889164 np0000002312 nova-scheduler[95818]: DEBUG cotyledon.oslo_config_glue [-] oslo_limit.insecure = False {{(pid=95818) log_opt_values /opt/stack/data/venv/lib/python3.12/site-packages/oslo_config/cfg.py:3256}}
Jun 08 13:43:53.889214 np0000002312 nova-scheduler[95818]: DEBUG cotyledon.oslo_config_glue [-] oslo_limit.keyfile = None {{(pid=95818) log_opt_values /opt/stack/data/venv/lib/python3.12/site-packages/oslo_config/cfg.py:3256}}
Jun 08 13:43:53.889264 np0000002312 nova-scheduler[95818]: DEBUG cotyledon.oslo_config_glue [-] oslo_limit.max_version = None {{(pid=95818) log_opt_values /opt/stack/data/venv/lib/python3.12/site-packages/oslo_config/cfg.py:3256}}
Jun 08 13:43:53.889329 np0000002312 nova-scheduler[95818]: DEBUG cotyledon.oslo_config_glue [-] oslo_limit.min_version = None {{(pid=95818) log_opt_values /opt/stack/data/venv/lib/python3.12/site-packages/oslo_config/cfg.py:3256}}
Jun 08 13:43:53.889402 np0000002312 nova-scheduler[95818]: DEBUG cotyledon.oslo_config_glue [-] oslo_limit.region_name = None {{(pid=95818) log_opt_values /opt/stack/data/venv/lib/python3.12/site-packages/oslo_config/cfg.py:3256}}
Jun 08 13:43:53.889444 np0000002312 nova-scheduler[95818]: DEBUG cotyledon.oslo_config_glue [-] oslo_limit.retriable_status_codes = None {{(pid=95818) log_opt_values /opt/stack/data/venv/lib/python3.12/site-packages/oslo_config/cfg.py:3256}}
Jun 08 13:43:53.889508 np0000002312 nova-scheduler[95818]: DEBUG cotyledon.oslo_config_glue [-] oslo_limit.service_name = None {{(pid=95818) log_opt_values /opt/stack/data/venv/lib/python3.12/site-packages/oslo_config/cfg.py:3256}}
Jun 08 13:43:53.889558 np0000002312 nova-scheduler[95818]: DEBUG cotyledon.oslo_config_glue [-] oslo_limit.service_type = None {{(pid=95818) log_opt_values /opt/stack/data/venv/lib/python3.12/site-packages/oslo_config/cfg.py:3256}}
Jun 08 13:43:53.889604 np0000002312 nova-scheduler[95818]: DEBUG cotyledon.oslo_config_glue [-] oslo_limit.split_loggers = False {{(pid=95818) log_opt_values /opt/stack/data/venv/lib/python3.12/site-packages/oslo_config/cfg.py:3256}}
Jun 08 13:43:53.889654 np0000002312 nova-scheduler[95818]: DEBUG cotyledon.oslo_config_glue [-] oslo_limit.status_code_retries = None {{(pid=95818) log_opt_values /opt/stack/data/venv/lib/python3.12/site-packages/oslo_config/cfg.py:3256}}
Jun 08 13:43:53.889704 np0000002312 nova-scheduler[95818]: DEBUG cotyledon.oslo_config_glue [-] oslo_limit.status_code_retry_delay = None {{(pid=95818) log_opt_values /opt/stack/data/venv/lib/python3.12/site-packages/oslo_config/cfg.py:3256}}
Jun 08 13:43:53.889764 np0000002312 nova-scheduler[95818]: DEBUG cotyledon.oslo_config_glue [-] oslo_limit.timeout = None {{(pid=95818) log_opt_values /opt/stack/data/venv/lib/python3.12/site-packages/oslo_config/cfg.py:3256}}
Jun 08 13:43:53.889821 np0000002312 nova-scheduler[95818]: DEBUG cotyledon.oslo_config_glue [-] oslo_limit.valid_interfaces = None {{(pid=95818) log_opt_values /opt/stack/data/venv/lib/python3.12/site-packages/oslo_config/cfg.py:3256}}
Jun 08 13:43:53.889875 np0000002312 nova-scheduler[95818]: DEBUG cotyledon.oslo_config_glue [-] oslo_limit.version = None {{(pid=95818) log_opt_values /opt/stack/data/venv/lib/python3.12/site-packages/oslo_config/cfg.py:3256}}
Jun 08 13:43:53.889954 np0000002312 nova-scheduler[95818]: DEBUG cotyledon.oslo_config_glue [-] oslo_reports.file_event_handler = None {{(pid=95818) log_opt_values /opt/stack/data/venv/lib/python3.12/site-packages/oslo_config/cfg.py:3256}}
Jun 08 13:43:53.890018 np0000002312 nova-scheduler[95818]: DEBUG cotyledon.oslo_config_glue [-] oslo_reports.file_event_handler_interval = 1 {{(pid=95818) log_opt_values /opt/stack/data/venv/lib/python3.12/site-packages/oslo_config/cfg.py:3256}}
Jun 08 13:43:53.890074 np0000002312 nova-scheduler[95818]: DEBUG cotyledon.oslo_config_glue [-] oslo_reports.log_dir = None {{(pid=95818) log_opt_values /opt/stack/data/venv/lib/python3.12/site-packages/oslo_config/cfg.py:3256}}
Jun 08 13:43:53.890125 np0000002312 nova-scheduler[95818]: DEBUG cotyledon.oslo_config_glue [-] ******************************************************************************** {{(pid=95818) log_opt_values /opt/stack/data/venv/lib/python3.12/site-packages/oslo_config/cfg.py:3263}}
Jun 08 13:43:53.890296 np0000002312 nova-scheduler[95818]: DEBUG cotyledon._service_worker [-] Run service ServiceWrapper(2) [95818] {{(pid=95818) wait_forever /opt/stack/data/venv/lib/python3.12/site-packages/cotyledon/_service_worker.py:218}}
Jun 08 13:43:53.891435 np0000002312 nova-scheduler[95818]: INFO nova.service [-] Starting scheduler node (version 33.1.0)
Jun 08 13:43:53.894961 np0000002312 nova-scheduler[95790]: DEBUG oslo_db.sqlalchemy.engines [None req-8e846403-a3d9-4540-9f73-8b317137b74f None None] MySQL server mode set to STRICT_TRANS_TABLES,STRICT_ALL_TABLES,NO_ZERO_IN_DATE,NO_ZERO_DATE,ERROR_FOR_DIVISION_BY_ZERO,TRADITIONAL,NO_ENGINE_SUBSTITUTION {{(pid=95790) _check_effective_sql_mode /opt/stack/data/venv/lib/python3.12/site-packages/oslo_db/sqlalchemy/engines.py:325}}
Jun 08 13:43:53.895471 np0000002312 nova-scheduler[95818]: INFO dbcounter [None req-9b45181c-3768-4bc7-9979-87d2c6854330 None None] Registered counter for database nova_cell0
Jun 08 13:43:53.903696 np0000002312 nova-scheduler[95790]: DEBUG dbcounter [-] [95790] Writer thread running {{(pid=95790) stat_writer /opt/stack/data/venv/lib/python3.12/site-packages/dbcounter.py:102}}
Jun 08 13:43:53.918264 np0000002312 nova-scheduler[95790]: DEBUG nova.service [None req-8e846403-a3d9-4540-9f73-8b317137b74f None None] Creating RPC server for service: nova-scheduler on topic: scheduler {{(pid=95790) start /opt/stack/nova/nova/service.py:195}}
Jun 08 13:43:53.924610 np0000002312 nova-scheduler[95816]: DEBUG oslo_db.sqlalchemy.engines [None req-c2aec3eb-a92c-44e7-a62f-685b4d78b64c None None] MySQL server mode set to STRICT_TRANS_TABLES,STRICT_ALL_TABLES,NO_ZERO_IN_DATE,NO_ZERO_DATE,ERROR_FOR_DIVISION_BY_ZERO,TRADITIONAL,NO_ENGINE_SUBSTITUTION {{(pid=95816) _check_effective_sql_mode /opt/stack/data/venv/lib/python3.12/site-packages/oslo_db/sqlalchemy/engines.py:325}}
Jun 08 13:43:53.933655 np0000002312 nova-scheduler[95816]: DEBUG dbcounter [-] [95816] Writer thread running {{(pid=95816) stat_writer /opt/stack/data/venv/lib/python3.12/site-packages/dbcounter.py:102}}
Jun 08 13:43:53.936605 np0000002312 nova-scheduler[95816]: DEBUG nova.service [None req-c2aec3eb-a92c-44e7-a62f-685b4d78b64c None None] Creating RPC server for service: nova-scheduler on topic: scheduler {{(pid=95816) start /opt/stack/nova/nova/service.py:195}}
Jun 08 13:43:53.936947 np0000002312 nova-scheduler[95818]: DEBUG oslo_db.sqlalchemy.engines [None req-9b45181c-3768-4bc7-9979-87d2c6854330 None None] MySQL server mode set to STRICT_TRANS_TABLES,STRICT_ALL_TABLES,NO_ZERO_IN_DATE,NO_ZERO_DATE,ERROR_FOR_DIVISION_BY_ZERO,TRADITIONAL,NO_ENGINE_SUBSTITUTION {{(pid=95818) _check_effective_sql_mode /opt/stack/data/venv/lib/python3.12/site-packages/oslo_db/sqlalchemy/engines.py:325}}
Jun 08 13:43:53.948818 np0000002312 nova-scheduler[95818]: DEBUG dbcounter [-] [95818] Writer thread running {{(pid=95818) stat_writer /opt/stack/data/venv/lib/python3.12/site-packages/dbcounter.py:102}}
Jun 08 13:43:53.951735 np0000002312 nova-scheduler[95790]: DEBUG nova.service [None req-8e846403-a3d9-4540-9f73-8b317137b74f None None] Join ServiceGroup membership for this service scheduler {{(pid=95790) start /opt/stack/nova/nova/service.py:221}}
Jun 08 13:43:53.951814 np0000002312 nova-scheduler[95818]: DEBUG nova.service [None req-9b45181c-3768-4bc7-9979-87d2c6854330 None None] Creating RPC server for service: nova-scheduler on topic: scheduler {{(pid=95818) start /opt/stack/nova/nova/service.py:195}}
Jun 08 13:43:53.951961 np0000002312 nova-scheduler[95790]: DEBUG nova.servicegroup.drivers.db [None req-8e846403-a3d9-4540-9f73-8b317137b74f None None] DB_Driver: join new ServiceGroup member np0000002312 to the scheduler group, service = {{(pid=95790) join /opt/stack/nova/nova/servicegroup/drivers/db.py:44}}
Jun 08 13:43:53.954446 np0000002312 nova-scheduler[95816]: DEBUG nova.service [None req-c2aec3eb-a92c-44e7-a62f-685b4d78b64c None None] Join ServiceGroup membership for this service scheduler {{(pid=95816) start /opt/stack/nova/nova/service.py:221}}
Jun 08 13:43:53.954676 np0000002312 nova-scheduler[95816]: DEBUG nova.servicegroup.drivers.db [None req-c2aec3eb-a92c-44e7-a62f-685b4d78b64c None None] DB_Driver: join new ServiceGroup member np0000002312 to the scheduler group, service = {{(pid=95816) join /opt/stack/nova/nova/servicegroup/drivers/db.py:44}}
Jun 08 13:43:53.966239 np0000002312 nova-scheduler[95818]: DEBUG nova.service [None req-9b45181c-3768-4bc7-9979-87d2c6854330 None None] Join ServiceGroup membership for this service scheduler {{(pid=95818) start /opt/stack/nova/nova/service.py:221}}
Jun 08 13:43:53.966447 np0000002312 nova-scheduler[95818]: DEBUG nova.servicegroup.drivers.db [None req-9b45181c-3768-4bc7-9979-87d2c6854330 None None] DB_Driver: join new ServiceGroup member np0000002312 to the scheduler group, service = {{(pid=95818) join /opt/stack/nova/nova/servicegroup/drivers/db.py:44}}
Jun 08 13:43:56.971076 np0000002312 nova-scheduler[95818]: DEBUG oslo.service.backend._threading.loopingcall [None req-bf3b365f-182c-4733-af49-1418d3d34bdd None None] Dynamic interval looping call 'nova.service.Service.periodic_tasks' sleeping for 60.00 seconds {{(pid=95818) _run_loop /opt/stack/data/venv/lib/python3.12/site-packages/oslo_service/backend/_threading/loopingcall.py:125}}
Jun 08 13:43:58.967245 np0000002312 nova-scheduler[95790]: DEBUG oslo.service.backend._threading.loopingcall [-] Fixed interval looping call 'nova.servicegroup.drivers.db.DbDriver._report_state' sleeping for 119.99 seconds {{(pid=95790) _run_loop /opt/stack/data/venv/lib/python3.12/site-packages/oslo_service/backend/_threading/loopingcall.py:125}}
Jun 08 13:43:58.970079 np0000002312 nova-scheduler[95816]: DEBUG oslo.service.backend._threading.loopingcall [-] Fixed interval looping call 'nova.servicegroup.drivers.db.DbDriver._report_state' sleeping for 119.99 seconds {{(pid=95816) _run_loop /opt/stack/data/venv/lib/python3.12/site-packages/oslo_service/backend/_threading/loopingcall.py:125}}
Jun 08 13:43:58.979857 np0000002312 nova-scheduler[95818]: DEBUG oslo.service.backend._threading.loopingcall [-] Fixed interval looping call 'nova.servicegroup.drivers.db.DbDriver._report_state' sleeping for 119.99 seconds {{(pid=95818) _run_loop /opt/stack/data/venv/lib/python3.12/site-packages/oslo_service/backend/_threading/loopingcall.py:125}}
Jun 08 13:44:02.543925 np0000002312 nova-scheduler[94540]: DEBUG dbcounter [-] [94540] Writing DB stats nova_api:SELECT=3 {{(pid=94540) stat_writer /opt/stack/data/venv/lib/python3.12/site-packages/dbcounter.py:115}}
Jun 08 13:44:02.670208 np0000002312 nova-scheduler[94540]: DEBUG dbcounter [-] [94540] Writing DB stats nova_cell1:SELECT=1 {{(pid=94540) stat_writer /opt/stack/data/venv/lib/python3.12/site-packages/dbcounter.py:115}}
Jun 08 13:44:02.676452 np0000002312 nova-scheduler[94540]: DEBUG dbcounter [-] [94540] Writing DB stats nova_cell0:SELECT=1 {{(pid=94540) stat_writer /opt/stack/data/venv/lib/python3.12/site-packages/dbcounter.py:115}}
Jun 08 13:44:08.965066 np0000002312 nova-scheduler[95790]: DEBUG dbcounter [-] [95790] Writing DB stats nova_cell0:SELECT=4,nova_cell0:INSERT=1,nova_cell0:UPDATE=1 {{(pid=95790) stat_writer /opt/stack/data/venv/lib/python3.12/site-packages/dbcounter.py:115}}
Jun 08 13:44:08.966888 np0000002312 nova-scheduler[95816]: DEBUG dbcounter [-] [95816] Writing DB stats nova_cell0:SELECT=3 {{(pid=95816) stat_writer /opt/stack/data/venv/lib/python3.12/site-packages/dbcounter.py:115}}
Jun 08 13:44:08.977233 np0000002312 nova-scheduler[95818]: DEBUG dbcounter [-] [95818] Writing DB stats nova_cell0:SELECT=3 {{(pid=95818) stat_writer /opt/stack/data/venv/lib/python3.12/site-packages/dbcounter.py:115}}
Jun 08 13:44:16.953928 np0000002312 nova-scheduler[95790]: DEBUG oslo.service.backend._threading.loopingcall [None req-31293d35-bd91-4682-83dd-0993b5c7904c None None] Dynamic interval looping call 'nova.service.Service.periodic_tasks' sleeping for 60.00 seconds {{(pid=95790) _run_loop /opt/stack/data/venv/lib/python3.12/site-packages/oslo_service/backend/_threading/loopingcall.py:125}}
Jun 08 13:44:48.960165 np0000002312 nova-scheduler[95816]: DEBUG oslo.service.backend._threading.loopingcall [None req-faa350b0-43b8-4b12-a904-4fd2d8f4210d None None] Dynamic interval looping call 'nova.service.Service.periodic_tasks' sleeping for 60.00 seconds {{(pid=95816) _run_loop /opt/stack/data/venv/lib/python3.12/site-packages/oslo_service/backend/_threading/loopingcall.py:125}}
Jun 08 13:44:56.971646 np0000002312 nova-scheduler[95818]: DEBUG oslo.service.backend._threading.loopingcall [None req-bf3b365f-182c-4733-af49-1418d3d34bdd None None] Dynamic interval looping call 'nova.service.Service.periodic_tasks' sleeping for 60.00 seconds {{(pid=95818) _run_loop /opt/stack/data/venv/lib/python3.12/site-packages/oslo_service/backend/_threading/loopingcall.py:125}}
Jun 08 13:45:16.954380 np0000002312 nova-scheduler[95790]: DEBUG oslo.service.backend._threading.loopingcall [None req-31293d35-bd91-4682-83dd-0993b5c7904c None None] Dynamic interval looping call 'nova.service.Service.periodic_tasks' sleeping for 60.00 seconds {{(pid=95790) _run_loop /opt/stack/data/venv/lib/python3.12/site-packages/oslo_service/backend/_threading/loopingcall.py:125}}
Jun 08 13:45:48.961026 np0000002312 nova-scheduler[95816]: DEBUG oslo.service.backend._threading.loopingcall [None req-faa350b0-43b8-4b12-a904-4fd2d8f4210d None None] Dynamic interval looping call 'nova.service.Service.periodic_tasks' sleeping for 60.00 seconds {{(pid=95816) _run_loop /opt/stack/data/venv/lib/python3.12/site-packages/oslo_service/backend/_threading/loopingcall.py:125}}
Jun 08 13:45:56.972138 np0000002312 nova-scheduler[95818]: DEBUG oslo.service.backend._threading.loopingcall [None req-bf3b365f-182c-4733-af49-1418d3d34bdd None None] Dynamic interval looping call 'nova.service.Service.periodic_tasks' sleeping for 60.00 seconds {{(pid=95818) _run_loop /opt/stack/data/venv/lib/python3.12/site-packages/oslo_service/backend/_threading/loopingcall.py:125}}
Jun 08 13:45:58.966739 np0000002312 nova-scheduler[95790]: DEBUG oslo.service.backend._threading.loopingcall [-] Fixed interval looping call 'nova.servicegroup.drivers.db.DbDriver._report_state' sleeping for 119.99 seconds {{(pid=95790) _run_loop /opt/stack/data/venv/lib/python3.12/site-packages/oslo_service/backend/_threading/loopingcall.py:125}}
Jun 08 13:45:58.967099 np0000002312 nova-scheduler[95816]: DEBUG oslo.service.backend._threading.loopingcall [-] Fixed interval looping call 'nova.servicegroup.drivers.db.DbDriver._report_state' sleeping for 119.99 seconds {{(pid=95816) _run_loop /opt/stack/data/venv/lib/python3.12/site-packages/oslo_service/backend/_threading/loopingcall.py:125}}
Jun 08 13:45:58.973488 np0000002312 nova-scheduler[95818]: DEBUG oslo.service.backend._threading.loopingcall [-] Fixed interval looping call 'nova.servicegroup.drivers.db.DbDriver._report_state' sleeping for 120.00 seconds {{(pid=95818) _run_loop /opt/stack/data/venv/lib/python3.12/site-packages/oslo_service/backend/_threading/loopingcall.py:125}}
Jun 08 13:46:08.961338 np0000002312 nova-scheduler[95790]: DEBUG dbcounter [-] [95790] Writing DB stats nova_cell0:SELECT=1,nova_cell0:UPDATE=1 {{(pid=95790) stat_writer /opt/stack/data/venv/lib/python3.12/site-packages/dbcounter.py:115}}
Jun 08 13:46:08.964916 np0000002312 nova-scheduler[95816]: DEBUG dbcounter [-] [95816] Writing DB stats nova_cell0:SELECT=1,nova_cell0:UPDATE=1 {{(pid=95816) stat_writer /opt/stack/data/venv/lib/python3.12/site-packages/dbcounter.py:115}}
Jun 08 13:46:08.971820 np0000002312 nova-scheduler[95818]: DEBUG dbcounter [-] [95818] Writing DB stats nova_cell0:SELECT=1 {{(pid=95818) stat_writer /opt/stack/data/venv/lib/python3.12/site-packages/dbcounter.py:115}}
Jun 08 13:46:16.955393 np0000002312 nova-scheduler[95790]: DEBUG oslo.service.backend._threading.loopingcall [None req-31293d35-bd91-4682-83dd-0993b5c7904c None None] Dynamic interval looping call 'nova.service.Service.periodic_tasks' sleeping for 60.00 seconds {{(pid=95790) _run_loop /opt/stack/data/venv/lib/python3.12/site-packages/oslo_service/backend/_threading/loopingcall.py:125}}
Jun 08 13:46:25.160106 np0000002312 nova-scheduler[95790]: DEBUG nova.scheduler.manager [None req-d49ac73b-c4b4-48cc-8902-9219aab53778 tempest-ServerActionsTestOtherA-1239336914 tempest-ServerActionsTestOtherA-1239336914-project-member] Starting to schedule for instances: ['8be85ded-62b9-414f-9d2b-19120ab4271f'] {{(pid=95790) select_destinations /opt/stack/nova/nova/scheduler/manager.py:210}}
Jun 08 13:46:25.160687 np0000002312 nova-scheduler[95790]: DEBUG nova.scheduler.request_filter [None req-d49ac73b-c4b4-48cc-8902-9219aab53778 tempest-ServerActionsTestOtherA-1239336914 tempest-ServerActionsTestOtherA-1239336914-project-member] compute_status_filter request filter added forbidden trait COMPUTE_STATUS_DISABLED {{(pid=95790) compute_status_filter /opt/stack/nova/nova/scheduler/request_filter.py:253}}
Jun 08 13:46:25.160687 np0000002312 nova-scheduler[95790]: DEBUG nova.scheduler.request_filter [None req-d49ac73b-c4b4-48cc-8902-9219aab53778 tempest-ServerActionsTestOtherA-1239336914 tempest-ServerActionsTestOtherA-1239336914-project-member] Request filter 'compute_status_filter' took 0.0 seconds {{(pid=95790) wrapper /opt/stack/nova/nova/scheduler/request_filter.py:46}}
Jun 08 13:46:25.160687 np0000002312 nova-scheduler[95790]: DEBUG nova.scheduler.request_filter [None req-d49ac73b-c4b4-48cc-8902-9219aab53778 tempest-ServerActionsTestOtherA-1239336914 tempest-ServerActionsTestOtherA-1239336914-project-member] Request filter 'accelerators_filter' took 0.0 seconds {{(pid=95790) wrapper /opt/stack/nova/nova/scheduler/request_filter.py:46}}
Jun 08 13:46:25.160687 np0000002312 nova-scheduler[95790]: DEBUG nova.scheduler.request_filter [None req-d49ac73b-c4b4-48cc-8902-9219aab53778 tempest-ServerActionsTestOtherA-1239336914 tempest-ServerActionsTestOtherA-1239336914-project-member] Request filter 'packed_virtqueue_filter' took 0.0 seconds {{(pid=95790) wrapper /opt/stack/nova/nova/scheduler/request_filter.py:46}}
Jun 08 13:46:25.160891 np0000002312 nova-scheduler[95790]: DEBUG nova.scheduler.request_filter [None req-d49ac73b-c4b4-48cc-8902-9219aab53778 tempest-ServerActionsTestOtherA-1239336914 tempest-ServerActionsTestOtherA-1239336914-project-member] Request filter 'remote_managed_ports_filter' took 0.0 seconds {{(pid=95790) wrapper /opt/stack/nova/nova/scheduler/request_filter.py:46}}
Jun 08 13:46:25.160936 np0000002312 nova-scheduler[95790]: DEBUG nova.scheduler.request_filter [None req-d49ac73b-c4b4-48cc-8902-9219aab53778 tempest-ServerActionsTestOtherA-1239336914 tempest-ServerActionsTestOtherA-1239336914-project-member] ephemeral_encryption_filter skipped {{(pid=95790) ephemeral_encryption_filter /opt/stack/nova/nova/scheduler/request_filter.py:426}}
Jun 08 13:46:25.162087 np0000002312 nova-scheduler[95790]: DEBUG nova.scheduler.request_filter [None req-d49ac73b-c4b4-48cc-8902-9219aab53778 tempest-ServerActionsTestOtherA-1239336914 tempest-ServerActionsTestOtherA-1239336914-project-member] virtio_sound_filter skipped {{(pid=95790) virtio_sound_filter /opt/stack/nova/nova/scheduler/request_filter.py:460}}
Jun 08 13:46:25.162087 np0000002312 nova-scheduler[95790]: DEBUG nova.scheduler.request_filter [None req-d49ac73b-c4b4-48cc-8902-9219aab53778 tempest-ServerActionsTestOtherA-1239336914 tempest-ServerActionsTestOtherA-1239336914-project-member] tpm_secret_security_filter skipped {{(pid=95790) tpm_secret_security_filter /opt/stack/nova/nova/scheduler/request_filter.py:477}}
Jun 08 13:46:25.258132 np0000002312 nova-scheduler[95816]: DEBUG nova.scheduler.manager [None req-afa4ba37-e6b5-4ddb-a7cc-0fdb18c072c7 tempest-AttachVolumeNegativeTest-793931063 tempest-AttachVolumeNegativeTest-793931063-project-member] Starting to schedule for instances: ['af99ef9a-df93-4854-8297-8ca238890aad'] {{(pid=95816) select_destinations /opt/stack/nova/nova/scheduler/manager.py:210}}
Jun 08 13:46:25.258723 np0000002312 nova-scheduler[95816]: DEBUG nova.scheduler.request_filter [None req-afa4ba37-e6b5-4ddb-a7cc-0fdb18c072c7 tempest-AttachVolumeNegativeTest-793931063 tempest-AttachVolumeNegativeTest-793931063-project-member] compute_status_filter request filter added forbidden trait COMPUTE_STATUS_DISABLED {{(pid=95816) compute_status_filter /opt/stack/nova/nova/scheduler/request_filter.py:253}}
Jun 08 13:46:25.260243 np0000002312 nova-scheduler[95816]: DEBUG nova.scheduler.request_filter [None req-afa4ba37-e6b5-4ddb-a7cc-0fdb18c072c7 tempest-AttachVolumeNegativeTest-793931063 tempest-AttachVolumeNegativeTest-793931063-project-member] Request filter 'compute_status_filter' took 0.0 seconds {{(pid=95816) wrapper /opt/stack/nova/nova/scheduler/request_filter.py:46}}
Jun 08 13:46:25.260243 np0000002312 nova-scheduler[95816]: DEBUG nova.scheduler.request_filter [None req-afa4ba37-e6b5-4ddb-a7cc-0fdb18c072c7 tempest-AttachVolumeNegativeTest-793931063 tempest-AttachVolumeNegativeTest-793931063-project-member] Request filter 'accelerators_filter' took 0.0 seconds {{(pid=95816) wrapper /opt/stack/nova/nova/scheduler/request_filter.py:46}}
Jun 08 13:46:25.260243 np0000002312 nova-scheduler[95816]: DEBUG nova.scheduler.request_filter [None req-afa4ba37-e6b5-4ddb-a7cc-0fdb18c072c7 tempest-AttachVolumeNegativeTest-793931063 tempest-AttachVolumeNegativeTest-793931063-project-member] Request filter 'packed_virtqueue_filter' took 0.0 seconds {{(pid=95816) wrapper /opt/stack/nova/nova/scheduler/request_filter.py:46}}
Jun 08 13:46:25.260243 np0000002312 nova-scheduler[95816]: DEBUG nova.scheduler.request_filter [None req-afa4ba37-e6b5-4ddb-a7cc-0fdb18c072c7 tempest-AttachVolumeNegativeTest-793931063 tempest-AttachVolumeNegativeTest-793931063-project-member] Request filter 'remote_managed_ports_filter' took 0.0 seconds {{(pid=95816) wrapper /opt/stack/nova/nova/scheduler/request_filter.py:46}}
Jun 08 13:46:25.260243 np0000002312 nova-scheduler[95816]: DEBUG nova.scheduler.request_filter [None req-afa4ba37-e6b5-4ddb-a7cc-0fdb18c072c7 tempest-AttachVolumeNegativeTest-793931063 tempest-AttachVolumeNegativeTest-793931063-project-member] ephemeral_encryption_filter skipped {{(pid=95816) ephemeral_encryption_filter /opt/stack/nova/nova/scheduler/request_filter.py:426}}
Jun 08 13:46:25.260605 np0000002312 nova-scheduler[95816]: DEBUG nova.scheduler.request_filter [None req-afa4ba37-e6b5-4ddb-a7cc-0fdb18c072c7 tempest-AttachVolumeNegativeTest-793931063 tempest-AttachVolumeNegativeTest-793931063-project-member] virtio_sound_filter skipped {{(pid=95816) virtio_sound_filter /opt/stack/nova/nova/scheduler/request_filter.py:460}}
Jun 08 13:46:25.260793 np0000002312 nova-scheduler[95816]: DEBUG nova.scheduler.request_filter [None req-afa4ba37-e6b5-4ddb-a7cc-0fdb18c072c7 tempest-AttachVolumeNegativeTest-793931063 tempest-AttachVolumeNegativeTest-793931063-project-member] tpm_secret_security_filter skipped {{(pid=95816) tpm_secret_security_filter /opt/stack/nova/nova/scheduler/request_filter.py:477}}
Jun 08 13:46:25.681871 np0000002312 nova-scheduler[95816]: INFO nova.utils [None req-afa4ba37-e6b5-4ddb-a7cc-0fdb18c072c7 tempest-AttachVolumeNegativeTest-793931063 tempest-AttachVolumeNegativeTest-793931063-project-member] The cell worker thread pool ForkProcess-2.cell_worker is initialized
Jun 08 13:46:25.682208 np0000002312 nova-scheduler[95816]: DEBUG oslo_concurrency.lockutils [None req-afa4ba37-e6b5-4ddb-a7cc-0fdb18c072c7 tempest-AttachVolumeNegativeTest-793931063 tempest-AttachVolumeNegativeTest-793931063-project-member] Acquiring lock "bb949d6f-f15e-41ca-b9c4-7d0c2295d500" by "nova.context.set_target_cell..get_or_set_cached_cell_and_set_connections" {{(pid=95816) inner /opt/stack/data/venv/lib/python3.12/site-packages/oslo_concurrency/lockutils.py:511}}
Jun 08 13:46:25.682464 np0000002312 nova-scheduler[95816]: DEBUG oslo_concurrency.lockutils [None req-afa4ba37-e6b5-4ddb-a7cc-0fdb18c072c7 tempest-AttachVolumeNegativeTest-793931063 tempest-AttachVolumeNegativeTest-793931063-project-member] Lock "bb949d6f-f15e-41ca-b9c4-7d0c2295d500" acquired by "nova.context.set_target_cell..get_or_set_cached_cell_and_set_connections" :: waited 0.000s {{(pid=95816) inner /opt/stack/data/venv/lib/python3.12/site-packages/oslo_concurrency/lockutils.py:524}}
Jun 08 13:46:25.684121 np0000002312 nova-scheduler[95816]: DEBUG oslo_concurrency.lockutils [None req-afa4ba37-e6b5-4ddb-a7cc-0fdb18c072c7 tempest-AttachVolumeNegativeTest-793931063 tempest-AttachVolumeNegativeTest-793931063-project-member] Lock "bb949d6f-f15e-41ca-b9c4-7d0c2295d500" "released" by "nova.context.set_target_cell..get_or_set_cached_cell_and_set_connections" :: held 0.001s {{(pid=95816) inner /opt/stack/data/venv/lib/python3.12/site-packages/oslo_concurrency/lockutils.py:543}}
Jun 08 13:46:25.686145 np0000002312 nova-scheduler[95816]: INFO dbcounter [None req-afa4ba37-e6b5-4ddb-a7cc-0fdb18c072c7 tempest-AttachVolumeNegativeTest-793931063 tempest-AttachVolumeNegativeTest-793931063-project-member] Registered counter for database nova_cell1
Jun 08 13:46:25.733612 np0000002312 nova-scheduler[95816]: DEBUG oslo_db.sqlalchemy.engines [None req-afa4ba37-e6b5-4ddb-a7cc-0fdb18c072c7 tempest-AttachVolumeNegativeTest-793931063 tempest-AttachVolumeNegativeTest-793931063-project-member] MySQL server mode set to STRICT_TRANS_TABLES,STRICT_ALL_TABLES,NO_ZERO_IN_DATE,NO_ZERO_DATE,ERROR_FOR_DIVISION_BY_ZERO,TRADITIONAL,NO_ENGINE_SUBSTITUTION {{(pid=95816) _check_effective_sql_mode /opt/stack/data/venv/lib/python3.12/site-packages/oslo_db/sqlalchemy/engines.py:325}}
Jun 08 13:46:25.738505 np0000002312 nova-scheduler[95816]: DEBUG dbcounter [-] [95816] Writer thread running {{(pid=95816) stat_writer /opt/stack/data/venv/lib/python3.12/site-packages/dbcounter.py:102}}
Jun 08 13:46:25.751654 np0000002312 nova-scheduler[95816]: DEBUG oslo_db.sqlalchemy.engines [None req-afa4ba37-e6b5-4ddb-a7cc-0fdb18c072c7 tempest-AttachVolumeNegativeTest-793931063 tempest-AttachVolumeNegativeTest-793931063-project-member] Parent process 94540 forked (95816) with an open database connection, which is being discarded and recreated. {{(pid=95816) checkout /opt/stack/data/venv/lib/python3.12/site-packages/oslo_db/sqlalchemy/engines.py:402}}
Jun 08 13:46:25.794734 np0000002312 nova-scheduler[95790]: INFO nova.utils [None req-d49ac73b-c4b4-48cc-8902-9219aab53778 tempest-ServerActionsTestOtherA-1239336914 tempest-ServerActionsTestOtherA-1239336914-project-member] The cell worker thread pool ForkProcess-1.cell_worker is initialized
Jun 08 13:46:25.795080 np0000002312 nova-scheduler[95790]: DEBUG oslo_concurrency.lockutils [None req-d49ac73b-c4b4-48cc-8902-9219aab53778 tempest-ServerActionsTestOtherA-1239336914 tempest-ServerActionsTestOtherA-1239336914-project-member] Acquiring lock "bb949d6f-f15e-41ca-b9c4-7d0c2295d500" by "nova.context.set_target_cell..get_or_set_cached_cell_and_set_connections" {{(pid=95790) inner /opt/stack/data/venv/lib/python3.12/site-packages/oslo_concurrency/lockutils.py:511}}
Jun 08 13:46:25.795276 np0000002312 nova-scheduler[95790]: DEBUG oslo_concurrency.lockutils [None req-d49ac73b-c4b4-48cc-8902-9219aab53778 tempest-ServerActionsTestOtherA-1239336914 tempest-ServerActionsTestOtherA-1239336914-project-member] Lock "bb949d6f-f15e-41ca-b9c4-7d0c2295d500" acquired by "nova.context.set_target_cell..get_or_set_cached_cell_and_set_connections" :: waited 0.000s {{(pid=95790) inner /opt/stack/data/venv/lib/python3.12/site-packages/oslo_concurrency/lockutils.py:524}}
Jun 08 13:46:25.796488 np0000002312 nova-scheduler[95790]: DEBUG oslo_concurrency.lockutils [None req-d49ac73b-c4b4-48cc-8902-9219aab53778 tempest-ServerActionsTestOtherA-1239336914 tempest-ServerActionsTestOtherA-1239336914-project-member] Lock "bb949d6f-f15e-41ca-b9c4-7d0c2295d500" "released" by "nova.context.set_target_cell..get_or_set_cached_cell_and_set_connections" :: held 0.001s {{(pid=95790) inner /opt/stack/data/venv/lib/python3.12/site-packages/oslo_concurrency/lockutils.py:543}}
Jun 08 13:46:25.798059 np0000002312 nova-scheduler[95790]: INFO dbcounter [None req-d49ac73b-c4b4-48cc-8902-9219aab53778 tempest-ServerActionsTestOtherA-1239336914 tempest-ServerActionsTestOtherA-1239336914-project-member] Registered counter for database nova_cell1
Jun 08 13:46:25.804768 np0000002312 nova-scheduler[95816]: DEBUG dbcounter [-] [95816] Writer thread running {{(pid=95816) stat_writer /opt/stack/data/venv/lib/python3.12/site-packages/dbcounter.py:102}}
Jun 08 13:46:25.807738 np0000002312 nova-scheduler[95816]: DEBUG oslo_concurrency.lockutils [None req-afa4ba37-e6b5-4ddb-a7cc-0fdb18c072c7 tempest-AttachVolumeNegativeTest-793931063 tempest-AttachVolumeNegativeTest-793931063-project-member] Acquiring lock "bb949d6f-f15e-41ca-b9c4-7d0c2295d500" by "nova.context.set_target_cell..get_or_set_cached_cell_and_set_connections" {{(pid=95816) inner /opt/stack/data/venv/lib/python3.12/site-packages/oslo_concurrency/lockutils.py:511}}
Jun 08 13:46:25.807738 np0000002312 nova-scheduler[95816]: DEBUG oslo_concurrency.lockutils [None req-afa4ba37-e6b5-4ddb-a7cc-0fdb18c072c7 tempest-AttachVolumeNegativeTest-793931063 tempest-AttachVolumeNegativeTest-793931063-project-member] Lock "bb949d6f-f15e-41ca-b9c4-7d0c2295d500" acquired by "nova.context.set_target_cell..get_or_set_cached_cell_and_set_connections" :: waited 0.000s {{(pid=95816) inner /opt/stack/data/venv/lib/python3.12/site-packages/oslo_concurrency/lockutils.py:524}}
Jun 08 13:46:25.807738 np0000002312 nova-scheduler[95816]: DEBUG oslo_concurrency.lockutils [None req-afa4ba37-e6b5-4ddb-a7cc-0fdb18c072c7 tempest-AttachVolumeNegativeTest-793931063 tempest-AttachVolumeNegativeTest-793931063-project-member] Lock "bb949d6f-f15e-41ca-b9c4-7d0c2295d500" "released" by "nova.context.set_target_cell..get_or_set_cached_cell_and_set_connections" :: held 0.000s {{(pid=95816) inner /opt/stack/data/venv/lib/python3.12/site-packages/oslo_concurrency/lockutils.py:543}}
Jun 08 13:46:25.812446 np0000002312 nova-scheduler[95816]: DEBUG oslo_concurrency.lockutils [None req-afa4ba37-e6b5-4ddb-a7cc-0fdb18c072c7 tempest-AttachVolumeNegativeTest-793931063 tempest-AttachVolumeNegativeTest-793931063-project-member] Acquiring lock "('np0000002312', 'np0000002312')" by "nova.scheduler.host_manager.HostState.update.._locked_update" {{(pid=95816) inner /opt/stack/data/venv/lib/python3.12/site-packages/oslo_concurrency/lockutils.py:511}}
Jun 08 13:46:25.812612 np0000002312 nova-scheduler[95816]: DEBUG oslo_concurrency.lockutils [None req-afa4ba37-e6b5-4ddb-a7cc-0fdb18c072c7 tempest-AttachVolumeNegativeTest-793931063 tempest-AttachVolumeNegativeTest-793931063-project-member] Lock "('np0000002312', 'np0000002312')" acquired by "nova.scheduler.host_manager.HostState.update.._locked_update" :: waited 0.000s {{(pid=95816) inner /opt/stack/data/venv/lib/python3.12/site-packages/oslo_concurrency/lockutils.py:524}}
Jun 08 13:46:25.814025 np0000002312 nova-scheduler[95816]: DEBUG nova.scheduler.host_manager [None req-afa4ba37-e6b5-4ddb-a7cc-0fdb18c072c7 tempest-AttachVolumeNegativeTest-793931063 tempest-AttachVolumeNegativeTest-793931063-project-member] Update host state from compute node: ComputeNode(cpu_allocation_ratio=4.0,cpu_info='{"arch": "x86_64", "model": "EPYC-Milan", "vendor": "AMD", "topology": {"cells": 1, "sockets": 12, "cores": 1, "threads": 1}, "maxphysaddr": {"mode": "emulate", "bits": 40}, "features": ["pat", "cr8legacy", "tsc_adjust", "fxsr", "pse36", "fma", "adx", "pse", "fpu", "msr", "pcid", "mmxext", "clflushopt", "arch-capabilities", "mca", "rdseed", "xsaves", "arat", "smap", "umip", "tsc-scale", "aes", "ssbd", "fsgsbase", "flushbyasid", "fxsr_opt", "clzero", "movbe", "sha-ni", "xsaveopt", "avx2", "sse4.2", "vmcb-clean", "smep", "pni", "topoext", "ssse3", "ibrs", "v-vmsave-vmload", "misalignsse", "sse4a", "xsave", "npt", "de", "lm", "stibp-always-on", "xsavec", "mtrr", "tsc", "lbrv", "pku", "sse", "cmp_legacy", "f16c", "fsrm", "gds-no", "xgetbv1", "invpcid", "nx", "vme", "cx16", "avx", "pge", "rdpid", "clwb", "mmx", "sep", "lahf_lm", "osvw", "svme-addr-chk", "tsc-deadline", "pfthreshold", "pae", "pdpe1gb", "pclmuldq", "cmov", "nrip-save", "bmi2", "clflush", "sse2", "bmi1", "ibpb", "xsaveerptr", "rdtscp", "vaes", "syscall", "apic", "mce", "pschange-mc-no", "pause-filter", "vgif", "sse4.1", "null-sel-clr-base", "svm", "wbnoinvd", "lfence-always-serializing", "3dnowprefetch", "erms", "perfctr_core", "mds-no", "rdctl-no", "vpclmulqdq", "rdrand", "hypervisor", "spec-ctrl", "amd-ssbd", "no-nested-data-bp", "x2apic", "cx8", "popcnt", "stibp", "amd-psfd", "abm", "skip-l1dfl-vmentry", "virt-ssbd", "amd-stibp"]}',created_at=2026-06-08T13:44:18Z,current_workload=0,deleted=False,deleted_at=None,disk_allocation_ratio=1.0,disk_available_least=74,free_disk_gb=95,free_ram_mb=23518,host='np0000002312',host_ip=10.4.3.181,hypervisor_hostname='np0000002312',hypervisor_type='QEMU',hypervisor_version=8002002,id=1,local_gb=95,local_gb_used=0,mapped=1,memory_mb=24030,memory_mb_used=512,metrics='[]',numa_topology='{"nova_object.name": "NUMATopology", "nova_object.namespace": "nova", "nova_object.version": "1.2", "nova_object.data": {"cells": [{"nova_object.name": "NUMACell", "nova_object.namespace": "nova", "nova_object.version": "1.5", "nova_object.data": {"id": 0, "cpuset": [0, 1, 2, 3, 4, 5, 6, 7, 8, 9, 10, 11], "pcpuset": [0, 1, 2, 3, 4, 5, 6, 7, 8, 9, 10, 11], "memory": 24030, "cpu_usage": 0, "memory_usage": 0, "pinned_cpus": [], "siblings": [[6], [2], [5], [11], [8], [4], [1], [7], [10], [0], [3], [9]], "mempages": [{"nova_object.name": "NUMAPagesTopology", "nova_object.namespace": "nova", "nova_object.version": "1.1", "nova_object.data": {"size_kb": 4, "total": 6151798, "used": 0, "reserved": 0}, "nova_object.changes": ["total", "size_kb", "reserved", "used"]}, {"nova_object.name": "NUMAPagesTopology", "nova_object.namespace": "nova", "nova_object.version": "1.1", "nova_object.data": {"size_kb": 2048, "total": 0, "used": 0, "reserved": 0}, "nova_object.changes": ["total", "size_kb", "reserved", "used"]}, {"nova_object.name": "NUMAPagesTopology", "nova_object.namespace": "nova", "nova_object.version": "1.1", "nova_object.data": {"size_kb": 1048576, "total": 0, "used": 0, "reserved": 0}, "nova_object.changes": ["total", "size_kb", "reserved", "used"]}], "network_metadata": {"nova_object.name": "NetworkMetadata", "nova_object.namespace": "nova", "nova_object.version": "1.0", "nova_object.data": {"physnets": [], "tunneled": false}, "nova_object.changes": ["tunneled", "physnets"]}, "socket": null}, "nova_object.changes": ["cpu_usage", "cpuset", "siblings", "socket", "memory", "pinned_cpus", "memory_usage", "pcpuset", "mempages", "network_metadata", "id"]}]}, "nova_object.changes": ["cells"]}',pci_device_pools=PciDevicePoolList,ram_allocation_ratio=1.0,running_vms=0,service_id=3,stats={failed_builds='0',uptime=' 13:46:04 up 28 min, 2 users, load average: 1.29, 1.45, 0.85
Jun 08 13:46:25.814025 np0000002312 nova-scheduler[95816]: '},supported_hv_specs=[HVSpec,HVSpec,HVSpec,HVSpec,HVSpec,HVSpec,HVSpec,HVSpec,HVSpec,HVSpec,HVSpec,HVSpec,HVSpec,HVSpec,HVSpec,HVSpec,HVSpec,HVSpec,HVSpec,HVSpec,HVSpec,HVSpec,HVSpec,HVSpec,HVSpec],updated_at=2026-06-08T13:46:07Z,uuid=6e64b5f7-d11b-465f-8f1f-319c99664cd7,vcpus=12,vcpus_used=0) {{(pid=95816) _locked_update /opt/stack/nova/nova/scheduler/host_manager.py:168}}
Jun 08 13:46:25.814876 np0000002312 nova-scheduler[95816]: DEBUG nova.scheduler.host_manager [None req-afa4ba37-e6b5-4ddb-a7cc-0fdb18c072c7 tempest-AttachVolumeNegativeTest-793931063 tempest-AttachVolumeNegativeTest-793931063-project-member] Update host state with aggregates: [] {{(pid=95816) _locked_update /opt/stack/nova/nova/scheduler/host_manager.py:171}}
Jun 08 13:46:25.815032 np0000002312 nova-scheduler[95816]: DEBUG nova.scheduler.host_manager [None req-afa4ba37-e6b5-4ddb-a7cc-0fdb18c072c7 tempest-AttachVolumeNegativeTest-793931063 tempest-AttachVolumeNegativeTest-793931063-project-member] Update host state with service dict: {'id': 3, 'uuid': '36831af2-62ee-47e5-9c00-6e42156310e9', 'host': 'np0000002312', 'binary': 'nova-compute', 'topic': 'compute', 'report_count': 1, 'disabled': False, 'disabled_reason': None, 'last_seen_up': datetime.datetime(2026, 6, 8, 13, 44, 27, tzinfo=datetime.timezone.utc), 'forced_down': False, 'version': 72, 'created_at': datetime.datetime(2026, 6, 8, 13, 44, 17, tzinfo=datetime.timezone.utc), 'updated_at': datetime.datetime(2026, 6, 8, 13, 44, 27, tzinfo=datetime.timezone.utc), 'deleted_at': None, 'deleted': False} {{(pid=95816) _locked_update /opt/stack/nova/nova/scheduler/host_manager.py:174}}
Jun 08 13:46:25.815188 np0000002312 nova-scheduler[95816]: DEBUG nova.scheduler.host_manager [None req-afa4ba37-e6b5-4ddb-a7cc-0fdb18c072c7 tempest-AttachVolumeNegativeTest-793931063 tempest-AttachVolumeNegativeTest-793931063-project-member] Update host state with instances: [] {{(pid=95816) _locked_update /opt/stack/nova/nova/scheduler/host_manager.py:177}}
Jun 08 13:46:25.815373 np0000002312 nova-scheduler[95816]: DEBUG oslo_concurrency.lockutils [None req-afa4ba37-e6b5-4ddb-a7cc-0fdb18c072c7 tempest-AttachVolumeNegativeTest-793931063 tempest-AttachVolumeNegativeTest-793931063-project-member] Lock "('np0000002312', 'np0000002312')" "released" by "nova.scheduler.host_manager.HostState.update.._locked_update" :: held 0.003s {{(pid=95816) inner /opt/stack/data/venv/lib/python3.12/site-packages/oslo_concurrency/lockutils.py:543}}
Jun 08 13:46:25.816393 np0000002312 nova-scheduler[95816]: DEBUG nova.filters [None req-afa4ba37-e6b5-4ddb-a7cc-0fdb18c072c7 tempest-AttachVolumeNegativeTest-793931063 tempest-AttachVolumeNegativeTest-793931063-project-member] Starting with 1 host(s) {{(pid=95816) get_filtered_objects /opt/stack/nova/nova/filters.py:70}}
Jun 08 13:46:25.816393 np0000002312 nova-scheduler[95816]: DEBUG nova.filters [None req-afa4ba37-e6b5-4ddb-a7cc-0fdb18c072c7 tempest-AttachVolumeNegativeTest-793931063 tempest-AttachVolumeNegativeTest-793931063-project-member] Filter ComputeFilter returned 1 host(s) {{(pid=95816) get_filtered_objects /opt/stack/nova/nova/filters.py:102}}
Jun 08 13:46:25.816571 np0000002312 nova-scheduler[95816]: DEBUG nova.filters [None req-afa4ba37-e6b5-4ddb-a7cc-0fdb18c072c7 tempest-AttachVolumeNegativeTest-793931063 tempest-AttachVolumeNegativeTest-793931063-project-member] Filter ComputeCapabilitiesFilter returned 1 host(s) {{(pid=95816) get_filtered_objects /opt/stack/nova/nova/filters.py:102}}
Jun 08 13:46:25.816775 np0000002312 nova-scheduler[95816]: DEBUG nova.filters [None req-afa4ba37-e6b5-4ddb-a7cc-0fdb18c072c7 tempest-AttachVolumeNegativeTest-793931063 tempest-AttachVolumeNegativeTest-793931063-project-member] Filter ImagePropertiesFilter returned 1 host(s) {{(pid=95816) get_filtered_objects /opt/stack/nova/nova/filters.py:102}}
Jun 08 13:46:25.816933 np0000002312 nova-scheduler[95816]: DEBUG nova.filters [None req-afa4ba37-e6b5-4ddb-a7cc-0fdb18c072c7 tempest-AttachVolumeNegativeTest-793931063 tempest-AttachVolumeNegativeTest-793931063-project-member] Filter ServerGroupAntiAffinityFilter returned 1 host(s) {{(pid=95816) get_filtered_objects /opt/stack/nova/nova/filters.py:102}}
Jun 08 13:46:25.817067 np0000002312 nova-scheduler[95816]: DEBUG nova.filters [None req-afa4ba37-e6b5-4ddb-a7cc-0fdb18c072c7 tempest-AttachVolumeNegativeTest-793931063 tempest-AttachVolumeNegativeTest-793931063-project-member] Filter ServerGroupAffinityFilter returned 1 host(s) {{(pid=95816) get_filtered_objects /opt/stack/nova/nova/filters.py:102}}
Jun 08 13:46:25.817219 np0000002312 nova-scheduler[95816]: DEBUG nova.filters [None req-afa4ba37-e6b5-4ddb-a7cc-0fdb18c072c7 tempest-AttachVolumeNegativeTest-793931063 tempest-AttachVolumeNegativeTest-793931063-project-member] Filter SameHostFilter returned 1 host(s) {{(pid=95816) get_filtered_objects /opt/stack/nova/nova/filters.py:102}}
Jun 08 13:46:25.817366 np0000002312 nova-scheduler[95816]: DEBUG nova.filters [None req-afa4ba37-e6b5-4ddb-a7cc-0fdb18c072c7 tempest-AttachVolumeNegativeTest-793931063 tempest-AttachVolumeNegativeTest-793931063-project-member] Filter DifferentHostFilter returned 1 host(s) {{(pid=95816) get_filtered_objects /opt/stack/nova/nova/filters.py:102}}
Jun 08 13:46:25.817600 np0000002312 nova-scheduler[95816]: DEBUG nova.scheduler.manager [None req-afa4ba37-e6b5-4ddb-a7cc-0fdb18c072c7 tempest-AttachVolumeNegativeTest-793931063 tempest-AttachVolumeNegativeTest-793931063-project-member] Filtered [(np0000002312, np0000002312) ram: 23518MB disk: 75776MB io_ops: 0 instances: 0, allocation_candidates: 1] {{(pid=95816) _get_sorted_hosts /opt/stack/nova/nova/scheduler/manager.py:743}}
Jun 08 13:46:25.817702 np0000002312 nova-scheduler[95816]: DEBUG nova.scheduler.manager [None req-afa4ba37-e6b5-4ddb-a7cc-0fdb18c072c7 tempest-AttachVolumeNegativeTest-793931063 tempest-AttachVolumeNegativeTest-793931063-project-member] Weighed [WeighedHost [host: (np0000002312, np0000002312) ram: 23518MB disk: 75776MB io_ops: 0 instances: 0, allocation_candidates: 1, weight: 0.0]] {{(pid=95816) _get_sorted_hosts /opt/stack/nova/nova/scheduler/manager.py:765}}
Jun 08 13:46:25.817864 np0000002312 nova-scheduler[95816]: DEBUG nova.scheduler.utils [None req-afa4ba37-e6b5-4ddb-a7cc-0fdb18c072c7 tempest-AttachVolumeNegativeTest-793931063 tempest-AttachVolumeNegativeTest-793931063-project-member] Attempting to claim resources in the placement API for instance af99ef9a-df93-4854-8297-8ca238890aad {{(pid=95816) claim_resources /opt/stack/nova/nova/scheduler/utils.py:1345}}
Jun 08 13:46:25.841709 np0000002312 nova-scheduler[95790]: DEBUG oslo_db.sqlalchemy.engines [None req-d49ac73b-c4b4-48cc-8902-9219aab53778 tempest-ServerActionsTestOtherA-1239336914 tempest-ServerActionsTestOtherA-1239336914-project-member] MySQL server mode set to STRICT_TRANS_TABLES,STRICT_ALL_TABLES,NO_ZERO_IN_DATE,NO_ZERO_DATE,ERROR_FOR_DIVISION_BY_ZERO,TRADITIONAL,NO_ENGINE_SUBSTITUTION {{(pid=95790) _check_effective_sql_mode /opt/stack/data/venv/lib/python3.12/site-packages/oslo_db/sqlalchemy/engines.py:325}}
Jun 08 13:46:25.847909 np0000002312 nova-scheduler[95790]: DEBUG dbcounter [-] [95790] Writer thread running {{(pid=95790) stat_writer /opt/stack/data/venv/lib/python3.12/site-packages/dbcounter.py:102}}
Jun 08 13:46:25.912841 np0000002312 nova-scheduler[95790]: DEBUG dbcounter [-] [95790] Writer thread running {{(pid=95790) stat_writer /opt/stack/data/venv/lib/python3.12/site-packages/dbcounter.py:102}}
Jun 08 13:46:25.915167 np0000002312 nova-scheduler[95790]: DEBUG oslo_concurrency.lockutils [None req-d49ac73b-c4b4-48cc-8902-9219aab53778 tempest-ServerActionsTestOtherA-1239336914 tempest-ServerActionsTestOtherA-1239336914-project-member] Acquiring lock "bb949d6f-f15e-41ca-b9c4-7d0c2295d500" by "nova.context.set_target_cell..get_or_set_cached_cell_and_set_connections" {{(pid=95790) inner /opt/stack/data/venv/lib/python3.12/site-packages/oslo_concurrency/lockutils.py:511}}
Jun 08 13:46:25.915315 np0000002312 nova-scheduler[95790]: DEBUG oslo_concurrency.lockutils [None req-d49ac73b-c4b4-48cc-8902-9219aab53778 tempest-ServerActionsTestOtherA-1239336914 tempest-ServerActionsTestOtherA-1239336914-project-member] Lock "bb949d6f-f15e-41ca-b9c4-7d0c2295d500" acquired by "nova.context.set_target_cell..get_or_set_cached_cell_and_set_connections" :: waited 0.000s {{(pid=95790) inner /opt/stack/data/venv/lib/python3.12/site-packages/oslo_concurrency/lockutils.py:524}}
Jun 08 13:46:25.915419 np0000002312 nova-scheduler[95790]: DEBUG oslo_concurrency.lockutils [None req-d49ac73b-c4b4-48cc-8902-9219aab53778 tempest-ServerActionsTestOtherA-1239336914 tempest-ServerActionsTestOtherA-1239336914-project-member] Lock "bb949d6f-f15e-41ca-b9c4-7d0c2295d500" "released" by "nova.context.set_target_cell..get_or_set_cached_cell_and_set_connections" :: held 0.000s {{(pid=95790) inner /opt/stack/data/venv/lib/python3.12/site-packages/oslo_concurrency/lockutils.py:543}}
Jun 08 13:46:25.919307 np0000002312 nova-scheduler[95790]: DEBUG oslo_concurrency.lockutils [None req-d49ac73b-c4b4-48cc-8902-9219aab53778 tempest-ServerActionsTestOtherA-1239336914 tempest-ServerActionsTestOtherA-1239336914-project-member] Acquiring lock "('np0000002312', 'np0000002312')" by "nova.scheduler.host_manager.HostState.update.._locked_update" {{(pid=95790) inner /opt/stack/data/venv/lib/python3.12/site-packages/oslo_concurrency/lockutils.py:511}}
Jun 08 13:46:25.919307 np0000002312 nova-scheduler[95790]: DEBUG oslo_concurrency.lockutils [None req-d49ac73b-c4b4-48cc-8902-9219aab53778 tempest-ServerActionsTestOtherA-1239336914 tempest-ServerActionsTestOtherA-1239336914-project-member] Lock "('np0000002312', 'np0000002312')" acquired by "nova.scheduler.host_manager.HostState.update.._locked_update" :: waited 0.000s {{(pid=95790) inner /opt/stack/data/venv/lib/python3.12/site-packages/oslo_concurrency/lockutils.py:524}}
