May 20 19:55:50.951530 np0000001109 nova-scheduler[95801]: DEBUG cotyledon.oslo_config_glue [-] oslo_limit.auth_section = None {{(pid=95801) log_opt_values /opt/stack/data/venv/lib/python3.12/site-packages/oslo_config/cfg.py:3256}}
May 20 19:55:50.951530 np0000001109 nova-scheduler[95801]: DEBUG cotyledon.oslo_config_glue [-] oslo_limit.auth_type = None {{(pid=95801) log_opt_values /opt/stack/data/venv/lib/python3.12/site-packages/oslo_config/cfg.py:3256}}
May 20 19:55:50.951530 np0000001109 nova-scheduler[95801]: DEBUG cotyledon.oslo_config_glue [-] oslo_limit.cafile = None {{(pid=95801) log_opt_values /opt/stack/data/venv/lib/python3.12/site-packages/oslo_config/cfg.py:3256}}
May 20 19:55:50.951530 np0000001109 nova-scheduler[95801]: DEBUG cotyledon.oslo_config_glue [-] oslo_limit.certfile = None {{(pid=95801) log_opt_values /opt/stack/data/venv/lib/python3.12/site-packages/oslo_config/cfg.py:3256}}
May 20 19:55:50.951530 np0000001109 nova-scheduler[95801]: DEBUG cotyledon.oslo_config_glue [-] oslo_limit.collect_timing = False {{(pid=95801) log_opt_values /opt/stack/data/venv/lib/python3.12/site-packages/oslo_config/cfg.py:3256}}
May 20 19:55:50.951530 np0000001109 nova-scheduler[95801]: DEBUG cotyledon.oslo_config_glue [-] oslo_limit.connect_retries = None {{(pid=95801) log_opt_values /opt/stack/data/venv/lib/python3.12/site-packages/oslo_config/cfg.py:3256}}
May 20 19:55:50.951530 np0000001109 nova-scheduler[95801]: DEBUG cotyledon.oslo_config_glue [-] oslo_limit.connect_retry_delay = None {{(pid=95801) log_opt_values /opt/stack/data/venv/lib/python3.12/site-packages/oslo_config/cfg.py:3256}}
May 20 19:55:50.951530 np0000001109 nova-scheduler[95801]: DEBUG cotyledon.oslo_config_glue [-] oslo_limit.endpoint_id = None {{(pid=95801) log_opt_values /opt/stack/data/venv/lib/python3.12/site-packages/oslo_config/cfg.py:3256}}
May 20 19:55:50.951752 np0000001109 nova-scheduler[95801]: DEBUG cotyledon.oslo_config_glue [-] oslo_limit.endpoint_interface = public {{(pid=95801) log_opt_values /opt/stack/data/venv/lib/python3.12/site-packages/oslo_config/cfg.py:3256}}
May 20 19:55:50.951752 np0000001109 nova-scheduler[95801]: DEBUG cotyledon.oslo_config_glue [-] oslo_limit.endpoint_override = None {{(pid=95801) log_opt_values /opt/stack/data/venv/lib/python3.12/site-packages/oslo_config/cfg.py:3256}}
May 20 19:55:50.951752 np0000001109 nova-scheduler[95801]: DEBUG cotyledon.oslo_config_glue [-] oslo_limit.endpoint_region_name = None {{(pid=95801) log_opt_values /opt/stack/data/venv/lib/python3.12/site-packages/oslo_config/cfg.py:3256}}
May 20 19:55:50.951752 np0000001109 nova-scheduler[95801]: DEBUG cotyledon.oslo_config_glue [-] oslo_limit.endpoint_service_name = None {{(pid=95801) log_opt_values /opt/stack/data/venv/lib/python3.12/site-packages/oslo_config/cfg.py:3256}}
May 20 19:55:50.951752 np0000001109 nova-scheduler[95801]: DEBUG cotyledon.oslo_config_glue [-] oslo_limit.endpoint_service_type = None {{(pid=95801) log_opt_values /opt/stack/data/venv/lib/python3.12/site-packages/oslo_config/cfg.py:3256}}
May 20 19:55:50.951752 np0000001109 nova-scheduler[95801]: DEBUG cotyledon.oslo_config_glue [-] oslo_limit.insecure = False {{(pid=95801) log_opt_values /opt/stack/data/venv/lib/python3.12/site-packages/oslo_config/cfg.py:3256}}
May 20 19:55:50.951752 np0000001109 nova-scheduler[95801]: DEBUG cotyledon.oslo_config_glue [-] oslo_limit.keyfile = None {{(pid=95801) log_opt_values /opt/stack/data/venv/lib/python3.12/site-packages/oslo_config/cfg.py:3256}}
May 20 19:55:50.951752 np0000001109 nova-scheduler[95801]: DEBUG cotyledon.oslo_config_glue [-] oslo_limit.max_version = None {{(pid=95801) log_opt_values /opt/stack/data/venv/lib/python3.12/site-packages/oslo_config/cfg.py:3256}}
May 20 19:55:50.951752 np0000001109 nova-scheduler[95801]: DEBUG cotyledon.oslo_config_glue [-] oslo_limit.min_version = None {{(pid=95801) log_opt_values /opt/stack/data/venv/lib/python3.12/site-packages/oslo_config/cfg.py:3256}}
May 20 19:55:50.951929 np0000001109 nova-scheduler[95801]: DEBUG cotyledon.oslo_config_glue [-] oslo_limit.region_name = None {{(pid=95801) log_opt_values /opt/stack/data/venv/lib/python3.12/site-packages/oslo_config/cfg.py:3256}}
May 20 19:55:50.951929 np0000001109 nova-scheduler[95801]: DEBUG cotyledon.oslo_config_glue [-] oslo_limit.retriable_status_codes = None {{(pid=95801) log_opt_values /opt/stack/data/venv/lib/python3.12/site-packages/oslo_config/cfg.py:3256}}
May 20 19:55:50.951929 np0000001109 nova-scheduler[95801]: DEBUG cotyledon.oslo_config_glue [-] oslo_limit.service_name = None {{(pid=95801) log_opt_values /opt/stack/data/venv/lib/python3.12/site-packages/oslo_config/cfg.py:3256}}
May 20 19:55:50.951929 np0000001109 nova-scheduler[95801]: DEBUG cotyledon.oslo_config_glue [-] oslo_limit.service_type = None {{(pid=95801) log_opt_values /opt/stack/data/venv/lib/python3.12/site-packages/oslo_config/cfg.py:3256}}
May 20 19:55:50.951929 np0000001109 nova-scheduler[95801]: DEBUG cotyledon.oslo_config_glue [-] oslo_limit.split_loggers = False {{(pid=95801) log_opt_values /opt/stack/data/venv/lib/python3.12/site-packages/oslo_config/cfg.py:3256}}
May 20 19:55:50.951929 np0000001109 nova-scheduler[95801]: DEBUG cotyledon.oslo_config_glue [-] oslo_limit.status_code_retries = None {{(pid=95801) log_opt_values /opt/stack/data/venv/lib/python3.12/site-packages/oslo_config/cfg.py:3256}}
May 20 19:55:50.951929 np0000001109 nova-scheduler[95801]: DEBUG cotyledon.oslo_config_glue [-] oslo_limit.status_code_retry_delay = None {{(pid=95801) log_opt_values /opt/stack/data/venv/lib/python3.12/site-packages/oslo_config/cfg.py:3256}}
May 20 19:55:50.951929 np0000001109 nova-scheduler[95801]: DEBUG cotyledon.oslo_config_glue [-] oslo_limit.timeout = None {{(pid=95801) log_opt_values /opt/stack/data/venv/lib/python3.12/site-packages/oslo_config/cfg.py:3256}}
May 20 19:55:50.951929 np0000001109 nova-scheduler[95801]: DEBUG cotyledon.oslo_config_glue [-] oslo_limit.valid_interfaces = None {{(pid=95801) log_opt_values /opt/stack/data/venv/lib/python3.12/site-packages/oslo_config/cfg.py:3256}}
May 20 19:55:50.952121 np0000001109 nova-scheduler[95801]: DEBUG cotyledon.oslo_config_glue [-] oslo_limit.version = None {{(pid=95801) log_opt_values /opt/stack/data/venv/lib/python3.12/site-packages/oslo_config/cfg.py:3256}}
May 20 19:55:50.952121 np0000001109 nova-scheduler[95801]: DEBUG cotyledon.oslo_config_glue [-] oslo_reports.file_event_handler = None {{(pid=95801) log_opt_values /opt/stack/data/venv/lib/python3.12/site-packages/oslo_config/cfg.py:3256}}
May 20 19:55:50.952121 np0000001109 nova-scheduler[95801]: DEBUG cotyledon.oslo_config_glue [-] oslo_reports.file_event_handler_interval = 1 {{(pid=95801) log_opt_values /opt/stack/data/venv/lib/python3.12/site-packages/oslo_config/cfg.py:3256}}
May 20 19:55:50.952121 np0000001109 nova-scheduler[95801]: DEBUG cotyledon.oslo_config_glue [-] oslo_reports.log_dir = None {{(pid=95801) log_opt_values /opt/stack/data/venv/lib/python3.12/site-packages/oslo_config/cfg.py:3256}}
May 20 19:55:50.952121 np0000001109 nova-scheduler[95801]: DEBUG cotyledon.oslo_config_glue [-] ******************************************************************************** {{(pid=95801) log_opt_values /opt/stack/data/venv/lib/python3.12/site-packages/oslo_config/cfg.py:3263}}
May 20 19:55:50.952121 np0000001109 nova-scheduler[95801]: DEBUG cotyledon._service_worker [-] Run service ServiceWrapper(2) [95801] {{(pid=95801) wait_forever /opt/stack/data/venv/lib/python3.12/site-packages/cotyledon/_service_worker.py:218}}
May 20 19:55:50.952121 np0000001109 nova-scheduler[95801]: INFO nova.service [-] Starting scheduler node (version 33.1.0)
May 20 19:55:50.952260 np0000001109 nova-scheduler[95797]: DEBUG dbcounter [-] [95797] Writer thread running {{(pid=95797) stat_writer /opt/stack/data/venv/lib/python3.12/site-packages/dbcounter.py:102}}
May 20 19:55:50.952287 np0000001109 nova-scheduler[95801]: INFO dbcounter [None req-44c585b9-2f20-40e0-9233-176deb387e88 None None] Registered counter for database nova_cell0
May 20 19:55:50.952311 np0000001109 nova-scheduler[95799]: DEBUG dbcounter [-] [95799] Writer thread running {{(pid=95799) stat_writer /opt/stack/data/venv/lib/python3.12/site-packages/dbcounter.py:102}}
May 20 19:55:50.952334 np0000001109 nova-scheduler[95801]: DEBUG oslo_db.sqlalchemy.engines [None req-44c585b9-2f20-40e0-9233-176deb387e88 None None] MySQL server mode set to STRICT_TRANS_TABLES,STRICT_ALL_TABLES,NO_ZERO_IN_DATE,NO_ZERO_DATE,ERROR_FOR_DIVISION_BY_ZERO,TRADITIONAL,NO_ENGINE_SUBSTITUTION {{(pid=95801) _check_effective_sql_mode /opt/stack/data/venv/lib/python3.12/site-packages/oslo_db/sqlalchemy/engines.py:325}}
May 20 19:55:50.952359 np0000001109 nova-scheduler[95797]: DEBUG nova.service [None req-50189042-169f-4cca-8966-20103f55693d None None] Creating RPC server for service: nova-scheduler on topic: scheduler {{(pid=95797) start /opt/stack/nova/nova/service.py:195}}
May 20 19:55:50.952391 np0000001109 nova-scheduler[95801]: DEBUG dbcounter [-] [95801] Writer thread running {{(pid=95801) stat_writer /opt/stack/data/venv/lib/python3.12/site-packages/dbcounter.py:102}}
May 20 19:55:50.952391 np0000001109 nova-scheduler[95801]: DEBUG nova.service [None req-44c585b9-2f20-40e0-9233-176deb387e88 None None] Creating RPC server for service: nova-scheduler on topic: scheduler {{(pid=95801) start /opt/stack/nova/nova/service.py:195}}
May 20 19:55:50.952438 np0000001109 nova-scheduler[95799]: DEBUG nova.service [None req-848b9061-1d08-42ff-8d4e-441b6ad12260 None None] Creating RPC server for service: nova-scheduler on topic: scheduler {{(pid=95799) start /opt/stack/nova/nova/service.py:195}}
May 20 19:55:50.964633 np0000001109 nova-scheduler[95797]: DEBUG nova.service [None req-50189042-169f-4cca-8966-20103f55693d None None] Join ServiceGroup membership for this service scheduler {{(pid=95797) start /opt/stack/nova/nova/service.py:221}}
May 20 19:55:50.964733 np0000001109 nova-scheduler[95801]: DEBUG nova.service [None req-44c585b9-2f20-40e0-9233-176deb387e88 None None] Join ServiceGroup membership for this service scheduler {{(pid=95801) start /opt/stack/nova/nova/service.py:221}}
May 20 19:55:50.964858 np0000001109 nova-scheduler[95797]: DEBUG nova.servicegroup.drivers.db [None req-50189042-169f-4cca-8966-20103f55693d None None] DB_Driver: join new ServiceGroup member np0000001109 to the scheduler group, service = {{(pid=95797) join /opt/stack/nova/nova/servicegroup/drivers/db.py:44}}
May 20 19:55:50.964927 np0000001109 nova-scheduler[95801]: DEBUG nova.servicegroup.drivers.db [None req-44c585b9-2f20-40e0-9233-176deb387e88 None None] DB_Driver: join new ServiceGroup member np0000001109 to the scheduler group, service = {{(pid=95801) join /opt/stack/nova/nova/servicegroup/drivers/db.py:44}}
May 20 19:55:50.969843 np0000001109 nova-scheduler[95799]: DEBUG nova.service [None req-848b9061-1d08-42ff-8d4e-441b6ad12260 None None] Join ServiceGroup membership for this service scheduler {{(pid=95799) start /opt/stack/nova/nova/service.py:221}}
May 20 19:55:50.970146 np0000001109 nova-scheduler[95799]: DEBUG nova.servicegroup.drivers.db [None req-848b9061-1d08-42ff-8d4e-441b6ad12260 None None] DB_Driver: join new ServiceGroup member np0000001109 to the scheduler group, service = {{(pid=95799) join /opt/stack/nova/nova/servicegroup/drivers/db.py:44}}
May 20 19:55:55.992310 np0000001109 nova-scheduler[95797]: DEBUG oslo.service.backend._threading.loopingcall [-] Fixed interval looping call 'nova.servicegroup.drivers.db.DbDriver._report_state' sleeping for 119.97 seconds {{(pid=95797) _run_loop /opt/stack/data/venv/lib/python3.12/site-packages/oslo_service/backend/_threading/loopingcall.py:125}}
May 20 19:55:55.992951 np0000001109 nova-scheduler[95799]: DEBUG oslo.service.backend._threading.loopingcall [-] Fixed interval looping call 'nova.servicegroup.drivers.db.DbDriver._report_state' sleeping for 119.98 seconds {{(pid=95799) _run_loop /opt/stack/data/venv/lib/python3.12/site-packages/oslo_service/backend/_threading/loopingcall.py:125}}
May 20 19:55:55.993195 np0000001109 nova-scheduler[95801]: DEBUG oslo.service.backend._threading.loopingcall [-] Fixed interval looping call 'nova.servicegroup.drivers.db.DbDriver._report_state' sleeping for 119.97 seconds {{(pid=95801) _run_loop /opt/stack/data/venv/lib/python3.12/site-packages/oslo_service/backend/_threading/loopingcall.py:125}}
May 20 19:55:59.574969 np0000001109 nova-scheduler[94522]: DEBUG dbcounter [-] [94522] Writing DB stats nova_api:SELECT=3 {{(pid=94522) stat_writer /opt/stack/data/venv/lib/python3.12/site-packages/dbcounter.py:115}}
May 20 19:55:59.680651 np0000001109 nova-scheduler[94522]: DEBUG dbcounter [-] [94522] Writing DB stats nova_cell0:SELECT=1 {{(pid=94522) stat_writer /opt/stack/data/venv/lib/python3.12/site-packages/dbcounter.py:115}}
May 20 19:55:59.683525 np0000001109 nova-scheduler[94522]: DEBUG dbcounter [-] [94522] Writing DB stats nova_cell1:SELECT=1 {{(pid=94522) stat_writer /opt/stack/data/venv/lib/python3.12/site-packages/dbcounter.py:115}}
May 20 19:56:01.972089 np0000001109 nova-scheduler[95799]: DEBUG oslo.service.backend._threading.loopingcall [None req-c38e37f4-dbe0-4b44-87d0-15212cc77bf1 None None] Dynamic interval looping call 'nova.service.Service.periodic_tasks' sleeping for 60.00 seconds {{(pid=95799) _run_loop /opt/stack/data/venv/lib/python3.12/site-packages/oslo_service/backend/_threading/loopingcall.py:125}}
May 20 19:56:05.977911 np0000001109 nova-scheduler[95797]: DEBUG dbcounter [-] [95797] Writing DB stats nova_cell0:SELECT=4,nova_cell0:INSERT=1,nova_cell0:UPDATE=1 {{(pid=95797) stat_writer /opt/stack/data/venv/lib/python3.12/site-packages/dbcounter.py:115}}
May 20 19:56:05.982434 np0000001109 nova-scheduler[95799]: DEBUG dbcounter [-] [95799] Writing DB stats nova_cell0:SELECT=4,nova_cell0:INSERT=1,nova_cell0:UPDATE=1 {{(pid=95799) stat_writer /opt/stack/data/venv/lib/python3.12/site-packages/dbcounter.py:115}}
May 20 19:56:05.983472 np0000001109 nova-scheduler[95801]: DEBUG dbcounter [-] [95801] Writing DB stats nova_cell0:SELECT=3,nova_cell0:UPDATE=1 {{(pid=95801) stat_writer /opt/stack/data/venv/lib/python3.12/site-packages/dbcounter.py:115}}
May 20 19:56:44.967119 np0000001109 nova-scheduler[95801]: DEBUG oslo.service.backend._threading.loopingcall [None req-3961bcd1-0188-4f80-8709-7ad5d3807ea0 None None] Dynamic interval looping call 'nova.service.Service.periodic_tasks' sleeping for 60.00 seconds {{(pid=95801) _run_loop /opt/stack/data/venv/lib/python3.12/site-packages/oslo_service/backend/_threading/loopingcall.py:125}}
May 20 19:56:50.967142 np0000001109 nova-scheduler[95797]: DEBUG oslo.service.backend._threading.loopingcall [None req-c7fe79f5-b148-4e29-806d-5b7d33f4f525 None None] Dynamic interval looping call 'nova.service.Service.periodic_tasks' sleeping for 60.00 seconds {{(pid=95797) _run_loop /opt/stack/data/venv/lib/python3.12/site-packages/oslo_service/backend/_threading/loopingcall.py:125}}
May 20 19:57:01.972654 np0000001109 nova-scheduler[95799]: DEBUG oslo.service.backend._threading.loopingcall [None req-c38e37f4-dbe0-4b44-87d0-15212cc77bf1 None None] Dynamic interval looping call 'nova.service.Service.periodic_tasks' sleeping for 60.00 seconds {{(pid=95799) _run_loop /opt/stack/data/venv/lib/python3.12/site-packages/oslo_service/backend/_threading/loopingcall.py:125}}
May 20 19:57:44.967696 np0000001109 nova-scheduler[95801]: DEBUG oslo.service.backend._threading.loopingcall [None req-3961bcd1-0188-4f80-8709-7ad5d3807ea0 None None] Dynamic interval looping call 'nova.service.Service.periodic_tasks' sleeping for 60.00 seconds {{(pid=95801) _run_loop /opt/stack/data/venv/lib/python3.12/site-packages/oslo_service/backend/_threading/loopingcall.py:125}}
May 20 19:57:50.967582 np0000001109 nova-scheduler[95797]: DEBUG oslo.service.backend._threading.loopingcall [None req-c7fe79f5-b148-4e29-806d-5b7d33f4f525 None None] Dynamic interval looping call 'nova.service.Service.periodic_tasks' sleeping for 60.00 seconds {{(pid=95797) _run_loop /opt/stack/data/venv/lib/python3.12/site-packages/oslo_service/backend/_threading/loopingcall.py:125}}
May 20 19:57:55.969471 np0000001109 nova-scheduler[95797]: DEBUG oslo.service.backend._threading.loopingcall [-] Fixed interval looping call 'nova.servicegroup.drivers.db.DbDriver._report_state' sleeping for 119.99 seconds {{(pid=95797) _run_loop /opt/stack/data/venv/lib/python3.12/site-packages/oslo_service/backend/_threading/loopingcall.py:125}}
May 20 19:57:55.970140 np0000001109 nova-scheduler[95801]: DEBUG oslo.service.backend._threading.loopingcall [-] Fixed interval looping call 'nova.servicegroup.drivers.db.DbDriver._report_state' sleeping for 119.99 seconds {{(pid=95801) _run_loop /opt/stack/data/venv/lib/python3.12/site-packages/oslo_service/backend/_threading/loopingcall.py:125}}
May 20 19:57:55.976195 np0000001109 nova-scheduler[95799]: DEBUG oslo.service.backend._threading.loopingcall [-] Fixed interval looping call 'nova.servicegroup.drivers.db.DbDriver._report_state' sleeping for 120.00 seconds {{(pid=95799) _run_loop /opt/stack/data/venv/lib/python3.12/site-packages/oslo_service/backend/_threading/loopingcall.py:125}}
May 20 19:58:01.973314 np0000001109 nova-scheduler[95799]: DEBUG oslo.service.backend._threading.loopingcall [None req-c38e37f4-dbe0-4b44-87d0-15212cc77bf1 None None] Dynamic interval looping call 'nova.service.Service.periodic_tasks' sleeping for 60.00 seconds {{(pid=95799) _run_loop /opt/stack/data/venv/lib/python3.12/site-packages/oslo_service/backend/_threading/loopingcall.py:125}}
May 20 19:58:05.964952 np0000001109 nova-scheduler[95797]: DEBUG dbcounter [-] [95797] Writing DB stats nova_cell0:SELECT=1,nova_cell0:UPDATE=1 {{(pid=95797) stat_writer /opt/stack/data/venv/lib/python3.12/site-packages/dbcounter.py:115}}
May 20 19:58:05.966686 np0000001109 nova-scheduler[95801]: DEBUG dbcounter [-] [95801] Writing DB stats nova_cell0:SELECT=1,nova_cell0:UPDATE=1 {{(pid=95801) stat_writer /opt/stack/data/venv/lib/python3.12/site-packages/dbcounter.py:115}}
May 20 19:58:05.974770 np0000001109 nova-scheduler[95799]: DEBUG dbcounter [-] [95799] Writing DB stats nova_cell0:SELECT=1 {{(pid=95799) stat_writer /opt/stack/data/venv/lib/python3.12/site-packages/dbcounter.py:115}}
May 20 19:58:22.126003 np0000001109 nova-scheduler[95801]: DEBUG nova.scheduler.manager [None req-e5b2562d-f5fd-4fdd-823d-1d962476f472 tempest-ServerActionsTestOtherA-94732106 tempest-ServerActionsTestOtherA-94732106-project-member] Starting to schedule for instances: ['ed83adcc-e675-48d6-91f7-f26fff94807f'] {{(pid=95801) select_destinations /opt/stack/nova/nova/scheduler/manager.py:210}}
May 20 19:58:22.126571 np0000001109 nova-scheduler[95801]: DEBUG nova.scheduler.request_filter [None req-e5b2562d-f5fd-4fdd-823d-1d962476f472 tempest-ServerActionsTestOtherA-94732106 tempest-ServerActionsTestOtherA-94732106-project-member] compute_status_filter request filter added forbidden trait COMPUTE_STATUS_DISABLED {{(pid=95801) compute_status_filter /opt/stack/nova/nova/scheduler/request_filter.py:253}}
May 20 19:58:22.126926 np0000001109 nova-scheduler[95801]: DEBUG nova.scheduler.request_filter [None req-e5b2562d-f5fd-4fdd-823d-1d962476f472 tempest-ServerActionsTestOtherA-94732106 tempest-ServerActionsTestOtherA-94732106-project-member] Request filter 'compute_status_filter' took 0.0 seconds {{(pid=95801) wrapper /opt/stack/nova/nova/scheduler/request_filter.py:46}}
May 20 19:58:22.127265 np0000001109 nova-scheduler[95801]: DEBUG nova.scheduler.request_filter [None req-e5b2562d-f5fd-4fdd-823d-1d962476f472 tempest-ServerActionsTestOtherA-94732106 tempest-ServerActionsTestOtherA-94732106-project-member] Request filter 'accelerators_filter' took 0.0 seconds {{(pid=95801) wrapper /opt/stack/nova/nova/scheduler/request_filter.py:46}}
May 20 19:58:22.127522 np0000001109 nova-scheduler[95801]: DEBUG nova.scheduler.request_filter [None req-e5b2562d-f5fd-4fdd-823d-1d962476f472 tempest-ServerActionsTestOtherA-94732106 tempest-ServerActionsTestOtherA-94732106-project-member] Request filter 'packed_virtqueue_filter' took 0.0 seconds {{(pid=95801) wrapper /opt/stack/nova/nova/scheduler/request_filter.py:46}}
May 20 19:58:22.127846 np0000001109 nova-scheduler[95801]: DEBUG nova.scheduler.request_filter [None req-e5b2562d-f5fd-4fdd-823d-1d962476f472 tempest-ServerActionsTestOtherA-94732106 tempest-ServerActionsTestOtherA-94732106-project-member] Request filter 'remote_managed_ports_filter' took 0.0 seconds {{(pid=95801) wrapper /opt/stack/nova/nova/scheduler/request_filter.py:46}}
May 20 19:58:22.127985 np0000001109 nova-scheduler[95801]: DEBUG nova.scheduler.request_filter [None req-e5b2562d-f5fd-4fdd-823d-1d962476f472 tempest-ServerActionsTestOtherA-94732106 tempest-ServerActionsTestOtherA-94732106-project-member] ephemeral_encryption_filter skipped {{(pid=95801) ephemeral_encryption_filter /opt/stack/nova/nova/scheduler/request_filter.py:426}}
May 20 19:58:22.128148 np0000001109 nova-scheduler[95801]: DEBUG nova.scheduler.request_filter [None req-e5b2562d-f5fd-4fdd-823d-1d962476f472 tempest-ServerActionsTestOtherA-94732106 tempest-ServerActionsTestOtherA-94732106-project-member] virtio_sound_filter skipped {{(pid=95801) virtio_sound_filter /opt/stack/nova/nova/scheduler/request_filter.py:460}}
May 20 19:58:22.128272 np0000001109 nova-scheduler[95801]: DEBUG nova.scheduler.request_filter [None req-e5b2562d-f5fd-4fdd-823d-1d962476f472 tempest-ServerActionsTestOtherA-94732106 tempest-ServerActionsTestOtherA-94732106-project-member] tpm_secret_security_filter skipped {{(pid=95801) tpm_secret_security_filter /opt/stack/nova/nova/scheduler/request_filter.py:477}}
May 20 19:58:22.646483 np0000001109 nova-scheduler[95801]: INFO nova.utils [None req-e5b2562d-f5fd-4fdd-823d-1d962476f472 tempest-ServerActionsTestOtherA-94732106 tempest-ServerActionsTestOtherA-94732106-project-member] The cell worker thread pool ForkProcess-3.cell_worker is initialized
May 20 19:58:22.646811 np0000001109 nova-scheduler[95801]: DEBUG oslo_concurrency.lockutils [None req-e5b2562d-f5fd-4fdd-823d-1d962476f472 tempest-ServerActionsTestOtherA-94732106 tempest-ServerActionsTestOtherA-94732106-project-member] Acquiring lock "da4325cc-6213-4190-91bb-5c1ebf54878c" by "nova.context.set_target_cell..get_or_set_cached_cell_and_set_connections" {{(pid=95801) inner /opt/stack/data/venv/lib/python3.12/site-packages/oslo_concurrency/lockutils.py:511}}
May 20 19:58:22.647009 np0000001109 nova-scheduler[95801]: DEBUG oslo_concurrency.lockutils [None req-e5b2562d-f5fd-4fdd-823d-1d962476f472 tempest-ServerActionsTestOtherA-94732106 tempest-ServerActionsTestOtherA-94732106-project-member] Lock "da4325cc-6213-4190-91bb-5c1ebf54878c" acquired by "nova.context.set_target_cell..get_or_set_cached_cell_and_set_connections" :: waited 0.000s {{(pid=95801) inner /opt/stack/data/venv/lib/python3.12/site-packages/oslo_concurrency/lockutils.py:524}}
May 20 19:58:22.648321 np0000001109 nova-scheduler[95801]: DEBUG oslo_concurrency.lockutils [None req-e5b2562d-f5fd-4fdd-823d-1d962476f472 tempest-ServerActionsTestOtherA-94732106 tempest-ServerActionsTestOtherA-94732106-project-member] Lock "da4325cc-6213-4190-91bb-5c1ebf54878c" "released" by "nova.context.set_target_cell..get_or_set_cached_cell_and_set_connections" :: held 0.001s {{(pid=95801) inner /opt/stack/data/venv/lib/python3.12/site-packages/oslo_concurrency/lockutils.py:543}}
May 20 19:58:22.649916 np0000001109 nova-scheduler[95801]: INFO dbcounter [None req-e5b2562d-f5fd-4fdd-823d-1d962476f472 tempest-ServerActionsTestOtherA-94732106 tempest-ServerActionsTestOtherA-94732106-project-member] Registered counter for database nova_cell1
May 20 19:58:22.658482 np0000001109 nova-scheduler[95801]: DEBUG oslo_db.sqlalchemy.engines [None req-e5b2562d-f5fd-4fdd-823d-1d962476f472 tempest-ServerActionsTestOtherA-94732106 tempest-ServerActionsTestOtherA-94732106-project-member] MySQL server mode set to STRICT_TRANS_TABLES,STRICT_ALL_TABLES,NO_ZERO_IN_DATE,NO_ZERO_DATE,ERROR_FOR_DIVISION_BY_ZERO,TRADITIONAL,NO_ENGINE_SUBSTITUTION {{(pid=95801) _check_effective_sql_mode /opt/stack/data/venv/lib/python3.12/site-packages/oslo_db/sqlalchemy/engines.py:325}}
May 20 19:58:22.666082 np0000001109 nova-scheduler[95801]: DEBUG dbcounter [-] [95801] Writer thread running {{(pid=95801) stat_writer /opt/stack/data/venv/lib/python3.12/site-packages/dbcounter.py:102}}
May 20 19:58:22.678781 np0000001109 nova-scheduler[95801]: DEBUG oslo_db.sqlalchemy.engines [None req-e5b2562d-f5fd-4fdd-823d-1d962476f472 tempest-ServerActionsTestOtherA-94732106 tempest-ServerActionsTestOtherA-94732106-project-member] Parent process 94522 forked (95801) with an open database connection, which is being discarded and recreated. {{(pid=95801) checkout /opt/stack/data/venv/lib/python3.12/site-packages/oslo_db/sqlalchemy/engines.py:402}}
May 20 19:58:22.688686 np0000001109 nova-scheduler[95801]: DEBUG dbcounter [-] [95801] Writer thread running {{(pid=95801) stat_writer /opt/stack/data/venv/lib/python3.12/site-packages/dbcounter.py:102}}
May 20 19:58:22.691348 np0000001109 nova-scheduler[95801]: DEBUG oslo_concurrency.lockutils [None req-e5b2562d-f5fd-4fdd-823d-1d962476f472 tempest-ServerActionsTestOtherA-94732106 tempest-ServerActionsTestOtherA-94732106-project-member] Acquiring lock "da4325cc-6213-4190-91bb-5c1ebf54878c" by "nova.context.set_target_cell..get_or_set_cached_cell_and_set_connections" {{(pid=95801) inner /opt/stack/data/venv/lib/python3.12/site-packages/oslo_concurrency/lockutils.py:511}}
May 20 19:58:22.691348 np0000001109 nova-scheduler[95801]: DEBUG oslo_concurrency.lockutils [None req-e5b2562d-f5fd-4fdd-823d-1d962476f472 tempest-ServerActionsTestOtherA-94732106 tempest-ServerActionsTestOtherA-94732106-project-member] Lock "da4325cc-6213-4190-91bb-5c1ebf54878c" acquired by "nova.context.set_target_cell..get_or_set_cached_cell_and_set_connections" :: waited 0.000s {{(pid=95801) inner /opt/stack/data/venv/lib/python3.12/site-packages/oslo_concurrency/lockutils.py:524}}
May 20 19:58:22.691481 np0000001109 nova-scheduler[95801]: DEBUG oslo_concurrency.lockutils [None req-e5b2562d-f5fd-4fdd-823d-1d962476f472 tempest-ServerActionsTestOtherA-94732106 tempest-ServerActionsTestOtherA-94732106-project-member] Lock "da4325cc-6213-4190-91bb-5c1ebf54878c" "released" by "nova.context.set_target_cell..get_or_set_cached_cell_and_set_connections" :: held 0.000s {{(pid=95801) inner /opt/stack/data/venv/lib/python3.12/site-packages/oslo_concurrency/lockutils.py:543}}
May 20 19:58:22.694907 np0000001109 nova-scheduler[95801]: DEBUG oslo_concurrency.lockutils [None req-e5b2562d-f5fd-4fdd-823d-1d962476f472 tempest-ServerActionsTestOtherA-94732106 tempest-ServerActionsTestOtherA-94732106-project-member] Acquiring lock "('np0000001109', 'np0000001109')" by "nova.scheduler.host_manager.HostState.update.._locked_update" {{(pid=95801) inner /opt/stack/data/venv/lib/python3.12/site-packages/oslo_concurrency/lockutils.py:511}}
May 20 19:58:22.695589 np0000001109 nova-scheduler[95801]: DEBUG oslo_concurrency.lockutils [None req-e5b2562d-f5fd-4fdd-823d-1d962476f472 tempest-ServerActionsTestOtherA-94732106 tempest-ServerActionsTestOtherA-94732106-project-member] Lock "('np0000001109', 'np0000001109')" acquired by "nova.scheduler.host_manager.HostState.update.._locked_update" :: waited 0.000s {{(pid=95801) inner /opt/stack/data/venv/lib/python3.12/site-packages/oslo_concurrency/lockutils.py:524}}
May 20 19:58:22.697131 np0000001109 nova-scheduler[95801]: DEBUG nova.scheduler.host_manager [None req-e5b2562d-f5fd-4fdd-823d-1d962476f472 tempest-ServerActionsTestOtherA-94732106 tempest-ServerActionsTestOtherA-94732106-project-member] Update host state from compute node: ComputeNode(cpu_allocation_ratio=4.0,cpu_info='{"arch": "x86_64", "model": "EPYC-Milan", "vendor": "AMD", "topology": {"cells": 1, "sockets": 12, "cores": 1, "threads": 1}, "maxphysaddr": {"mode": "emulate", "bits": 40}, "features": ["arat", "xsaves", "npt", "svme-addr-chk", "clzero", "fxsr_opt", "invpcid", "pse", "erms", "lm", "msr", "cmp_legacy", "xsave", "vaes", "ibrs", "mds-no", "movbe", "apic", "mtrr", "no-nested-data-bp", "stibp-always-on", "null-sel-clr-base", "pclmuldq", "sep", "rdtscp", "tsc-deadline", "stibp", "xsaveopt", "umip", "pae", "arch-capabilities", "pge", "de", "cx8", "syscall", "pcid", "smap", "mmx", "clwb", "bmi1", "pschange-mc-no", "adx", "amd-stibp", "topoext", "sse", "ssse3", "x2apic", "tsc-scale", "amd-ssbd", "cx16", "perfctr_core", "skip-l1dfl-vmentry", "ibpb", "wbnoinvd", "abm", "amd-psfd", "aes", "lahf_lm", "tsc_adjust", "clflush", "vpclmulqdq", "pdpe1gb", "mmxext", "hypervisor", "svm", "xsavec", "misalignsse", "pfthreshold", "mce", "cr8legacy", "pause-filter", "fsrm", "lbrv", "bmi2", "sse2", "xgetbv1", "clflushopt", "virt-ssbd", "rdrand", "avx", "nrip-save", "ssbd", "sse4.2", "flushbyasid", "sse4a", "sha-ni", "popcnt", "pse36", "fpu", "3dnowprefetch", "sse4.1", "vmcb-clean", "avx2", "osvw", "pni", "fsgsbase", "smep", "pku", "lfence-always-serializing", "f16c", "spec-ctrl", "fma", "gds-no", "fxsr", "rdctl-no", "tsc", "pat", "mca", "xsaveerptr", "rdpid", "rdseed", "v-vmsave-vmload", "nx", "vme", "vgif", "cmov"]}',created_at=2026-05-20T19:56:16Z,current_workload=0,deleted=False,deleted_at=None,disk_allocation_ratio=1.0,disk_available_least=74,free_disk_gb=95,free_ram_mb=23518,host='np0000001109',host_ip=10.4.3.36,hypervisor_hostname='np0000001109',hypervisor_type='QEMU',hypervisor_version=8002002,id=1,local_gb=95,local_gb_used=0,mapped=1,memory_mb=24030,memory_mb_used=512,metrics='[]',numa_topology='{"nova_object.name": "NUMATopology", "nova_object.namespace": "nova", "nova_object.version": "1.2", "nova_object.data": {"cells": [{"nova_object.name": "NUMACell", "nova_object.namespace": "nova", "nova_object.version": "1.5", "nova_object.data": {"id": 0, "cpuset": [0, 1, 2, 3, 4, 5, 6, 7, 8, 9, 10, 11], "pcpuset": [0, 1, 2, 3, 4, 5, 6, 7, 8, 9, 10, 11], "memory": 24030, "cpu_usage": 0, "memory_usage": 0, "pinned_cpus": [], "siblings": [[6], [2], [5], [11], [8], [4], [1], [7], [10], [0], [3], [9]], "mempages": [{"nova_object.name": "NUMAPagesTopology", "nova_object.namespace": "nova", "nova_object.version": "1.1", "nova_object.data": {"size_kb": 4, "total": 6151797, "used": 0, "reserved": 0}, "nova_object.changes": ["used", "reserved", "size_kb", "total"]}, {"nova_object.name": "NUMAPagesTopology", "nova_object.namespace": "nova", "nova_object.version": "1.1", "nova_object.data": {"size_kb": 2048, "total": 0, "used": 0, "reserved": 0}, "nova_object.changes": ["used", "reserved", "size_kb", "total"]}, {"nova_object.name": "NUMAPagesTopology", "nova_object.namespace": "nova", "nova_object.version": "1.1", "nova_object.data": {"size_kb": 1048576, "total": 0, "used": 0, "reserved": 0}, "nova_object.changes": ["used", "reserved", "size_kb", "total"]}], "network_metadata": {"nova_object.name": "NetworkMetadata", "nova_object.namespace": "nova", "nova_object.version": "1.0", "nova_object.data": {"physnets": [], "tunneled": false}, "nova_object.changes": ["physnets", "tunneled"]}, "socket": null}, "nova_object.changes": ["network_metadata", "pinned_cpus", "socket", "siblings", "memory_usage", "cpu_usage", "id", "cpuset", "pcpuset", "memory", "mempages"]}]}, "nova_object.changes": ["cells"]}',pci_device_pools=PciDevicePoolList,ram_allocation_ratio=1.0,running_vms=0,service_id=2,stats={failed_builds='0',uptime=' 19:58:01 up 25 min, 2 users, load average: 1.44, 1.30, 0.78
May 20 19:58:22.697131 np0000001109 nova-scheduler[95801]: '},supported_hv_specs=[HVSpec,HVSpec,HVSpec,HVSpec,HVSpec,HVSpec,HVSpec,HVSpec,HVSpec,HVSpec,HVSpec,HVSpec,HVSpec,HVSpec,HVSpec,HVSpec,HVSpec,HVSpec,HVSpec,HVSpec,HVSpec,HVSpec,HVSpec,HVSpec,HVSpec],updated_at=2026-05-20T19:58:04Z,uuid=c5bac761-b340-446f-a07c-3160de81bbe8,vcpus=12,vcpus_used=0) {{(pid=95801) _locked_update /opt/stack/nova/nova/scheduler/host_manager.py:168}}
May 20 19:58:22.698272 np0000001109 nova-scheduler[95801]: DEBUG nova.scheduler.host_manager [None req-e5b2562d-f5fd-4fdd-823d-1d962476f472 tempest-ServerActionsTestOtherA-94732106 tempest-ServerActionsTestOtherA-94732106-project-member] Update host state with aggregates: [] {{(pid=95801) _locked_update /opt/stack/nova/nova/scheduler/host_manager.py:171}}
May 20 19:58:22.698495 np0000001109 nova-scheduler[95801]: DEBUG nova.scheduler.host_manager [None req-e5b2562d-f5fd-4fdd-823d-1d962476f472 tempest-ServerActionsTestOtherA-94732106 tempest-ServerActionsTestOtherA-94732106-project-member] Update host state with service dict: {'id': 2, 'uuid': '6d372729-1d0a-4304-b575-77b447f7d458', 'host': 'np0000001109', 'binary': 'nova-compute', 'topic': 'compute', 'report_count': 1, 'disabled': False, 'disabled_reason': None, 'last_seen_up': datetime.datetime(2026, 5, 20, 19, 56, 24, tzinfo=datetime.timezone.utc), 'forced_down': False, 'version': 72, 'created_at': datetime.datetime(2026, 5, 20, 19, 56, 14, tzinfo=datetime.timezone.utc), 'updated_at': datetime.datetime(2026, 5, 20, 19, 56, 24, tzinfo=datetime.timezone.utc), 'deleted_at': None, 'deleted': False} {{(pid=95801) _locked_update /opt/stack/nova/nova/scheduler/host_manager.py:174}}
May 20 19:58:22.698702 np0000001109 nova-scheduler[95801]: DEBUG nova.scheduler.host_manager [None req-e5b2562d-f5fd-4fdd-823d-1d962476f472 tempest-ServerActionsTestOtherA-94732106 tempest-ServerActionsTestOtherA-94732106-project-member] Update host state with instances: [] {{(pid=95801) _locked_update /opt/stack/nova/nova/scheduler/host_manager.py:177}}
May 20 19:58:22.699225 np0000001109 nova-scheduler[95801]: DEBUG oslo_concurrency.lockutils [None req-e5b2562d-f5fd-4fdd-823d-1d962476f472 tempest-ServerActionsTestOtherA-94732106 tempest-ServerActionsTestOtherA-94732106-project-member] Lock "('np0000001109', 'np0000001109')" "released" by "nova.scheduler.host_manager.HostState.update.._locked_update" :: held 0.004s {{(pid=95801) inner /opt/stack/data/venv/lib/python3.12/site-packages/oslo_concurrency/lockutils.py:543}}
May 20 19:58:22.699984 np0000001109 nova-scheduler[95801]: DEBUG nova.filters [None req-e5b2562d-f5fd-4fdd-823d-1d962476f472 tempest-ServerActionsTestOtherA-94732106 tempest-ServerActionsTestOtherA-94732106-project-member] Starting with 1 host(s) {{(pid=95801) get_filtered_objects /opt/stack/nova/nova/filters.py:70}}
May 20 19:58:22.699984 np0000001109 nova-scheduler[95801]: DEBUG nova.filters [None req-e5b2562d-f5fd-4fdd-823d-1d962476f472 tempest-ServerActionsTestOtherA-94732106 tempest-ServerActionsTestOtherA-94732106-project-member] Filter ComputeFilter returned 1 host(s) {{(pid=95801) get_filtered_objects /opt/stack/nova/nova/filters.py:102}}
May 20 19:58:22.700191 np0000001109 nova-scheduler[95801]: DEBUG nova.filters [None req-e5b2562d-f5fd-4fdd-823d-1d962476f472 tempest-ServerActionsTestOtherA-94732106 tempest-ServerActionsTestOtherA-94732106-project-member] Filter ComputeCapabilitiesFilter returned 1 host(s) {{(pid=95801) get_filtered_objects /opt/stack/nova/nova/filters.py:102}}
May 20 19:58:22.700446 np0000001109 nova-scheduler[95801]: DEBUG nova.filters [None req-e5b2562d-f5fd-4fdd-823d-1d962476f472 tempest-ServerActionsTestOtherA-94732106 tempest-ServerActionsTestOtherA-94732106-project-member] Filter ImagePropertiesFilter returned 1 host(s) {{(pid=95801) get_filtered_objects /opt/stack/nova/nova/filters.py:102}}
May 20 19:58:22.700615 np0000001109 nova-scheduler[95801]: DEBUG nova.filters [None req-e5b2562d-f5fd-4fdd-823d-1d962476f472 tempest-ServerActionsTestOtherA-94732106 tempest-ServerActionsTestOtherA-94732106-project-member] Filter ServerGroupAntiAffinityFilter returned 1 host(s) {{(pid=95801) get_filtered_objects /opt/stack/nova/nova/filters.py:102}}
May 20 19:58:22.700791 np0000001109 nova-scheduler[95801]: DEBUG nova.filters [None req-e5b2562d-f5fd-4fdd-823d-1d962476f472 tempest-ServerActionsTestOtherA-94732106 tempest-ServerActionsTestOtherA-94732106-project-member] Filter ServerGroupAffinityFilter returned 1 host(s) {{(pid=95801) get_filtered_objects /opt/stack/nova/nova/filters.py:102}}
May 20 19:58:22.700928 np0000001109 nova-scheduler[95801]: DEBUG nova.filters [None req-e5b2562d-f5fd-4fdd-823d-1d962476f472 tempest-ServerActionsTestOtherA-94732106 tempest-ServerActionsTestOtherA-94732106-project-member] Filter SameHostFilter returned 1 host(s) {{(pid=95801) get_filtered_objects /opt/stack/nova/nova/filters.py:102}}
May 20 19:58:22.701124 np0000001109 nova-scheduler[95801]: DEBUG nova.filters [None req-e5b2562d-f5fd-4fdd-823d-1d962476f472 tempest-ServerActionsTestOtherA-94732106 tempest-ServerActionsTestOtherA-94732106-project-member] Filter DifferentHostFilter returned 1 host(s) {{(pid=95801) get_filtered_objects /opt/stack/nova/nova/filters.py:102}}
May 20 19:58:22.701438 np0000001109 nova-scheduler[95801]: DEBUG nova.scheduler.manager [None req-e5b2562d-f5fd-4fdd-823d-1d962476f472 tempest-ServerActionsTestOtherA-94732106 tempest-ServerActionsTestOtherA-94732106-project-member] Filtered [(np0000001109, np0000001109) ram: 23518MB disk: 75776MB io_ops: 0 instances: 0, allocation_candidates: 1] {{(pid=95801) _get_sorted_hosts /opt/stack/nova/nova/scheduler/manager.py:743}}
May 20 19:58:22.701698 np0000001109 nova-scheduler[95801]: DEBUG nova.scheduler.manager [None req-e5b2562d-f5fd-4fdd-823d-1d962476f472 tempest-ServerActionsTestOtherA-94732106 tempest-ServerActionsTestOtherA-94732106-project-member] Weighed [WeighedHost [host: (np0000001109, np0000001109) ram: 23518MB disk: 75776MB io_ops: 0 instances: 0, allocation_candidates: 1, weight: 0.0]] {{(pid=95801) _get_sorted_hosts /opt/stack/nova/nova/scheduler/manager.py:765}}
May 20 19:58:22.702543 np0000001109 nova-scheduler[95801]: DEBUG nova.scheduler.utils [None req-e5b2562d-f5fd-4fdd-823d-1d962476f472 tempest-ServerActionsTestOtherA-94732106 tempest-ServerActionsTestOtherA-94732106-project-member] Attempting to claim resources in the placement API for instance ed83adcc-e675-48d6-91f7-f26fff94807f {{(pid=95801) claim_resources /opt/stack/nova/nova/scheduler/utils.py:1304}}
May 20 19:58:22.779439 np0000001109 nova-scheduler[95797]: DEBUG nova.scheduler.manager [None req-7269bc99-6e29-417c-8322-2f3a58eb3a8e tempest-ServerStableDeviceRescueTest-77666511 tempest-ServerStableDeviceRescueTest-77666511-project-member] Starting to schedule for instances: ['c033fc19-f854-4cce-a2bd-0086f00e3d3e'] {{(pid=95797) select_destinations /opt/stack/nova/nova/scheduler/manager.py:210}}
May 20 19:58:22.781366 np0000001109 nova-scheduler[95797]: DEBUG nova.scheduler.request_filter [None req-7269bc99-6e29-417c-8322-2f3a58eb3a8e tempest-ServerStableDeviceRescueTest-77666511 tempest-ServerStableDeviceRescueTest-77666511-project-member] compute_status_filter request filter added forbidden trait COMPUTE_STATUS_DISABLED {{(pid=95797) compute_status_filter /opt/stack/nova/nova/scheduler/request_filter.py:253}}
May 20 19:58:22.781366 np0000001109 nova-scheduler[95797]: DEBUG nova.scheduler.request_filter [None req-7269bc99-6e29-417c-8322-2f3a58eb3a8e tempest-ServerStableDeviceRescueTest-77666511 tempest-ServerStableDeviceRescueTest-77666511-project-member] Request filter 'compute_status_filter' took 0.0 seconds {{(pid=95797) wrapper /opt/stack/nova/nova/scheduler/request_filter.py:46}}
May 20 19:58:22.781366 np0000001109 nova-scheduler[95797]: DEBUG nova.scheduler.request_filter [None req-7269bc99-6e29-417c-8322-2f3a58eb3a8e tempest-ServerStableDeviceRescueTest-77666511 tempest-ServerStableDeviceRescueTest-77666511-project-member] Request filter 'accelerators_filter' took 0.0 seconds {{(pid=95797) wrapper /opt/stack/nova/nova/scheduler/request_filter.py:46}}
May 20 19:58:22.781366 np0000001109 nova-scheduler[95797]: DEBUG nova.scheduler.request_filter [None req-7269bc99-6e29-417c-8322-2f3a58eb3a8e tempest-ServerStableDeviceRescueTest-77666511 tempest-ServerStableDeviceRescueTest-77666511-project-member] Request filter 'packed_virtqueue_filter' took 0.0 seconds {{(pid=95797) wrapper /opt/stack/nova/nova/scheduler/request_filter.py:46}}
May 20 19:58:22.781767 np0000001109 nova-scheduler[95797]: DEBUG nova.scheduler.request_filter [None req-7269bc99-6e29-417c-8322-2f3a58eb3a8e tempest-ServerStableDeviceRescueTest-77666511 tempest-ServerStableDeviceRescueTest-77666511-project-member] Request filter 'remote_managed_ports_filter' took 0.0 seconds {{(pid=95797) wrapper /opt/stack/nova/nova/scheduler/request_filter.py:46}}
May 20 19:58:22.781946 np0000001109 nova-scheduler[95797]: DEBUG nova.scheduler.request_filter [None req-7269bc99-6e29-417c-8322-2f3a58eb3a8e tempest-ServerStableDeviceRescueTest-77666511 tempest-ServerStableDeviceRescueTest-77666511-project-member] ephemeral_encryption_filter skipped {{(pid=95797) ephemeral_encryption_filter /opt/stack/nova/nova/scheduler/request_filter.py:426}}
May 20 19:58:22.782155 np0000001109 nova-scheduler[95797]: DEBUG nova.scheduler.request_filter [None req-7269bc99-6e29-417c-8322-2f3a58eb3a8e tempest-ServerStableDeviceRescueTest-77666511 tempest-ServerStableDeviceRescueTest-77666511-project-member] virtio_sound_filter skipped {{(pid=95797) virtio_sound_filter /opt/stack/nova/nova/scheduler/request_filter.py:460}}
May 20 19:58:22.782310 np0000001109 nova-scheduler[95797]: DEBUG nova.scheduler.request_filter [None req-7269bc99-6e29-417c-8322-2f3a58eb3a8e tempest-ServerStableDeviceRescueTest-77666511 tempest-ServerStableDeviceRescueTest-77666511-project-member] tpm_secret_security_filter skipped {{(pid=95797) tpm_secret_security_filter /opt/stack/nova/nova/scheduler/request_filter.py:477}}
May 20 19:58:22.871965 np0000001109 nova-scheduler[95801]: DEBUG nova.scheduler.manager [None req-e5b2562d-f5fd-4fdd-823d-1d962476f472 tempest-ServerActionsTestOtherA-94732106 tempest-ServerActionsTestOtherA-94732106-project-member] [instance: ed83adcc-e675-48d6-91f7-f26fff94807f] Selected host: (np0000001109, np0000001109) ram: 23518MB disk: 75776MB io_ops: 0 instances: 0, allocation_candidates: 1 {{(pid=95801) _consume_selected_host /opt/stack/nova/nova/scheduler/manager.py:625}}
May 20 19:58:22.873056 np0000001109 nova-scheduler[95801]: DEBUG oslo_concurrency.lockutils [None req-e5b2562d-f5fd-4fdd-823d-1d962476f472 tempest-ServerActionsTestOtherA-94732106 tempest-ServerActionsTestOtherA-94732106-project-member] Acquiring lock "('np0000001109', 'np0000001109')" by "nova.scheduler.host_manager.HostState.consume_from_request.._locked" {{(pid=95801) inner /opt/stack/data/venv/lib/python3.12/site-packages/oslo_concurrency/lockutils.py:511}}
May 20 19:58:22.873056 np0000001109 nova-scheduler[95801]: DEBUG oslo_concurrency.lockutils [None req-e5b2562d-f5fd-4fdd-823d-1d962476f472 tempest-ServerActionsTestOtherA-94732106 tempest-ServerActionsTestOtherA-94732106-project-member] Lock "('np0000001109', 'np0000001109')" acquired by "nova.scheduler.host_manager.HostState.consume_from_request.._locked" :: waited 0.000s {{(pid=95801) inner /opt/stack/data/venv/lib/python3.12/site-packages/oslo_concurrency/lockutils.py:524}}
May 20 19:58:22.873056 np0000001109 nova-scheduler[95801]: DEBUG oslo_concurrency.lockutils [None req-e5b2562d-f5fd-4fdd-823d-1d962476f472 tempest-ServerActionsTestOtherA-94732106 tempest-ServerActionsTestOtherA-94732106-project-member] Lock "('np0000001109', 'np0000001109')" "released" by "nova.scheduler.host_manager.HostState.consume_from_request.._locked" :: held 0.000s {{(pid=95801) inner /opt/stack/data/venv/lib/python3.12/site-packages/oslo_concurrency/lockutils.py:543}}
May 20 19:58:22.887804 np0000001109 nova-scheduler[95797]: INFO nova.utils [None req-7269bc99-6e29-417c-8322-2f3a58eb3a8e tempest-ServerStableDeviceRescueTest-77666511 tempest-ServerStableDeviceRescueTest-77666511-project-member] The cell worker thread pool ForkProcess-1.cell_worker is initialized
May 20 19:58:22.888305 np0000001109 nova-scheduler[95797]: DEBUG oslo_concurrency.lockutils [None req-7269bc99-6e29-417c-8322-2f3a58eb3a8e tempest-ServerStableDeviceRescueTest-77666511 tempest-ServerStableDeviceRescueTest-77666511-project-member] Acquiring lock "da4325cc-6213-4190-91bb-5c1ebf54878c" by "nova.context.set_target_cell..get_or_set_cached_cell_and_set_connections" {{(pid=95797) inner /opt/stack/data/venv/lib/python3.12/site-packages/oslo_concurrency/lockutils.py:511}}
May 20 19:58:22.890158 np0000001109 nova-scheduler[95797]: DEBUG oslo_concurrency.lockutils [None req-7269bc99-6e29-417c-8322-2f3a58eb3a8e tempest-ServerStableDeviceRescueTest-77666511 tempest-ServerStableDeviceRescueTest-77666511-project-member] Lock "da4325cc-6213-4190-91bb-5c1ebf54878c" acquired by "nova.context.set_target_cell..get_or_set_cached_cell_and_set_connections" :: waited 0.000s {{(pid=95797) inner /opt/stack/data/venv/lib/python3.12/site-packages/oslo_concurrency/lockutils.py:524}}
May 20 19:58:22.890158 np0000001109 nova-scheduler[95797]: DEBUG oslo_concurrency.lockutils [None req-7269bc99-6e29-417c-8322-2f3a58eb3a8e tempest-ServerStableDeviceRescueTest-77666511 tempest-ServerStableDeviceRescueTest-77666511-project-member] Lock "da4325cc-6213-4190-91bb-5c1ebf54878c" "released" by "nova.context.set_target_cell..get_or_set_cached_cell_and_set_connections" :: held 0.001s {{(pid=95797) inner /opt/stack/data/venv/lib/python3.12/site-packages/oslo_concurrency/lockutils.py:543}}
May 20 19:58:22.891947 np0000001109 nova-scheduler[95797]: INFO dbcounter [None req-7269bc99-6e29-417c-8322-2f3a58eb3a8e tempest-ServerStableDeviceRescueTest-77666511 tempest-ServerStableDeviceRescueTest-77666511-project-member] Registered counter for database nova_cell1
May 20 19:58:22.898860 np0000001109 nova-scheduler[95797]: DEBUG oslo_db.sqlalchemy.engines [None req-7269bc99-6e29-417c-8322-2f3a58eb3a8e tempest-ServerStableDeviceRescueTest-77666511 tempest-ServerStableDeviceRescueTest-77666511-project-member] MySQL server mode set to STRICT_TRANS_TABLES,STRICT_ALL_TABLES,NO_ZERO_IN_DATE,NO_ZERO_DATE,ERROR_FOR_DIVISION_BY_ZERO,TRADITIONAL,NO_ENGINE_SUBSTITUTION {{(pid=95797) _check_effective_sql_mode /opt/stack/data/venv/lib/python3.12/site-packages/oslo_db/sqlalchemy/engines.py:325}}
May 20 19:58:22.903960 np0000001109 nova-scheduler[95797]: DEBUG dbcounter [-] [95797] Writer thread running {{(pid=95797) stat_writer /opt/stack/data/venv/lib/python3.12/site-packages/dbcounter.py:102}}
May 20 19:58:22.933233 np0000001109 nova-scheduler[95797]: DEBUG dbcounter [-] [95797] Writer thread running {{(pid=95797) stat_writer /opt/stack/data/venv/lib/python3.12/site-packages/dbcounter.py:102}}
May 20 19:58:22.937721 np0000001109 nova-scheduler[95797]: DEBUG oslo_concurrency.lockutils [None req-7269bc99-6e29-417c-8322-2f3a58eb3a8e tempest-ServerStableDeviceRescueTest-77666511 tempest-ServerStableDeviceRescueTest-77666511-project-member] Acquiring lock "da4325cc-6213-4190-91bb-5c1ebf54878c" by "nova.context.set_target_cell..get_or_set_cached_cell_and_set_connections" {{(pid=95797) inner /opt/stack/data/venv/lib/python3.12/site-packages/oslo_concurrency/lockutils.py:511}}
May 20 19:58:22.937854 np0000001109 nova-scheduler[95797]: DEBUG oslo_concurrency.lockutils [None req-7269bc99-6e29-417c-8322-2f3a58eb3a8e tempest-ServerStableDeviceRescueTest-77666511 tempest-ServerStableDeviceRescueTest-77666511-project-member] Lock "da4325cc-6213-4190-91bb-5c1ebf54878c" acquired by "nova.context.set_target_cell..get_or_set_cached_cell_and_set_connections" :: waited 0.000s {{(pid=95797) inner /opt/stack/data/venv/lib/python3.12/site-packages/oslo_concurrency/lockutils.py:524}}
May 20 19:58:22.937929 np0000001109 nova-scheduler[95797]: DEBUG oslo_concurrency.lockutils [None req-7269bc99-6e29-417c-8322-2f3a58eb3a8e tempest-ServerStableDeviceRescueTest-77666511 tempest-ServerStableDeviceRescueTest-77666511-project-member] Lock "da4325cc-6213-4190-91bb-5c1ebf54878c" "released" by "nova.context.set_target_cell..get_or_set_cached_cell_and_set_connections" :: held 0.000s {{(pid=95797) inner /opt/stack/data/venv/lib/python3.12/site-packages/oslo_concurrency/lockutils.py:543}}
May 20 19:58:22.943330 np0000001109 nova-scheduler[95797]: DEBUG oslo_concurrency.lockutils [None req-7269bc99-6e29-417c-8322-2f3a58eb3a8e tempest-ServerStableDeviceRescueTest-77666511 tempest-ServerStableDeviceRescueTest-77666511-project-member] Acquiring lock "('np0000001109', 'np0000001109')" by "nova.scheduler.host_manager.HostState.update.._locked_update" {{(pid=95797) inner /opt/stack/data/venv/lib/python3.12/site-packages/oslo_concurrency/lockutils.py:511}}
May 20 19:58:22.943444 np0000001109 nova-scheduler[95797]: DEBUG oslo_concurrency.lockutils [None req-7269bc99-6e29-417c-8322-2f3a58eb3a8e tempest-ServerStableDeviceRescueTest-77666511 tempest-ServerStableDeviceRescueTest-77666511-project-member] Lock "('np0000001109', 'np0000001109')" acquired by "nova.scheduler.host_manager.HostState.update.._locked_update" :: waited 0.000s {{(pid=95797) inner /opt/stack/data/venv/lib/python3.12/site-packages/oslo_concurrency/lockutils.py:524}}
