Jul 22 17:45:59.621198 np0000005648 systemd[1]: Starting devstack@n-api-meta.service - Devstack devstack@n-api-meta.service...
Jul 22 17:45:59.626331 np0000005648 devstack@n-api-meta.service[96116]: [uWSGI] getting INI configuration from /etc/nova/nova-metadata-uwsgi.ini
Jul 22 17:45:59.628582 np0000005648 devstack@n-api-meta.service[96116]: *** Starting uWSGI 2.0.24-debian (64bit) on [Wed Jul 22 17:45:59 2026] ***
Jul 22 17:45:59.628582 np0000005648 devstack@n-api-meta.service[96116]: compiled with version: 13.2.0 on 17 April 2024 16:23:48
Jul 22 17:45:59.628582 np0000005648 devstack@n-api-meta.service[96116]: os: Linux-6.8.0-100-generic #100-Ubuntu SMP PREEMPT_DYNAMIC Tue Jan 13 16:40:06 UTC 2026
Jul 22 17:45:59.628582 np0000005648 devstack@n-api-meta.service[96116]: nodename: np0000005648
Jul 22 17:45:59.628582 np0000005648 devstack@n-api-meta.service[96116]: machine: x86_64
Jul 22 17:45:59.628582 np0000005648 devstack@n-api-meta.service[96116]: clock source: unix
Jul 22 17:45:59.628582 np0000005648 devstack@n-api-meta.service[96116]: pcre jit disabled
Jul 22 17:45:59.628582 np0000005648 devstack@n-api-meta.service[96116]: detected number of CPU cores: 16
Jul 22 17:45:59.628582 np0000005648 devstack@n-api-meta.service[96116]: current working directory: /
Jul 22 17:45:59.628582 np0000005648 devstack@n-api-meta.service[96116]: detected binary path: /usr/bin/uwsgi-core
Jul 22 17:45:59.628582 np0000005648 devstack@n-api-meta.service[96116]: your processes number limit is 257052
Jul 22 17:45:59.628582 np0000005648 devstack@n-api-meta.service[96116]: your memory page size is 4096 bytes
Jul 22 17:45:59.628582 np0000005648 devstack@n-api-meta.service[96116]: detected max file descriptor number: 2048
Jul 22 17:45:59.628582 np0000005648 devstack@n-api-meta.service[96116]: lock engine: pthread robust mutexes
Jul 22 17:45:59.628947 np0000005648 devstack@n-api-meta.service[96116]: thunder lock: enabled
Jul 22 17:45:59.629276 np0000005648 devstack@n-api-meta.service[96116]: uWSGI http bound on 0.0.0.0:8775 fd 5
Jul 22 17:45:59.629325 np0000005648 devstack@n-api-meta.service[96116]: uwsgi socket 0 bound to TCP address 127.0.0.1:43413 (port auto-assigned) fd 4
Jul 22 17:45:59.629325 np0000005648 devstack@n-api-meta.service[96116]: Python version: 3.12.3 (main, Jun 19 2026, 12:46:00) [GCC 13.3.0]
Jul 22 17:45:59.629325 np0000005648 devstack@n-api-meta.service[96116]: PEP 405 virtualenv detected: /opt/stack/data/venv
Jul 22 17:45:59.629325 np0000005648 devstack@n-api-meta.service[96116]: Set PythonHome to /opt/stack/data/venv
Jul 22 17:45:59.660970 np0000005648 devstack@n-api-meta.service[96116]: Python main interpreter initialized at 0x7fb61a6a4668
Jul 22 17:45:59.660970 np0000005648 devstack@n-api-meta.service[96116]: python threads support enabled
Jul 22 17:45:59.660970 np0000005648 devstack@n-api-meta.service[96116]: your server socket listen backlog is limited to 100 connections
Jul 22 17:45:59.660970 np0000005648 devstack@n-api-meta.service[96116]: your mercy for graceful operations on workers is 80 seconds
Jul 22 17:45:59.661459 np0000005648 devstack@n-api-meta.service[96116]: mapped 671795 bytes (656 KB) for 4 cores
Jul 22 17:45:59.661620 np0000005648 devstack@n-api-meta.service[96116]: *** Operational MODE: preforking ***
Jul 22 17:45:59.661819 np0000005648 devstack@n-api-meta.service[96116]: *** uWSGI is running in multiple interpreter mode ***
Jul 22 17:45:59.661819 np0000005648 devstack@n-api-meta.service[96116]: spawned uWSGI master process (pid: 96116)
Jul 22 17:45:59.661971 np0000005648 systemd[1]: Started devstack@n-api-meta.service - Devstack devstack@n-api-meta.service.
Jul 22 17:45:59.662343 np0000005648 devstack@n-api-meta.service[96116]: spawned uWSGI worker 1 (pid: 96117, cores: 1)
Jul 22 17:45:59.662793 np0000005648 devstack@n-api-meta.service[96116]: spawned uWSGI worker 2 (pid: 96118, cores: 1)
Jul 22 17:45:59.663178 np0000005648 devstack@n-api-meta.service[96116]: spawned uWSGI worker 3 (pid: 96119, cores: 1)
Jul 22 17:45:59.663555 np0000005648 devstack@n-api-meta.service[96116]: spawned uWSGI worker 4 (pid: 96120, cores: 1)
Jul 22 17:45:59.664006 np0000005648 devstack@n-api-meta.service[96116]: spawned uWSGI http 1 (pid: 96121)
Jul 22 17:45:59.664006 np0000005648 devstack@n-api-meta.service[96116]: running "unix_signal:15 gracefully_kill_them_all" (master-start)...
Jul 22 17:46:01.245587 np0000005648 devstack@n-api-meta.service[96118]: INFO dbcounter [None req-212fb94d-7c6e-4be8-9ac9-9bc3d0c7d51d None None] Registered counter for database nova_api
Jul 22 17:46:01.289546 np0000005648 devstack@n-api-meta.service[96120]: INFO dbcounter [None req-ed231c2f-1129-4afb-8c0b-0e8414369679 None None] Registered counter for database nova_api
Jul 22 17:46:01.289943 np0000005648 devstack@n-api-meta.service[96118]: DEBUG oslo_db.sqlalchemy.engines [None req-212fb94d-7c6e-4be8-9ac9-9bc3d0c7d51d None None] MySQL server mode set to STRICT_TRANS_TABLES,STRICT_ALL_TABLES,NO_ZERO_IN_DATE,NO_ZERO_DATE,ERROR_FOR_DIVISION_BY_ZERO,TRADITIONAL,NO_ENGINE_SUBSTITUTION {{(pid=96118) _check_effective_sql_mode /opt/stack/data/venv/lib/python3.12/site-packages/oslo_db/sqlalchemy/engines.py:325}}
Jul 22 17:46:01.293889 np0000005648 devstack@n-api-meta.service[96117]: INFO dbcounter [None req-aac3d313-db0b-4d67-86e2-0b06dfe53794 None None] Registered counter for database nova_api
Jul 22 17:46:01.302835 np0000005648 devstack@n-api-meta.service[96119]: INFO dbcounter [None req-19a77c78-a66a-431e-8718-cccc6020e5eb None None] Registered counter for database nova_api
Jul 22 17:46:01.316199 np0000005648 devstack@n-api-meta.service[96118]: DEBUG dbcounter [-] [96118] Writer thread running {{(pid=96118) stat_writer /opt/stack/data/venv/lib/python3.12/site-packages/dbcounter.py:102}}
Jul 22 17:46:01.318377 np0000005648 devstack@n-api-meta.service[96118]: DEBUG nova.context [None req-212fb94d-7c6e-4be8-9ac9-9bc3d0c7d51d None None] Found 2 cells: 00000000-0000-0000-0000-000000000000(cell0),94f6a23f-f6ae-4cd7-852c-6cf258d9e2f2(cell1) {{(pid=96118) load_cells /opt/stack/nova/nova/context.py:509}}
Jul 22 17:46:01.318612 np0000005648 devstack@n-api-meta.service[96118]: INFO nova.utils [None req-212fb94d-7c6e-4be8-9ac9-9bc3d0c7d51d None None] The cell worker thread pool MainProcess.cell_worker is initialized
Jul 22 17:46:01.320174 np0000005648 devstack@n-api-meta.service[96118]: DEBUG oslo_concurrency.lockutils [None req-212fb94d-7c6e-4be8-9ac9-9bc3d0c7d51d None None] Acquiring lock "00000000-0000-0000-0000-000000000000" by "nova.context.set_target_cell..get_or_set_cached_cell_and_set_connections" {{(pid=96118) inner /opt/stack/data/venv/lib/python3.12/site-packages/oslo_concurrency/lockutils.py:512}}
Jul 22 17:46:01.320331 np0000005648 devstack@n-api-meta.service[96118]: DEBUG oslo_concurrency.lockutils [None req-212fb94d-7c6e-4be8-9ac9-9bc3d0c7d51d None None] Lock "00000000-0000-0000-0000-000000000000" acquired by "nova.context.set_target_cell..get_or_set_cached_cell_and_set_connections" :: waited 0.000s {{(pid=96118) inner /opt/stack/data/venv/lib/python3.12/site-packages/oslo_concurrency/lockutils.py:525}}
Jul 22 17:46:01.320672 np0000005648 devstack@n-api-meta.service[96118]: DEBUG oslo_concurrency.lockutils [None req-212fb94d-7c6e-4be8-9ac9-9bc3d0c7d51d None None] Lock "00000000-0000-0000-0000-000000000000" "released" by "nova.context.set_target_cell..get_or_set_cached_cell_and_set_connections" :: held 0.000s {{(pid=96118) inner /opt/stack/data/venv/lib/python3.12/site-packages/oslo_concurrency/lockutils.py:544}}
Jul 22 17:46:01.322136 np0000005648 devstack@n-api-meta.service[96118]: DEBUG oslo_concurrency.lockutils [None req-212fb94d-7c6e-4be8-9ac9-9bc3d0c7d51d None None] Acquiring lock "94f6a23f-f6ae-4cd7-852c-6cf258d9e2f2" by "nova.context.set_target_cell..get_or_set_cached_cell_and_set_connections" {{(pid=96118) inner /opt/stack/data/venv/lib/python3.12/site-packages/oslo_concurrency/lockutils.py:512}}
Jul 22 17:46:01.322396 np0000005648 devstack@n-api-meta.service[96118]: INFO dbcounter [None req-212fb94d-7c6e-4be8-9ac9-9bc3d0c7d51d None None] Registered counter for database nova_cell0
Jul 22 17:46:01.323410 np0000005648 devstack@n-api-meta.service[96118]: DEBUG oslo_concurrency.lockutils [None req-212fb94d-7c6e-4be8-9ac9-9bc3d0c7d51d None None] Lock "94f6a23f-f6ae-4cd7-852c-6cf258d9e2f2" acquired by "nova.context.set_target_cell..get_or_set_cached_cell_and_set_connections" :: waited 0.001s {{(pid=96118) inner /opt/stack/data/venv/lib/python3.12/site-packages/oslo_concurrency/lockutils.py:525}}
Jul 22 17:46:01.324402 np0000005648 devstack@n-api-meta.service[96118]: DEBUG oslo_concurrency.lockutils [None req-212fb94d-7c6e-4be8-9ac9-9bc3d0c7d51d None None] Lock "94f6a23f-f6ae-4cd7-852c-6cf258d9e2f2" "released" by "nova.context.set_target_cell..get_or_set_cached_cell_and_set_connections" :: held 0.002s {{(pid=96118) inner /opt/stack/data/venv/lib/python3.12/site-packages/oslo_concurrency/lockutils.py:544}}
Jul 22 17:46:01.325786 np0000005648 devstack@n-api-meta.service[96118]: INFO dbcounter [None req-212fb94d-7c6e-4be8-9ac9-9bc3d0c7d51d None None] Registered counter for database nova_cell1
Jul 22 17:46:01.336140 np0000005648 devstack@n-api-meta.service[96120]: DEBUG oslo_db.sqlalchemy.engines [None req-ed231c2f-1129-4afb-8c0b-0e8414369679 None None] MySQL server mode set to STRICT_TRANS_TABLES,STRICT_ALL_TABLES,NO_ZERO_IN_DATE,NO_ZERO_DATE,ERROR_FOR_DIVISION_BY_ZERO,TRADITIONAL,NO_ENGINE_SUBSTITUTION {{(pid=96120) _check_effective_sql_mode /opt/stack/data/venv/lib/python3.12/site-packages/oslo_db/sqlalchemy/engines.py:325}}
Jul 22 17:46:01.339301 np0000005648 devstack@n-api-meta.service[96117]: DEBUG oslo_db.sqlalchemy.engines [None req-aac3d313-db0b-4d67-86e2-0b06dfe53794 None None] MySQL server mode set to STRICT_TRANS_TABLES,STRICT_ALL_TABLES,NO_ZERO_IN_DATE,NO_ZERO_DATE,ERROR_FOR_DIVISION_BY_ZERO,TRADITIONAL,NO_ENGINE_SUBSTITUTION {{(pid=96117) _check_effective_sql_mode /opt/stack/data/venv/lib/python3.12/site-packages/oslo_db/sqlalchemy/engines.py:325}}
Jul 22 17:46:01.353093 np0000005648 devstack@n-api-meta.service[96119]: DEBUG oslo_db.sqlalchemy.engines [None req-19a77c78-a66a-431e-8718-cccc6020e5eb None None] MySQL server mode set to STRICT_TRANS_TABLES,STRICT_ALL_TABLES,NO_ZERO_IN_DATE,NO_ZERO_DATE,ERROR_FOR_DIVISION_BY_ZERO,TRADITIONAL,NO_ENGINE_SUBSTITUTION {{(pid=96119) _check_effective_sql_mode /opt/stack/data/venv/lib/python3.12/site-packages/oslo_db/sqlalchemy/engines.py:325}}
Jul 22 17:46:01.362378 np0000005648 devstack@n-api-meta.service[96118]: DEBUG oslo_db.sqlalchemy.engines [None req-212fb94d-7c6e-4be8-9ac9-9bc3d0c7d51d None None] MySQL server mode set to STRICT_TRANS_TABLES,STRICT_ALL_TABLES,NO_ZERO_IN_DATE,NO_ZERO_DATE,ERROR_FOR_DIVISION_BY_ZERO,TRADITIONAL,NO_ENGINE_SUBSTITUTION {{(pid=96118) _check_effective_sql_mode /opt/stack/data/venv/lib/python3.12/site-packages/oslo_db/sqlalchemy/engines.py:325}}
Jul 22 17:46:01.365961 np0000005648 devstack@n-api-meta.service[96120]: DEBUG dbcounter [-] [96120] Writer thread running {{(pid=96120) stat_writer /opt/stack/data/venv/lib/python3.12/site-packages/dbcounter.py:102}}
Jul 22 17:46:01.366045 np0000005648 devstack@n-api-meta.service[96118]: DEBUG oslo_db.sqlalchemy.engines [None req-212fb94d-7c6e-4be8-9ac9-9bc3d0c7d51d None None] MySQL server mode set to STRICT_TRANS_TABLES,STRICT_ALL_TABLES,NO_ZERO_IN_DATE,NO_ZERO_DATE,ERROR_FOR_DIVISION_BY_ZERO,TRADITIONAL,NO_ENGINE_SUBSTITUTION {{(pid=96118) _check_effective_sql_mode /opt/stack/data/venv/lib/python3.12/site-packages/oslo_db/sqlalchemy/engines.py:325}}
Jul 22 17:46:01.369637 np0000005648 devstack@n-api-meta.service[96120]: DEBUG nova.context [None req-ed231c2f-1129-4afb-8c0b-0e8414369679 None None] Found 2 cells: 00000000-0000-0000-0000-000000000000(cell0),94f6a23f-f6ae-4cd7-852c-6cf258d9e2f2(cell1) {{(pid=96120) load_cells /opt/stack/nova/nova/context.py:509}}
Jul 22 17:46:01.369637 np0000005648 devstack@n-api-meta.service[96120]: INFO nova.utils [None req-ed231c2f-1129-4afb-8c0b-0e8414369679 None None] The cell worker thread pool MainProcess.cell_worker is initialized
Jul 22 17:46:01.369719 np0000005648 devstack@n-api-meta.service[96117]: DEBUG dbcounter [-] [96117] Writer thread running {{(pid=96117) stat_writer /opt/stack/data/venv/lib/python3.12/site-packages/dbcounter.py:102}}
Jul 22 17:46:01.370142 np0000005648 devstack@n-api-meta.service[96120]: DEBUG oslo_concurrency.lockutils [None req-ed231c2f-1129-4afb-8c0b-0e8414369679 None None] Acquiring lock "00000000-0000-0000-0000-000000000000" by "nova.context.set_target_cell..get_or_set_cached_cell_and_set_connections" {{(pid=96120) inner /opt/stack/data/venv/lib/python3.12/site-packages/oslo_concurrency/lockutils.py:512}}
Jul 22 17:46:01.370306 np0000005648 devstack@n-api-meta.service[96120]: DEBUG oslo_concurrency.lockutils [None req-ed231c2f-1129-4afb-8c0b-0e8414369679 None None] Lock "00000000-0000-0000-0000-000000000000" acquired by "nova.context.set_target_cell..get_or_set_cached_cell_and_set_connections" :: waited 0.000s {{(pid=96120) inner /opt/stack/data/venv/lib/python3.12/site-packages/oslo_concurrency/lockutils.py:525}}
Jul 22 17:46:01.370656 np0000005648 devstack@n-api-meta.service[96120]: DEBUG oslo_concurrency.lockutils [None req-ed231c2f-1129-4afb-8c0b-0e8414369679 None None] Lock "00000000-0000-0000-0000-000000000000" "released" by "nova.context.set_target_cell..get_or_set_cached_cell_and_set_connections" :: held 0.000s {{(pid=96120) inner /opt/stack/data/venv/lib/python3.12/site-packages/oslo_concurrency/lockutils.py:544}}
Jul 22 17:46:01.371289 np0000005648 devstack@n-api-meta.service[96120]: DEBUG oslo_concurrency.lockutils [None req-ed231c2f-1129-4afb-8c0b-0e8414369679 None None] Acquiring lock "94f6a23f-f6ae-4cd7-852c-6cf258d9e2f2" by "nova.context.set_target_cell..get_or_set_cached_cell_and_set_connections" {{(pid=96120) inner /opt/stack/data/venv/lib/python3.12/site-packages/oslo_concurrency/lockutils.py:512}}
Jul 22 17:46:01.371347 np0000005648 devstack@n-api-meta.service[96117]: DEBUG nova.context [None req-aac3d313-db0b-4d67-86e2-0b06dfe53794 None None] Found 2 cells: 00000000-0000-0000-0000-000000000000(cell0),94f6a23f-f6ae-4cd7-852c-6cf258d9e2f2(cell1) {{(pid=96117) load_cells /opt/stack/nova/nova/context.py:509}}
Jul 22 17:46:01.371434 np0000005648 devstack@n-api-meta.service[96120]: DEBUG oslo_concurrency.lockutils [None req-ed231c2f-1129-4afb-8c0b-0e8414369679 None None] Lock "94f6a23f-f6ae-4cd7-852c-6cf258d9e2f2" acquired by "nova.context.set_target_cell..get_or_set_cached_cell_and_set_connections" :: waited 0.000s {{(pid=96120) inner /opt/stack/data/venv/lib/python3.12/site-packages/oslo_concurrency/lockutils.py:525}}
Jul 22 17:46:01.371551 np0000005648 devstack@n-api-meta.service[96117]: INFO nova.utils [None req-aac3d313-db0b-4d67-86e2-0b06dfe53794 None None] The cell worker thread pool MainProcess.cell_worker is initialized
Jul 22 17:46:01.372250 np0000005648 devstack@n-api-meta.service[96120]: DEBUG oslo_concurrency.lockutils [None req-ed231c2f-1129-4afb-8c0b-0e8414369679 None None] Lock "94f6a23f-f6ae-4cd7-852c-6cf258d9e2f2" "released" by "nova.context.set_target_cell..get_or_set_cached_cell_and_set_connections" :: held 0.001s {{(pid=96120) inner /opt/stack/data/venv/lib/python3.12/site-packages/oslo_concurrency/lockutils.py:544}}
Jul 22 17:46:01.373552 np0000005648 devstack@n-api-meta.service[96117]: DEBUG oslo_concurrency.lockutils [None req-aac3d313-db0b-4d67-86e2-0b06dfe53794 None None] Acquiring lock "00000000-0000-0000-0000-000000000000" by "nova.context.set_target_cell..get_or_set_cached_cell_and_set_connections" {{(pid=96117) inner /opt/stack/data/venv/lib/python3.12/site-packages/oslo_concurrency/lockutils.py:512}}
Jul 22 17:46:01.373749 np0000005648 devstack@n-api-meta.service[96117]: DEBUG oslo_concurrency.lockutils [None req-aac3d313-db0b-4d67-86e2-0b06dfe53794 None None] Lock "00000000-0000-0000-0000-000000000000" acquired by "nova.context.set_target_cell..get_or_set_cached_cell_and_set_connections" :: waited 0.000s {{(pid=96117) inner /opt/stack/data/venv/lib/python3.12/site-packages/oslo_concurrency/lockutils.py:525}}
Jul 22 17:46:01.374236 np0000005648 devstack@n-api-meta.service[96117]: DEBUG oslo_concurrency.lockutils [None req-aac3d313-db0b-4d67-86e2-0b06dfe53794 None None] Lock "00000000-0000-0000-0000-000000000000" "released" by "nova.context.set_target_cell..get_or_set_cached_cell_and_set_connections" :: held 0.000s {{(pid=96117) inner /opt/stack/data/venv/lib/python3.12/site-packages/oslo_concurrency/lockutils.py:544}}
Jul 22 17:46:01.374283 np0000005648 devstack@n-api-meta.service[96120]: INFO dbcounter [None req-ed231c2f-1129-4afb-8c0b-0e8414369679 None None] Registered counter for database nova_cell0
Jul 22 17:46:01.374855 np0000005648 devstack@n-api-meta.service[96117]: DEBUG oslo_concurrency.lockutils [None req-aac3d313-db0b-4d67-86e2-0b06dfe53794 None None] Acquiring lock "94f6a23f-f6ae-4cd7-852c-6cf258d9e2f2" by "nova.context.set_target_cell..get_or_set_cached_cell_and_set_connections" {{(pid=96117) inner /opt/stack/data/venv/lib/python3.12/site-packages/oslo_concurrency/lockutils.py:512}}
Jul 22 17:46:01.376144 np0000005648 devstack@n-api-meta.service[96117]: INFO dbcounter [None req-aac3d313-db0b-4d67-86e2-0b06dfe53794 None None] Registered counter for database nova_cell0
Jul 22 17:46:01.377166 np0000005648 devstack@n-api-meta.service[96120]: INFO dbcounter [None req-ed231c2f-1129-4afb-8c0b-0e8414369679 None None] Registered counter for database nova_cell1
Jul 22 17:46:01.377219 np0000005648 devstack@n-api-meta.service[96117]: DEBUG oslo_concurrency.lockutils [None req-aac3d313-db0b-4d67-86e2-0b06dfe53794 None None] Lock "94f6a23f-f6ae-4cd7-852c-6cf258d9e2f2" acquired by "nova.context.set_target_cell..get_or_set_cached_cell_and_set_connections" :: waited 0.001s {{(pid=96117) inner /opt/stack/data/venv/lib/python3.12/site-packages/oslo_concurrency/lockutils.py:525}}
Jul 22 17:46:01.378592 np0000005648 devstack@n-api-meta.service[96117]: DEBUG oslo_concurrency.lockutils [None req-aac3d313-db0b-4d67-86e2-0b06dfe53794 None None] Lock "94f6a23f-f6ae-4cd7-852c-6cf258d9e2f2" "released" by "nova.context.set_target_cell..get_or_set_cached_cell_and_set_connections" :: held 0.002s {{(pid=96117) inner /opt/stack/data/venv/lib/python3.12/site-packages/oslo_concurrency/lockutils.py:544}}
Jul 22 17:46:01.380895 np0000005648 devstack@n-api-meta.service[96117]: INFO dbcounter [None req-aac3d313-db0b-4d67-86e2-0b06dfe53794 None None] Registered counter for database nova_cell1
Jul 22 17:46:01.385498 np0000005648 devstack@n-api-meta.service[96119]: DEBUG dbcounter [-] [96119] Writer thread running {{(pid=96119) stat_writer /opt/stack/data/venv/lib/python3.12/site-packages/dbcounter.py:102}}
Jul 22 17:46:01.388538 np0000005648 devstack@n-api-meta.service[96119]: DEBUG nova.context [None req-19a77c78-a66a-431e-8718-cccc6020e5eb None None] Found 2 cells: 00000000-0000-0000-0000-000000000000(cell0),94f6a23f-f6ae-4cd7-852c-6cf258d9e2f2(cell1) {{(pid=96119) load_cells /opt/stack/nova/nova/context.py:509}}
Jul 22 17:46:01.388914 np0000005648 devstack@n-api-meta.service[96119]: INFO nova.utils [None req-19a77c78-a66a-431e-8718-cccc6020e5eb None None] The cell worker thread pool MainProcess.cell_worker is initialized
Jul 22 17:46:01.390561 np0000005648 devstack@n-api-meta.service[96119]: DEBUG oslo_concurrency.lockutils [None req-19a77c78-a66a-431e-8718-cccc6020e5eb None None] Acquiring lock "00000000-0000-0000-0000-000000000000" by "nova.context.set_target_cell..get_or_set_cached_cell_and_set_connections" {{(pid=96119) inner /opt/stack/data/venv/lib/python3.12/site-packages/oslo_concurrency/lockutils.py:512}}
Jul 22 17:46:01.390722 np0000005648 devstack@n-api-meta.service[96119]: DEBUG oslo_concurrency.lockutils [None req-19a77c78-a66a-431e-8718-cccc6020e5eb None None] Lock "00000000-0000-0000-0000-000000000000" acquired by "nova.context.set_target_cell..get_or_set_cached_cell_and_set_connections" :: waited 0.000s {{(pid=96119) inner /opt/stack/data/venv/lib/python3.12/site-packages/oslo_concurrency/lockutils.py:525}}
Jul 22 17:46:01.391146 np0000005648 devstack@n-api-meta.service[96119]: DEBUG oslo_concurrency.lockutils [None req-19a77c78-a66a-431e-8718-cccc6020e5eb None None] Lock "00000000-0000-0000-0000-000000000000" "released" by "nova.context.set_target_cell..get_or_set_cached_cell_and_set_connections" :: held 0.000s {{(pid=96119) inner /opt/stack/data/venv/lib/python3.12/site-packages/oslo_concurrency/lockutils.py:544}}
Jul 22 17:46:01.392265 np0000005648 devstack@n-api-meta.service[96119]: DEBUG oslo_concurrency.lockutils [None req-19a77c78-a66a-431e-8718-cccc6020e5eb None None] Acquiring lock "94f6a23f-f6ae-4cd7-852c-6cf258d9e2f2" by "nova.context.set_target_cell..get_or_set_cached_cell_and_set_connections" {{(pid=96119) inner /opt/stack/data/venv/lib/python3.12/site-packages/oslo_concurrency/lockutils.py:512}}
Jul 22 17:46:01.393470 np0000005648 devstack@n-api-meta.service[96119]: INFO dbcounter [None req-19a77c78-a66a-431e-8718-cccc6020e5eb None None] Registered counter for database nova_cell0
Jul 22 17:46:01.394668 np0000005648 devstack@n-api-meta.service[96119]: DEBUG oslo_concurrency.lockutils [None req-19a77c78-a66a-431e-8718-cccc6020e5eb None None] Lock "94f6a23f-f6ae-4cd7-852c-6cf258d9e2f2" acquired by "nova.context.set_target_cell..get_or_set_cached_cell_and_set_connections" :: waited 0.001s {{(pid=96119) inner /opt/stack/data/venv/lib/python3.12/site-packages/oslo_concurrency/lockutils.py:525}}
Jul 22 17:46:01.396065 np0000005648 devstack@n-api-meta.service[96119]: DEBUG oslo_concurrency.lockutils [None req-19a77c78-a66a-431e-8718-cccc6020e5eb None None] Lock "94f6a23f-f6ae-4cd7-852c-6cf258d9e2f2" "released" by "nova.context.set_target_cell..get_or_set_cached_cell_and_set_connections" :: held 0.003s {{(pid=96119) inner /opt/stack/data/venv/lib/python3.12/site-packages/oslo_concurrency/lockutils.py:544}}
Jul 22 17:46:01.398786 np0000005648 devstack@n-api-meta.service[96119]: INFO dbcounter [None req-19a77c78-a66a-431e-8718-cccc6020e5eb None None] Registered counter for database nova_cell1
Jul 22 17:46:01.419947 np0000005648 devstack@n-api-meta.service[96120]: DEBUG oslo_db.sqlalchemy.engines [None req-ed231c2f-1129-4afb-8c0b-0e8414369679 None None] MySQL server mode set to STRICT_TRANS_TABLES,STRICT_ALL_TABLES,NO_ZERO_IN_DATE,NO_ZERO_DATE,ERROR_FOR_DIVISION_BY_ZERO,TRADITIONAL,NO_ENGINE_SUBSTITUTION {{(pid=96120) _check_effective_sql_mode /opt/stack/data/venv/lib/python3.12/site-packages/oslo_db/sqlalchemy/engines.py:325}}
Jul 22 17:46:01.423364 np0000005648 devstack@n-api-meta.service[96120]: DEBUG oslo_db.sqlalchemy.engines [None req-ed231c2f-1129-4afb-8c0b-0e8414369679 None None] MySQL server mode set to STRICT_TRANS_TABLES,STRICT_ALL_TABLES,NO_ZERO_IN_DATE,NO_ZERO_DATE,ERROR_FOR_DIVISION_BY_ZERO,TRADITIONAL,NO_ENGINE_SUBSTITUTION {{(pid=96120) _check_effective_sql_mode /opt/stack/data/venv/lib/python3.12/site-packages/oslo_db/sqlalchemy/engines.py:325}}
Jul 22 17:46:01.426312 np0000005648 devstack@n-api-meta.service[96117]: DEBUG oslo_db.sqlalchemy.engines [None req-aac3d313-db0b-4d67-86e2-0b06dfe53794 None None] MySQL server mode set to STRICT_TRANS_TABLES,STRICT_ALL_TABLES,NO_ZERO_IN_DATE,NO_ZERO_DATE,ERROR_FOR_DIVISION_BY_ZERO,TRADITIONAL,NO_ENGINE_SUBSTITUTION {{(pid=96117) _check_effective_sql_mode /opt/stack/data/venv/lib/python3.12/site-packages/oslo_db/sqlalchemy/engines.py:325}}
Jul 22 17:46:01.445930 np0000005648 devstack@n-api-meta.service[96117]: DEBUG oslo_db.sqlalchemy.engines [None req-aac3d313-db0b-4d67-86e2-0b06dfe53794 None None] MySQL server mode set to STRICT_TRANS_TABLES,STRICT_ALL_TABLES,NO_ZERO_IN_DATE,NO_ZERO_DATE,ERROR_FOR_DIVISION_BY_ZERO,TRADITIONAL,NO_ENGINE_SUBSTITUTION {{(pid=96117) _check_effective_sql_mode /opt/stack/data/venv/lib/python3.12/site-packages/oslo_db/sqlalchemy/engines.py:325}}
Jul 22 17:46:01.446075 np0000005648 devstack@n-api-meta.service[96119]: DEBUG oslo_db.sqlalchemy.engines [None req-19a77c78-a66a-431e-8718-cccc6020e5eb None None] MySQL server mode set to STRICT_TRANS_TABLES,STRICT_ALL_TABLES,NO_ZERO_IN_DATE,NO_ZERO_DATE,ERROR_FOR_DIVISION_BY_ZERO,TRADITIONAL,NO_ENGINE_SUBSTITUTION {{(pid=96119) _check_effective_sql_mode /opt/stack/data/venv/lib/python3.12/site-packages/oslo_db/sqlalchemy/engines.py:325}}
Jul 22 17:46:01.448426 np0000005648 devstack@n-api-meta.service[96118]: DEBUG dbcounter [-] [96118] Writer thread running {{(pid=96118) stat_writer /opt/stack/data/venv/lib/python3.12/site-packages/dbcounter.py:102}}
Jul 22 17:46:01.451415 np0000005648 devstack@n-api-meta.service[96118]: DEBUG dbcounter [-] [96118] Writer thread running {{(pid=96118) stat_writer /opt/stack/data/venv/lib/python3.12/site-packages/dbcounter.py:102}}
Jul 22 17:46:01.454210 np0000005648 devstack@n-api-meta.service[96118]: INFO dbcounter [None req-212fb94d-7c6e-4be8-9ac9-9bc3d0c7d51d None None] Registered counter for database nova_cell0
Jul 22 17:46:01.487377 np0000005648 devstack@n-api-meta.service[96118]: DEBUG oslo_db.sqlalchemy.engines [None req-212fb94d-7c6e-4be8-9ac9-9bc3d0c7d51d None None] MySQL server mode set to STRICT_TRANS_TABLES,STRICT_ALL_TABLES,NO_ZERO_IN_DATE,NO_ZERO_DATE,ERROR_FOR_DIVISION_BY_ZERO,TRADITIONAL,NO_ENGINE_SUBSTITUTION {{(pid=96118) _check_effective_sql_mode /opt/stack/data/venv/lib/python3.12/site-packages/oslo_db/sqlalchemy/engines.py:325}}
Jul 22 17:46:01.495226 np0000005648 devstack@n-api-meta.service[96118]: DEBUG dbcounter [-] [96118] Writer thread running {{(pid=96118) stat_writer /opt/stack/data/venv/lib/python3.12/site-packages/dbcounter.py:102}}
Jul 22 17:46:01.499327 np0000005648 devstack@n-api-meta.service[96120]: DEBUG dbcounter [-] [96120] Writer thread running {{(pid=96120) stat_writer /opt/stack/data/venv/lib/python3.12/site-packages/dbcounter.py:102}}
Jul 22 17:46:01.502930 np0000005648 devstack@n-api-meta.service[96120]: DEBUG dbcounter [-] [96120] Writer thread running {{(pid=96120) stat_writer /opt/stack/data/venv/lib/python3.12/site-packages/dbcounter.py:102}}
Jul 22 17:46:01.505632 np0000005648 devstack@n-api-meta.service[96120]: INFO dbcounter [None req-ed231c2f-1129-4afb-8c0b-0e8414369679 None None] Registered counter for database nova_cell0
Jul 22 17:46:01.506633 np0000005648 devstack@n-api-meta.service[96117]: DEBUG dbcounter [-] [96117] Writer thread running {{(pid=96117) stat_writer /opt/stack/data/venv/lib/python3.12/site-packages/dbcounter.py:102}}
Jul 22 17:46:01.510762 np0000005648 devstack@n-api-meta.service[96117]: DEBUG dbcounter [-] [96117] Writer thread running {{(pid=96117) stat_writer /opt/stack/data/venv/lib/python3.12/site-packages/dbcounter.py:102}}
Jul 22 17:46:01.512957 np0000005648 devstack@n-api-meta.service[96117]: INFO dbcounter [None req-aac3d313-db0b-4d67-86e2-0b06dfe53794 None None] Registered counter for database nova_cell0
Jul 22 17:46:01.533962 np0000005648 devstack@n-api-meta.service[96118]: WARNING nova.api.metadata.handler [None req-212fb94d-7c6e-4be8-9ac9-9bc3d0c7d51d None None] metadata_proxy_shared_secret is not configured, the metadata information returned by the proxy cannot be trusted
Jul 22 17:46:01.535940 np0000005648 devstack@n-api-meta.service[96118]: DEBUG nova.api.openstack.wsgi_app [None req-212fb94d-7c6e-4be8-9ac9-9bc3d0c7d51d None None] ******************************************************************************** {{(pid=96118) log_opt_values /opt/stack/data/venv/lib/python3.12/site-packages/oslo_config/cfg.py:3226}}
Jul 22 17:46:01.536056 np0000005648 devstack@n-api-meta.service[96118]: DEBUG nova.api.openstack.wsgi_app [None req-212fb94d-7c6e-4be8-9ac9-9bc3d0c7d51d None None] Configuration options gathered from: {{(pid=96118) log_opt_values /opt/stack/data/venv/lib/python3.12/site-packages/oslo_config/cfg.py:3227}}
Jul 22 17:46:01.536105 np0000005648 devstack@n-api-meta.service[96119]: DEBUG dbcounter [-] [96119] Writer thread running {{(pid=96119) stat_writer /opt/stack/data/venv/lib/python3.12/site-packages/dbcounter.py:102}}
Jul 22 17:46:01.536169 np0000005648 devstack@n-api-meta.service[96118]: DEBUG nova.api.openstack.wsgi_app [None req-212fb94d-7c6e-4be8-9ac9-9bc3d0c7d51d None None] command line args: [] {{(pid=96118) log_opt_values /opt/stack/data/venv/lib/python3.12/site-packages/oslo_config/cfg.py:3228}}
Jul 22 17:46:01.536358 np0000005648 devstack@n-api-meta.service[96118]: DEBUG nova.api.openstack.wsgi_app [None req-212fb94d-7c6e-4be8-9ac9-9bc3d0c7d51d None None] config files: ['/etc/nova/api-paste.ini', '/etc/nova/nova.conf'] {{(pid=96118) log_opt_values /opt/stack/data/venv/lib/python3.12/site-packages/oslo_config/cfg.py:3229}}
Jul 22 17:46:01.536469 np0000005648 devstack@n-api-meta.service[96118]: DEBUG nova.api.openstack.wsgi_app [None req-212fb94d-7c6e-4be8-9ac9-9bc3d0c7d51d None None] ================================================================================ {{(pid=96118) log_opt_values /opt/stack/data/venv/lib/python3.12/site-packages/oslo_config/cfg.py:3234}}
Jul 22 17:46:01.536703 np0000005648 devstack@n-api-meta.service[96118]: DEBUG nova.api.openstack.wsgi_app [None req-212fb94d-7c6e-4be8-9ac9-9bc3d0c7d51d None None] allow_resize_to_same_host = True {{(pid=96118) log_opt_values /opt/stack/data/venv/lib/python3.12/site-packages/oslo_config/cfg.py:3242}}
Jul 22 17:46:01.536894 np0000005648 devstack@n-api-meta.service[96118]: DEBUG nova.api.openstack.wsgi_app [None req-212fb94d-7c6e-4be8-9ac9-9bc3d0c7d51d None None] arq_binding_timeout = 300 {{(pid=96118) log_opt_values /opt/stack/data/venv/lib/python3.12/site-packages/oslo_config/cfg.py:3242}}
Jul 22 17:46:01.537091 np0000005648 devstack@n-api-meta.service[96118]: DEBUG nova.api.openstack.wsgi_app [None req-212fb94d-7c6e-4be8-9ac9-9bc3d0c7d51d None None] block_device_allocate_retries = 60 {{(pid=96118) log_opt_values /opt/stack/data/venv/lib/python3.12/site-packages/oslo_config/cfg.py:3242}}
Jul 22 17:46:01.537252 np0000005648 devstack@n-api-meta.service[96118]: DEBUG nova.api.openstack.wsgi_app [None req-212fb94d-7c6e-4be8-9ac9-9bc3d0c7d51d None None] block_device_allocate_retries_interval = 3 {{(pid=96118) log_opt_values /opt/stack/data/venv/lib/python3.12/site-packages/oslo_config/cfg.py:3242}}
Jul 22 17:46:01.537497 np0000005648 devstack@n-api-meta.service[96118]: DEBUG nova.api.openstack.wsgi_app [None req-212fb94d-7c6e-4be8-9ac9-9bc3d0c7d51d None None] cell_worker_thread_pool_size = 5 {{(pid=96118) log_opt_values /opt/stack/data/venv/lib/python3.12/site-packages/oslo_config/cfg.py:3242}}
Jul 22 17:46:01.537597 np0000005648 devstack@n-api-meta.service[96118]: DEBUG nova.api.openstack.wsgi_app [None req-212fb94d-7c6e-4be8-9ac9-9bc3d0c7d51d None None] cert = self.pem {{(pid=96118) log_opt_values /opt/stack/data/venv/lib/python3.12/site-packages/oslo_config/cfg.py:3242}}
Jul 22 17:46:01.537708 np0000005648 devstack@n-api-meta.service[96118]: DEBUG nova.api.openstack.wsgi_app [None req-212fb94d-7c6e-4be8-9ac9-9bc3d0c7d51d None None] compute_driver = libvirt.LibvirtDriver {{(pid=96118) log_opt_values /opt/stack/data/venv/lib/python3.12/site-packages/oslo_config/cfg.py:3242}}
Jul 22 17:46:01.537831 np0000005648 devstack@n-api-meta.service[96118]: DEBUG nova.api.openstack.wsgi_app [None req-212fb94d-7c6e-4be8-9ac9-9bc3d0c7d51d None None] compute_monitors = [] {{(pid=96118) log_opt_values /opt/stack/data/venv/lib/python3.12/site-packages/oslo_config/cfg.py:3242}}
Jul 22 17:46:01.538051 np0000005648 devstack@n-api-meta.service[96118]: DEBUG nova.api.openstack.wsgi_app [None req-212fb94d-7c6e-4be8-9ac9-9bc3d0c7d51d None None] concurrency_backend = auto {{(pid=96118) log_opt_values /opt/stack/data/venv/lib/python3.12/site-packages/oslo_config/cfg.py:3242}}
Jul 22 17:46:01.538183 np0000005648 devstack@n-api-meta.service[96118]: DEBUG nova.api.openstack.wsgi_app [None req-212fb94d-7c6e-4be8-9ac9-9bc3d0c7d51d None None] config_dir = [] {{(pid=96118) log_opt_values /opt/stack/data/venv/lib/python3.12/site-packages/oslo_config/cfg.py:3242}}
Jul 22 17:46:01.538304 np0000005648 devstack@n-api-meta.service[96118]: DEBUG nova.api.openstack.wsgi_app [None req-212fb94d-7c6e-4be8-9ac9-9bc3d0c7d51d None None] config_drive_format = iso9660 {{(pid=96118) log_opt_values /opt/stack/data/venv/lib/python3.12/site-packages/oslo_config/cfg.py:3242}}
Jul 22 17:46:01.538400 np0000005648 devstack@n-api-meta.service[96118]: DEBUG nova.api.openstack.wsgi_app [None req-212fb94d-7c6e-4be8-9ac9-9bc3d0c7d51d None None] config_file = ['/etc/nova/api-paste.ini', '/etc/nova/nova.conf'] {{(pid=96118) log_opt_values /opt/stack/data/venv/lib/python3.12/site-packages/oslo_config/cfg.py:3242}}
Jul 22 17:46:01.538532 np0000005648 devstack@n-api-meta.service[96118]: DEBUG nova.api.openstack.wsgi_app [None req-212fb94d-7c6e-4be8-9ac9-9bc3d0c7d51d None None] config_source = [] {{(pid=96118) log_opt_values /opt/stack/data/venv/lib/python3.12/site-packages/oslo_config/cfg.py:3242}}
Jul 22 17:46:01.538670 np0000005648 devstack@n-api-meta.service[96118]: DEBUG nova.api.openstack.wsgi_app [None req-212fb94d-7c6e-4be8-9ac9-9bc3d0c7d51d None None] console_host = np0000005648 {{(pid=96118) log_opt_values /opt/stack/data/venv/lib/python3.12/site-packages/oslo_config/cfg.py:3242}}
Jul 22 17:46:01.538790 np0000005648 devstack@n-api-meta.service[96118]: DEBUG nova.api.openstack.wsgi_app [None req-212fb94d-7c6e-4be8-9ac9-9bc3d0c7d51d None None] control_exchange = nova {{(pid=96118) log_opt_values /opt/stack/data/venv/lib/python3.12/site-packages/oslo_config/cfg.py:3242}}
Jul 22 17:46:01.538891 np0000005648 devstack@n-api-meta.service[96120]: DEBUG oslo_db.sqlalchemy.engines [None req-ed231c2f-1129-4afb-8c0b-0e8414369679 None None] MySQL server mode set to STRICT_TRANS_TABLES,STRICT_ALL_TABLES,NO_ZERO_IN_DATE,NO_ZERO_DATE,ERROR_FOR_DIVISION_BY_ZERO,TRADITIONAL,NO_ENGINE_SUBSTITUTION {{(pid=96120) _check_effective_sql_mode /opt/stack/data/venv/lib/python3.12/site-packages/oslo_db/sqlalchemy/engines.py:325}}
Jul 22 17:46:01.538947 np0000005648 devstack@n-api-meta.service[96118]: DEBUG nova.api.openstack.wsgi_app [None req-212fb94d-7c6e-4be8-9ac9-9bc3d0c7d51d None None] cpu_allocation_ratio = None {{(pid=96118) log_opt_values /opt/stack/data/venv/lib/python3.12/site-packages/oslo_config/cfg.py:3242}}
Jul 22 17:46:01.539044 np0000005648 devstack@n-api-meta.service[96118]: DEBUG nova.api.openstack.wsgi_app [None req-212fb94d-7c6e-4be8-9ac9-9bc3d0c7d51d None None] daemon = False {{(pid=96118) log_opt_values /opt/stack/data/venv/lib/python3.12/site-packages/oslo_config/cfg.py:3242}}
Jul 22 17:46:01.539162 np0000005648 devstack@n-api-meta.service[96118]: DEBUG nova.api.openstack.wsgi_app [None req-212fb94d-7c6e-4be8-9ac9-9bc3d0c7d51d None None] debug = True {{(pid=96118) log_opt_values /opt/stack/data/venv/lib/python3.12/site-packages/oslo_config/cfg.py:3242}}
Jul 22 17:46:01.539281 np0000005648 devstack@n-api-meta.service[96118]: DEBUG nova.api.openstack.wsgi_app [None req-212fb94d-7c6e-4be8-9ac9-9bc3d0c7d51d None None] default_access_ip_network_name = None {{(pid=96118) log_opt_values /opt/stack/data/venv/lib/python3.12/site-packages/oslo_config/cfg.py:3242}}
Jul 22 17:46:01.539398 np0000005648 devstack@n-api-meta.service[96118]: DEBUG nova.api.openstack.wsgi_app [None req-212fb94d-7c6e-4be8-9ac9-9bc3d0c7d51d None None] default_availability_zone = nova {{(pid=96118) log_opt_values /opt/stack/data/venv/lib/python3.12/site-packages/oslo_config/cfg.py:3242}}
Jul 22 17:46:01.539526 np0000005648 devstack@n-api-meta.service[96118]: DEBUG nova.api.openstack.wsgi_app [None req-212fb94d-7c6e-4be8-9ac9-9bc3d0c7d51d None None] default_ephemeral_format = ext4 {{(pid=96118) log_opt_values /opt/stack/data/venv/lib/python3.12/site-packages/oslo_config/cfg.py:3242}}
Jul 22 17:46:01.539665 np0000005648 devstack@n-api-meta.service[96118]: DEBUG nova.api.openstack.wsgi_app [None req-212fb94d-7c6e-4be8-9ac9-9bc3d0c7d51d None None] default_green_pool_size = 1000 {{(pid=96118) log_opt_values /opt/stack/data/venv/lib/python3.12/site-packages/oslo_config/cfg.py:3242}}
Jul 22 17:46:01.539841 np0000005648 devstack@n-api-meta.service[96118]: DEBUG nova.api.openstack.wsgi_app [None req-212fb94d-7c6e-4be8-9ac9-9bc3d0c7d51d None None] default_log_levels = ['amqp=WARN', 'boto=WARN', 'sqlalchemy=WARN', 'suds=INFO', 'oslo.messaging=INFO', 'oslo_messaging=INFO', 'iso8601=WARN', 'requests.packages.urllib3.connectionpool=WARN', 'urllib3.connectionpool=WARN', 'websocket=WARN', 'requests.packages.urllib3.util.retry=WARN', 'urllib3.util.retry=WARN', 'keystonemiddleware=WARN', 'routes.middleware=WARN', 'stevedore=WARN', 'taskflow=WARN', 'keystoneauth=WARN', 'oslo.cache=INFO', 'oslo_policy=INFO', 'dogpile.core.dogpile=INFO', 'glanceclient=WARN', 'oslo.privsep.daemon=INFO'] {{(pid=96118) log_opt_values /opt/stack/data/venv/lib/python3.12/site-packages/oslo_config/cfg.py:3242}}
Jul 22 17:46:01.539987 np0000005648 devstack@n-api-meta.service[96118]: DEBUG nova.api.openstack.wsgi_app [None req-212fb94d-7c6e-4be8-9ac9-9bc3d0c7d51d None None] default_schedule_zone = None {{(pid=96118) log_opt_values /opt/stack/data/venv/lib/python3.12/site-packages/oslo_config/cfg.py:3242}}
Jul 22 17:46:01.540104 np0000005648 devstack@n-api-meta.service[96118]: DEBUG nova.api.openstack.wsgi_app [None req-212fb94d-7c6e-4be8-9ac9-9bc3d0c7d51d None None] default_thread_pool_size = 10 {{(pid=96118) log_opt_values /opt/stack/data/venv/lib/python3.12/site-packages/oslo_config/cfg.py:3242}}
Jul 22 17:46:01.540213 np0000005648 devstack@n-api-meta.service[96118]: DEBUG nova.api.openstack.wsgi_app [None req-212fb94d-7c6e-4be8-9ac9-9bc3d0c7d51d None None] disk_allocation_ratio = None {{(pid=96118) log_opt_values /opt/stack/data/venv/lib/python3.12/site-packages/oslo_config/cfg.py:3242}}
Jul 22 17:46:01.540319 np0000005648 devstack@n-api-meta.service[96118]: DEBUG nova.api.openstack.wsgi_app [None req-212fb94d-7c6e-4be8-9ac9-9bc3d0c7d51d None None] enable_new_services = True {{(pid=96118) log_opt_values /opt/stack/data/venv/lib/python3.12/site-packages/oslo_config/cfg.py:3242}}
Jul 22 17:46:01.540430 np0000005648 devstack@n-api-meta.service[96118]: DEBUG nova.api.openstack.wsgi_app [None req-212fb94d-7c6e-4be8-9ac9-9bc3d0c7d51d None None] flat_injected = False {{(pid=96118) log_opt_values /opt/stack/data/venv/lib/python3.12/site-packages/oslo_config/cfg.py:3242}}
Jul 22 17:46:01.540571 np0000005648 devstack@n-api-meta.service[96118]: DEBUG nova.api.openstack.wsgi_app [None req-212fb94d-7c6e-4be8-9ac9-9bc3d0c7d51d None None] force_config_drive = True {{(pid=96118) log_opt_values /opt/stack/data/venv/lib/python3.12/site-packages/oslo_config/cfg.py:3242}}
Jul 22 17:46:01.540688 np0000005648 devstack@n-api-meta.service[96118]: DEBUG nova.api.openstack.wsgi_app [None req-212fb94d-7c6e-4be8-9ac9-9bc3d0c7d51d None None] force_raw_images = True {{(pid=96118) log_opt_values /opt/stack/data/venv/lib/python3.12/site-packages/oslo_config/cfg.py:3242}}
Jul 22 17:46:01.540810 np0000005648 devstack@n-api-meta.service[96118]: DEBUG nova.api.openstack.wsgi_app [None req-212fb94d-7c6e-4be8-9ac9-9bc3d0c7d51d None None] graceful_shutdown_timeout = 5 {{(pid=96118) log_opt_values /opt/stack/data/venv/lib/python3.12/site-packages/oslo_config/cfg.py:3242}}
Jul 22 17:46:01.540957 np0000005648 devstack@n-api-meta.service[96118]: DEBUG nova.api.openstack.wsgi_app [None req-212fb94d-7c6e-4be8-9ac9-9bc3d0c7d51d None None] heal_instance_info_cache_interval = -1 {{(pid=96118) log_opt_values /opt/stack/data/venv/lib/python3.12/site-packages/oslo_config/cfg.py:3242}}
Jul 22 17:46:01.541126 np0000005648 devstack@n-api-meta.service[96118]: DEBUG nova.api.openstack.wsgi_app [None req-212fb94d-7c6e-4be8-9ac9-9bc3d0c7d51d None None] host = np0000005648 {{(pid=96118) log_opt_values /opt/stack/data/venv/lib/python3.12/site-packages/oslo_config/cfg.py:3242}}
Jul 22 17:46:01.541244 np0000005648 devstack@n-api-meta.service[96118]: DEBUG nova.api.openstack.wsgi_app [None req-212fb94d-7c6e-4be8-9ac9-9bc3d0c7d51d None None] initial_cpu_allocation_ratio = 4.0 {{(pid=96118) log_opt_values /opt/stack/data/venv/lib/python3.12/site-packages/oslo_config/cfg.py:3242}}
Jul 22 17:46:01.541357 np0000005648 devstack@n-api-meta.service[96118]: DEBUG nova.api.openstack.wsgi_app [None req-212fb94d-7c6e-4be8-9ac9-9bc3d0c7d51d None None] initial_disk_allocation_ratio = 1.0 {{(pid=96118) log_opt_values /opt/stack/data/venv/lib/python3.12/site-packages/oslo_config/cfg.py:3242}}
Jul 22 17:46:01.541481 np0000005648 devstack@n-api-meta.service[96118]: DEBUG nova.api.openstack.wsgi_app [None req-212fb94d-7c6e-4be8-9ac9-9bc3d0c7d51d None None] initial_ram_allocation_ratio = 1.0 {{(pid=96118) log_opt_values /opt/stack/data/venv/lib/python3.12/site-packages/oslo_config/cfg.py:3242}}
Jul 22 17:46:01.541670 np0000005648 devstack@n-api-meta.service[96118]: DEBUG nova.api.openstack.wsgi_app [None req-212fb94d-7c6e-4be8-9ac9-9bc3d0c7d51d None None] injected_network_template = /opt/stack/nova/nova/virt/interfaces.template {{(pid=96118) log_opt_values /opt/stack/data/venv/lib/python3.12/site-packages/oslo_config/cfg.py:3242}}
Jul 22 17:46:01.541789 np0000005648 devstack@n-api-meta.service[96118]: DEBUG nova.api.openstack.wsgi_app [None req-212fb94d-7c6e-4be8-9ac9-9bc3d0c7d51d None None] instance_build_timeout = 0 {{(pid=96118) log_opt_values /opt/stack/data/venv/lib/python3.12/site-packages/oslo_config/cfg.py:3242}}
Jul 22 17:46:01.541915 np0000005648 devstack@n-api-meta.service[96118]: DEBUG nova.api.openstack.wsgi_app [None req-212fb94d-7c6e-4be8-9ac9-9bc3d0c7d51d None None] instance_delete_interval = 300 {{(pid=96118) log_opt_values /opt/stack/data/venv/lib/python3.12/site-packages/oslo_config/cfg.py:3242}}
Jul 22 17:46:01.542057 np0000005648 devstack@n-api-meta.service[96118]: DEBUG nova.api.openstack.wsgi_app [None req-212fb94d-7c6e-4be8-9ac9-9bc3d0c7d51d None None] instance_format = [instance: %(uuid)s] {{(pid=96118) log_opt_values /opt/stack/data/venv/lib/python3.12/site-packages/oslo_config/cfg.py:3242}}
Jul 22 17:46:01.542177 np0000005648 devstack@n-api-meta.service[96118]: DEBUG nova.api.openstack.wsgi_app [None req-212fb94d-7c6e-4be8-9ac9-9bc3d0c7d51d None None] instance_name_template = instance-%08x {{(pid=96118) log_opt_values /opt/stack/data/venv/lib/python3.12/site-packages/oslo_config/cfg.py:3242}}
Jul 22 17:46:01.542285 np0000005648 devstack@n-api-meta.service[96118]: DEBUG nova.api.openstack.wsgi_app [None req-212fb94d-7c6e-4be8-9ac9-9bc3d0c7d51d None None] instance_usage_audit = False {{(pid=96118) log_opt_values /opt/stack/data/venv/lib/python3.12/site-packages/oslo_config/cfg.py:3242}}
Jul 22 17:46:01.542402 np0000005648 devstack@n-api-meta.service[96118]: DEBUG nova.api.openstack.wsgi_app [None req-212fb94d-7c6e-4be8-9ac9-9bc3d0c7d51d None None] instance_usage_audit_period = month {{(pid=96118) log_opt_values /opt/stack/data/venv/lib/python3.12/site-packages/oslo_config/cfg.py:3242}}
Jul 22 17:46:01.542530 np0000005648 devstack@n-api-meta.service[96118]: DEBUG nova.api.openstack.wsgi_app [None req-212fb94d-7c6e-4be8-9ac9-9bc3d0c7d51d None None] instance_uuid_format = [instance: %(uuid)s] {{(pid=96118) log_opt_values /opt/stack/data/venv/lib/python3.12/site-packages/oslo_config/cfg.py:3242}}
Jul 22 17:46:01.542646 np0000005648 devstack@n-api-meta.service[96118]: DEBUG nova.api.openstack.wsgi_app [None req-212fb94d-7c6e-4be8-9ac9-9bc3d0c7d51d None None] instances_path = /opt/stack/data/nova/instances {{(pid=96118) log_opt_values /opt/stack/data/venv/lib/python3.12/site-packages/oslo_config/cfg.py:3242}}
Jul 22 17:46:01.542759 np0000005648 devstack@n-api-meta.service[96118]: DEBUG nova.api.openstack.wsgi_app [None req-212fb94d-7c6e-4be8-9ac9-9bc3d0c7d51d None None] internal_service_availability_zone = internal {{(pid=96118) log_opt_values /opt/stack/data/venv/lib/python3.12/site-packages/oslo_config/cfg.py:3242}}
Jul 22 17:46:01.542867 np0000005648 devstack@n-api-meta.service[96118]: DEBUG nova.api.openstack.wsgi_app [None req-212fb94d-7c6e-4be8-9ac9-9bc3d0c7d51d None None] key = None {{(pid=96118) log_opt_values /opt/stack/data/venv/lib/python3.12/site-packages/oslo_config/cfg.py:3242}}
Jul 22 17:46:01.543001 np0000005648 devstack@n-api-meta.service[96118]: DEBUG nova.api.openstack.wsgi_app [None req-212fb94d-7c6e-4be8-9ac9-9bc3d0c7d51d None None] live_migration_retry_count = 30 {{(pid=96118) log_opt_values /opt/stack/data/venv/lib/python3.12/site-packages/oslo_config/cfg.py:3242}}
Jul 22 17:46:01.543119 np0000005648 devstack@n-api-meta.service[96118]: DEBUG nova.api.openstack.wsgi_app [None req-212fb94d-7c6e-4be8-9ac9-9bc3d0c7d51d None None] log_color = False {{(pid=96118) log_opt_values /opt/stack/data/venv/lib/python3.12/site-packages/oslo_config/cfg.py:3242}}
Jul 22 17:46:01.543233 np0000005648 devstack@n-api-meta.service[96118]: DEBUG nova.api.openstack.wsgi_app [None req-212fb94d-7c6e-4be8-9ac9-9bc3d0c7d51d None None] log_config_append = None {{(pid=96118) log_opt_values /opt/stack/data/venv/lib/python3.12/site-packages/oslo_config/cfg.py:3242}}
Jul 22 17:46:01.543348 np0000005648 devstack@n-api-meta.service[96118]: DEBUG nova.api.openstack.wsgi_app [None req-212fb94d-7c6e-4be8-9ac9-9bc3d0c7d51d None None] log_date_format = %Y-%m-%d %H:%M:%S {{(pid=96118) log_opt_values /opt/stack/data/venv/lib/python3.12/site-packages/oslo_config/cfg.py:3242}}
Jul 22 17:46:01.543471 np0000005648 devstack@n-api-meta.service[96118]: DEBUG nova.api.openstack.wsgi_app [None req-212fb94d-7c6e-4be8-9ac9-9bc3d0c7d51d None None] log_dir = None {{(pid=96118) log_opt_values /opt/stack/data/venv/lib/python3.12/site-packages/oslo_config/cfg.py:3242}}
Jul 22 17:46:01.543583 np0000005648 devstack@n-api-meta.service[96118]: DEBUG nova.api.openstack.wsgi_app [None req-212fb94d-7c6e-4be8-9ac9-9bc3d0c7d51d None None] log_file = None {{(pid=96118) log_opt_values /opt/stack/data/venv/lib/python3.12/site-packages/oslo_config/cfg.py:3242}}
Jul 22 17:46:01.543672 np0000005648 devstack@n-api-meta.service[96118]: DEBUG nova.api.openstack.wsgi_app [None req-212fb94d-7c6e-4be8-9ac9-9bc3d0c7d51d None None] log_options = True {{(pid=96118) log_opt_values /opt/stack/data/venv/lib/python3.12/site-packages/oslo_config/cfg.py:3242}}
Jul 22 17:46:01.543790 np0000005648 devstack@n-api-meta.service[96118]: DEBUG nova.api.openstack.wsgi_app [None req-212fb94d-7c6e-4be8-9ac9-9bc3d0c7d51d None None] log_rotate_interval = 1 {{(pid=96118) log_opt_values /opt/stack/data/venv/lib/python3.12/site-packages/oslo_config/cfg.py:3242}}
Jul 22 17:46:01.543919 np0000005648 devstack@n-api-meta.service[96118]: DEBUG nova.api.openstack.wsgi_app [None req-212fb94d-7c6e-4be8-9ac9-9bc3d0c7d51d None None] log_rotate_interval_type = days {{(pid=96118) log_opt_values /opt/stack/data/venv/lib/python3.12/site-packages/oslo_config/cfg.py:3242}}
Jul 22 17:46:01.544047 np0000005648 devstack@n-api-meta.service[96118]: DEBUG nova.api.openstack.wsgi_app [None req-212fb94d-7c6e-4be8-9ac9-9bc3d0c7d51d None None] log_rotation_type = none {{(pid=96118) log_opt_values /opt/stack/data/venv/lib/python3.12/site-packages/oslo_config/cfg.py:3242}}
Jul 22 17:46:01.544142 np0000005648 devstack@n-api-meta.service[96118]: DEBUG nova.api.openstack.wsgi_app [None req-212fb94d-7c6e-4be8-9ac9-9bc3d0c7d51d None None] logging_context_format_string = %(color)s%(levelname)s %(name)s [%(global_request_id)s %(request_id)s %(project_name)s %(user_name)s%(color)s] %(instance)s%(color)s%(message)s {{(pid=96118) log_opt_values /opt/stack/data/venv/lib/python3.12/site-packages/oslo_config/cfg.py:3242}}
Jul 22 17:46:01.544226 np0000005648 devstack@n-api-meta.service[96118]: DEBUG nova.api.openstack.wsgi_app [None req-212fb94d-7c6e-4be8-9ac9-9bc3d0c7d51d None None] logging_debug_format_suffix = {{(pid=%(process)d) %(funcName)s %(pathname)s:%(lineno)d}} {{(pid=96118) log_opt_values /opt/stack/data/venv/lib/python3.12/site-packages/oslo_config/cfg.py:3242}}
Jul 22 17:46:01.544343 np0000005648 devstack@n-api-meta.service[96118]: DEBUG nova.api.openstack.wsgi_app [None req-212fb94d-7c6e-4be8-9ac9-9bc3d0c7d51d None None] logging_default_format_string = %(color)s%(levelname)s %(name)s [-%(color)s] %(instance)s%(color)s%(message)s {{(pid=96118) log_opt_values /opt/stack/data/venv/lib/python3.12/site-packages/oslo_config/cfg.py:3242}}
Jul 22 17:46:01.544466 np0000005648 devstack@n-api-meta.service[96118]: DEBUG nova.api.openstack.wsgi_app [None req-212fb94d-7c6e-4be8-9ac9-9bc3d0c7d51d None None] logging_exception_prefix = ERROR %(name)s %(instance)s {{(pid=96118) log_opt_values /opt/stack/data/venv/lib/python3.12/site-packages/oslo_config/cfg.py:3242}}
Jul 22 17:46:01.544559 np0000005648 devstack@n-api-meta.service[96118]: DEBUG nova.api.openstack.wsgi_app [None req-212fb94d-7c6e-4be8-9ac9-9bc3d0c7d51d None None] logging_user_identity_format = %(user)s %(project)s %(domain)s %(system_scope)s %(user_domain)s %(project_domain)s {{(pid=96118) log_opt_values /opt/stack/data/venv/lib/python3.12/site-packages/oslo_config/cfg.py:3242}}
Jul 22 17:46:01.544665 np0000005648 devstack@n-api-meta.service[96118]: DEBUG nova.api.openstack.wsgi_app [None req-212fb94d-7c6e-4be8-9ac9-9bc3d0c7d51d None None] long_rpc_timeout = 1800 {{(pid=96118) log_opt_values /opt/stack/data/venv/lib/python3.12/site-packages/oslo_config/cfg.py:3242}}
Jul 22 17:46:01.544774 np0000005648 devstack@n-api-meta.service[96118]: DEBUG nova.api.openstack.wsgi_app [None req-212fb94d-7c6e-4be8-9ac9-9bc3d0c7d51d None None] manager_shutdown_timeout = 160 {{(pid=96118) log_opt_values /opt/stack/data/venv/lib/python3.12/site-packages/oslo_config/cfg.py:3242}}
Jul 22 17:46:01.544801 np0000005648 devstack@n-api-meta.service[96120]: DEBUG dbcounter [-] [96120] Writer thread running {{(pid=96120) stat_writer /opt/stack/data/venv/lib/python3.12/site-packages/dbcounter.py:102}}
Jul 22 17:46:01.544887 np0000005648 devstack@n-api-meta.service[96118]: DEBUG nova.api.openstack.wsgi_app [None req-212fb94d-7c6e-4be8-9ac9-9bc3d0c7d51d None None] max_concurrent_builds = 10 {{(pid=96118) log_opt_values /opt/stack/data/venv/lib/python3.12/site-packages/oslo_config/cfg.py:3242}}
