Jul 22 17:46:01.154706 np0000005648 nova-scheduler[96772]: DEBUG cotyledon.oslo_config_glue [-] workarounds.never_download_image_if_on_rbd = False {{(pid=96772) log_opt_values /opt/stack/data/venv/lib/python3.12/site-packages/oslo_config/cfg.py:3253}}
Jul 22 17:46:01.154706 np0000005648 nova-scheduler[96772]: DEBUG cotyledon.oslo_config_glue [-] workarounds.qemu_monitor_announce_self_count = 3 {{(pid=96772) log_opt_values /opt/stack/data/venv/lib/python3.12/site-packages/oslo_config/cfg.py:3253}}
Jul 22 17:46:01.154706 np0000005648 nova-scheduler[96772]: DEBUG cotyledon.oslo_config_glue [-] workarounds.qemu_monitor_announce_self_interval = 1 {{(pid=96772) log_opt_values /opt/stack/data/venv/lib/python3.12/site-packages/oslo_config/cfg.py:3253}}
Jul 22 17:46:01.154706 np0000005648 nova-scheduler[96772]: DEBUG cotyledon.oslo_config_glue [-] workarounds.reserve_disk_resource_for_image_cache = False {{(pid=96772) log_opt_values /opt/stack/data/venv/lib/python3.12/site-packages/oslo_config/cfg.py:3253}}
Jul 22 17:46:01.155014 np0000005648 nova-scheduler[96772]: DEBUG cotyledon.oslo_config_glue [-] workarounds.skip_cpu_compare_at_startup = False {{(pid=96772) log_opt_values /opt/stack/data/venv/lib/python3.12/site-packages/oslo_config/cfg.py:3253}}
Jul 22 17:46:01.155014 np0000005648 nova-scheduler[96772]: DEBUG cotyledon.oslo_config_glue [-] workarounds.skip_cpu_compare_on_dest = False {{(pid=96772) log_opt_values /opt/stack/data/venv/lib/python3.12/site-packages/oslo_config/cfg.py:3253}}
Jul 22 17:46:01.155014 np0000005648 nova-scheduler[96772]: DEBUG cotyledon.oslo_config_glue [-] workarounds.skip_hypervisor_version_check_on_lm = False {{(pid=96772) log_opt_values /opt/stack/data/venv/lib/python3.12/site-packages/oslo_config/cfg.py:3253}}
Jul 22 17:46:01.155014 np0000005648 nova-scheduler[96772]: DEBUG cotyledon.oslo_config_glue [-] workarounds.skip_reserve_in_use_ironic_nodes = False {{(pid=96772) log_opt_values /opt/stack/data/venv/lib/python3.12/site-packages/oslo_config/cfg.py:3253}}
Jul 22 17:46:01.155014 np0000005648 nova-scheduler[96772]: DEBUG cotyledon.oslo_config_glue [-] workarounds.unified_limits_count_pcpu_as_vcpu = False {{(pid=96772) log_opt_values /opt/stack/data/venv/lib/python3.12/site-packages/oslo_config/cfg.py:3253}}
Jul 22 17:46:01.155014 np0000005648 nova-scheduler[96772]: DEBUG cotyledon.oslo_config_glue [-] workarounds.wait_for_vif_plugged_event_during_hard_reboot = [] {{(pid=96772) log_opt_values /opt/stack/data/venv/lib/python3.12/site-packages/oslo_config/cfg.py:3253}}
Jul 22 17:46:01.155014 np0000005648 nova-scheduler[96772]: DEBUG cotyledon.oslo_config_glue [-] wsgi.api_paste_config = /etc/nova/api-paste.ini {{(pid=96772) log_opt_values /opt/stack/data/venv/lib/python3.12/site-packages/oslo_config/cfg.py:3253}}
Jul 22 17:46:01.155014 np0000005648 nova-scheduler[96772]: DEBUG cotyledon.oslo_config_glue [-] wsgi.secure_proxy_ssl_header = None {{(pid=96772) log_opt_values /opt/stack/data/venv/lib/python3.12/site-packages/oslo_config/cfg.py:3253}}
Jul 22 17:46:01.155014 np0000005648 nova-scheduler[96772]: DEBUG cotyledon.oslo_config_glue [-] zvm.ca_file = None {{(pid=96772) log_opt_values /opt/stack/data/venv/lib/python3.12/site-packages/oslo_config/cfg.py:3253}}
Jul 22 17:46:01.155298 np0000005648 nova-scheduler[96772]: DEBUG cotyledon.oslo_config_glue [-] zvm.cloud_connector_url = None {{(pid=96772) log_opt_values /opt/stack/data/venv/lib/python3.12/site-packages/oslo_config/cfg.py:3253}}
Jul 22 17:46:01.155340 np0000005648 nova-scheduler[96770]: INFO dbcounter [None req-66ef807c-7bfe-4fdc-a3ca-593ca7cad479 None None] Registered counter for database nova_cell0
Jul 22 17:46:01.155380 np0000005648 nova-scheduler[96772]: DEBUG cotyledon.oslo_config_glue [-] zvm.image_tmp_path = /opt/stack/data/nova/images {{(pid=96772) log_opt_values /opt/stack/data/venv/lib/python3.12/site-packages/oslo_config/cfg.py:3253}}
Jul 22 17:46:01.155380 np0000005648 nova-scheduler[96772]: DEBUG cotyledon.oslo_config_glue [-] zvm.reachable_timeout = 300 {{(pid=96772) log_opt_values /opt/stack/data/venv/lib/python3.12/site-packages/oslo_config/cfg.py:3253}}
Jul 22 17:46:01.155380 np0000005648 nova-scheduler[96772]: DEBUG cotyledon.oslo_config_glue [-] oslo_versionedobjects.fatal_exception_format_errors = False {{(pid=96772) log_opt_values /opt/stack/data/venv/lib/python3.12/site-packages/oslo_config/cfg.py:3253}}
Jul 22 17:46:01.155380 np0000005648 nova-scheduler[96772]: DEBUG cotyledon.oslo_config_glue [-] oslo_middleware.http_basic_auth_user_file = /etc/htpasswd {{(pid=96772) log_opt_values /opt/stack/data/venv/lib/python3.12/site-packages/oslo_config/cfg.py:3253}}
Jul 22 17:46:01.155380 np0000005648 nova-scheduler[96772]: DEBUG cotyledon.oslo_config_glue [-] oslo_messaging_metrics.metrics_buffer_size = 1000 {{(pid=96772) log_opt_values /opt/stack/data/venv/lib/python3.12/site-packages/oslo_config/cfg.py:3253}}
Jul 22 17:46:01.155380 np0000005648 nova-scheduler[96772]: DEBUG cotyledon.oslo_config_glue [-] oslo_messaging_metrics.metrics_enabled = False {{(pid=96772) log_opt_values /opt/stack/data/venv/lib/python3.12/site-packages/oslo_config/cfg.py:3253}}
Jul 22 17:46:01.155380 np0000005648 nova-scheduler[96772]: DEBUG cotyledon.oslo_config_glue [-] oslo_messaging_metrics.metrics_process_name = {{(pid=96772) log_opt_values /opt/stack/data/venv/lib/python3.12/site-packages/oslo_config/cfg.py:3253}}
Jul 22 17:46:01.155380 np0000005648 nova-scheduler[96772]: DEBUG cotyledon.oslo_config_glue [-] oslo_messaging_metrics.metrics_socket_file = /var/tmp/metrics_collector.sock {{(pid=96772) log_opt_values /opt/stack/data/venv/lib/python3.12/site-packages/oslo_config/cfg.py:3253}}
Jul 22 17:46:01.155636 np0000005648 nova-scheduler[96772]: DEBUG cotyledon.oslo_config_glue [-] oslo_messaging_metrics.metrics_thread_stop_timeout = 10 {{(pid=96772) log_opt_values /opt/stack/data/venv/lib/python3.12/site-packages/oslo_config/cfg.py:3253}}
Jul 22 17:46:01.155636 np0000005648 nova-scheduler[96772]: DEBUG cotyledon.oslo_config_glue [-] profiler.connection_string = messaging:// {{(pid=96772) log_opt_values /opt/stack/data/venv/lib/python3.12/site-packages/oslo_config/cfg.py:3253}}
Jul 22 17:46:01.155636 np0000005648 nova-scheduler[96772]: DEBUG cotyledon.oslo_config_glue [-] profiler.enabled = False {{(pid=96772) log_opt_values /opt/stack/data/venv/lib/python3.12/site-packages/oslo_config/cfg.py:3253}}
Jul 22 17:46:01.155636 np0000005648 nova-scheduler[96772]: DEBUG cotyledon.oslo_config_glue [-] profiler.es_doc_type = notification {{(pid=96772) log_opt_values /opt/stack/data/venv/lib/python3.12/site-packages/oslo_config/cfg.py:3253}}
Jul 22 17:46:01.155636 np0000005648 nova-scheduler[96772]: DEBUG cotyledon.oslo_config_glue [-] profiler.es_scroll_size = 10000 {{(pid=96772) log_opt_values /opt/stack/data/venv/lib/python3.12/site-packages/oslo_config/cfg.py:3253}}
Jul 22 17:46:01.155636 np0000005648 nova-scheduler[96772]: DEBUG cotyledon.oslo_config_glue [-] profiler.es_scroll_time = 2m {{(pid=96772) log_opt_values /opt/stack/data/venv/lib/python3.12/site-packages/oslo_config/cfg.py:3253}}
Jul 22 17:46:01.155636 np0000005648 nova-scheduler[96772]: DEBUG cotyledon.oslo_config_glue [-] profiler.filter_error_trace = False {{(pid=96772) log_opt_values /opt/stack/data/venv/lib/python3.12/site-packages/oslo_config/cfg.py:3253}}
Jul 22 17:46:01.155636 np0000005648 nova-scheduler[96772]: DEBUG cotyledon.oslo_config_glue [-] profiler.hmac_keys = **** {{(pid=96772) log_opt_values /opt/stack/data/venv/lib/python3.12/site-packages/oslo_config/cfg.py:3253}}
Jul 22 17:46:01.155636 np0000005648 nova-scheduler[96772]: DEBUG cotyledon.oslo_config_glue [-] profiler.sentinel_service_name = mymaster {{(pid=96772) log_opt_values /opt/stack/data/venv/lib/python3.12/site-packages/oslo_config/cfg.py:3253}}
Jul 22 17:46:01.155897 np0000005648 nova-scheduler[96772]: DEBUG cotyledon.oslo_config_glue [-] profiler.socket_timeout = 0.1 {{(pid=96772) log_opt_values /opt/stack/data/venv/lib/python3.12/site-packages/oslo_config/cfg.py:3253}}
Jul 22 17:46:01.155897 np0000005648 nova-scheduler[96772]: DEBUG cotyledon.oslo_config_glue [-] profiler.trace_requests = False {{(pid=96772) log_opt_values /opt/stack/data/venv/lib/python3.12/site-packages/oslo_config/cfg.py:3253}}
Jul 22 17:46:01.155897 np0000005648 nova-scheduler[96772]: DEBUG cotyledon.oslo_config_glue [-] profiler.trace_sqlalchemy = False {{(pid=96772) log_opt_values /opt/stack/data/venv/lib/python3.12/site-packages/oslo_config/cfg.py:3253}}
Jul 22 17:46:01.155897 np0000005648 nova-scheduler[96772]: DEBUG cotyledon.oslo_config_glue [-] profiler_jaeger.process_tags = {} {{(pid=96772) log_opt_values /opt/stack/data/venv/lib/python3.12/site-packages/oslo_config/cfg.py:3253}}
Jul 22 17:46:01.155897 np0000005648 nova-scheduler[96772]: DEBUG cotyledon.oslo_config_glue [-] profiler_jaeger.service_name_prefix = None {{(pid=96772) log_opt_values /opt/stack/data/venv/lib/python3.12/site-packages/oslo_config/cfg.py:3253}}
Jul 22 17:46:01.155897 np0000005648 nova-scheduler[96772]: DEBUG cotyledon.oslo_config_glue [-] profiler_otlp.service_name_prefix = None {{(pid=96772) log_opt_values /opt/stack/data/venv/lib/python3.12/site-packages/oslo_config/cfg.py:3253}}
Jul 22 17:46:01.155897 np0000005648 nova-scheduler[96772]: DEBUG cotyledon.oslo_config_glue [-] oslo_messaging_rabbit.amqp_auto_delete = False {{(pid=96772) log_opt_values /opt/stack/data/venv/lib/python3.12/site-packages/oslo_config/cfg.py:3253}}
Jul 22 17:46:01.155897 np0000005648 nova-scheduler[96772]: DEBUG cotyledon.oslo_config_glue [-] oslo_messaging_rabbit.amqp_durable_queues = False {{(pid=96772) log_opt_values /opt/stack/data/venv/lib/python3.12/site-packages/oslo_config/cfg.py:3253}}
Jul 22 17:46:01.155897 np0000005648 nova-scheduler[96772]: DEBUG cotyledon.oslo_config_glue [-] oslo_messaging_rabbit.conn_pool_min_size = 2 {{(pid=96772) log_opt_values /opt/stack/data/venv/lib/python3.12/site-packages/oslo_config/cfg.py:3253}}
Jul 22 17:46:01.156197 np0000005648 nova-scheduler[96772]: DEBUG cotyledon.oslo_config_glue [-] oslo_messaging_rabbit.conn_pool_ttl = 1200 {{(pid=96772) log_opt_values /opt/stack/data/venv/lib/python3.12/site-packages/oslo_config/cfg.py:3253}}
Jul 22 17:46:01.156197 np0000005648 nova-scheduler[96772]: DEBUG cotyledon.oslo_config_glue [-] oslo_messaging_rabbit.direct_mandatory_flag = True {{(pid=96772) log_opt_values /opt/stack/data/venv/lib/python3.12/site-packages/oslo_config/cfg.py:3253}}
Jul 22 17:46:01.156197 np0000005648 nova-scheduler[96772]: DEBUG cotyledon.oslo_config_glue [-] oslo_messaging_rabbit.enable_cancel_on_failover = False {{(pid=96772) log_opt_values /opt/stack/data/venv/lib/python3.12/site-packages/oslo_config/cfg.py:3253}}
Jul 22 17:46:01.156197 np0000005648 nova-scheduler[96772]: DEBUG cotyledon.oslo_config_glue [-] oslo_messaging_rabbit.heartbeat_rate = 3 {{(pid=96772) log_opt_values /opt/stack/data/venv/lib/python3.12/site-packages/oslo_config/cfg.py:3253}}
Jul 22 17:46:01.156197 np0000005648 nova-scheduler[96772]: DEBUG cotyledon.oslo_config_glue [-] oslo_messaging_rabbit.heartbeat_timeout_threshold = 60 {{(pid=96772) log_opt_values /opt/stack/data/venv/lib/python3.12/site-packages/oslo_config/cfg.py:3253}}
Jul 22 17:46:01.156197 np0000005648 nova-scheduler[96772]: DEBUG cotyledon.oslo_config_glue [-] oslo_messaging_rabbit.hostname = np0000005648 {{(pid=96772) log_opt_values /opt/stack/data/venv/lib/python3.12/site-packages/oslo_config/cfg.py:3253}}
Jul 22 17:46:01.156197 np0000005648 nova-scheduler[96772]: DEBUG cotyledon.oslo_config_glue [-] oslo_messaging_rabbit.kombu_compression = None {{(pid=96772) log_opt_values /opt/stack/data/venv/lib/python3.12/site-packages/oslo_config/cfg.py:3253}}
Jul 22 17:46:01.156197 np0000005648 nova-scheduler[96772]: DEBUG cotyledon.oslo_config_glue [-] oslo_messaging_rabbit.kombu_failover_strategy = round-robin {{(pid=96772) log_opt_values /opt/stack/data/venv/lib/python3.12/site-packages/oslo_config/cfg.py:3253}}
Jul 22 17:46:01.156197 np0000005648 nova-scheduler[96772]: DEBUG cotyledon.oslo_config_glue [-] oslo_messaging_rabbit.kombu_missing_consumer_retry_timeout = 60 {{(pid=96772) log_opt_values /opt/stack/data/venv/lib/python3.12/site-packages/oslo_config/cfg.py:3253}}
Jul 22 17:46:01.156486 np0000005648 nova-scheduler[96772]: DEBUG cotyledon.oslo_config_glue [-] oslo_messaging_rabbit.kombu_reconnect_delay = 1.0 {{(pid=96772) log_opt_values /opt/stack/data/venv/lib/python3.12/site-packages/oslo_config/cfg.py:3253}}
Jul 22 17:46:01.156521 np0000005648 nova-scheduler[96766]: DEBUG oslo_db.sqlalchemy.engines [None req-3d142515-5297-48bd-882d-b81d1e10fe99 None None] MySQL server mode set to STRICT_TRANS_TABLES,STRICT_ALL_TABLES,NO_ZERO_IN_DATE,NO_ZERO_DATE,ERROR_FOR_DIVISION_BY_ZERO,TRADITIONAL,NO_ENGINE_SUBSTITUTION {{(pid=96766) _check_effective_sql_mode /opt/stack/data/venv/lib/python3.12/site-packages/oslo_db/sqlalchemy/engines.py:325}}
Jul 22 17:46:01.156565 np0000005648 nova-scheduler[96772]: DEBUG cotyledon.oslo_config_glue [-] oslo_messaging_rabbit.kombu_reconnect_splay = 0.0 {{(pid=96772) log_opt_values /opt/stack/data/venv/lib/python3.12/site-packages/oslo_config/cfg.py:3253}}
Jul 22 17:46:01.156565 np0000005648 nova-scheduler[96772]: DEBUG cotyledon.oslo_config_glue [-] oslo_messaging_rabbit.processname = nova-scheduler {{(pid=96772) log_opt_values /opt/stack/data/venv/lib/python3.12/site-packages/oslo_config/cfg.py:3253}}
Jul 22 17:46:01.156565 np0000005648 nova-scheduler[96772]: DEBUG cotyledon.oslo_config_glue [-] oslo_messaging_rabbit.rabbit_ha_queues = False {{(pid=96772) log_opt_values /opt/stack/data/venv/lib/python3.12/site-packages/oslo_config/cfg.py:3253}}
Jul 22 17:46:01.156565 np0000005648 nova-scheduler[96772]: DEBUG cotyledon.oslo_config_glue [-] oslo_messaging_rabbit.rabbit_interval_max = 30 {{(pid=96772) log_opt_values /opt/stack/data/venv/lib/python3.12/site-packages/oslo_config/cfg.py:3253}}
Jul 22 17:46:01.156565 np0000005648 nova-scheduler[96772]: DEBUG cotyledon.oslo_config_glue [-] oslo_messaging_rabbit.rabbit_login_method = AMQPLAIN {{(pid=96772) log_opt_values /opt/stack/data/venv/lib/python3.12/site-packages/oslo_config/cfg.py:3253}}
Jul 22 17:46:01.156565 np0000005648 nova-scheduler[96772]: DEBUG cotyledon.oslo_config_glue [-] oslo_messaging_rabbit.rabbit_qos_prefetch_count = 0 {{(pid=96772) log_opt_values /opt/stack/data/venv/lib/python3.12/site-packages/oslo_config/cfg.py:3253}}
Jul 22 17:46:01.156565 np0000005648 nova-scheduler[96772]: DEBUG cotyledon.oslo_config_glue [-] oslo_messaging_rabbit.rabbit_quorum_delivery_limit = 0 {{(pid=96772) log_opt_values /opt/stack/data/venv/lib/python3.12/site-packages/oslo_config/cfg.py:3253}}
Jul 22 17:46:01.156565 np0000005648 nova-scheduler[96772]: DEBUG cotyledon.oslo_config_glue [-] oslo_messaging_rabbit.rabbit_quorum_max_memory_bytes = 0 {{(pid=96772) log_opt_values /opt/stack/data/venv/lib/python3.12/site-packages/oslo_config/cfg.py:3253}}
Jul 22 17:46:01.156565 np0000005648 nova-scheduler[96772]: DEBUG cotyledon.oslo_config_glue [-] oslo_messaging_rabbit.rabbit_quorum_max_memory_length = 0 {{(pid=96772) log_opt_values /opt/stack/data/venv/lib/python3.12/site-packages/oslo_config/cfg.py:3253}}
Jul 22 17:46:01.156840 np0000005648 nova-scheduler[96772]: DEBUG cotyledon.oslo_config_glue [-] oslo_messaging_rabbit.rabbit_quorum_queue = False {{(pid=96772) log_opt_values /opt/stack/data/venv/lib/python3.12/site-packages/oslo_config/cfg.py:3253}}
Jul 22 17:46:01.156840 np0000005648 nova-scheduler[96772]: DEBUG cotyledon.oslo_config_glue [-] oslo_messaging_rabbit.rabbit_retry_backoff = 2 {{(pid=96772) log_opt_values /opt/stack/data/venv/lib/python3.12/site-packages/oslo_config/cfg.py:3253}}
Jul 22 17:46:01.156840 np0000005648 nova-scheduler[96772]: DEBUG cotyledon.oslo_config_glue [-] oslo_messaging_rabbit.rabbit_retry_interval = 1 {{(pid=96772) log_opt_values /opt/stack/data/venv/lib/python3.12/site-packages/oslo_config/cfg.py:3253}}
Jul 22 17:46:01.156840 np0000005648 nova-scheduler[96772]: DEBUG cotyledon.oslo_config_glue [-] oslo_messaging_rabbit.rabbit_stream_fanout = False {{(pid=96772) log_opt_values /opt/stack/data/venv/lib/python3.12/site-packages/oslo_config/cfg.py:3253}}
Jul 22 17:46:01.156840 np0000005648 nova-scheduler[96772]: DEBUG cotyledon.oslo_config_glue [-] oslo_messaging_rabbit.rabbit_transient_queues_ttl = 1800 {{(pid=96772) log_opt_values /opt/stack/data/venv/lib/python3.12/site-packages/oslo_config/cfg.py:3253}}
Jul 22 17:46:01.156840 np0000005648 nova-scheduler[96772]: DEBUG cotyledon.oslo_config_glue [-] oslo_messaging_rabbit.rabbit_transient_quorum_queue = False {{(pid=96772) log_opt_values /opt/stack/data/venv/lib/python3.12/site-packages/oslo_config/cfg.py:3253}}
Jul 22 17:46:01.156840 np0000005648 nova-scheduler[96772]: DEBUG cotyledon.oslo_config_glue [-] oslo_messaging_rabbit.rpc_conn_pool_size = 30 {{(pid=96772) log_opt_values /opt/stack/data/venv/lib/python3.12/site-packages/oslo_config/cfg.py:3253}}
Jul 22 17:46:01.156840 np0000005648 nova-scheduler[96772]: DEBUG cotyledon.oslo_config_glue [-] oslo_messaging_rabbit.ssl = False {{(pid=96772) log_opt_values /opt/stack/data/venv/lib/python3.12/site-packages/oslo_config/cfg.py:3253}}
Jul 22 17:46:01.156840 np0000005648 nova-scheduler[96772]: DEBUG cotyledon.oslo_config_glue [-] oslo_messaging_rabbit.ssl_ca_file = {{(pid=96772) log_opt_values /opt/stack/data/venv/lib/python3.12/site-packages/oslo_config/cfg.py:3253}}
Jul 22 17:46:01.157197 np0000005648 nova-scheduler[96772]: DEBUG cotyledon.oslo_config_glue [-] oslo_messaging_rabbit.ssl_cert_file = {{(pid=96772) log_opt_values /opt/stack/data/venv/lib/python3.12/site-packages/oslo_config/cfg.py:3253}}
Jul 22 17:46:01.157197 np0000005648 nova-scheduler[96772]: DEBUG cotyledon.oslo_config_glue [-] oslo_messaging_rabbit.ssl_enforce_fips_mode = False {{(pid=96772) log_opt_values /opt/stack/data/venv/lib/python3.12/site-packages/oslo_config/cfg.py:3253}}
Jul 22 17:46:01.157197 np0000005648 nova-scheduler[96772]: DEBUG cotyledon.oslo_config_glue [-] oslo_messaging_rabbit.ssl_enforce_hostname_verification = True {{(pid=96772) log_opt_values /opt/stack/data/venv/lib/python3.12/site-packages/oslo_config/cfg.py:3253}}
Jul 22 17:46:01.157197 np0000005648 nova-scheduler[96772]: DEBUG cotyledon.oslo_config_glue [-] oslo_messaging_rabbit.ssl_key_file = {{(pid=96772) log_opt_values /opt/stack/data/venv/lib/python3.12/site-packages/oslo_config/cfg.py:3253}}
Jul 22 17:46:01.157197 np0000005648 nova-scheduler[96772]: DEBUG cotyledon.oslo_config_glue [-] oslo_messaging_rabbit.ssl_version = {{(pid=96772) log_opt_values /opt/stack/data/venv/lib/python3.12/site-packages/oslo_config/cfg.py:3253}}
Jul 22 17:46:01.157197 np0000005648 nova-scheduler[96772]: DEBUG cotyledon.oslo_config_glue [-] oslo_messaging_rabbit.use_queue_manager = False {{(pid=96772) log_opt_values /opt/stack/data/venv/lib/python3.12/site-packages/oslo_config/cfg.py:3253}}
Jul 22 17:46:01.157197 np0000005648 nova-scheduler[96772]: DEBUG cotyledon.oslo_config_glue [-] oslo_messaging_notifications.driver = ['messagingv2'] {{(pid=96772) log_opt_values /opt/stack/data/venv/lib/python3.12/site-packages/oslo_config/cfg.py:3253}}
Jul 22 17:46:01.157197 np0000005648 nova-scheduler[96772]: DEBUG cotyledon.oslo_config_glue [-] oslo_messaging_notifications.retry = -1 {{(pid=96772) log_opt_values /opt/stack/data/venv/lib/python3.12/site-packages/oslo_config/cfg.py:3253}}
Jul 22 17:46:01.157197 np0000005648 nova-scheduler[96772]: DEBUG cotyledon.oslo_config_glue [-] oslo_messaging_notifications.topics = ['notifications'] {{(pid=96772) log_opt_values /opt/stack/data/venv/lib/python3.12/site-packages/oslo_config/cfg.py:3253}}
Jul 22 17:46:01.157499 np0000005648 nova-scheduler[96772]: DEBUG cotyledon.oslo_config_glue [-] oslo_messaging_notifications.transport_url = **** {{(pid=96772) log_opt_values /opt/stack/data/venv/lib/python3.12/site-packages/oslo_config/cfg.py:3253}}
Jul 22 17:46:01.157499 np0000005648 nova-scheduler[96772]: DEBUG cotyledon.oslo_config_glue [-] oslo_limit.auth_section = None {{(pid=96772) log_opt_values /opt/stack/data/venv/lib/python3.12/site-packages/oslo_config/cfg.py:3253}}
Jul 22 17:46:01.157499 np0000005648 nova-scheduler[96772]: DEBUG cotyledon.oslo_config_glue [-] oslo_limit.auth_type = None {{(pid=96772) log_opt_values /opt/stack/data/venv/lib/python3.12/site-packages/oslo_config/cfg.py:3253}}
Jul 22 17:46:01.157499 np0000005648 nova-scheduler[96772]: DEBUG cotyledon.oslo_config_glue [-] oslo_limit.cafile = None {{(pid=96772) log_opt_values /opt/stack/data/venv/lib/python3.12/site-packages/oslo_config/cfg.py:3253}}
Jul 22 17:46:01.157499 np0000005648 nova-scheduler[96772]: DEBUG cotyledon.oslo_config_glue [-] oslo_limit.certfile = None {{(pid=96772) log_opt_values /opt/stack/data/venv/lib/python3.12/site-packages/oslo_config/cfg.py:3253}}
Jul 22 17:46:01.157499 np0000005648 nova-scheduler[96772]: DEBUG cotyledon.oslo_config_glue [-] oslo_limit.collect_timing = False {{(pid=96772) log_opt_values /opt/stack/data/venv/lib/python3.12/site-packages/oslo_config/cfg.py:3253}}
Jul 22 17:46:01.157499 np0000005648 nova-scheduler[96772]: DEBUG cotyledon.oslo_config_glue [-] oslo_limit.connect_retries = None {{(pid=96772) log_opt_values /opt/stack/data/venv/lib/python3.12/site-packages/oslo_config/cfg.py:3253}}
Jul 22 17:46:01.157499 np0000005648 nova-scheduler[96772]: DEBUG cotyledon.oslo_config_glue [-] oslo_limit.connect_retry_delay = None {{(pid=96772) log_opt_values /opt/stack/data/venv/lib/python3.12/site-packages/oslo_config/cfg.py:3253}}
Jul 22 17:46:01.157499 np0000005648 nova-scheduler[96772]: DEBUG cotyledon.oslo_config_glue [-] oslo_limit.endpoint_id = None {{(pid=96772) log_opt_values /opt/stack/data/venv/lib/python3.12/site-packages/oslo_config/cfg.py:3253}}
Jul 22 17:46:01.157767 np0000005648 nova-scheduler[96772]: DEBUG cotyledon.oslo_config_glue [-] oslo_limit.endpoint_interface = public {{(pid=96772) log_opt_values /opt/stack/data/venv/lib/python3.12/site-packages/oslo_config/cfg.py:3253}}
Jul 22 17:46:01.157767 np0000005648 nova-scheduler[96772]: DEBUG cotyledon.oslo_config_glue [-] oslo_limit.endpoint_override = None {{(pid=96772) log_opt_values /opt/stack/data/venv/lib/python3.12/site-packages/oslo_config/cfg.py:3253}}
Jul 22 17:46:01.157767 np0000005648 nova-scheduler[96772]: DEBUG cotyledon.oslo_config_glue [-] oslo_limit.endpoint_region_name = None {{(pid=96772) log_opt_values /opt/stack/data/venv/lib/python3.12/site-packages/oslo_config/cfg.py:3253}}
Jul 22 17:46:01.157767 np0000005648 nova-scheduler[96772]: DEBUG cotyledon.oslo_config_glue [-] oslo_limit.endpoint_service_name = None {{(pid=96772) log_opt_values /opt/stack/data/venv/lib/python3.12/site-packages/oslo_config/cfg.py:3253}}
Jul 22 17:46:01.157767 np0000005648 nova-scheduler[96772]: DEBUG cotyledon.oslo_config_glue [-] oslo_limit.endpoint_service_type = None {{(pid=96772) log_opt_values /opt/stack/data/venv/lib/python3.12/site-packages/oslo_config/cfg.py:3253}}
Jul 22 17:46:01.157767 np0000005648 nova-scheduler[96772]: DEBUG cotyledon.oslo_config_glue [-] oslo_limit.insecure = False {{(pid=96772) log_opt_values /opt/stack/data/venv/lib/python3.12/site-packages/oslo_config/cfg.py:3253}}
Jul 22 17:46:01.157767 np0000005648 nova-scheduler[96772]: DEBUG cotyledon.oslo_config_glue [-] oslo_limit.keyfile = None {{(pid=96772) log_opt_values /opt/stack/data/venv/lib/python3.12/site-packages/oslo_config/cfg.py:3253}}
Jul 22 17:46:01.157767 np0000005648 nova-scheduler[96772]: DEBUG cotyledon.oslo_config_glue [-] oslo_limit.max_version = None {{(pid=96772) log_opt_values /opt/stack/data/venv/lib/python3.12/site-packages/oslo_config/cfg.py:3253}}
Jul 22 17:46:01.157767 np0000005648 nova-scheduler[96772]: DEBUG cotyledon.oslo_config_glue [-] oslo_limit.min_version = None {{(pid=96772) log_opt_values /opt/stack/data/venv/lib/python3.12/site-packages/oslo_config/cfg.py:3253}}
Jul 22 17:46:01.158070 np0000005648 nova-scheduler[96772]: DEBUG cotyledon.oslo_config_glue [-] oslo_limit.region_name = None {{(pid=96772) log_opt_values /opt/stack/data/venv/lib/python3.12/site-packages/oslo_config/cfg.py:3253}}
Jul 22 17:46:01.158070 np0000005648 nova-scheduler[96772]: DEBUG cotyledon.oslo_config_glue [-] oslo_limit.retriable_status_codes = None {{(pid=96772) log_opt_values /opt/stack/data/venv/lib/python3.12/site-packages/oslo_config/cfg.py:3253}}
Jul 22 17:46:01.158070 np0000005648 nova-scheduler[96772]: DEBUG cotyledon.oslo_config_glue [-] oslo_limit.service_name = None {{(pid=96772) log_opt_values /opt/stack/data/venv/lib/python3.12/site-packages/oslo_config/cfg.py:3253}}
Jul 22 17:46:01.158070 np0000005648 nova-scheduler[96772]: DEBUG cotyledon.oslo_config_glue [-] oslo_limit.service_type = None {{(pid=96772) log_opt_values /opt/stack/data/venv/lib/python3.12/site-packages/oslo_config/cfg.py:3253}}
Jul 22 17:46:01.158070 np0000005648 nova-scheduler[96772]: DEBUG cotyledon.oslo_config_glue [-] oslo_limit.split_loggers = False {{(pid=96772) log_opt_values /opt/stack/data/venv/lib/python3.12/site-packages/oslo_config/cfg.py:3253}}
Jul 22 17:46:01.158070 np0000005648 nova-scheduler[96772]: DEBUG cotyledon.oslo_config_glue [-] oslo_limit.status_code_retries = None {{(pid=96772) log_opt_values /opt/stack/data/venv/lib/python3.12/site-packages/oslo_config/cfg.py:3253}}
Jul 22 17:46:01.158070 np0000005648 nova-scheduler[96772]: DEBUG cotyledon.oslo_config_glue [-] oslo_limit.status_code_retry_delay = None {{(pid=96772) log_opt_values /opt/stack/data/venv/lib/python3.12/site-packages/oslo_config/cfg.py:3253}}
Jul 22 17:46:01.158070 np0000005648 nova-scheduler[96772]: DEBUG cotyledon.oslo_config_glue [-] oslo_limit.timeout = None {{(pid=96772) log_opt_values /opt/stack/data/venv/lib/python3.12/site-packages/oslo_config/cfg.py:3253}}
Jul 22 17:46:01.158070 np0000005648 nova-scheduler[96772]: DEBUG cotyledon.oslo_config_glue [-] oslo_limit.valid_interfaces = None {{(pid=96772) log_opt_values /opt/stack/data/venv/lib/python3.12/site-packages/oslo_config/cfg.py:3253}}
Jul 22 17:46:01.158351 np0000005648 nova-scheduler[96772]: DEBUG cotyledon.oslo_config_glue [-] oslo_limit.version = None {{(pid=96772) log_opt_values /opt/stack/data/venv/lib/python3.12/site-packages/oslo_config/cfg.py:3253}}
Jul 22 17:46:01.158351 np0000005648 nova-scheduler[96772]: DEBUG cotyledon.oslo_config_glue [-] oslo_reports.file_event_handler = None {{(pid=96772) log_opt_values /opt/stack/data/venv/lib/python3.12/site-packages/oslo_config/cfg.py:3253}}
Jul 22 17:46:01.158351 np0000005648 nova-scheduler[96772]: DEBUG cotyledon.oslo_config_glue [-] oslo_reports.file_event_handler_interval = 1 {{(pid=96772) log_opt_values /opt/stack/data/venv/lib/python3.12/site-packages/oslo_config/cfg.py:3253}}
Jul 22 17:46:01.158351 np0000005648 nova-scheduler[96772]: DEBUG cotyledon.oslo_config_glue [-] oslo_reports.log_dir = None {{(pid=96772) log_opt_values /opt/stack/data/venv/lib/python3.12/site-packages/oslo_config/cfg.py:3253}}
Jul 22 17:46:01.158351 np0000005648 nova-scheduler[96772]: DEBUG cotyledon.oslo_config_glue [-] ******************************************************************************** {{(pid=96772) log_opt_values /opt/stack/data/venv/lib/python3.12/site-packages/oslo_config/cfg.py:3260}}
Jul 22 17:46:01.158351 np0000005648 nova-scheduler[96772]: DEBUG cotyledon._service_worker [-] Run service ServiceWrapper(3) [96772] {{(pid=96772) wait_forever /opt/stack/data/venv/lib/python3.12/site-packages/cotyledon/_service_worker.py:218}}
Jul 22 17:46:01.158351 np0000005648 nova-scheduler[96772]: INFO nova.service [-] Starting scheduler node (version 33.1.0)
Jul 22 17:46:01.158351 np0000005648 nova-scheduler[96772]: INFO dbcounter [None req-d0a0d863-7626-4e71-9611-6db453c1df4b None None] Registered counter for database nova_cell0
Jul 22 17:46:01.158633 np0000005648 nova-scheduler[96766]: DEBUG dbcounter [-] [96766] Writer thread running {{(pid=96766) stat_writer /opt/stack/data/venv/lib/python3.12/site-packages/dbcounter.py:102}}
Jul 22 17:46:01.158672 np0000005648 nova-scheduler[96768]: DEBUG oslo_db.sqlalchemy.engines [None req-a7099b9a-a489-4920-915b-17162edf69f9 None None] MySQL server mode set to STRICT_TRANS_TABLES,STRICT_ALL_TABLES,NO_ZERO_IN_DATE,NO_ZERO_DATE,ERROR_FOR_DIVISION_BY_ZERO,TRADITIONAL,NO_ENGINE_SUBSTITUTION {{(pid=96768) _check_effective_sql_mode /opt/stack/data/venv/lib/python3.12/site-packages/oslo_db/sqlalchemy/engines.py:325}}
Jul 22 17:46:01.158672 np0000005648 nova-scheduler[96768]: DEBUG dbcounter [-] [96768] Writer thread running {{(pid=96768) stat_writer /opt/stack/data/venv/lib/python3.12/site-packages/dbcounter.py:102}}
Jul 22 17:46:01.158747 np0000005648 nova-scheduler[96766]: DEBUG nova.service [None req-3d142515-5297-48bd-882d-b81d1e10fe99 None None] Creating RPC server for service: nova-scheduler on topic: scheduler {{(pid=96766) start /opt/stack/nova/nova/service.py:196}}
Jul 22 17:46:01.167671 np0000005648 nova-scheduler[96768]: DEBUG nova.service [None req-a7099b9a-a489-4920-915b-17162edf69f9 None None] Creating RPC server for service: nova-scheduler on topic: scheduler {{(pid=96768) start /opt/stack/nova/nova/service.py:196}}
Jul 22 17:46:01.177158 np0000005648 nova-scheduler[96772]: DEBUG oslo_db.sqlalchemy.engines [None req-d0a0d863-7626-4e71-9611-6db453c1df4b None None] MySQL server mode set to STRICT_TRANS_TABLES,STRICT_ALL_TABLES,NO_ZERO_IN_DATE,NO_ZERO_DATE,ERROR_FOR_DIVISION_BY_ZERO,TRADITIONAL,NO_ENGINE_SUBSTITUTION {{(pid=96772) _check_effective_sql_mode /opt/stack/data/venv/lib/python3.12/site-packages/oslo_db/sqlalchemy/engines.py:325}}
Jul 22 17:46:01.183602 np0000005648 nova-scheduler[96766]: DEBUG nova.service [None req-3d142515-5297-48bd-882d-b81d1e10fe99 None None] Join ServiceGroup membership for this service scheduler {{(pid=96766) start /opt/stack/nova/nova/service.py:222}}
Jul 22 17:46:01.183931 np0000005648 nova-scheduler[96766]: DEBUG nova.servicegroup.drivers.db [None req-3d142515-5297-48bd-882d-b81d1e10fe99 None None] DB_Driver: join new ServiceGroup member np0000005648 to the scheduler group, service = {{(pid=96766) join /opt/stack/nova/nova/servicegroup/drivers/db.py:44}}
Jul 22 17:46:01.185024 np0000005648 nova-scheduler[96770]: DEBUG oslo_db.sqlalchemy.engines [None req-66ef807c-7bfe-4fdc-a3ca-593ca7cad479 None None] MySQL server mode set to STRICT_TRANS_TABLES,STRICT_ALL_TABLES,NO_ZERO_IN_DATE,NO_ZERO_DATE,ERROR_FOR_DIVISION_BY_ZERO,TRADITIONAL,NO_ENGINE_SUBSTITUTION {{(pid=96770) _check_effective_sql_mode /opt/stack/data/venv/lib/python3.12/site-packages/oslo_db/sqlalchemy/engines.py:325}}
Jul 22 17:46:01.186038 np0000005648 nova-scheduler[96768]: DEBUG nova.service [None req-a7099b9a-a489-4920-915b-17162edf69f9 None None] Join ServiceGroup membership for this service scheduler {{(pid=96768) start /opt/stack/nova/nova/service.py:222}}
Jul 22 17:46:01.186357 np0000005648 nova-scheduler[96768]: DEBUG nova.servicegroup.drivers.db [None req-a7099b9a-a489-4920-915b-17162edf69f9 None None] DB_Driver: join new ServiceGroup member np0000005648 to the scheduler group, service = {{(pid=96768) join /opt/stack/nova/nova/servicegroup/drivers/db.py:44}}
Jul 22 17:46:01.187346 np0000005648 nova-scheduler[96772]: DEBUG dbcounter [-] [96772] Writer thread running {{(pid=96772) stat_writer /opt/stack/data/venv/lib/python3.12/site-packages/dbcounter.py:102}}
Jul 22 17:46:01.190406 np0000005648 nova-scheduler[96772]: DEBUG nova.service [None req-d0a0d863-7626-4e71-9611-6db453c1df4b None None] Creating RPC server for service: nova-scheduler on topic: scheduler {{(pid=96772) start /opt/stack/nova/nova/service.py:196}}
Jul 22 17:46:01.197784 np0000005648 nova-scheduler[96770]: DEBUG dbcounter [-] [96770] Writer thread running {{(pid=96770) stat_writer /opt/stack/data/venv/lib/python3.12/site-packages/dbcounter.py:102}}
Jul 22 17:46:01.201194 np0000005648 nova-scheduler[96770]: DEBUG nova.service [None req-66ef807c-7bfe-4fdc-a3ca-593ca7cad479 None None] Creating RPC server for service: nova-scheduler on topic: scheduler {{(pid=96770) start /opt/stack/nova/nova/service.py:196}}
Jul 22 17:46:01.208085 np0000005648 nova-scheduler[96772]: DEBUG nova.service [None req-d0a0d863-7626-4e71-9611-6db453c1df4b None None] Join ServiceGroup membership for this service scheduler {{(pid=96772) start /opt/stack/nova/nova/service.py:222}}
Jul 22 17:46:01.208518 np0000005648 nova-scheduler[96772]: DEBUG nova.servicegroup.drivers.db [None req-d0a0d863-7626-4e71-9611-6db453c1df4b None None] DB_Driver: join new ServiceGroup member np0000005648 to the scheduler group, service = {{(pid=96772) join /opt/stack/nova/nova/servicegroup/drivers/db.py:44}}
Jul 22 17:46:01.217808 np0000005648 nova-scheduler[96770]: DEBUG nova.service [None req-66ef807c-7bfe-4fdc-a3ca-593ca7cad479 None None] Join ServiceGroup membership for this service scheduler {{(pid=96770) start /opt/stack/nova/nova/service.py:222}}
Jul 22 17:46:01.218091 np0000005648 nova-scheduler[96770]: DEBUG nova.servicegroup.drivers.db [None req-66ef807c-7bfe-4fdc-a3ca-593ca7cad479 None None] DB_Driver: join new ServiceGroup member np0000005648 to the scheduler group, service = {{(pid=96770) join /opt/stack/nova/nova/servicegroup/drivers/db.py:44}}
Jul 22 17:46:06.202076 np0000005648 nova-scheduler[96766]: DEBUG oslo.service.backend._threading.loopingcall [-] Fixed interval looping call 'nova.servicegroup.drivers.db.DbDriver._report_state' sleeping for 119.98 seconds {{(pid=96766) _run_loop /opt/stack/data/venv/lib/python3.12/site-packages/oslo_service/backend/_threading/loopingcall.py:125}}
Jul 22 17:46:06.204569 np0000005648 nova-scheduler[96768]: DEBUG oslo.service.backend._threading.loopingcall [-] Fixed interval looping call 'nova.servicegroup.drivers.db.DbDriver._report_state' sleeping for 119.99 seconds {{(pid=96768) _run_loop /opt/stack/data/venv/lib/python3.12/site-packages/oslo_service/backend/_threading/loopingcall.py:125}}
Jul 22 17:46:06.220611 np0000005648 nova-scheduler[96772]: DEBUG oslo.service.backend._threading.loopingcall [-] Fixed interval looping call 'nova.servicegroup.drivers.db.DbDriver._report_state' sleeping for 119.99 seconds {{(pid=96772) _run_loop /opt/stack/data/venv/lib/python3.12/site-packages/oslo_service/backend/_threading/loopingcall.py:125}}
Jul 22 17:46:06.229880 np0000005648 nova-scheduler[96770]: DEBUG oslo.service.backend._threading.loopingcall [-] Fixed interval looping call 'nova.servicegroup.drivers.db.DbDriver._report_state' sleeping for 119.99 seconds {{(pid=96770) _run_loop /opt/stack/data/venv/lib/python3.12/site-packages/oslo_service/backend/_threading/loopingcall.py:125}}
Jul 22 17:46:09.739158 np0000005648 nova-scheduler[95490]: DEBUG dbcounter [-] [95490] Writing DB stats nova_api:SELECT=3 {{(pid=95490) stat_writer /opt/stack/data/venv/lib/python3.12/site-packages/dbcounter.py:115}}
Jul 22 17:46:09.874921 np0000005648 nova-scheduler[95490]: DEBUG dbcounter [-] [95490] Writing DB stats nova_cell0:SELECT=1 {{(pid=95490) stat_writer /opt/stack/data/venv/lib/python3.12/site-packages/dbcounter.py:115}}
Jul 22 17:46:09.877810 np0000005648 nova-scheduler[95490]: DEBUG dbcounter [-] [95490] Writing DB stats nova_cell1:SELECT=1 {{(pid=95490) stat_writer /opt/stack/data/venv/lib/python3.12/site-packages/dbcounter.py:115}}
Jul 22 17:46:16.195326 np0000005648 nova-scheduler[96766]: DEBUG dbcounter [-] [96766] Writing DB stats nova_cell0:SELECT=4,nova_cell0:INSERT=1,nova_cell0:UPDATE=1 {{(pid=96766) stat_writer /opt/stack/data/venv/lib/python3.12/site-packages/dbcounter.py:115}}
Jul 22 17:46:16.202003 np0000005648 nova-scheduler[96768]: DEBUG dbcounter [-] [96768] Writing DB stats nova_cell0:SELECT=4,nova_cell0:INSERT=1,nova_cell0:UPDATE=1 {{(pid=96768) stat_writer /opt/stack/data/venv/lib/python3.12/site-packages/dbcounter.py:115}}
Jul 22 17:46:16.220145 np0000005648 nova-scheduler[96772]: DEBUG dbcounter [-] [96772] Writing DB stats nova_cell0:SELECT=3 {{(pid=96772) stat_writer /opt/stack/data/venv/lib/python3.12/site-packages/dbcounter.py:115}}
Jul 22 17:46:16.225818 np0000005648 nova-scheduler[96770]: DEBUG dbcounter [-] [96770] Writing DB stats nova_cell0:SELECT=3 {{(pid=96770) stat_writer /opt/stack/data/venv/lib/python3.12/site-packages/dbcounter.py:115}}
Jul 22 17:46:26.220175 np0000005648 nova-scheduler[96770]: DEBUG oslo.service.backend._threading.loopingcall [None req-4543f7c2-270f-4732-a34c-14365c6af2bd None None] Dynamic interval looping call 'nova.service.Service.periodic_tasks' sleeping for 60.00 seconds {{(pid=96770) _run_loop /opt/stack/data/venv/lib/python3.12/site-packages/oslo_service/backend/_threading/loopingcall.py:125}}
Jul 22 17:46:30.185899 np0000005648 nova-scheduler[96766]: DEBUG oslo.service.backend._threading.loopingcall [None req-4afd4f77-9bcc-4598-a25e-2220ee67e7ba None None] Dynamic interval looping call 'nova.service.Service.periodic_tasks' sleeping for 60.00 seconds {{(pid=96766) _run_loop /opt/stack/data/venv/lib/python3.12/site-packages/oslo_service/backend/_threading/loopingcall.py:125}}
Jul 22 17:46:37.188713 np0000005648 nova-scheduler[96768]: DEBUG oslo.service.backend._threading.loopingcall [None req-d11d2577-8a52-484d-9a6a-9b8ae63b6b3c None None] Dynamic interval looping call 'nova.service.Service.periodic_tasks' sleeping for 60.00 seconds {{(pid=96768) _run_loop /opt/stack/data/venv/lib/python3.12/site-packages/oslo_service/backend/_threading/loopingcall.py:125}}
Jul 22 17:47:00.210475 np0000005648 nova-scheduler[96772]: DEBUG oslo.service.backend._threading.loopingcall [None req-76f5ce61-6393-47bd-b157-deb53ad7926a None None] Dynamic interval looping call 'nova.service.Service.periodic_tasks' sleeping for 60.00 seconds {{(pid=96772) _run_loop /opt/stack/data/venv/lib/python3.12/site-packages/oslo_service/backend/_threading/loopingcall.py:125}}
Jul 22 17:47:26.220714 np0000005648 nova-scheduler[96770]: DEBUG oslo.service.backend._threading.loopingcall [None req-4543f7c2-270f-4732-a34c-14365c6af2bd None None] Dynamic interval looping call 'nova.service.Service.periodic_tasks' sleeping for 60.00 seconds {{(pid=96770) _run_loop /opt/stack/data/venv/lib/python3.12/site-packages/oslo_service/backend/_threading/loopingcall.py:125}}
Jul 22 17:47:30.186388 np0000005648 nova-scheduler[96766]: DEBUG oslo.service.backend._threading.loopingcall [None req-4afd4f77-9bcc-4598-a25e-2220ee67e7ba None None] Dynamic interval looping call 'nova.service.Service.periodic_tasks' sleeping for 60.00 seconds {{(pid=96766) _run_loop /opt/stack/data/venv/lib/python3.12/site-packages/oslo_service/backend/_threading/loopingcall.py:125}}
Jul 22 17:47:37.189160 np0000005648 nova-scheduler[96768]: DEBUG oslo.service.backend._threading.loopingcall [None req-d11d2577-8a52-484d-9a6a-9b8ae63b6b3c None None] Dynamic interval looping call 'nova.service.Service.periodic_tasks' sleeping for 60.00 seconds {{(pid=96768) _run_loop /opt/stack/data/venv/lib/python3.12/site-packages/oslo_service/backend/_threading/loopingcall.py:125}}
Jul 22 17:48:00.211866 np0000005648 nova-scheduler[96772]: DEBUG oslo.service.backend._threading.loopingcall [None req-76f5ce61-6393-47bd-b157-deb53ad7926a None None] Dynamic interval looping call 'nova.service.Service.periodic_tasks' sleeping for 60.00 seconds {{(pid=96772) _run_loop /opt/stack/data/venv/lib/python3.12/site-packages/oslo_service/backend/_threading/loopingcall.py:125}}
Jul 22 17:48:06.404067 np0000005648 nova-scheduler[96766]: DEBUG oslo.service.backend._threading.loopingcall [-] Fixed interval looping call 'nova.servicegroup.drivers.db.DbDriver._report_state' sleeping for 119.99 seconds {{(pid=96766) _run_loop /opt/stack/data/venv/lib/python3.12/site-packages/oslo_service/backend/_threading/loopingcall.py:125}}
Jul 22 17:48:06.404729 np0000005648 nova-scheduler[96768]: DEBUG oslo.service.backend._threading.loopingcall [-] Fixed interval looping call 'nova.servicegroup.drivers.db.DbDriver._report_state' sleeping for 120.00 seconds {{(pid=96768) _run_loop /opt/stack/data/venv/lib/python3.12/site-packages/oslo_service/backend/_threading/loopingcall.py:125}}
Jul 22 17:48:06.405495 np0000005648 nova-scheduler[96772]: DEBUG oslo.service.backend._threading.loopingcall [-] Fixed interval looping call 'nova.servicegroup.drivers.db.DbDriver._report_state' sleeping for 120.00 seconds {{(pid=96772) _run_loop /opt/stack/data/venv/lib/python3.12/site-packages/oslo_service/backend/_threading/loopingcall.py:125}}
Jul 22 17:48:06.406423 np0000005648 nova-scheduler[96770]: DEBUG oslo.service.backend._threading.loopingcall [-] Fixed interval looping call 'nova.servicegroup.drivers.db.DbDriver._report_state' sleeping for 120.00 seconds {{(pid=96770) _run_loop /opt/stack/data/venv/lib/python3.12/site-packages/oslo_service/backend/_threading/loopingcall.py:125}}
Jul 22 17:48:12.551433 np0000005648 nova-scheduler[96766]: DEBUG nova.scheduler.manager [None req-73bdd9ac-963a-4e69-9708-5893ec0eb3a9 tempest-ServerRescueNegativeTestJSON-478371639 tempest-ServerRescueNegativeTestJSON-478371639-project-member] Starting to schedule for instances: ['deb92890-98e9-4eb5-bc3c-f4224cdec9ba'] {{(pid=96766) select_destinations /opt/stack/nova/nova/scheduler/manager.py:209}}
Jul 22 17:48:12.552413 np0000005648 nova-scheduler[96766]: DEBUG nova.scheduler.request_filter [None req-73bdd9ac-963a-4e69-9708-5893ec0eb3a9 tempest-ServerRescueNegativeTestJSON-478371639 tempest-ServerRescueNegativeTestJSON-478371639-project-member] compute_status_filter request filter added forbidden trait COMPUTE_STATUS_DISABLED {{(pid=96766) compute_status_filter /opt/stack/nova/nova/scheduler/request_filter.py:253}}
Jul 22 17:48:12.552413 np0000005648 nova-scheduler[96766]: DEBUG nova.scheduler.request_filter [None req-73bdd9ac-963a-4e69-9708-5893ec0eb3a9 tempest-ServerRescueNegativeTestJSON-478371639 tempest-ServerRescueNegativeTestJSON-478371639-project-member] Request filter 'compute_status_filter' took 0.0 seconds {{(pid=96766) wrapper /opt/stack/nova/nova/scheduler/request_filter.py:46}}
Jul 22 17:48:12.552413 np0000005648 nova-scheduler[96766]: DEBUG nova.scheduler.request_filter [None req-73bdd9ac-963a-4e69-9708-5893ec0eb3a9 tempest-ServerRescueNegativeTestJSON-478371639 tempest-ServerRescueNegativeTestJSON-478371639-project-member] Request filter 'accelerators_filter' took 0.0 seconds {{(pid=96766) wrapper /opt/stack/nova/nova/scheduler/request_filter.py:46}}
Jul 22 17:48:12.552575 np0000005648 nova-scheduler[96766]: DEBUG nova.scheduler.request_filter [None req-73bdd9ac-963a-4e69-9708-5893ec0eb3a9 tempest-ServerRescueNegativeTestJSON-478371639 tempest-ServerRescueNegativeTestJSON-478371639-project-member] Request filter 'packed_virtqueue_filter' took 0.0 seconds {{(pid=96766) wrapper /opt/stack/nova/nova/scheduler/request_filter.py:46}}
Jul 22 17:48:12.553591 np0000005648 nova-scheduler[96766]: DEBUG nova.scheduler.request_filter [None req-73bdd9ac-963a-4e69-9708-5893ec0eb3a9 tempest-ServerRescueNegativeTestJSON-478371639 tempest-ServerRescueNegativeTestJSON-478371639-project-member] Request filter 'remote_managed_ports_filter' took 0.0 seconds {{(pid=96766) wrapper /opt/stack/nova/nova/scheduler/request_filter.py:46}}
Jul 22 17:48:12.555323 np0000005648 nova-scheduler[96766]: DEBUG nova.scheduler.request_filter [None req-73bdd9ac-963a-4e69-9708-5893ec0eb3a9 tempest-ServerRescueNegativeTestJSON-478371639 tempest-ServerRescueNegativeTestJSON-478371639-project-member] ephemeral_encryption_filter skipped {{(pid=96766) ephemeral_encryption_filter /opt/stack/nova/nova/scheduler/request_filter.py:426}}
Jul 22 17:48:12.555713 np0000005648 nova-scheduler[96766]: DEBUG nova.scheduler.request_filter [None req-73bdd9ac-963a-4e69-9708-5893ec0eb3a9 tempest-ServerRescueNegativeTestJSON-478371639 tempest-ServerRescueNegativeTestJSON-478371639-project-member] virtio_sound_filter skipped {{(pid=96766) virtio_sound_filter /opt/stack/nova/nova/scheduler/request_filter.py:460}}
Jul 22 17:48:12.555949 np0000005648 nova-scheduler[96766]: DEBUG nova.scheduler.request_filter [None req-73bdd9ac-963a-4e69-9708-5893ec0eb3a9 tempest-ServerRescueNegativeTestJSON-478371639 tempest-ServerRescueNegativeTestJSON-478371639-project-member] tpm_secret_security_filter skipped {{(pid=96766) tpm_secret_security_filter /opt/stack/nova/nova/scheduler/request_filter.py:477}}
Jul 22 17:48:13.039095 np0000005648 nova-scheduler[96766]: INFO nova.utils [None req-73bdd9ac-963a-4e69-9708-5893ec0eb3a9 tempest-ServerRescueNegativeTestJSON-478371639 tempest-ServerRescueNegativeTestJSON-478371639-project-member] The cell worker thread pool ForkProcess-1.cell_worker is initialized
Jul 22 17:48:13.039892 np0000005648 nova-scheduler[96766]: DEBUG oslo_concurrency.lockutils [None req-73bdd9ac-963a-4e69-9708-5893ec0eb3a9 tempest-ServerRescueNegativeTestJSON-478371639 tempest-ServerRescueNegativeTestJSON-478371639-project-member] Acquiring lock "94f6a23f-f6ae-4cd7-852c-6cf258d9e2f2" by "nova.context.set_target_cell..get_or_set_cached_cell_and_set_connections" {{(pid=96766) inner /opt/stack/data/venv/lib/python3.12/site-packages/oslo_concurrency/lockutils.py:512}}
Jul 22 17:48:13.040182 np0000005648 nova-scheduler[96766]: DEBUG oslo_concurrency.lockutils [None req-73bdd9ac-963a-4e69-9708-5893ec0eb3a9 tempest-ServerRescueNegativeTestJSON-478371639 tempest-ServerRescueNegativeTestJSON-478371639-project-member] Lock "94f6a23f-f6ae-4cd7-852c-6cf258d9e2f2" acquired by "nova.context.set_target_cell..get_or_set_cached_cell_and_set_connections" :: waited 0.000s {{(pid=96766) inner /opt/stack/data/venv/lib/python3.12/site-packages/oslo_concurrency/lockutils.py:525}}
Jul 22 17:48:13.041574 np0000005648 nova-scheduler[96766]: DEBUG oslo_concurrency.lockutils [None req-73bdd9ac-963a-4e69-9708-5893ec0eb3a9 tempest-ServerRescueNegativeTestJSON-478371639 tempest-ServerRescueNegativeTestJSON-478371639-project-member] Lock "94f6a23f-f6ae-4cd7-852c-6cf258d9e2f2" "released" by "nova.context.set_target_cell..get_or_set_cached_cell_and_set_connections" :: held 0.001s {{(pid=96766) inner /opt/stack/data/venv/lib/python3.12/site-packages/oslo_concurrency/lockutils.py:544}}
Jul 22 17:48:13.043427 np0000005648 nova-scheduler[96766]: INFO dbcounter [None req-73bdd9ac-963a-4e69-9708-5893ec0eb3a9 tempest-ServerRescueNegativeTestJSON-478371639 tempest-ServerRescueNegativeTestJSON-478371639-project-member] Registered counter for database nova_cell1
Jul 22 17:48:13.083773 np0000005648 nova-scheduler[96766]: DEBUG oslo_db.sqlalchemy.engines [None req-73bdd9ac-963a-4e69-9708-5893ec0eb3a9 tempest-ServerRescueNegativeTestJSON-478371639 tempest-ServerRescueNegativeTestJSON-478371639-project-member] MySQL server mode set to STRICT_TRANS_TABLES,STRICT_ALL_TABLES,NO_ZERO_IN_DATE,NO_ZERO_DATE,ERROR_FOR_DIVISION_BY_ZERO,TRADITIONAL,NO_ENGINE_SUBSTITUTION {{(pid=96766) _check_effective_sql_mode /opt/stack/data/venv/lib/python3.12/site-packages/oslo_db/sqlalchemy/engines.py:325}}
Jul 22 17:48:13.098175 np0000005648 nova-scheduler[96766]: DEBUG dbcounter [-] [96766] Writer thread running {{(pid=96766) stat_writer /opt/stack/data/venv/lib/python3.12/site-packages/dbcounter.py:102}}
Jul 22 17:48:13.109464 np0000005648 nova-scheduler[96766]: DEBUG oslo_db.sqlalchemy.engines [None req-73bdd9ac-963a-4e69-9708-5893ec0eb3a9 tempest-ServerRescueNegativeTestJSON-478371639 tempest-ServerRescueNegativeTestJSON-478371639-project-member] Parent process 95490 forked (96766) with an open database connection, which is being discarded and recreated. {{(pid=96766) checkout /opt/stack/data/venv/lib/python3.12/site-packages/oslo_db/sqlalchemy/engines.py:402}}
Jul 22 17:48:13.146372 np0000005648 nova-scheduler[96766]: DEBUG dbcounter [-] [96766] Writer thread running {{(pid=96766) stat_writer /opt/stack/data/venv/lib/python3.12/site-packages/dbcounter.py:102}}
Jul 22 17:48:13.148868 np0000005648 nova-scheduler[96766]: DEBUG oslo_concurrency.lockutils [None req-73bdd9ac-963a-4e69-9708-5893ec0eb3a9 tempest-ServerRescueNegativeTestJSON-478371639 tempest-ServerRescueNegativeTestJSON-478371639-project-member] Acquiring lock "94f6a23f-f6ae-4cd7-852c-6cf258d9e2f2" by "nova.context.set_target_cell..get_or_set_cached_cell_and_set_connections" {{(pid=96766) inner /opt/stack/data/venv/lib/python3.12/site-packages/oslo_concurrency/lockutils.py:512}}
Jul 22 17:48:13.149019 np0000005648 nova-scheduler[96766]: DEBUG oslo_concurrency.lockutils [None req-73bdd9ac-963a-4e69-9708-5893ec0eb3a9 tempest-ServerRescueNegativeTestJSON-478371639 tempest-ServerRescueNegativeTestJSON-478371639-project-member] Lock "94f6a23f-f6ae-4cd7-852c-6cf258d9e2f2" acquired by "nova.context.set_target_cell..get_or_set_cached_cell_and_set_connections" :: waited 0.000s {{(pid=96766) inner /opt/stack/data/venv/lib/python3.12/site-packages/oslo_concurrency/lockutils.py:525}}
Jul 22 17:48:13.149115 np0000005648 nova-scheduler[96766]: DEBUG oslo_concurrency.lockutils [None req-73bdd9ac-963a-4e69-9708-5893ec0eb3a9 tempest-ServerRescueNegativeTestJSON-478371639 tempest-ServerRescueNegativeTestJSON-478371639-project-member] Lock "94f6a23f-f6ae-4cd7-852c-6cf258d9e2f2" "released" by "nova.context.set_target_cell..get_or_set_cached_cell_and_set_connections" :: held 0.000s {{(pid=96766) inner /opt/stack/data/venv/lib/python3.12/site-packages/oslo_concurrency/lockutils.py:544}}
Jul 22 17:48:13.151675 np0000005648 nova-scheduler[96766]: DEBUG oslo_concurrency.lockutils [None req-73bdd9ac-963a-4e69-9708-5893ec0eb3a9 tempest-ServerRescueNegativeTestJSON-478371639 tempest-ServerRescueNegativeTestJSON-478371639-project-member] Acquiring lock "np0000005648-np0000005648" by "nova.scheduler.host_manager.HostState.update.._locked_update" {{(pid=96766) inner /opt/stack/data/venv/lib/python3.12/site-packages/oslo_concurrency/lockutils.py:512}}
