Jun 11 08:55:53.886601 np0000002597 devstack@c-api.service[99208]: DEBUG cinder.api.v3.router [None req-e105ab15-a2f1-4719-8f61-27b4ab8912bd None None] Extended resource: cgsnapshots {{(pid=99208) _setup_ext_routes /opt/stack/cinder/cinder/api/v3/router.py:122}}
Jun 11 08:55:53.887417 np0000002597 devstack@c-api.service[99207]: WARNING stevedore.named [None req-a595787c-677f-44cb-b609-c6786e3af36f None None] Could not load cinder.keymgr.conf_key_mgr.ConfKeyManager
Jun 11 08:55:53.887544 np0000002597 devstack@c-api.service[99207]: WARNING castellan.key_manager [None req-a595787c-677f-44cb-b609-c6786e3af36f None None] Deprecation Warning : cinder.keymgr.conf_key_mgr.ConfKeyManager is not a stevedore based driver, trying to load it as a class: stevedore.exception.NoMatches: No 'castellan.drivers' driver found, looking for 'cinder.keymgr.conf_key_mgr.ConfKeyManager'
Jun 11 08:55:53.887968 np0000002597 devstack@c-api.service[99208]: DEBUG cinder.api.v3.router [None req-e105ab15-a2f1-4719-8f61-27b4ab8912bd None None] Extended resource: scheduler-stats {{(pid=99208) _setup_ext_routes /opt/stack/cinder/cinder/api/v3/router.py:122}}
Jun 11 08:55:53.889173 np0000002597 devstack@c-api.service[99208]: DEBUG cinder.api.v3.router [None req-e105ab15-a2f1-4719-8f61-27b4ab8912bd None None] Extended resource: os-volume-manage {{(pid=99208) _setup_ext_routes /opt/stack/cinder/cinder/api/v3/router.py:122}}
Jun 11 08:55:53.889562 np0000002597 devstack@c-api.service[99207]: WARNING stevedore.named [None req-a595787c-677f-44cb-b609-c6786e3af36f None None] Could not load cinder.keymgr.conf_key_mgr.ConfKeyManager
Jun 11 08:55:53.889683 np0000002597 devstack@c-api.service[99207]: WARNING castellan.key_manager [None req-a595787c-677f-44cb-b609-c6786e3af36f None None] Deprecation Warning : cinder.keymgr.conf_key_mgr.ConfKeyManager is not a stevedore based driver, trying to load it as a class: stevedore.exception.NoMatches: No 'castellan.drivers' driver found, looking for 'cinder.keymgr.conf_key_mgr.ConfKeyManager'
Jun 11 08:55:53.890413 np0000002597 devstack@c-api.service[99208]: DEBUG cinder.api.v3.router [None req-e105ab15-a2f1-4719-8f61-27b4ab8912bd None None] Extended resource: os-snapshot-manage {{(pid=99208) _setup_ext_routes /opt/stack/cinder/cinder/api/v3/router.py:122}}
Jun 11 08:55:53.891589 np0000002597 devstack@c-api.service[99208]: DEBUG cinder.api.v3.router [None req-e105ab15-a2f1-4719-8f61-27b4ab8912bd None None] Extended resource: os-volume-transfer {{(pid=99208) _setup_ext_routes /opt/stack/cinder/cinder/api/v3/router.py:122}}
Jun 11 08:55:53.891675 np0000002597 devstack@c-api.service[99207]: WARNING stevedore.named [None req-a595787c-677f-44cb-b609-c6786e3af36f None None] Could not load cinder.keymgr.conf_key_mgr.ConfKeyManager
Jun 11 08:55:53.891789 np0000002597 devstack@c-api.service[99207]: WARNING castellan.key_manager [None req-a595787c-677f-44cb-b609-c6786e3af36f None None] Deprecation Warning : cinder.keymgr.conf_key_mgr.ConfKeyManager is not a stevedore based driver, trying to load it as a class: stevedore.exception.NoMatches: No 'castellan.drivers' driver found, looking for 'cinder.keymgr.conf_key_mgr.ConfKeyManager'
Jun 11 08:55:53.893081 np0000002597 devstack@c-api.service[99208]: DEBUG cinder.api.v3.router [None req-e105ab15-a2f1-4719-8f61-27b4ab8912bd None None] Extended resource: os-hosts {{(pid=99208) _setup_ext_routes /opt/stack/cinder/cinder/api/v3/router.py:122}}
Jun 11 08:55:53.893937 np0000002597 devstack@c-api.service[99207]: WARNING stevedore.named [None req-a595787c-677f-44cb-b609-c6786e3af36f None None] Could not load cinder.keymgr.conf_key_mgr.ConfKeyManager
Jun 11 08:55:53.894117 np0000002597 devstack@c-api.service[99207]: WARNING castellan.key_manager [None req-a595787c-677f-44cb-b609-c6786e3af36f None None] Deprecation Warning : cinder.keymgr.conf_key_mgr.ConfKeyManager is not a stevedore based driver, trying to load it as a class: stevedore.exception.NoMatches: No 'castellan.drivers' driver found, looking for 'cinder.keymgr.conf_key_mgr.ConfKeyManager'
Jun 11 08:55:53.894169 np0000002597 devstack@c-api.service[99208]: DEBUG cinder.api.v3.router [None req-e105ab15-a2f1-4719-8f61-27b4ab8912bd None None] Extended resource: os-volume-type-access {{(pid=99208) _setup_ext_routes /opt/stack/cinder/cinder/api/v3/router.py:122}}
Jun 11 08:55:53.895509 np0000002597 devstack@c-api.service[99208]: DEBUG cinder.api.v3.router [None req-e105ab15-a2f1-4719-8f61-27b4ab8912bd None None] Extended resource: os-availability-zone {{(pid=99208) _setup_ext_routes /opt/stack/cinder/cinder/api/v3/router.py:122}}
Jun 11 08:55:53.896900 np0000002597 devstack@c-api.service[99208]: DEBUG cinder.api.v3.router [None req-e105ab15-a2f1-4719-8f61-27b4ab8912bd None None] Extended resource: os-quota-class-sets {{(pid=99208) _setup_ext_routes /opt/stack/cinder/cinder/api/v3/router.py:122}}
Jun 11 08:55:53.896969 np0000002597 devstack@c-api.service[99207]: WARNING stevedore.named [None req-a595787c-677f-44cb-b609-c6786e3af36f None None] Could not load cinder.keymgr.conf_key_mgr.ConfKeyManager
Jun 11 08:55:53.897140 np0000002597 devstack@c-api.service[99207]: WARNING castellan.key_manager [None req-a595787c-677f-44cb-b609-c6786e3af36f None None] Deprecation Warning : cinder.keymgr.conf_key_mgr.ConfKeyManager is not a stevedore based driver, trying to load it as a class: stevedore.exception.NoMatches: No 'castellan.drivers' driver found, looking for 'cinder.keymgr.conf_key_mgr.ConfKeyManager'
Jun 11 08:55:53.898432 np0000002597 devstack@c-api.service[99208]: WARNING stevedore.named [None req-e105ab15-a2f1-4719-8f61-27b4ab8912bd None None] Could not load cinder.keymgr.conf_key_mgr.ConfKeyManager
Jun 11 08:55:53.898567 np0000002597 devstack@c-api.service[99208]: WARNING castellan.key_manager [None req-e105ab15-a2f1-4719-8f61-27b4ab8912bd None None] Deprecation Warning : cinder.keymgr.conf_key_mgr.ConfKeyManager is not a stevedore based driver, trying to load it as a class: stevedore.exception.NoMatches: No 'castellan.drivers' driver found, looking for 'cinder.keymgr.conf_key_mgr.ConfKeyManager'
Jun 11 08:55:53.898811 np0000002597 devstack@c-api.service[99209]: DEBUG oslo_db.sqlalchemy.engines [None req-2ea25cd5-521e-4359-ad4c-cd24829014ea None None] MySQL server mode set to STRICT_TRANS_TABLES,STRICT_ALL_TABLES,NO_ZERO_IN_DATE,NO_ZERO_DATE,ERROR_FOR_DIVISION_BY_ZERO,TRADITIONAL,NO_ENGINE_SUBSTITUTION {{(pid=99209) _check_effective_sql_mode /opt/stack/data/venv/lib/python3.12/site-packages/oslo_db/sqlalchemy/engines.py:325}}
Jun 11 08:55:53.899095 np0000002597 devstack@c-api.service[99207]: WARNING stevedore.named [None req-a595787c-677f-44cb-b609-c6786e3af36f None None] Could not load cinder.keymgr.conf_key_mgr.ConfKeyManager
Jun 11 08:55:53.899241 np0000002597 devstack@c-api.service[99207]: WARNING castellan.key_manager [None req-a595787c-677f-44cb-b609-c6786e3af36f None None] Deprecation Warning : cinder.keymgr.conf_key_mgr.ConfKeyManager is not a stevedore based driver, trying to load it as a class: stevedore.exception.NoMatches: No 'castellan.drivers' driver found, looking for 'cinder.keymgr.conf_key_mgr.ConfKeyManager'
Jun 11 08:55:53.899342 np0000002597 devstack@c-api.service[99208]: WARNING stevedore.named [None req-e105ab15-a2f1-4719-8f61-27b4ab8912bd None None] Could not load cinder.keymgr.conf_key_mgr.ConfKeyManager
Jun 11 08:55:53.899462 np0000002597 devstack@c-api.service[99208]: WARNING castellan.key_manager [None req-e105ab15-a2f1-4719-8f61-27b4ab8912bd None None] Deprecation Warning : cinder.keymgr.conf_key_mgr.ConfKeyManager is not a stevedore based driver, trying to load it as a class: stevedore.exception.NoMatches: No 'castellan.drivers' driver found, looking for 'cinder.keymgr.conf_key_mgr.ConfKeyManager'
Jun 11 08:55:53.899941 np0000002597 devstack@c-api.service[99207]: WARNING stevedore.named [None req-a595787c-677f-44cb-b609-c6786e3af36f None None] Could not load cinder.keymgr.conf_key_mgr.ConfKeyManager
Jun 11 08:55:53.900073 np0000002597 devstack@c-api.service[99208]: WARNING stevedore.named [None req-e105ab15-a2f1-4719-8f61-27b4ab8912bd None None] Could not load cinder.keymgr.conf_key_mgr.ConfKeyManager
Jun 11 08:55:53.900106 np0000002597 devstack@c-api.service[99207]: WARNING castellan.key_manager [None req-a595787c-677f-44cb-b609-c6786e3af36f None None] Deprecation Warning : cinder.keymgr.conf_key_mgr.ConfKeyManager is not a stevedore based driver, trying to load it as a class: stevedore.exception.NoMatches: No 'castellan.drivers' driver found, looking for 'cinder.keymgr.conf_key_mgr.ConfKeyManager'
Jun 11 08:55:53.900237 np0000002597 devstack@c-api.service[99208]: WARNING castellan.key_manager [None req-e105ab15-a2f1-4719-8f61-27b4ab8912bd None None] Deprecation Warning : cinder.keymgr.conf_key_mgr.ConfKeyManager is not a stevedore based driver, trying to load it as a class: stevedore.exception.NoMatches: No 'castellan.drivers' driver found, looking for 'cinder.keymgr.conf_key_mgr.ConfKeyManager'
Jun 11 08:55:53.900872 np0000002597 devstack@c-api.service[99208]: DEBUG cinder.api.contrib.snapshot_actions [None req-e105ab15-a2f1-4719-8f61-27b4ab8912bd None None] SnapshotActionsController initialized {{(pid=99208) __init__ /opt/stack/cinder/cinder/api/contrib/snapshot_actions.py:33}}
Jun 11 08:55:53.901249 np0000002597 devstack@c-api.service[99208]: WARNING stevedore.named [None req-e105ab15-a2f1-4719-8f61-27b4ab8912bd None None] Could not load cinder.keymgr.conf_key_mgr.ConfKeyManager
Jun 11 08:55:53.901359 np0000002597 devstack@c-api.service[99208]: WARNING castellan.key_manager [None req-e105ab15-a2f1-4719-8f61-27b4ab8912bd None None] Deprecation Warning : cinder.keymgr.conf_key_mgr.ConfKeyManager is not a stevedore based driver, trying to load it as a class: stevedore.exception.NoMatches: No 'castellan.drivers' driver found, looking for 'cinder.keymgr.conf_key_mgr.ConfKeyManager'
Jun 11 08:55:53.901502 np0000002597 devstack@c-api.service[99209]: INFO cinder.rpc [None req-2ea25cd5-521e-4359-ad4c-cd24829014ea None None] Automatically selected cinder-backup objects version 1.39 as minimum service version.
Jun 11 08:55:53.901911 np0000002597 devstack@c-api.service[99207]: WARNING stevedore.named [None req-a595787c-677f-44cb-b609-c6786e3af36f None None] Could not load cinder.keymgr.conf_key_mgr.ConfKeyManager
Jun 11 08:55:53.901946 np0000002597 devstack@c-api.service[99208]: WARNING stevedore.named [None req-e105ab15-a2f1-4719-8f61-27b4ab8912bd None None] Could not load cinder.keymgr.conf_key_mgr.ConfKeyManager
Jun 11 08:55:53.902038 np0000002597 devstack@c-api.service[99208]: WARNING castellan.key_manager [None req-e105ab15-a2f1-4719-8f61-27b4ab8912bd None None] Deprecation Warning : cinder.keymgr.conf_key_mgr.ConfKeyManager is not a stevedore based driver, trying to load it as a class: stevedore.exception.NoMatches: No 'castellan.drivers' driver found, looking for 'cinder.keymgr.conf_key_mgr.ConfKeyManager'
Jun 11 08:55:53.902119 np0000002597 devstack@c-api.service[99207]: WARNING castellan.key_manager [None req-a595787c-677f-44cb-b609-c6786e3af36f None None] Deprecation Warning : cinder.keymgr.conf_key_mgr.ConfKeyManager is not a stevedore based driver, trying to load it as a class: stevedore.exception.NoMatches: No 'castellan.drivers' driver found, looking for 'cinder.keymgr.conf_key_mgr.ConfKeyManager'
Jun 11 08:55:53.902682 np0000002597 devstack@c-api.service[99208]: WARNING stevedore.named [None req-e105ab15-a2f1-4719-8f61-27b4ab8912bd None None] Could not load cinder.keymgr.conf_key_mgr.ConfKeyManager
Jun 11 08:55:53.902793 np0000002597 devstack@c-api.service[99208]: WARNING castellan.key_manager [None req-e105ab15-a2f1-4719-8f61-27b4ab8912bd None None] Deprecation Warning : cinder.keymgr.conf_key_mgr.ConfKeyManager is not a stevedore based driver, trying to load it as a class: stevedore.exception.NoMatches: No 'castellan.drivers' driver found, looking for 'cinder.keymgr.conf_key_mgr.ConfKeyManager'
Jun 11 08:55:53.903474 np0000002597 devstack@c-api.service[99208]: WARNING stevedore.named [None req-e105ab15-a2f1-4719-8f61-27b4ab8912bd None None] Could not load cinder.keymgr.conf_key_mgr.ConfKeyManager
Jun 11 08:55:53.903586 np0000002597 devstack@c-api.service[99208]: WARNING castellan.key_manager [None req-e105ab15-a2f1-4719-8f61-27b4ab8912bd None None] Deprecation Warning : cinder.keymgr.conf_key_mgr.ConfKeyManager is not a stevedore based driver, trying to load it as a class: stevedore.exception.NoMatches: No 'castellan.drivers' driver found, looking for 'cinder.keymgr.conf_key_mgr.ConfKeyManager'
Jun 11 08:55:53.903964 np0000002597 devstack@c-api.service[99209]: INFO cinder.rpc [None req-2ea25cd5-521e-4359-ad4c-cd24829014ea None None] Automatically selected cinder-backup RPC version 2.4 as minimum service version.
Jun 11 08:55:53.904109 np0000002597 devstack@c-api.service[99208]: DEBUG cinder.api.v3.router [None req-e105ab15-a2f1-4719-8f61-27b4ab8912bd None None] Extension VolumeImageMetadata extending resource: volumes {{(pid=99208) _setup_extensions /opt/stack/cinder/cinder/api/v3/router.py:155}}
Jun 11 08:55:53.904208 np0000002597 devstack@c-api.service[99208]: DEBUG cinder.api.v3.router [None req-e105ab15-a2f1-4719-8f61-27b4ab8912bd None None] Extension SnapshotUnmanage extending resource: snapshots {{(pid=99208) _setup_extensions /opt/stack/cinder/cinder/api/v3/router.py:155}}
Jun 11 08:55:53.904316 np0000002597 devstack@c-api.service[99208]: DEBUG cinder.api.v3.router [None req-e105ab15-a2f1-4719-8f61-27b4ab8912bd None None] Extension ExtendedSnapshotAttributes extending resource: snapshots {{(pid=99208) _setup_extensions /opt/stack/cinder/cinder/api/v3/router.py:155}}
Jun 11 08:55:53.904415 np0000002597 devstack@c-api.service[99208]: DEBUG cinder.api.v3.router [None req-e105ab15-a2f1-4719-8f61-27b4ab8912bd None None] Extension VolumeHostAttribute extending resource: volumes {{(pid=99208) _setup_extensions /opt/stack/cinder/cinder/api/v3/router.py:155}}
Jun 11 08:55:53.904455 np0000002597 devstack@c-api.service[99209]: WARNING stevedore.named [None req-2ea25cd5-521e-4359-ad4c-cd24829014ea None None] Could not load cinder.keymgr.conf_key_mgr.ConfKeyManager
Jun 11 08:55:53.904528 np0000002597 devstack@c-api.service[99208]: DEBUG cinder.api.v3.router [None req-e105ab15-a2f1-4719-8f61-27b4ab8912bd None None] Extension VolumeTypeEncryption extending resource: types {{(pid=99208) _setup_extensions /opt/stack/cinder/cinder/api/v3/router.py:155}}
Jun 11 08:55:53.904589 np0000002597 devstack@c-api.service[99209]: WARNING castellan.key_manager [None req-2ea25cd5-521e-4359-ad4c-cd24829014ea None None] Deprecation Warning : cinder.keymgr.conf_key_mgr.ConfKeyManager is not a stevedore based driver, trying to load it as a class: stevedore.exception.NoMatches: No 'castellan.drivers' driver found, looking for 'cinder.keymgr.conf_key_mgr.ConfKeyManager'
Jun 11 08:55:53.904618 np0000002597 devstack@c-api.service[99208]: DEBUG cinder.api.v3.router [None req-e105ab15-a2f1-4719-8f61-27b4ab8912bd None None] Extension VolumeUnmanage extending resource: volumes {{(pid=99208) _setup_extensions /opt/stack/cinder/cinder/api/v3/router.py:155}}
Jun 11 08:55:53.904703 np0000002597 devstack@c-api.service[99208]: DEBUG cinder.api.v3.router [None req-e105ab15-a2f1-4719-8f61-27b4ab8912bd None None] Extension UsedLimits extending resource: limits {{(pid=99208) _setup_extensions /opt/stack/cinder/cinder/api/v3/router.py:155}}
Jun 11 08:55:53.904823 np0000002597 devstack@c-api.service[99208]: DEBUG cinder.api.v3.router [None req-e105ab15-a2f1-4719-8f61-27b4ab8912bd None None] Extension SnapshotActions extending resource: snapshots {{(pid=99208) _setup_extensions /opt/stack/cinder/cinder/api/v3/router.py:155}}
Jun 11 08:55:53.904916 np0000002597 devstack@c-api.service[99208]: DEBUG cinder.api.v3.router [None req-e105ab15-a2f1-4719-8f61-27b4ab8912bd None None] Extension VolumeMigStatusAttribute extending resource: volumes {{(pid=99208) _setup_extensions /opt/stack/cinder/cinder/api/v3/router.py:155}}
Jun 11 08:55:53.905008 np0000002597 devstack@c-api.service[99208]: DEBUG cinder.api.v3.router [None req-e105ab15-a2f1-4719-8f61-27b4ab8912bd None None] Extension VolumeTypeAccess extending resource: types {{(pid=99208) _setup_extensions /opt/stack/cinder/cinder/api/v3/router.py:155}}
Jun 11 08:55:53.905144 np0000002597 devstack@c-api.service[99208]: DEBUG cinder.api.v3.router [None req-e105ab15-a2f1-4719-8f61-27b4ab8912bd None None] Extension AdminActions extending resource: volumes {{(pid=99208) _setup_extensions /opt/stack/cinder/cinder/api/v3/router.py:155}}
Jun 11 08:55:53.905254 np0000002597 devstack@c-api.service[99208]: DEBUG cinder.api.v3.router [None req-e105ab15-a2f1-4719-8f61-27b4ab8912bd None None] Extension AdminActions extending resource: snapshots {{(pid=99208) _setup_extensions /opt/stack/cinder/cinder/api/v3/router.py:155}}
Jun 11 08:55:53.905350 np0000002597 devstack@c-api.service[99208]: DEBUG cinder.api.v3.router [None req-e105ab15-a2f1-4719-8f61-27b4ab8912bd None None] Extension AdminActions extending resource: backups {{(pid=99208) _setup_extensions /opt/stack/cinder/cinder/api/v3/router.py:155}}
Jun 11 08:55:53.905436 np0000002597 devstack@c-api.service[99208]: DEBUG cinder.api.v3.router [None req-e105ab15-a2f1-4719-8f61-27b4ab8912bd None None] Extension VolumeActions extending resource: volumes {{(pid=99208) _setup_extensions /opt/stack/cinder/cinder/api/v3/router.py:155}}
Jun 11 08:55:53.905542 np0000002597 devstack@c-api.service[99208]: DEBUG cinder.api.v3.router [None req-e105ab15-a2f1-4719-8f61-27b4ab8912bd None None] Extension VolumeTenantAttribute extending resource: volumes {{(pid=99208) _setup_extensions /opt/stack/cinder/cinder/api/v3/router.py:155}}
Jun 11 08:55:53.905629 np0000002597 devstack@c-api.service[99208]: DEBUG cinder.api.v3.router [None req-e105ab15-a2f1-4719-8f61-27b4ab8912bd None None] Extension TypesManage extending resource: types {{(pid=99208) _setup_extensions /opt/stack/cinder/cinder/api/v3/router.py:155}}
Jun 11 08:55:53.906255 np0000002597 devstack@c-api.service[99207]: WARNING stevedore.named [None req-a595787c-677f-44cb-b609-c6786e3af36f None None] Could not load cinder.keymgr.conf_key_mgr.ConfKeyManager
Jun 11 08:55:53.906383 np0000002597 devstack@c-api.service[99207]: WARNING castellan.key_manager [None req-a595787c-677f-44cb-b609-c6786e3af36f None None] Deprecation Warning : cinder.keymgr.conf_key_mgr.ConfKeyManager is not a stevedore based driver, trying to load it as a class: stevedore.exception.NoMatches: No 'castellan.drivers' driver found, looking for 'cinder.keymgr.conf_key_mgr.ConfKeyManager'
Jun 11 08:55:53.908717 np0000002597 devstack@c-api.service[99207]: WARNING stevedore.named [None req-a595787c-677f-44cb-b609-c6786e3af36f None None] Could not load cinder.keymgr.conf_key_mgr.ConfKeyManager
Jun 11 08:55:53.908895 np0000002597 devstack@c-api.service[99207]: WARNING castellan.key_manager [None req-a595787c-677f-44cb-b609-c6786e3af36f None None] Deprecation Warning : cinder.keymgr.conf_key_mgr.ConfKeyManager is not a stevedore based driver, trying to load it as a class: stevedore.exception.NoMatches: No 'castellan.drivers' driver found, looking for 'cinder.keymgr.conf_key_mgr.ConfKeyManager'
Jun 11 08:55:53.910422 np0000002597 devstack@c-api.service[99207]: WARNING stevedore.named [None req-a595787c-677f-44cb-b609-c6786e3af36f None None] Could not load cinder.keymgr.conf_key_mgr.ConfKeyManager
Jun 11 08:55:53.910590 np0000002597 devstack@c-api.service[99207]: WARNING castellan.key_manager [None req-a595787c-677f-44cb-b609-c6786e3af36f None None] Deprecation Warning : cinder.keymgr.conf_key_mgr.ConfKeyManager is not a stevedore based driver, trying to load it as a class: stevedore.exception.NoMatches: No 'castellan.drivers' driver found, looking for 'cinder.keymgr.conf_key_mgr.ConfKeyManager'
Jun 11 08:55:53.911751 np0000002597 devstack@c-api.service[99207]: WARNING stevedore.named [None req-a595787c-677f-44cb-b609-c6786e3af36f None None] Could not load cinder.keymgr.conf_key_mgr.ConfKeyManager
Jun 11 08:55:53.911877 np0000002597 devstack@c-api.service[99207]: WARNING castellan.key_manager [None req-a595787c-677f-44cb-b609-c6786e3af36f None None] Deprecation Warning : cinder.keymgr.conf_key_mgr.ConfKeyManager is not a stevedore based driver, trying to load it as a class: stevedore.exception.NoMatches: No 'castellan.drivers' driver found, looking for 'cinder.keymgr.conf_key_mgr.ConfKeyManager'
Jun 11 08:55:53.912622 np0000002597 devstack@c-api.service[99207]: WARNING stevedore.named [None req-a595787c-677f-44cb-b609-c6786e3af36f None None] Could not load cinder.keymgr.conf_key_mgr.ConfKeyManager
Jun 11 08:55:53.912725 np0000002597 devstack@c-api.service[99207]: WARNING castellan.key_manager [None req-a595787c-677f-44cb-b609-c6786e3af36f None None] Deprecation Warning : cinder.keymgr.conf_key_mgr.ConfKeyManager is not a stevedore based driver, trying to load it as a class: stevedore.exception.NoMatches: No 'castellan.drivers' driver found, looking for 'cinder.keymgr.conf_key_mgr.ConfKeyManager'
Jun 11 08:55:53.912930 np0000002597 devstack@c-api.service[99208]: WSGI app 0 (mountpoint='') ready in 2 seconds on interpreter 0x7d2448ea3668 pid: 99208 (default app)
Jun 11 08:55:53.913531 np0000002597 devstack@c-api.service[99207]: WARNING stevedore.named [None req-a595787c-677f-44cb-b609-c6786e3af36f None None] Could not load cinder.keymgr.conf_key_mgr.ConfKeyManager
Jun 11 08:55:53.913640 np0000002597 devstack@c-api.service[99207]: WARNING castellan.key_manager [None req-a595787c-677f-44cb-b609-c6786e3af36f None None] Deprecation Warning : cinder.keymgr.conf_key_mgr.ConfKeyManager is not a stevedore based driver, trying to load it as a class: stevedore.exception.NoMatches: No 'castellan.drivers' driver found, looking for 'cinder.keymgr.conf_key_mgr.ConfKeyManager'
Jun 11 08:55:53.914397 np0000002597 devstack@c-api.service[99207]: WARNING stevedore.named [None req-a595787c-677f-44cb-b609-c6786e3af36f None None] Could not load cinder.keymgr.conf_key_mgr.ConfKeyManager
Jun 11 08:55:53.914525 np0000002597 devstack@c-api.service[99207]: WARNING castellan.key_manager [None req-a595787c-677f-44cb-b609-c6786e3af36f None None] Deprecation Warning : cinder.keymgr.conf_key_mgr.ConfKeyManager is not a stevedore based driver, trying to load it as a class: stevedore.exception.NoMatches: No 'castellan.drivers' driver found, looking for 'cinder.keymgr.conf_key_mgr.ConfKeyManager'
Jun 11 08:55:53.915108 np0000002597 devstack@c-api.service[99207]: WARNING stevedore.named [None req-a595787c-677f-44cb-b609-c6786e3af36f None None] Could not load cinder.keymgr.conf_key_mgr.ConfKeyManager
Jun 11 08:55:53.915218 np0000002597 devstack@c-api.service[99207]: WARNING castellan.key_manager [None req-a595787c-677f-44cb-b609-c6786e3af36f None None] Deprecation Warning : cinder.keymgr.conf_key_mgr.ConfKeyManager is not a stevedore based driver, trying to load it as a class: stevedore.exception.NoMatches: No 'castellan.drivers' driver found, looking for 'cinder.keymgr.conf_key_mgr.ConfKeyManager'
Jun 11 08:55:53.915523 np0000002597 devstack@c-api.service[99209]: WARNING stevedore.named [None req-2ea25cd5-521e-4359-ad4c-cd24829014ea None None] Could not load cinder.keymgr.conf_key_mgr.ConfKeyManager
Jun 11 08:55:53.915716 np0000002597 devstack@c-api.service[99209]: WARNING castellan.key_manager [None req-2ea25cd5-521e-4359-ad4c-cd24829014ea None None] Deprecation Warning : cinder.keymgr.conf_key_mgr.ConfKeyManager is not a stevedore based driver, trying to load it as a class: stevedore.exception.NoMatches: No 'castellan.drivers' driver found, looking for 'cinder.keymgr.conf_key_mgr.ConfKeyManager'
Jun 11 08:55:53.915803 np0000002597 devstack@c-api.service[99207]: WARNING stevedore.named [None req-a595787c-677f-44cb-b609-c6786e3af36f None None] Could not load cinder.keymgr.conf_key_mgr.ConfKeyManager
Jun 11 08:55:53.915930 np0000002597 devstack@c-api.service[99207]: WARNING castellan.key_manager [None req-a595787c-677f-44cb-b609-c6786e3af36f None None] Deprecation Warning : cinder.keymgr.conf_key_mgr.ConfKeyManager is not a stevedore based driver, trying to load it as a class: stevedore.exception.NoMatches: No 'castellan.drivers' driver found, looking for 'cinder.keymgr.conf_key_mgr.ConfKeyManager'
Jun 11 08:55:53.916792 np0000002597 devstack@c-api.service[99207]: WARNING cinder.api.contrib.hosts [None req-a595787c-677f-44cb-b609-c6786e3af36f None None] Deprecated: The Host API is deprecated and will be be removed in a future version.
Jun 11 08:55:53.917014 np0000002597 devstack@c-api.service[99207]: WARNING stevedore.named [None req-a595787c-677f-44cb-b609-c6786e3af36f None None] Could not load cinder.keymgr.conf_key_mgr.ConfKeyManager
Jun 11 08:55:53.917146 np0000002597 devstack@c-api.service[99207]: WARNING castellan.key_manager [None req-a595787c-677f-44cb-b609-c6786e3af36f None None] Deprecation Warning : cinder.keymgr.conf_key_mgr.ConfKeyManager is not a stevedore based driver, trying to load it as a class: stevedore.exception.NoMatches: No 'castellan.drivers' driver found, looking for 'cinder.keymgr.conf_key_mgr.ConfKeyManager'
Jun 11 08:55:53.917670 np0000002597 devstack@c-api.service[99207]: DEBUG cinder.api.v3.router [None req-a595787c-677f-44cb-b609-c6786e3af36f None None] Extended resource: extensions {{(pid=99207) _setup_ext_routes /opt/stack/cinder/cinder/api/v3/router.py:122}}
Jun 11 08:55:53.918352 np0000002597 devstack@c-api.service[99209]: WARNING stevedore.named [None req-2ea25cd5-521e-4359-ad4c-cd24829014ea None None] Could not load cinder.keymgr.conf_key_mgr.ConfKeyManager
Jun 11 08:55:53.918552 np0000002597 devstack@c-api.service[99209]: WARNING castellan.key_manager [None req-2ea25cd5-521e-4359-ad4c-cd24829014ea None None] Deprecation Warning : cinder.keymgr.conf_key_mgr.ConfKeyManager is not a stevedore based driver, trying to load it as a class: stevedore.exception.NoMatches: No 'castellan.drivers' driver found, looking for 'cinder.keymgr.conf_key_mgr.ConfKeyManager'
Jun 11 08:55:53.918792 np0000002597 devstack@c-api.service[99207]: DEBUG cinder.api.v3.router [None req-a595787c-677f-44cb-b609-c6786e3af36f None None] Extended resource: consistencygroups {{(pid=99207) _setup_ext_routes /opt/stack/cinder/cinder/api/v3/router.py:122}}
Jun 11 08:55:53.920467 np0000002597 devstack@c-api.service[99207]: DEBUG cinder.api.v3.router [None req-a595787c-677f-44cb-b609-c6786e3af36f None None] Extended resource: extra_specs {{(pid=99207) _setup_ext_routes /opt/stack/cinder/cinder/api/v3/router.py:122}}
Jun 11 08:55:53.920860 np0000002597 devstack@c-api.service[99208]: /opt/stack/data/venv/lib/python3.12/site-packages/oslo_policy/policy.py:806: UserWarning: Policy "volume:attachment_create":"" was deprecated in X in favor of "volume:attachment_create":"rule:xena_system_admin_or_project_member". Reason: Default policies now support the three Keystone default roles, namely 'admin', 'member', and 'reader' to implement three Cinder "personas". See "Policy Personas and Permissions" in the "Cinder Service Configuration" documentation (Xena release) for details.. Either ensure your deployment is ready for the new default or copy/paste the deprecated policy into your policy file and maintain it manually.
Jun 11 08:55:53.920860 np0000002597 devstack@c-api.service[99208]: warnings.warn(deprecated_msg)
Jun 11 08:55:53.920982 np0000002597 devstack@c-api.service[99208]: /opt/stack/data/venv/lib/python3.12/site-packages/oslo_policy/policy.py:806: UserWarning: Policy "volume:attachment_update":"rule:admin_or_owner" was deprecated in X in favor of "volume:attachment_update":"rule:xena_system_admin_or_project_member". Reason: Default policies now support the three Keystone default roles, namely 'admin', 'member', and 'reader' to implement three Cinder "personas". See "Policy Personas and Permissions" in the "Cinder Service Configuration" documentation (Xena release) for details.. Either ensure your deployment is ready for the new default or copy/paste the deprecated policy into your policy file and maintain it manually.
Jun 11 08:55:53.920982 np0000002597 devstack@c-api.service[99208]: warnings.warn(deprecated_msg)
Jun 11 08:55:53.920982 np0000002597 devstack@c-api.service[99208]: /opt/stack/data/venv/lib/python3.12/site-packages/oslo_policy/policy.py:806: UserWarning: Policy "volume:attachment_delete":"rule:admin_or_owner" was deprecated in X in favor of "volume:attachment_delete":"rule:xena_system_admin_or_project_member". Reason: Default policies now support the three Keystone default roles, namely 'admin', 'member', and 'reader' to implement three Cinder "personas". See "Policy Personas and Permissions" in the "Cinder Service Configuration" documentation (Xena release) for details.. Either ensure your deployment is ready for the new default or copy/paste the deprecated policy into your policy file and maintain it manually.
Jun 11 08:55:53.920982 np0000002597 devstack@c-api.service[99208]: warnings.warn(deprecated_msg)
Jun 11 08:55:53.920982 np0000002597 devstack@c-api.service[99208]: /opt/stack/data/venv/lib/python3.12/site-packages/oslo_policy/policy.py:806: UserWarning: Policy "volume:attachment_complete":"rule:admin_or_owner" was deprecated in X in favor of "volume:attachment_complete":"rule:xena_system_admin_or_project_member". Reason: Default policies now support the three Keystone default roles, namely 'admin', 'member', and 'reader' to implement three Cinder "personas". See "Policy Personas and Permissions" in the "Cinder Service Configuration" documentation (Xena release) for details.. Either ensure your deployment is ready for the new default or copy/paste the deprecated policy into your policy file and maintain it manually.
Jun 11 08:55:53.921156 np0000002597 devstack@c-api.service[99208]: warnings.warn(deprecated_msg)
Jun 11 08:55:53.921156 np0000002597 devstack@c-api.service[99208]: /opt/stack/data/venv/lib/python3.12/site-packages/oslo_policy/policy.py:806: UserWarning: Policy "volume:multiattach_bootable_volume":"rule:admin_or_owner" was deprecated in X in favor of "volume:multiattach_bootable_volume":"rule:xena_system_admin_or_project_member". Reason: Default policies now support the three Keystone default roles, namely 'admin', 'member', and 'reader' to implement three Cinder "personas". See "Policy Personas and Permissions" in the "Cinder Service Configuration" documentation (Xena release) for details.. Either ensure your deployment is ready for the new default or copy/paste the deprecated policy into your policy file and maintain it manually.
Jun 11 08:55:53.921156 np0000002597 devstack@c-api.service[99208]: warnings.warn(deprecated_msg)
Jun 11 08:55:53.921234 np0000002597 devstack@c-api.service[99209]: WARNING stevedore.named [None req-2ea25cd5-521e-4359-ad4c-cd24829014ea None None] Could not load cinder.keymgr.conf_key_mgr.ConfKeyManager
Jun 11 08:55:53.921260 np0000002597 devstack@c-api.service[99208]: /opt/stack/data/venv/lib/python3.12/site-packages/oslo_policy/policy.py:806: UserWarning: Policy "message:get_all":"rule:admin_or_owner" was deprecated in X in favor of "message:get_all":"rule:xena_system_admin_or_project_reader". Reason: Default policies now support the three Keystone default roles, namely 'admin', 'member', and 'reader' to implement three Cinder "personas". See "Policy Personas and Permissions" in the "Cinder Service Configuration" documentation (Xena release) for details.. Either ensure your deployment is ready for the new default or copy/paste the deprecated policy into your policy file and maintain it manually.
Jun 11 08:55:53.921260 np0000002597 devstack@c-api.service[99208]: warnings.warn(deprecated_msg)
Jun 11 08:55:53.921260 np0000002597 devstack@c-api.service[99208]: /opt/stack/data/venv/lib/python3.12/site-packages/oslo_policy/policy.py:806: UserWarning: Policy "message:get":"rule:admin_or_owner" was deprecated in X in favor of "message:get":"rule:xena_system_admin_or_project_reader". Reason: Default policies now support the three Keystone default roles, namely 'admin', 'member', and 'reader' to implement three Cinder "personas". See "Policy Personas and Permissions" in the "Cinder Service Configuration" documentation (Xena release) for details.. Either ensure your deployment is ready for the new default or copy/paste the deprecated policy into your policy file and maintain it manually.
Jun 11 08:55:53.921260 np0000002597 devstack@c-api.service[99208]: warnings.warn(deprecated_msg)
Jun 11 08:55:53.921260 np0000002597 devstack@c-api.service[99208]: /opt/stack/data/venv/lib/python3.12/site-packages/oslo_policy/policy.py:806: UserWarning: Policy "message:delete":"rule:admin_or_owner" was deprecated in X in favor of "message:delete":"rule:xena_system_admin_or_project_member". Reason: Default policies now support the three Keystone default roles, namely 'admin', 'member', and 'reader' to implement three Cinder "personas". See "Policy Personas and Permissions" in the "Cinder Service Configuration" documentation (Xena release) for details.. Either ensure your deployment is ready for the new default or copy/paste the deprecated policy into your policy file and maintain it manually.
Jun 11 08:55:53.921260 np0000002597 devstack@c-api.service[99208]: warnings.warn(deprecated_msg)
Jun 11 08:55:53.921419 np0000002597 devstack@c-api.service[99208]: /opt/stack/data/venv/lib/python3.12/site-packages/oslo_policy/policy.py:806: UserWarning: Policy "volume:get_snapshot_metadata":"rule:admin_or_owner" was deprecated in X in favor of "volume:get_snapshot_metadata":"rule:xena_system_admin_or_project_reader". Reason: Default policies now support the three Keystone default roles, namely 'admin', 'member', and 'reader' to implement three Cinder "personas". See "Policy Personas and Permissions" in the "Cinder Service Configuration" documentation (Xena release) for details.. Either ensure your deployment is ready for the new default or copy/paste the deprecated policy into your policy file and maintain it manually.
Jun 11 08:55:53.921419 np0000002597 devstack@c-api.service[99208]: warnings.warn(deprecated_msg)
Jun 11 08:55:53.921419 np0000002597 devstack@c-api.service[99208]: /opt/stack/data/venv/lib/python3.12/site-packages/oslo_policy/policy.py:806: UserWarning: Policy "volume:update_snapshot_metadata":"rule:admin_or_owner" was deprecated in X in favor of "volume:update_snapshot_metadata":"rule:xena_system_admin_or_project_member". Reason: Default policies now support the three Keystone default roles, namely 'admin', 'member', and 'reader' to implement three Cinder "personas". See "Policy Personas and Permissions" in the "Cinder Service Configuration" documentation (Xena release) for details.. Either ensure your deployment is ready for the new default or copy/paste the deprecated policy into your policy file and maintain it manually.
Jun 11 08:55:53.921419 np0000002597 devstack@c-api.service[99208]: warnings.warn(deprecated_msg)
Jun 11 08:55:53.921524 np0000002597 devstack@c-api.service[99208]: /opt/stack/data/venv/lib/python3.12/site-packages/oslo_policy/policy.py:806: UserWarning: Policy "volume:delete_snapshot_metadata":"rule:admin_or_owner" was deprecated in X in favor of "volume:delete_snapshot_metadata":"rule:xena_system_admin_or_project_member". Reason: Default policies now support the three Keystone default roles, namely 'admin', 'member', and 'reader' to implement three Cinder "personas". See "Policy Personas and Permissions" in the "Cinder Service Configuration" documentation (Xena release) for details.. Either ensure your deployment is ready for the new default or copy/paste the deprecated policy into your policy file and maintain it manually.
Jun 11 08:55:53.921524 np0000002597 devstack@c-api.service[99208]: warnings.warn(deprecated_msg)
Jun 11 08:55:53.921575 np0000002597 devstack@c-api.service[99209]: WARNING castellan.key_manager [None req-2ea25cd5-521e-4359-ad4c-cd24829014ea None None] Deprecation Warning : cinder.keymgr.conf_key_mgr.ConfKeyManager is not a stevedore based driver, trying to load it as a class: stevedore.exception.NoMatches: No 'castellan.drivers' driver found, looking for 'cinder.keymgr.conf_key_mgr.ConfKeyManager'
Jun 11 08:55:53.921599 np0000002597 devstack@c-api.service[99208]: /opt/stack/data/venv/lib/python3.12/site-packages/oslo_policy/policy.py:806: UserWarning: Policy "volume:get_all_snapshots":"rule:admin_or_owner" was deprecated in X in favor of "volume:get_all_snapshots":"rule:xena_system_admin_or_project_reader". Reason: Default policies now support the three Keystone default roles, namely 'admin', 'member', and 'reader' to implement three Cinder "personas". See "Policy Personas and Permissions" in the "Cinder Service Configuration" documentation (Xena release) for details.. Either ensure your deployment is ready for the new default or copy/paste the deprecated policy into your policy file and maintain it manually.
Jun 11 08:55:53.921599 np0000002597 devstack@c-api.service[99208]: warnings.warn(deprecated_msg)
Jun 11 08:55:53.921599 np0000002597 devstack@c-api.service[99208]: /opt/stack/data/venv/lib/python3.12/site-packages/oslo_policy/policy.py:806: UserWarning: Policy "volume_extension:extended_snapshot_attributes":"rule:admin_or_owner" was deprecated in X in favor of "volume_extension:extended_snapshot_attributes":"rule:xena_system_admin_or_project_reader". Reason: Default policies now support the three Keystone default roles, namely 'admin', 'member', and 'reader' to implement three Cinder "personas". See "Policy Personas and Permissions" in the "Cinder Service Configuration" documentation (Xena release) for details.. Either ensure your deployment is ready for the new default or copy/paste the deprecated policy into your policy file and maintain it manually.
Jun 11 08:55:53.921599 np0000002597 devstack@c-api.service[99208]: warnings.warn(deprecated_msg)
Jun 11 08:55:53.921737 np0000002597 devstack@c-api.service[99208]: /opt/stack/data/venv/lib/python3.12/site-packages/oslo_policy/policy.py:806: UserWarning: Policy "volume:create_snapshot":"rule:admin_or_owner" was deprecated in X in favor of "volume:create_snapshot":"rule:xena_system_admin_or_project_member". Reason: Default policies now support the three Keystone default roles, namely 'admin', 'member', and 'reader' to implement three Cinder "personas". See "Policy Personas and Permissions" in the "Cinder Service Configuration" documentation (Xena release) for details.. Either ensure your deployment is ready for the new default or copy/paste the deprecated policy into your policy file and maintain it manually.
Jun 11 08:55:53.921737 np0000002597 devstack@c-api.service[99208]: warnings.warn(deprecated_msg)
Jun 11 08:55:53.921737 np0000002597 devstack@c-api.service[99208]: /opt/stack/data/venv/lib/python3.12/site-packages/oslo_policy/policy.py:806: UserWarning: Policy "volume:get_snapshot":"rule:admin_or_owner" was deprecated in X in favor of "volume:get_snapshot":"rule:xena_system_admin_or_project_reader". Reason: Default policies now support the three Keystone default roles, namely 'admin', 'member', and 'reader' to implement three Cinder "personas". See "Policy Personas and Permissions" in the "Cinder Service Configuration" documentation (Xena release) for details.. Either ensure your deployment is ready for the new default or copy/paste the deprecated policy into your policy file and maintain it manually.
Jun 11 08:55:53.921737 np0000002597 devstack@c-api.service[99208]: warnings.warn(deprecated_msg)
Jun 11 08:55:53.921737 np0000002597 devstack@c-api.service[99208]: /opt/stack/data/venv/lib/python3.12/site-packages/oslo_policy/policy.py:806: UserWarning: Policy "volume:update_snapshot":"rule:admin_or_owner" was deprecated in X in favor of "volume:update_snapshot":"rule:xena_system_admin_or_project_member". Reason: Default policies now support the three Keystone default roles, namely 'admin', 'member', and 'reader' to implement three Cinder "personas". See "Policy Personas and Permissions" in the "Cinder Service Configuration" documentation (Xena release) for details.. Either ensure your deployment is ready for the new default or copy/paste the deprecated policy into your policy file and maintain it manually.
Jun 11 08:55:53.921870 np0000002597 devstack@c-api.service[99208]: warnings.warn(deprecated_msg)
Jun 11 08:55:53.921870 np0000002597 devstack@c-api.service[99208]: /opt/stack/data/venv/lib/python3.12/site-packages/oslo_policy/policy.py:806: UserWarning: Policy "volume:delete_snapshot":"rule:admin_or_owner" was deprecated in X in favor of "volume:delete_snapshot":"rule:xena_system_admin_or_project_member". Reason: Default policies now support the three Keystone default roles, namely 'admin', 'member', and 'reader' to implement three Cinder "personas". See "Policy Personas and Permissions" in the "Cinder Service Configuration" documentation (Xena release) for details.. Either ensure your deployment is ready for the new default or copy/paste the deprecated policy into your policy file and maintain it manually.
Jun 11 08:55:53.921870 np0000002597 devstack@c-api.service[99208]: warnings.warn(deprecated_msg)
Jun 11 08:55:53.921870 np0000002597 devstack@c-api.service[99208]: /opt/stack/data/venv/lib/python3.12/site-packages/oslo_policy/policy.py:806: UserWarning: Policy "snapshot_extension:snapshot_actions:update_snapshot_status":"" was deprecated in X in favor of "snapshot_extension:snapshot_actions:update_snapshot_status":"rule:xena_system_admin_or_project_member". Reason: Default policies now support the three Keystone default roles, namely 'admin', 'member', and 'reader' to implement three Cinder "personas". See "Policy Personas and Permissions" in the "Cinder Service Configuration" documentation (Xena release) for details.. Either ensure your deployment is ready for the new default or copy/paste the deprecated policy into your policy file and maintain it manually.
Jun 11 08:55:53.921870 np0000002597 devstack@c-api.service[99208]: warnings.warn(deprecated_msg)
Jun 11 08:55:53.921989 np0000002597 devstack@c-api.service[99208]: /opt/stack/data/venv/lib/python3.12/site-packages/oslo_policy/policy.py:806: UserWarning: Policy "backup:get_all":"rule:admin_or_owner" was deprecated in X in favor of "backup:get_all":"rule:xena_system_admin_or_project_reader". Reason: Default policies now support the three Keystone default roles, namely 'admin', 'member', and 'reader' to implement three Cinder "personas". See "Policy Personas and Permissions" in the "Cinder Service Configuration" documentation (Xena release) for details.. Either ensure your deployment is ready for the new default or copy/paste the deprecated policy into your policy file and maintain it manually.
Jun 11 08:55:53.921989 np0000002597 devstack@c-api.service[99208]: warnings.warn(deprecated_msg)
Jun 11 08:55:53.921989 np0000002597 devstack@c-api.service[99208]: /opt/stack/data/venv/lib/python3.12/site-packages/oslo_policy/policy.py:806: UserWarning: Policy "backup:create":"" was deprecated in X in favor of "backup:create":"rule:xena_system_admin_or_project_member". Reason: Default policies now support the three Keystone default roles, namely 'admin', 'member', and 'reader' to implement three Cinder "personas". See "Policy Personas and Permissions" in the "Cinder Service Configuration" documentation (Xena release) for details.. Either ensure your deployment is ready for the new default or copy/paste the deprecated policy into your policy file and maintain it manually.
Jun 11 08:55:53.921989 np0000002597 devstack@c-api.service[99208]: warnings.warn(deprecated_msg)
Jun 11 08:55:53.921989 np0000002597 devstack@c-api.service[99208]: /opt/stack/data/venv/lib/python3.12/site-packages/oslo_policy/policy.py:806: UserWarning: Policy "backup:get":"rule:admin_or_owner" was deprecated in X in favor of "backup:get":"rule:xena_system_admin_or_project_reader". Reason: Default policies now support the three Keystone default roles, namely 'admin', 'member', and 'reader' to implement three Cinder "personas". See "Policy Personas and Permissions" in the "Cinder Service Configuration" documentation (Xena release) for details.. Either ensure your deployment is ready for the new default or copy/paste the deprecated policy into your policy file and maintain it manually.
Jun 11 08:55:53.921989 np0000002597 devstack@c-api.service[99208]: warnings.warn(deprecated_msg)
Jun 11 08:55:53.922153 np0000002597 devstack@c-api.service[99208]: /opt/stack/data/venv/lib/python3.12/site-packages/oslo_policy/policy.py:806: UserWarning: Policy "backup:update":"rule:admin_or_owner" was deprecated in X in favor of "backup:update":"rule:xena_system_admin_or_project_member". Reason: Default policies now support the three Keystone default roles, namely 'admin', 'member', and 'reader' to implement three Cinder "personas". See "Policy Personas and Permissions" in the "Cinder Service Configuration" documentation (Xena release) for details.. Either ensure your deployment is ready for the new default or copy/paste the deprecated policy into your policy file and maintain it manually.
Jun 11 08:55:53.922153 np0000002597 devstack@c-api.service[99208]: warnings.warn(deprecated_msg)
Jun 11 08:55:53.922153 np0000002597 devstack@c-api.service[99208]: /opt/stack/data/venv/lib/python3.12/site-packages/oslo_policy/policy.py:806: UserWarning: Policy "backup:delete":"rule:admin_or_owner" was deprecated in X in favor of "backup:delete":"rule:xena_system_admin_or_project_member". Reason: Default policies now support the three Keystone default roles, namely 'admin', 'member', and 'reader' to implement three Cinder "personas". See "Policy Personas and Permissions" in the "Cinder Service Configuration" documentation (Xena release) for details.. Either ensure your deployment is ready for the new default or copy/paste the deprecated policy into your policy file and maintain it manually.
Jun 11 08:55:53.922153 np0000002597 devstack@c-api.service[99208]: warnings.warn(deprecated_msg)
Jun 11 08:55:53.922153 np0000002597 devstack@c-api.service[99208]: /opt/stack/data/venv/lib/python3.12/site-packages/oslo_policy/policy.py:806: UserWarning: Policy "backup:restore":"rule:admin_or_owner" was deprecated in X in favor of "backup:restore":"rule:xena_system_admin_or_project_member". Reason: Default policies now support the three Keystone default roles, namely 'admin', 'member', and 'reader' to implement three Cinder "personas". See "Policy Personas and Permissions" in the "Cinder Service Configuration" documentation (Xena release) for details.. Either ensure your deployment is ready for the new default or copy/paste the deprecated policy into your policy file and maintain it manually.
Jun 11 08:55:53.922153 np0000002597 devstack@c-api.service[99208]: warnings.warn(deprecated_msg)
Jun 11 08:55:53.922297 np0000002597 devstack@c-api.service[99208]: /opt/stack/data/venv/lib/python3.12/site-packages/oslo_policy/policy.py:806: UserWarning: Policy "group:get_all":"rule:admin_or_owner" was deprecated in X in favor of "group:get_all":"rule:xena_system_admin_or_project_reader". Reason: Default policies now support the three Keystone default roles, namely 'admin', 'member', and 'reader' to implement three Cinder "personas". See "Policy Personas and Permissions" in the "Cinder Service Configuration" documentation (Xena release) for details.. Either ensure your deployment is ready for the new default or copy/paste the deprecated policy into your policy file and maintain it manually.
Jun 11 08:55:53.922297 np0000002597 devstack@c-api.service[99208]: warnings.warn(deprecated_msg)
Jun 11 08:55:53.922297 np0000002597 devstack@c-api.service[99208]: /opt/stack/data/venv/lib/python3.12/site-packages/oslo_policy/policy.py:806: UserWarning: Policy "group:create":"" was deprecated in X in favor of "group:create":"rule:xena_system_admin_or_project_member". Reason: Default policies now support the three Keystone default roles, namely 'admin', 'member', and 'reader' to implement three Cinder "personas". See "Policy Personas and Permissions" in the "Cinder Service Configuration" documentation (Xena release) for details.. Either ensure your deployment is ready for the new default or copy/paste the deprecated policy into your policy file and maintain it manually.
Jun 11 08:55:53.922297 np0000002597 devstack@c-api.service[99208]: warnings.warn(deprecated_msg)
Jun 11 08:55:53.922297 np0000002597 devstack@c-api.service[99208]: /opt/stack/data/venv/lib/python3.12/site-packages/oslo_policy/policy.py:806: UserWarning: Policy "group:get":"rule:admin_or_owner" was deprecated in X in favor of "group:get":"rule:xena_system_admin_or_project_reader". Reason: Default policies now support the three Keystone default roles, namely 'admin', 'member', and 'reader' to implement three Cinder "personas". See "Policy Personas and Permissions" in the "Cinder Service Configuration" documentation (Xena release) for details.. Either ensure your deployment is ready for the new default or copy/paste the deprecated policy into your policy file and maintain it manually.
Jun 11 08:55:53.922297 np0000002597 devstack@c-api.service[99208]: warnings.warn(deprecated_msg)
Jun 11 08:55:53.922433 np0000002597 devstack@c-api.service[99208]: /opt/stack/data/venv/lib/python3.12/site-packages/oslo_policy/policy.py:806: UserWarning: Policy "group:update":"rule:admin_or_owner" was deprecated in X in favor of "group:update":"rule:xena_system_admin_or_project_member". Reason: Default policies now support the three Keystone default roles, namely 'admin', 'member', and 'reader' to implement three Cinder "personas". See "Policy Personas and Permissions" in the "Cinder Service Configuration" documentation (Xena release) for details.. Either ensure your deployment is ready for the new default or copy/paste the deprecated policy into your policy file and maintain it manually.
Jun 11 08:55:53.922433 np0000002597 devstack@c-api.service[99208]: warnings.warn(deprecated_msg)
