Jun 11 09:02:22.566290 np0000002597 devstack@g-api.service[102025]: DEBUG glance.api.middleware.version_negotiation [None req-22d6708b-4ac2-4654-8eba-d659c331d091 tempest-ServerStableDeviceRescueTest-137183521 tempest-ServerStableDeviceRescueTest-137183521-project-member] Using url versioning {{(pid=102025) process_request /opt/stack/glance/glance/api/middleware/version_negotiation.py:57}}
Jun 11 09:02:22.566958 np0000002597 devstack@g-api.service[102025]: DEBUG glance.api.middleware.version_negotiation [None req-22d6708b-4ac2-4654-8eba-d659c331d091 tempest-ServerStableDeviceRescueTest-137183521 tempest-ServerStableDeviceRescueTest-137183521-project-member] Matched version: v2 {{(pid=102025) process_request /opt/stack/glance/glance/api/middleware/version_negotiation.py:69}}
Jun 11 09:02:22.567166 np0000002597 devstack@g-api.service[102025]: DEBUG glance.api.middleware.version_negotiation [None req-22d6708b-4ac2-4654-8eba-d659c331d091 tempest-ServerStableDeviceRescueTest-137183521 tempest-ServerStableDeviceRescueTest-137183521-project-member] new path /v2/schemas/image {{(pid=102025) process_request /opt/stack/glance/glance/api/middleware/version_negotiation.py:70}}
Jun 11 09:02:22.574122 np0000002597 devstack@g-api.service[102025]: [pid: 102025|app: 0|req: 70/210] 127.0.0.1 () {44 vars in 1047 bytes} [Thu Jun 11 09:02:22 2026] GET /v2/schemas/image => generated 6083 bytes in 8 msecs (HTTP/1.1 200) 4 headers in 158 bytes (1 switches on core 0)
Jun 11 09:02:22.904863 np0000002597 devstack@g-api.service[102024]: DEBUG glance.api.middleware.version_negotiation [None req-a5845746-1aeb-40e6-a2e8-06ed5b8e1c0e tempest-ServerStableDeviceRescueTest-137183521 tempest-ServerStableDeviceRescueTest-137183521-project-member] Determining version of request: GET /v2/images/3b22e0c9-4f7b-40ab-9a6c-ee932e66c71c Accept: */* {{(pid=102024) process_request /opt/stack/glance/glance/api/middleware/version_negotiation.py:44}}
Jun 11 09:02:22.905008 np0000002597 devstack@g-api.service[102024]: DEBUG glance.api.middleware.version_negotiation [None req-a5845746-1aeb-40e6-a2e8-06ed5b8e1c0e tempest-ServerStableDeviceRescueTest-137183521 tempest-ServerStableDeviceRescueTest-137183521-project-member] Using url versioning {{(pid=102024) process_request /opt/stack/glance/glance/api/middleware/version_negotiation.py:57}}
Jun 11 09:02:22.906119 np0000002597 devstack@g-api.service[102024]: DEBUG glance.api.middleware.version_negotiation [None req-a5845746-1aeb-40e6-a2e8-06ed5b8e1c0e tempest-ServerStableDeviceRescueTest-137183521 tempest-ServerStableDeviceRescueTest-137183521-project-member] Matched version: v2 {{(pid=102024) process_request /opt/stack/glance/glance/api/middleware/version_negotiation.py:69}}
Jun 11 09:02:22.906119 np0000002597 devstack@g-api.service[102024]: DEBUG glance.api.middleware.version_negotiation [None req-a5845746-1aeb-40e6-a2e8-06ed5b8e1c0e tempest-ServerStableDeviceRescueTest-137183521 tempest-ServerStableDeviceRescueTest-137183521-project-member] new path /v2/images/3b22e0c9-4f7b-40ab-9a6c-ee932e66c71c {{(pid=102024) process_request /opt/stack/glance/glance/api/middleware/version_negotiation.py:70}}
Jun 11 09:02:22.922748 np0000002597 devstack@g-api.service[102024]: [pid: 102024|app: 0|req: 70/211] 127.0.0.1 () {44 vars in 1107 bytes} [Thu Jun 11 09:02:22 2026] GET /v2/images/3b22e0c9-4f7b-40ab-9a6c-ee932e66c71c => generated 1044 bytes in 18 msecs (HTTP/1.1 200) 4 headers in 158 bytes (1 switches on core 0)
Jun 11 09:02:22.957559 np0000002597 devstack@g-api.service[102025]: DEBUG glance.api.middleware.version_negotiation [None req-a5845746-1aeb-40e6-a2e8-06ed5b8e1c0e tempest-ServerStableDeviceRescueTest-137183521 tempest-ServerStableDeviceRescueTest-137183521-project-member] Determining version of request: GET /v2/schemas/image Accept: */* {{(pid=102025) process_request /opt/stack/glance/glance/api/middleware/version_negotiation.py:44}}
Jun 11 09:02:22.957714 np0000002597 devstack@g-api.service[102025]: DEBUG glance.api.middleware.version_negotiation [None req-a5845746-1aeb-40e6-a2e8-06ed5b8e1c0e tempest-ServerStableDeviceRescueTest-137183521 tempest-ServerStableDeviceRescueTest-137183521-project-member] Using url versioning {{(pid=102025) process_request /opt/stack/glance/glance/api/middleware/version_negotiation.py:57}}
Jun 11 09:02:22.957839 np0000002597 devstack@g-api.service[102025]: DEBUG glance.api.middleware.version_negotiation [None req-a5845746-1aeb-40e6-a2e8-06ed5b8e1c0e tempest-ServerStableDeviceRescueTest-137183521 tempest-ServerStableDeviceRescueTest-137183521-project-member] Matched version: v2 {{(pid=102025) process_request /opt/stack/glance/glance/api/middleware/version_negotiation.py:69}}
Jun 11 09:02:22.957966 np0000002597 devstack@g-api.service[102025]: DEBUG glance.api.middleware.version_negotiation [None req-a5845746-1aeb-40e6-a2e8-06ed5b8e1c0e tempest-ServerStableDeviceRescueTest-137183521 tempest-ServerStableDeviceRescueTest-137183521-project-member] new path /v2/schemas/image {{(pid=102025) process_request /opt/stack/glance/glance/api/middleware/version_negotiation.py:70}}
Jun 11 09:02:22.962198 np0000002597 devstack@g-api.service[102025]: [pid: 102025|app: 0|req: 71/212] 127.0.0.1 () {44 vars in 1047 bytes} [Thu Jun 11 09:02:22 2026] GET /v2/schemas/image => generated 6083 bytes in 5 msecs (HTTP/1.1 200) 4 headers in 158 bytes (1 switches on core 0)
Jun 11 09:02:23.113213 np0000002597 devstack@g-api.service[102026]: INFO glance.api.v2.image_data [None req-22d6708b-4ac2-4654-8eba-d659c331d091 tempest-ServerStableDeviceRescueTest-137183521 tempest-ServerStableDeviceRescueTest-137183521-project-member] Unable to create trust: no such option collect_timing in group [keystone_authtoken] Use the existing user token.
Jun 11 09:02:23.641238 np0000002597 devstack@g-api.service[102024]: DEBUG glance.api.middleware.version_negotiation [None req-10f21f01-c0f2-4356-8eae-f0a0284e8e2b tempest-VolumesActionsTest-1084031212 tempest-VolumesActionsTest-1084031212-project-member] Determining version of request: GET /v2/images/d189e29a-a31a-4590-9a57-3b53bfb6e273 Accept: */* {{(pid=102024) process_request /opt/stack/glance/glance/api/middleware/version_negotiation.py:44}}
Jun 11 09:02:23.641646 np0000002597 devstack@g-api.service[102024]: DEBUG glance.api.middleware.version_negotiation [None req-10f21f01-c0f2-4356-8eae-f0a0284e8e2b tempest-VolumesActionsTest-1084031212 tempest-VolumesActionsTest-1084031212-project-member] Using url versioning {{(pid=102024) process_request /opt/stack/glance/glance/api/middleware/version_negotiation.py:57}}
Jun 11 09:02:23.641646 np0000002597 devstack@g-api.service[102024]: DEBUG glance.api.middleware.version_negotiation [None req-10f21f01-c0f2-4356-8eae-f0a0284e8e2b tempest-VolumesActionsTest-1084031212 tempest-VolumesActionsTest-1084031212-project-member] Matched version: v2 {{(pid=102024) process_request /opt/stack/glance/glance/api/middleware/version_negotiation.py:69}}
Jun 11 09:02:23.641646 np0000002597 devstack@g-api.service[102024]: DEBUG glance.api.middleware.version_negotiation [None req-10f21f01-c0f2-4356-8eae-f0a0284e8e2b tempest-VolumesActionsTest-1084031212 tempest-VolumesActionsTest-1084031212-project-member] new path /v2/images/d189e29a-a31a-4590-9a57-3b53bfb6e273 {{(pid=102024) process_request /opt/stack/glance/glance/api/middleware/version_negotiation.py:70}}
Jun 11 09:02:23.658133 np0000002597 devstack@g-api.service[102024]: [pid: 102024|app: 0|req: 71/213] 127.0.0.1 () {44 vars in 1107 bytes} [Thu Jun 11 09:02:23 2026] GET /v2/images/d189e29a-a31a-4590-9a57-3b53bfb6e273 => generated 1444 bytes in 17 msecs (HTTP/1.1 200) 4 headers in 158 bytes (1 switches on core 0)
Jun 11 09:02:23.682262 np0000002597 devstack@g-api.service[102026]: DEBUG glance.location [None req-22d6708b-4ac2-4654-8eba-d659c331d091 tempest-ServerStableDeviceRescueTest-137183521 tempest-ServerStableDeviceRescueTest-137183521-project-member] Enabling in-flight format inspection for qcow2 {{(pid=102026) set_data /opt/stack/glance/glance/location.py:616}}
Jun 11 09:02:23.682996 np0000002597 devstack@g-api.service[102026]: DEBUG glance_store.backend [None req-22d6708b-4ac2-4654-8eba-d659c331d091 tempest-ServerStableDeviceRescueTest-137183521 tempest-ServerStableDeviceRescueTest-137183521-project-member] Attempting to import store swift {{(pid=102026) _load_store /opt/stack/data/venv/lib/python3.12/site-packages/glance_store/backend.py:215}}
Jun 11 09:02:23.684561 np0000002597 devstack@g-api.service[102026]: DEBUG glance_store.capabilities [None req-22d6708b-4ac2-4654-8eba-d659c331d091 tempest-ServerStableDeviceRescueTest-137183521 tempest-ServerStableDeviceRescueTest-137183521-project-member] Store glance_store._drivers.swift.store.SingleTenantStore doesn't support updating dynamic storage capabilities. Please overwrite 'update_capabilities' method of the store to implement updating logics if needed. {{(pid=102026) update_capabilities /opt/stack/data/venv/lib/python3.12/site-packages/glance_store/capabilities.py:91}}
Jun 11 09:02:23.684700 np0000002597 devstack@g-api.service[102026]: DEBUG glance_store.driver [None req-22d6708b-4ac2-4654-8eba-d659c331d091 tempest-ServerStableDeviceRescueTest-137183521 tempest-ServerStableDeviceRescueTest-137183521-project-member] Late loading location class glance_store._drivers.swift.store.StoreLocation {{(pid=102026) get_store_location_class /opt/stack/data/venv/lib/python3.12/site-packages/glance_store/driver.py:134}}
Jun 11 09:02:23.684737 np0000002597 devstack@g-api.service[102026]: DEBUG glance_store.location [None req-22d6708b-4ac2-4654-8eba-d659c331d091 tempest-ServerStableDeviceRescueTest-137183521 tempest-ServerStableDeviceRescueTest-137183521-project-member] Registering scheme swift+https with {'store': , 'location_class': , 'store_entry': 'swift'} {{(pid=102026) register_scheme_map /opt/stack/data/venv/lib/python3.12/site-packages/glance_store/location.py:146}}
Jun 11 09:02:23.685786 np0000002597 devstack@g-api.service[102026]: DEBUG glance_store.location [None req-22d6708b-4ac2-4654-8eba-d659c331d091 tempest-ServerStableDeviceRescueTest-137183521 tempest-ServerStableDeviceRescueTest-137183521-project-member] Registering scheme swift+https with {'store': , 'location_class': , 'store_entry': 'swift'} {{(pid=102026) register_scheme_map /opt/stack/data/venv/lib/python3.12/site-packages/glance_store/location.py:146}}
Jun 11 09:02:23.685786 np0000002597 devstack@g-api.service[102026]: DEBUG glance_store.location [None req-22d6708b-4ac2-4654-8eba-d659c331d091 tempest-ServerStableDeviceRescueTest-137183521 tempest-ServerStableDeviceRescueTest-137183521-project-member] Registering scheme swift with {'store': , 'location_class': , 'store_entry': 'swift'} {{(pid=102026) register_scheme_map /opt/stack/data/venv/lib/python3.12/site-packages/glance_store/location.py:146}}
Jun 11 09:02:23.685786 np0000002597 devstack@g-api.service[102026]: DEBUG glance_store.location [None req-22d6708b-4ac2-4654-8eba-d659c331d091 tempest-ServerStableDeviceRescueTest-137183521 tempest-ServerStableDeviceRescueTest-137183521-project-member] Registering scheme swift+https with {'store': , 'location_class': , 'store_entry': 'swift'} {{(pid=102026) register_scheme_map /opt/stack/data/venv/lib/python3.12/site-packages/glance_store/location.py:146}}
Jun 11 09:02:23.685786 np0000002597 devstack@g-api.service[102026]: DEBUG glance_store.location [None req-22d6708b-4ac2-4654-8eba-d659c331d091 tempest-ServerStableDeviceRescueTest-137183521 tempest-ServerStableDeviceRescueTest-137183521-project-member] Registering scheme swift with {'store': , 'location_class': , 'store_entry': 'swift'} {{(pid=102026) register_scheme_map /opt/stack/data/venv/lib/python3.12/site-packages/glance_store/location.py:146}}
Jun 11 09:02:23.685786 np0000002597 devstack@g-api.service[102026]: DEBUG glance_store.location [None req-22d6708b-4ac2-4654-8eba-d659c331d091 tempest-ServerStableDeviceRescueTest-137183521 tempest-ServerStableDeviceRescueTest-137183521-project-member] Registering scheme swift+http with {'store': , 'location_class': , 'store_entry': 'swift'} {{(pid=102026) register_scheme_map /opt/stack/data/venv/lib/python3.12/site-packages/glance_store/location.py:146}}
Jun 11 09:02:23.685786 np0000002597 devstack@g-api.service[102026]: DEBUG glance_store.location [None req-22d6708b-4ac2-4654-8eba-d659c331d091 tempest-ServerStableDeviceRescueTest-137183521 tempest-ServerStableDeviceRescueTest-137183521-project-member] Registering scheme swift+https with {'store': , 'location_class': , 'store_entry': 'swift'} {{(pid=102026) register_scheme_map /opt/stack/data/venv/lib/python3.12/site-packages/glance_store/location.py:146}}
Jun 11 09:02:23.685786 np0000002597 devstack@g-api.service[102026]: DEBUG glance_store.location [None req-22d6708b-4ac2-4654-8eba-d659c331d091 tempest-ServerStableDeviceRescueTest-137183521 tempest-ServerStableDeviceRescueTest-137183521-project-member] Registering scheme swift with {'store': , 'location_class': , 'store_entry': 'swift'} {{(pid=102026) register_scheme_map /opt/stack/data/venv/lib/python3.12/site-packages/glance_store/location.py:146}}
Jun 11 09:02:23.685786 np0000002597 devstack@g-api.service[102026]: DEBUG glance_store.location [None req-22d6708b-4ac2-4654-8eba-d659c331d091 tempest-ServerStableDeviceRescueTest-137183521 tempest-ServerStableDeviceRescueTest-137183521-project-member] Registering scheme swift+http with {'store': , 'location_class': , 'store_entry': 'swift'} {{(pid=102026) register_scheme_map /opt/stack/data/venv/lib/python3.12/site-packages/glance_store/location.py:146}}
Jun 11 09:02:23.685786 np0000002597 devstack@g-api.service[102026]: DEBUG glance_store.location [None req-22d6708b-4ac2-4654-8eba-d659c331d091 tempest-ServerStableDeviceRescueTest-137183521 tempest-ServerStableDeviceRescueTest-137183521-project-member] Registering scheme swift+config with {'store': , 'location_class': , 'store_entry': 'swift'} {{(pid=102026) register_scheme_map /opt/stack/data/venv/lib/python3.12/site-packages/glance_store/location.py:146}}
Jun 11 09:02:23.703263 np0000002597 devstack@g-api.service[102025]: DEBUG glance.api.middleware.version_negotiation [None req-10f21f01-c0f2-4356-8eae-f0a0284e8e2b tempest-VolumesActionsTest-1084031212 tempest-VolumesActionsTest-1084031212-project-member] Determining version of request: GET /v2/schemas/image Accept: */* {{(pid=102025) process_request /opt/stack/glance/glance/api/middleware/version_negotiation.py:44}}
Jun 11 09:02:23.703684 np0000002597 devstack@g-api.service[102025]: DEBUG glance.api.middleware.version_negotiation [None req-10f21f01-c0f2-4356-8eae-f0a0284e8e2b tempest-VolumesActionsTest-1084031212 tempest-VolumesActionsTest-1084031212-project-member] Using url versioning {{(pid=102025) process_request /opt/stack/glance/glance/api/middleware/version_negotiation.py:57}}
Jun 11 09:02:23.703684 np0000002597 devstack@g-api.service[102025]: DEBUG glance.api.middleware.version_negotiation [None req-10f21f01-c0f2-4356-8eae-f0a0284e8e2b tempest-VolumesActionsTest-1084031212 tempest-VolumesActionsTest-1084031212-project-member] Matched version: v2 {{(pid=102025) process_request /opt/stack/glance/glance/api/middleware/version_negotiation.py:69}}
Jun 11 09:02:23.703684 np0000002597 devstack@g-api.service[102025]: DEBUG glance.api.middleware.version_negotiation [None req-10f21f01-c0f2-4356-8eae-f0a0284e8e2b tempest-VolumesActionsTest-1084031212 tempest-VolumesActionsTest-1084031212-project-member] new path /v2/schemas/image {{(pid=102025) process_request /opt/stack/glance/glance/api/middleware/version_negotiation.py:70}}
Jun 11 09:02:23.707116 np0000002597 devstack@g-api.service[102025]: [pid: 102025|app: 0|req: 72/214] 127.0.0.1 () {44 vars in 1047 bytes} [Thu Jun 11 09:02:23 2026] GET /v2/schemas/image => generated 6083 bytes in 4 msecs (HTTP/1.1 200) 4 headers in 158 bytes (1 switches on core 0)
Jun 11 09:02:23.948240 np0000002597 devstack@g-api.service[102026]: DEBUG swiftclient [None req-22d6708b-4ac2-4654-8eba-d659c331d091 tempest-ServerStableDeviceRescueTest-137183521 tempest-ServerStableDeviceRescueTest-137183521-project-member] REQ: curl -i https://10.4.3.7:8080/v1/AUTH_3a95bf7b8de547dbaeb1d8329ea1c630/glance -I -H "X-Auth-Token: gAAAAABqKnmf3m1-..." {{(pid=102026) http_log /opt/stack/data/venv/lib/python3.12/site-packages/swiftclient/client.py:160}}
Jun 11 09:02:23.948669 np0000002597 devstack@g-api.service[102026]: DEBUG swiftclient [None req-22d6708b-4ac2-4654-8eba-d659c331d091 tempest-ServerStableDeviceRescueTest-137183521 tempest-ServerStableDeviceRescueTest-137183521-project-member] RESP STATUS: 204 No Content {{(pid=102026) http_log /opt/stack/data/venv/lib/python3.12/site-packages/swiftclient/client.py:161}}
Jun 11 09:02:23.948669 np0000002597 devstack@g-api.service[102026]: DEBUG swiftclient [None req-22d6708b-4ac2-4654-8eba-d659c331d091 tempest-ServerStableDeviceRescueTest-137183521 tempest-ServerStableDeviceRescueTest-137183521-project-member] RESP HEADERS: {'Date': 'Thu, 11 Jun 2026 09:02:23 GMT', 'Server': 'Apache/2.4.58 (Ubuntu)', 'Content-Type': 'text/plain; charset=utf-8', 'X-Container-Object-Count': '3', 'X-Container-Bytes-Used': '64356352', 'X-Timestamp': '1781168170.98980', 'Last-Modified': 'Thu, 11 Jun 2026 08:56:11 GMT', 'Accept-Ranges': 'bytes', 'X-Storage-Policy': 'Policy-0', 'X-Container-Sharding': 'False', 'Vary': 'Accept', 'X-Trans-Id': 'tx52465f14cfcc451aaca5a-006a2a799f', 'X-Openstack-Request-Id': 'tx52465f14cfcc451aaca5a-006a2a799f', 'Connection': 'close'} {{(pid=102026) http_log /opt/stack/data/venv/lib/python3.12/site-packages/swiftclient/client.py:162}}
Jun 11 09:02:23.948816 np0000002597 devstack@g-api.service[102026]: DEBUG glance_store._drivers.swift.store [None req-22d6708b-4ac2-4654-8eba-d659c331d091 tempest-ServerStableDeviceRescueTest-137183521 tempest-ServerStableDeviceRescueTest-137183521-project-member] Adding image object 'd189e29a-a31a-4590-9a57-3b53bfb6e273' to Swift {{(pid=102026) add /opt/stack/data/venv/lib/python3.12/site-packages/glance_store/_drivers/swift/store.py:970}}
Jun 11 09:02:23.948890 np0000002597 devstack@g-api.service[102026]: DEBUG glance_store._drivers.swift.store [None req-22d6708b-4ac2-4654-8eba-d659c331d091 tempest-ServerStableDeviceRescueTest-137183521 tempest-ServerStableDeviceRescueTest-137183521-project-member] Cannot determine image size because it is either not provided in the request or chunked-transfer encoding is used. Adding image as a segmented object to Swift. {{(pid=102026) add /opt/stack/data/venv/lib/python3.12/site-packages/glance_store/_drivers/swift/store.py:994}}
Jun 11 09:02:23.956130 np0000002597 devstack@g-api.service[102026]: DEBUG oslo_utils.imageutils.format_inspector [None req-22d6708b-4ac2-4654-8eba-d659c331d091 tempest-ServerStableDeviceRescueTest-137183521 tempest-ServerStableDeviceRescueTest-137183521-project-member] Format inspector for vmdk does not match, excluding from consideration (Signature KDMV not found: b'QFI\xfb') {{(pid=102026) _process_chunk /opt/stack/data/venv/lib/python3.12/site-packages/oslo_utils/imageutils/format_inspector.py:1758}}
Jun 11 09:02:23.958327 np0000002597 devstack@g-api.service[102026]: DEBUG oslo_utils.imageutils.format_inspector [None req-22d6708b-4ac2-4654-8eba-d659c331d091 tempest-ServerStableDeviceRescueTest-137183521 tempest-ServerStableDeviceRescueTest-137183521-project-member] Format inspector for vhdx does not match, excluding from consideration (Region signature not found at 30000) {{(pid=102026) _process_chunk /opt/stack/data/venv/lib/python3.12/site-packages/oslo_utils/imageutils/format_inspector.py:1758}}
Jun 11 09:02:24.807008 np0000002597 devstack@g-api.service[102024]: DEBUG glance.api.middleware.version_negotiation [None req-6d02c037-f5d7-4c4e-adb7-2b1b46bae900 tempest-ServerStableDeviceRescueTest-137183521 tempest-ServerStableDeviceRescueTest-137183521-project-member] Determining version of request: GET /v2/images/d189e29a-a31a-4590-9a57-3b53bfb6e273 Accept: */* {{(pid=102024) process_request /opt/stack/glance/glance/api/middleware/version_negotiation.py:44}}
Jun 11 09:02:24.807008 np0000002597 devstack@g-api.service[102024]: DEBUG glance.api.middleware.version_negotiation [None req-6d02c037-f5d7-4c4e-adb7-2b1b46bae900 tempest-ServerStableDeviceRescueTest-137183521 tempest-ServerStableDeviceRescueTest-137183521-project-member] Using url versioning {{(pid=102024) process_request /opt/stack/glance/glance/api/middleware/version_negotiation.py:57}}
Jun 11 09:02:24.807008 np0000002597 devstack@g-api.service[102024]: DEBUG glance.api.middleware.version_negotiation [None req-6d02c037-f5d7-4c4e-adb7-2b1b46bae900 tempest-ServerStableDeviceRescueTest-137183521 tempest-ServerStableDeviceRescueTest-137183521-project-member] Matched version: v2 {{(pid=102024) process_request /opt/stack/glance/glance/api/middleware/version_negotiation.py:69}}
Jun 11 09:02:24.807008 np0000002597 devstack@g-api.service[102024]: DEBUG glance.api.middleware.version_negotiation [None req-6d02c037-f5d7-4c4e-adb7-2b1b46bae900 tempest-ServerStableDeviceRescueTest-137183521 tempest-ServerStableDeviceRescueTest-137183521-project-member] new path /v2/images/d189e29a-a31a-4590-9a57-3b53bfb6e273 {{(pid=102024) process_request /opt/stack/glance/glance/api/middleware/version_negotiation.py:70}}
Jun 11 09:02:24.816447 np0000002597 devstack@g-api.service[102026]: DEBUG swiftclient [None req-22d6708b-4ac2-4654-8eba-d659c331d091 tempest-ServerStableDeviceRescueTest-137183521 tempest-ServerStableDeviceRescueTest-137183521-project-member] REQ: curl -i https://10.4.3.7:8080/v1/AUTH_3a95bf7b8de547dbaeb1d8329ea1c630/glance/d189e29a-a31a-4590-9a57-3b53bfb6e273-00001 -X PUT -H "X-Auth-Token: gAAAAABqKnmf3m1-..." {{(pid=102026) http_log /opt/stack/data/venv/lib/python3.12/site-packages/swiftclient/client.py:160}}
Jun 11 09:02:24.816447 np0000002597 devstack@g-api.service[102026]: DEBUG swiftclient [None req-22d6708b-4ac2-4654-8eba-d659c331d091 tempest-ServerStableDeviceRescueTest-137183521 tempest-ServerStableDeviceRescueTest-137183521-project-member] RESP STATUS: 201 Created {{(pid=102026) http_log /opt/stack/data/venv/lib/python3.12/site-packages/swiftclient/client.py:161}}
Jun 11 09:02:24.816447 np0000002597 devstack@g-api.service[102026]: DEBUG swiftclient [None req-22d6708b-4ac2-4654-8eba-d659c331d091 tempest-ServerStableDeviceRescueTest-137183521 tempest-ServerStableDeviceRescueTest-137183521-project-member] RESP HEADERS: {'Date': 'Thu, 11 Jun 2026 09:02:24 GMT', 'Server': 'Apache/2.4.58 (Ubuntu)', 'Content-Type': 'text/html; charset=UTF-8', 'Content-Length': '0', 'Etag': 'a24e552574fa4cfffdcc33865a899400', 'Last-Modified': 'Thu, 11 Jun 2026 09:02:24 GMT', 'X-Trans-Id': 'txa97e10b4d1ee4da798c35-006a2a799f', 'X-Openstack-Request-Id': 'txa97e10b4d1ee4da798c35-006a2a799f', 'Connection': 'close'} {{(pid=102026) http_log /opt/stack/data/venv/lib/python3.12/site-packages/swiftclient/client.py:162}}
Jun 11 09:02:24.816447 np0000002597 devstack@g-api.service[102026]: DEBUG glance_store._drivers.swift.store [None req-22d6708b-4ac2-4654-8eba-d659c331d091 tempest-ServerStableDeviceRescueTest-137183521 tempest-ServerStableDeviceRescueTest-137183521-project-member] Wrote chunk d189e29a-a31a-4590-9a57-3b53bfb6e273-00001 (1/?) of length 54067200 to Swift returning MD5 of content: a24e552574fa4cfffdcc33865a899400 {{(pid=102026) add /opt/stack/data/venv/lib/python3.12/site-packages/glance_store/_drivers/swift/store.py:1059}}
Jun 11 09:02:24.816447 np0000002597 devstack@g-api.service[102026]: DEBUG glance_store._drivers.swift.store [None req-22d6708b-4ac2-4654-8eba-d659c331d091 tempest-ServerStableDeviceRescueTest-137183521 tempest-ServerStableDeviceRescueTest-137183521-project-member] Not writing zero-length chunk. {{(pid=102026) add /opt/stack/data/venv/lib/python3.12/site-packages/glance_store/_drivers/swift/store.py:1028}}
Jun 11 09:02:24.822228 np0000002597 devstack@g-api.service[102024]: [pid: 102024|app: 0|req: 72/215] 127.0.0.1 () {44 vars in 1107 bytes} [Thu Jun 11 09:02:24 2026] GET /v2/images/d189e29a-a31a-4590-9a57-3b53bfb6e273 => generated 1444 bytes in 16 msecs (HTTP/1.1 200) 4 headers in 158 bytes (1 switches on core 0)
Jun 11 09:02:24.848718 np0000002597 devstack@g-api.service[102026]: DEBUG swiftclient [None req-22d6708b-4ac2-4654-8eba-d659c331d091 tempest-ServerStableDeviceRescueTest-137183521 tempest-ServerStableDeviceRescueTest-137183521-project-member] REQ: curl -i https://10.4.3.7:8080/v1/AUTH_3a95bf7b8de547dbaeb1d8329ea1c630/glance/d189e29a-a31a-4590-9a57-3b53bfb6e273 -X PUT -H "X-Object-Manifest: glance/d189e29a-a31a-4590-9a57-3b53bfb6e273-" -H "X-Auth-Token: gAAAAABqKnmf3m1-..." -H "Content-Length: 0" {{(pid=102026) http_log /opt/stack/data/venv/lib/python3.12/site-packages/swiftclient/client.py:160}}
Jun 11 09:02:24.849110 np0000002597 devstack@g-api.service[102026]: DEBUG swiftclient [None req-22d6708b-4ac2-4654-8eba-d659c331d091 tempest-ServerStableDeviceRescueTest-137183521 tempest-ServerStableDeviceRescueTest-137183521-project-member] RESP STATUS: 201 Created {{(pid=102026) http_log /opt/stack/data/venv/lib/python3.12/site-packages/swiftclient/client.py:161}}
Jun 11 09:02:24.849300 np0000002597 devstack@g-api.service[102026]: DEBUG swiftclient [None req-22d6708b-4ac2-4654-8eba-d659c331d091 tempest-ServerStableDeviceRescueTest-137183521 tempest-ServerStableDeviceRescueTest-137183521-project-member] RESP HEADERS: {'Date': 'Thu, 11 Jun 2026 09:02:24 GMT', 'Server': 'Apache/2.4.58 (Ubuntu)', 'Content-Type': 'text/html; charset=UTF-8', 'Content-Length': '0', 'Etag': 'd41d8cd98f00b204e9800998ecf8427e', 'Last-Modified': 'Thu, 11 Jun 2026 09:02:25 GMT', 'X-Trans-Id': 'tx7b6f48aa86b24a0a895df-006a2a79a0', 'X-Openstack-Request-Id': 'tx7b6f48aa86b24a0a895df-006a2a79a0', 'Connection': 'close'} {{(pid=102026) http_log /opt/stack/data/venv/lib/python3.12/site-packages/swiftclient/client.py:162}}
Jun 11 09:02:24.849734 np0000002597 devstack@g-api.service[102026]: INFO glance.location [None req-22d6708b-4ac2-4654-8eba-d659c331d091 tempest-ServerStableDeviceRescueTest-137183521 tempest-ServerStableDeviceRescueTest-137183521-project-member] Image format matched and virtual size computed: 1073741824
Jun 11 09:02:24.862411 np0000002597 devstack@g-api.service[102025]: DEBUG glance.api.middleware.version_negotiation [None req-6d02c037-f5d7-4c4e-adb7-2b1b46bae900 tempest-ServerStableDeviceRescueTest-137183521 tempest-ServerStableDeviceRescueTest-137183521-project-member] Determining version of request: GET /v2/schemas/image Accept: */* {{(pid=102025) process_request /opt/stack/glance/glance/api/middleware/version_negotiation.py:44}}
Jun 11 09:02:24.862802 np0000002597 devstack@g-api.service[102025]: DEBUG glance.api.middleware.version_negotiation [None req-6d02c037-f5d7-4c4e-adb7-2b1b46bae900 tempest-ServerStableDeviceRescueTest-137183521 tempest-ServerStableDeviceRescueTest-137183521-project-member] Using url versioning {{(pid=102025) process_request /opt/stack/glance/glance/api/middleware/version_negotiation.py:57}}
Jun 11 09:02:24.862802 np0000002597 devstack@g-api.service[102025]: DEBUG glance.api.middleware.version_negotiation [None req-6d02c037-f5d7-4c4e-adb7-2b1b46bae900 tempest-ServerStableDeviceRescueTest-137183521 tempest-ServerStableDeviceRescueTest-137183521-project-member] Matched version: v2 {{(pid=102025) process_request /opt/stack/glance/glance/api/middleware/version_negotiation.py:69}}
Jun 11 09:02:24.862802 np0000002597 devstack@g-api.service[102025]: DEBUG glance.api.middleware.version_negotiation [None req-6d02c037-f5d7-4c4e-adb7-2b1b46bae900 tempest-ServerStableDeviceRescueTest-137183521 tempest-ServerStableDeviceRescueTest-137183521-project-member] new path /v2/schemas/image {{(pid=102025) process_request /opt/stack/glance/glance/api/middleware/version_negotiation.py:70}}
Jun 11 09:02:24.865435 np0000002597 devstack@g-api.service[102025]: [pid: 102025|app: 0|req: 73/216] 127.0.0.1 () {44 vars in 1047 bytes} [Thu Jun 11 09:02:24 2026] GET /v2/schemas/image => generated 6083 bytes in 3 msecs (HTTP/1.1 200) 4 headers in 158 bytes (1 switches on core 0)
Jun 11 09:02:24.906115 np0000002597 devstack@g-api.service[102026]: DEBUG glance_store.backend [None req-22d6708b-4ac2-4654-8eba-d659c331d091 tempest-ServerStableDeviceRescueTest-137183521 tempest-ServerStableDeviceRescueTest-137183521-project-member] Attempting to import store swift {{(pid=102026) _load_store /opt/stack/data/venv/lib/python3.12/site-packages/glance_store/backend.py:215}}
Jun 11 09:02:24.908217 np0000002597 devstack@g-api.service[102026]: DEBUG glance_store.capabilities [None req-22d6708b-4ac2-4654-8eba-d659c331d091 tempest-ServerStableDeviceRescueTest-137183521 tempest-ServerStableDeviceRescueTest-137183521-project-member] Store glance_store._drivers.swift.store.SingleTenantStore doesn't support updating dynamic storage capabilities. Please overwrite 'update_capabilities' method of the store to implement updating logics if needed. {{(pid=102026) update_capabilities /opt/stack/data/venv/lib/python3.12/site-packages/glance_store/capabilities.py:91}}
Jun 11 09:02:24.908371 np0000002597 devstack@g-api.service[102026]: DEBUG glance_store.driver [None req-22d6708b-4ac2-4654-8eba-d659c331d091 tempest-ServerStableDeviceRescueTest-137183521 tempest-ServerStableDeviceRescueTest-137183521-project-member] Late loading location class glance_store._drivers.swift.store.StoreLocation {{(pid=102026) get_store_location_class /opt/stack/data/venv/lib/python3.12/site-packages/glance_store/driver.py:134}}
Jun 11 09:02:24.909345 np0000002597 devstack@g-api.service[102026]: DEBUG glance_store.location [None req-22d6708b-4ac2-4654-8eba-d659c331d091 tempest-ServerStableDeviceRescueTest-137183521 tempest-ServerStableDeviceRescueTest-137183521-project-member] Registering scheme swift+https with {'store': , 'location_class': , 'store_entry': 'swift'} {{(pid=102026) register_scheme_map /opt/stack/data/venv/lib/python3.12/site-packages/glance_store/location.py:146}}
Jun 11 09:02:24.909345 np0000002597 devstack@g-api.service[102026]: DEBUG glance_store.location [None req-22d6708b-4ac2-4654-8eba-d659c331d091 tempest-ServerStableDeviceRescueTest-137183521 tempest-ServerStableDeviceRescueTest-137183521-project-member] Registering scheme swift+https with {'store': , 'location_class': , 'store_entry': 'swift'} {{(pid=102026) register_scheme_map /opt/stack/data/venv/lib/python3.12/site-packages/glance_store/location.py:146}}
Jun 11 09:02:24.909345 np0000002597 devstack@g-api.service[102026]: DEBUG glance_store.location [None req-22d6708b-4ac2-4654-8eba-d659c331d091 tempest-ServerStableDeviceRescueTest-137183521 tempest-ServerStableDeviceRescueTest-137183521-project-member] Registering scheme swift with {'store': , 'location_class': , 'store_entry': 'swift'} {{(pid=102026) register_scheme_map /opt/stack/data/venv/lib/python3.12/site-packages/glance_store/location.py:146}}
Jun 11 09:02:24.909912 np0000002597 devstack@g-api.service[102026]: DEBUG glance_store.location [None req-22d6708b-4ac2-4654-8eba-d659c331d091 tempest-ServerStableDeviceRescueTest-137183521 tempest-ServerStableDeviceRescueTest-137183521-project-member] Registering scheme swift+https with {'store': , 'location_class': , 'store_entry': 'swift'} {{(pid=102026) register_scheme_map /opt/stack/data/venv/lib/python3.12/site-packages/glance_store/location.py:146}}
Jun 11 09:02:24.909912 np0000002597 devstack@g-api.service[102026]: DEBUG glance_store.location [None req-22d6708b-4ac2-4654-8eba-d659c331d091 tempest-ServerStableDeviceRescueTest-137183521 tempest-ServerStableDeviceRescueTest-137183521-project-member] Registering scheme swift with {'store': , 'location_class': , 'store_entry': 'swift'} {{(pid=102026) register_scheme_map /opt/stack/data/venv/lib/python3.12/site-packages/glance_store/location.py:146}}
Jun 11 09:02:24.909912 np0000002597 devstack@g-api.service[102026]: DEBUG glance_store.location [None req-22d6708b-4ac2-4654-8eba-d659c331d091 tempest-ServerStableDeviceRescueTest-137183521 tempest-ServerStableDeviceRescueTest-137183521-project-member] Registering scheme swift+http with {'store': , 'location_class': , 'store_entry': 'swift'} {{(pid=102026) register_scheme_map /opt/stack/data/venv/lib/python3.12/site-packages/glance_store/location.py:146}}
Jun 11 09:02:24.909912 np0000002597 devstack@g-api.service[102026]: DEBUG glance_store.location [None req-22d6708b-4ac2-4654-8eba-d659c331d091 tempest-ServerStableDeviceRescueTest-137183521 tempest-ServerStableDeviceRescueTest-137183521-project-member] Registering scheme swift+https with {'store': , 'location_class': , 'store_entry': 'swift'} {{(pid=102026) register_scheme_map /opt/stack/data/venv/lib/python3.12/site-packages/glance_store/location.py:146}}
Jun 11 09:02:24.909912 np0000002597 devstack@g-api.service[102026]: DEBUG glance_store.location [None req-22d6708b-4ac2-4654-8eba-d659c331d091 tempest-ServerStableDeviceRescueTest-137183521 tempest-ServerStableDeviceRescueTest-137183521-project-member] Registering scheme swift with {'store': , 'location_class': , 'store_entry': 'swift'} {{(pid=102026) register_scheme_map /opt/stack/data/venv/lib/python3.12/site-packages/glance_store/location.py:146}}
Jun 11 09:02:24.910142 np0000002597 devstack@g-api.service[102026]: DEBUG glance_store.location [None req-22d6708b-4ac2-4654-8eba-d659c331d091 tempest-ServerStableDeviceRescueTest-137183521 tempest-ServerStableDeviceRescueTest-137183521-project-member] Registering scheme swift+http with {'store': , 'location_class': , 'store_entry': 'swift'} {{(pid=102026) register_scheme_map /opt/stack/data/venv/lib/python3.12/site-packages/glance_store/location.py:146}}
Jun 11 09:02:24.910142 np0000002597 devstack@g-api.service[102026]: DEBUG glance_store.location [None req-22d6708b-4ac2-4654-8eba-d659c331d091 tempest-ServerStableDeviceRescueTest-137183521 tempest-ServerStableDeviceRescueTest-137183521-project-member] Registering scheme swift+config with {'store': , 'location_class': , 'store_entry': 'swift'} {{(pid=102026) register_scheme_map /opt/stack/data/venv/lib/python3.12/site-packages/glance_store/location.py:146}}
Jun 11 09:02:24.910228 np0000002597 devstack@g-api.service[102026]: DEBUG glance_store.backend [None req-22d6708b-4ac2-4654-8eba-d659c331d091 tempest-ServerStableDeviceRescueTest-137183521 tempest-ServerStableDeviceRescueTest-137183521-project-member] Skipping store.set_acls... not implemented. {{(pid=102026) set_acls /opt/stack/data/venv/lib/python3.12/site-packages/glance_store/backend.py:507}}
Jun 11 09:02:24.912927 np0000002597 devstack@g-api.service[102026]: [pid: 102026|app: 0|req: 72/217] 127.0.0.1 () {46 vars in 1150 bytes} [Thu Jun 11 09:02:22 2026] PUT /v2/images/d189e29a-a31a-4590-9a57-3b53bfb6e273/file => generated 0 bytes in 2403 msecs (HTTP/1.1 204) 4 headers in 171 bytes (1 switches on core 0)
Jun 11 09:02:24.964967 np0000002597 devstack@g-api.service[102024]: DEBUG glance.api.middleware.version_negotiation [None req-640a1f1e-13b0-4549-9355-53e9dc4c54f1 tempest-ServerStableDeviceRescueTest-137183521 tempest-ServerStableDeviceRescueTest-137183521-project-member] Determining version of request: GET /v2/images/d189e29a-a31a-4590-9a57-3b53bfb6e273 Accept: */* {{(pid=102024) process_request /opt/stack/glance/glance/api/middleware/version_negotiation.py:44}}
Jun 11 09:02:24.965889 np0000002597 devstack@g-api.service[102024]: DEBUG glance.api.middleware.version_negotiation [None req-640a1f1e-13b0-4549-9355-53e9dc4c54f1 tempest-ServerStableDeviceRescueTest-137183521 tempest-ServerStableDeviceRescueTest-137183521-project-member] Using url versioning {{(pid=102024) process_request /opt/stack/glance/glance/api/middleware/version_negotiation.py:57}}
Jun 11 09:02:24.965889 np0000002597 devstack@g-api.service[102024]: DEBUG glance.api.middleware.version_negotiation [None req-640a1f1e-13b0-4549-9355-53e9dc4c54f1 tempest-ServerStableDeviceRescueTest-137183521 tempest-ServerStableDeviceRescueTest-137183521-project-member] Matched version: v2 {{(pid=102024) process_request /opt/stack/glance/glance/api/middleware/version_negotiation.py:69}}
Jun 11 09:02:24.965889 np0000002597 devstack@g-api.service[102024]: DEBUG glance.api.middleware.version_negotiation [None req-640a1f1e-13b0-4549-9355-53e9dc4c54f1 tempest-ServerStableDeviceRescueTest-137183521 tempest-ServerStableDeviceRescueTest-137183521-project-member] new path /v2/images/d189e29a-a31a-4590-9a57-3b53bfb6e273 {{(pid=102024) process_request /opt/stack/glance/glance/api/middleware/version_negotiation.py:70}}
Jun 11 09:02:24.977768 np0000002597 devstack@g-api.service[102024]: [pid: 102024|app: 0|req: 73/218] 127.0.0.1 () {44 vars in 1107 bytes} [Thu Jun 11 09:02:24 2026] GET /v2/images/d189e29a-a31a-4590-9a57-3b53bfb6e273 => generated 1614 bytes in 13 msecs (HTTP/1.1 200) 4 headers in 158 bytes (1 switches on core 0)
Jun 11 09:02:25.015313 np0000002597 devstack@g-api.service[102025]: DEBUG glance.api.middleware.version_negotiation [None req-640a1f1e-13b0-4549-9355-53e9dc4c54f1 tempest-ServerStableDeviceRescueTest-137183521 tempest-ServerStableDeviceRescueTest-137183521-project-member] Determining version of request: GET /v2/schemas/image Accept: */* {{(pid=102025) process_request /opt/stack/glance/glance/api/middleware/version_negotiation.py:44}}
Jun 11 09:02:25.015686 np0000002597 devstack@g-api.service[102025]: DEBUG glance.api.middleware.version_negotiation [None req-640a1f1e-13b0-4549-9355-53e9dc4c54f1 tempest-ServerStableDeviceRescueTest-137183521 tempest-ServerStableDeviceRescueTest-137183521-project-member] Using url versioning {{(pid=102025) process_request /opt/stack/glance/glance/api/middleware/version_negotiation.py:57}}
Jun 11 09:02:25.016113 np0000002597 devstack@g-api.service[102025]: DEBUG glance.api.middleware.version_negotiation [None req-640a1f1e-13b0-4549-9355-53e9dc4c54f1 tempest-ServerStableDeviceRescueTest-137183521 tempest-ServerStableDeviceRescueTest-137183521-project-member] Matched version: v2 {{(pid=102025) process_request /opt/stack/glance/glance/api/middleware/version_negotiation.py:69}}
Jun 11 09:02:25.016168 np0000002597 devstack@g-api.service[102025]: DEBUG glance.api.middleware.version_negotiation [None req-640a1f1e-13b0-4549-9355-53e9dc4c54f1 tempest-ServerStableDeviceRescueTest-137183521 tempest-ServerStableDeviceRescueTest-137183521-project-member] new path /v2/schemas/image {{(pid=102025) process_request /opt/stack/glance/glance/api/middleware/version_negotiation.py:70}}
Jun 11 09:02:25.021602 np0000002597 devstack@g-api.service[102025]: [pid: 102025|app: 0|req: 74/219] 127.0.0.1 () {44 vars in 1047 bytes} [Thu Jun 11 09:02:25 2026] GET /v2/schemas/image => generated 6083 bytes in 6 msecs (HTTP/1.1 200) 4 headers in 158 bytes (1 switches on core 0)
Jun 11 09:02:25.932313 np0000002597 devstack@g-api.service[102026]: DEBUG glance.api.middleware.version_negotiation [None req-22d6708b-4ac2-4654-8eba-d659c331d091 tempest-ServerStableDeviceRescueTest-137183521 tempest-ServerStableDeviceRescueTest-137183521-project-member] Determining version of request: GET /v2/images/d189e29a-a31a-4590-9a57-3b53bfb6e273 Accept: */* {{(pid=102026) process_request /opt/stack/glance/glance/api/middleware/version_negotiation.py:44}}
Jun 11 09:02:25.932698 np0000002597 devstack@g-api.service[102026]: DEBUG glance.api.middleware.version_negotiation [None req-22d6708b-4ac2-4654-8eba-d659c331d091 tempest-ServerStableDeviceRescueTest-137183521 tempest-ServerStableDeviceRescueTest-137183521-project-member] Using url versioning {{(pid=102026) process_request /opt/stack/glance/glance/api/middleware/version_negotiation.py:57}}
Jun 11 09:02:25.932698 np0000002597 devstack@g-api.service[102026]: DEBUG glance.api.middleware.version_negotiation [None req-22d6708b-4ac2-4654-8eba-d659c331d091 tempest-ServerStableDeviceRescueTest-137183521 tempest-ServerStableDeviceRescueTest-137183521-project-member] Matched version: v2 {{(pid=102026) process_request /opt/stack/glance/glance/api/middleware/version_negotiation.py:69}}
Jun 11 09:02:25.932777 np0000002597 devstack@g-api.service[102026]: DEBUG glance.api.middleware.version_negotiation [None req-22d6708b-4ac2-4654-8eba-d659c331d091 tempest-ServerStableDeviceRescueTest-137183521 tempest-ServerStableDeviceRescueTest-137183521-project-member] new path /v2/images/d189e29a-a31a-4590-9a57-3b53bfb6e273 {{(pid=102026) process_request /opt/stack/glance/glance/api/middleware/version_negotiation.py:70}}
Jun 11 09:02:25.943452 np0000002597 devstack@g-api.service[102026]: [pid: 102026|app: 0|req: 73/220] 127.0.0.1 () {44 vars in 1107 bytes} [Thu Jun 11 09:02:25 2026] GET /v2/images/d189e29a-a31a-4590-9a57-3b53bfb6e273 => generated 1614 bytes in 11 msecs (HTTP/1.1 200) 4 headers in 158 bytes (1 switches on core 0)
Jun 11 09:02:25.993780 np0000002597 devstack@g-api.service[102024]: DEBUG glance.api.middleware.version_negotiation [None req-22d6708b-4ac2-4654-8eba-d659c331d091 tempest-ServerStableDeviceRescueTest-137183521 tempest-ServerStableDeviceRescueTest-137183521-project-member] Determining version of request: GET /v2/schemas/image Accept: */* {{(pid=102024) process_request /opt/stack/glance/glance/api/middleware/version_negotiation.py:44}}
Jun 11 09:02:25.993780 np0000002597 devstack@g-api.service[102024]: DEBUG glance.api.middleware.version_negotiation [None req-22d6708b-4ac2-4654-8eba-d659c331d091 tempest-ServerStableDeviceRescueTest-137183521 tempest-ServerStableDeviceRescueTest-137183521-project-member] Using url versioning {{(pid=102024) process_request /opt/stack/glance/glance/api/middleware/version_negotiation.py:57}}
Jun 11 09:02:25.993780 np0000002597 devstack@g-api.service[102024]: DEBUG glance.api.middleware.version_negotiation [None req-22d6708b-4ac2-4654-8eba-d659c331d091 tempest-ServerStableDeviceRescueTest-137183521 tempest-ServerStableDeviceRescueTest-137183521-project-member] Matched version: v2 {{(pid=102024) process_request /opt/stack/glance/glance/api/middleware/version_negotiation.py:69}}
Jun 11 09:02:25.993780 np0000002597 devstack@g-api.service[102024]: DEBUG glance.api.middleware.version_negotiation [None req-22d6708b-4ac2-4654-8eba-d659c331d091 tempest-ServerStableDeviceRescueTest-137183521 tempest-ServerStableDeviceRescueTest-137183521-project-member] new path /v2/schemas/image {{(pid=102024) process_request /opt/stack/glance/glance/api/middleware/version_negotiation.py:70}}
Jun 11 09:02:25.996471 np0000002597 devstack@g-api.service[102024]: [pid: 102024|app: 0|req: 74/221] 127.0.0.1 () {44 vars in 1047 bytes} [Thu Jun 11 09:02:25 2026] GET /v2/schemas/image => generated 6083 bytes in 3 msecs (HTTP/1.1 200) 4 headers in 158 bytes (1 switches on core 0)
Jun 11 09:02:26.037590 np0000002597 devstack@g-api.service[102025]: DEBUG glance.api.middleware.version_negotiation [None req-22d6708b-4ac2-4654-8eba-d659c331d091 tempest-ServerStableDeviceRescueTest-137183521 tempest-ServerStableDeviceRescueTest-137183521-project-member] Determining version of request: GET /v2/images/3b22e0c9-4f7b-40ab-9a6c-ee932e66c71c Accept: */* {{(pid=102025) process_request /opt/stack/glance/glance/api/middleware/version_negotiation.py:44}}
Jun 11 09:02:26.038099 np0000002597 devstack@g-api.service[102025]: DEBUG glance.api.middleware.version_negotiation [None req-22d6708b-4ac2-4654-8eba-d659c331d091 tempest-ServerStableDeviceRescueTest-137183521 tempest-ServerStableDeviceRescueTest-137183521-project-member] Using url versioning {{(pid=102025) process_request /opt/stack/glance/glance/api/middleware/version_negotiation.py:57}}
Jun 11 09:02:26.038099 np0000002597 devstack@g-api.service[102025]: DEBUG glance.api.middleware.version_negotiation [None req-22d6708b-4ac2-4654-8eba-d659c331d091 tempest-ServerStableDeviceRescueTest-137183521 tempest-ServerStableDeviceRescueTest-137183521-project-member] Matched version: v2 {{(pid=102025) process_request /opt/stack/glance/glance/api/middleware/version_negotiation.py:69}}
Jun 11 09:02:26.038206 np0000002597 devstack@g-api.service[102025]: DEBUG glance.api.middleware.version_negotiation [None req-22d6708b-4ac2-4654-8eba-d659c331d091 tempest-ServerStableDeviceRescueTest-137183521 tempest-ServerStableDeviceRescueTest-137183521-project-member] new path /v2/images/3b22e0c9-4f7b-40ab-9a6c-ee932e66c71c {{(pid=102025) process_request /opt/stack/glance/glance/api/middleware/version_negotiation.py:70}}
Jun 11 09:02:26.050731 np0000002597 devstack@g-api.service[102025]: [pid: 102025|app: 0|req: 75/222] 127.0.0.1 () {44 vars in 1107 bytes} [Thu Jun 11 09:02:26 2026] GET /v2/images/3b22e0c9-4f7b-40ab-9a6c-ee932e66c71c => generated 1044 bytes in 13 msecs (HTTP/1.1 200) 4 headers in 158 bytes (1 switches on core 0)
Jun 11 09:02:26.060397 np0000002597 devstack@g-api.service[102026]: DEBUG glance.api.middleware.version_negotiation [None req-362de4a6-3523-4c12-8df7-9319257bbb6b tempest-ServerStableDeviceRescueTest-137183521 tempest-ServerStableDeviceRescueTest-137183521-project-member] Determining version of request: GET /v2/images/d189e29a-a31a-4590-9a57-3b53bfb6e273 Accept: */* {{(pid=102026) process_request /opt/stack/glance/glance/api/middleware/version_negotiation.py:44}}
Jun 11 09:02:26.060708 np0000002597 devstack@g-api.service[102026]: DEBUG glance.api.middleware.version_negotiation [None req-362de4a6-3523-4c12-8df7-9319257bbb6b tempest-ServerStableDeviceRescueTest-137183521 tempest-ServerStableDeviceRescueTest-137183521-project-member] Using url versioning {{(pid=102026) process_request /opt/stack/glance/glance/api/middleware/version_negotiation.py:57}}
Jun 11 09:02:26.060767 np0000002597 devstack@g-api.service[102026]: DEBUG glance.api.middleware.version_negotiation [None req-362de4a6-3523-4c12-8df7-9319257bbb6b tempest-ServerStableDeviceRescueTest-137183521 tempest-ServerStableDeviceRescueTest-137183521-project-member] Matched version: v2 {{(pid=102026) process_request /opt/stack/glance/glance/api/middleware/version_negotiation.py:69}}
Jun 11 09:02:26.061039 np0000002597 devstack@g-api.service[102026]: DEBUG glance.api.middleware.version_negotiation [None req-362de4a6-3523-4c12-8df7-9319257bbb6b tempest-ServerStableDeviceRescueTest-137183521 tempest-ServerStableDeviceRescueTest-137183521-project-member] new path /v2/images/d189e29a-a31a-4590-9a57-3b53bfb6e273 {{(pid=102026) process_request /opt/stack/glance/glance/api/middleware/version_negotiation.py:70}}
Jun 11 09:02:26.080311 np0000002597 devstack@g-api.service[102026]: [pid: 102026|app: 0|req: 74/223] 127.0.0.1 () {44 vars in 1107 bytes} [Thu Jun 11 09:02:26 2026] GET /v2/images/d189e29a-a31a-4590-9a57-3b53bfb6e273 => generated 1614 bytes in 20 msecs (HTTP/1.1 200) 4 headers in 158 bytes (1 switches on core 0)
Jun 11 09:02:26.094284 np0000002597 devstack@g-api.service[102024]: DEBUG glance.api.middleware.version_negotiation [None req-362de4a6-3523-4c12-8df7-9319257bbb6b tempest-ServerStableDeviceRescueTest-137183521 tempest-ServerStableDeviceRescueTest-137183521-project-member] Determining version of request: GET /v2/schemas/image Accept: */* {{(pid=102024) process_request /opt/stack/glance/glance/api/middleware/version_negotiation.py:44}}
Jun 11 09:02:26.094734 np0000002597 devstack@g-api.service[102024]: DEBUG glance.api.middleware.version_negotiation [None req-362de4a6-3523-4c12-8df7-9319257bbb6b tempest-ServerStableDeviceRescueTest-137183521 tempest-ServerStableDeviceRescueTest-137183521-project-member] Using url versioning {{(pid=102024) process_request /opt/stack/glance/glance/api/middleware/version_negotiation.py:57}}
Jun 11 09:02:26.095019 np0000002597 devstack@g-api.service[102024]: DEBUG glance.api.middleware.version_negotiation [None req-362de4a6-3523-4c12-8df7-9319257bbb6b tempest-ServerStableDeviceRescueTest-137183521 tempest-ServerStableDeviceRescueTest-137183521-project-member] Matched version: v2 {{(pid=102024) process_request /opt/stack/glance/glance/api/middleware/version_negotiation.py:69}}
Jun 11 09:02:26.096260 np0000002597 devstack@g-api.service[102024]: DEBUG glance.api.middleware.version_negotiation [None req-362de4a6-3523-4c12-8df7-9319257bbb6b tempest-ServerStableDeviceRescueTest-137183521 tempest-ServerStableDeviceRescueTest-137183521-project-member] new path /v2/schemas/image {{(pid=102024) process_request /opt/stack/glance/glance/api/middleware/version_negotiation.py:70}}
Jun 11 09:02:26.100170 np0000002597 devstack@g-api.service[102024]: [pid: 102024|app: 0|req: 75/224] 127.0.0.1 () {44 vars in 1047 bytes} [Thu Jun 11 09:02:26 2026] GET /v2/schemas/image => generated 6083 bytes in 6 msecs (HTTP/1.1 200) 4 headers in 158 bytes (1 switches on core 0)
Jun 11 09:02:26.141274 np0000002597 devstack@g-api.service[102025]: DEBUG glance.api.middleware.version_negotiation [None req-74f9610b-6d3c-47b5-bc31-1487abfa0e2e tempest-ServerActionsTestOtherA-1851713553 tempest-ServerActionsTestOtherA-1851713553-project-member] Determining version of request: GET /v2/schemas/image Accept: */* {{(pid=102025) process_request /opt/stack/glance/glance/api/middleware/version_negotiation.py:44}}
Jun 11 09:02:26.141521 np0000002597 devstack@g-api.service[102025]: DEBUG glance.api.middleware.version_negotiation [None req-74f9610b-6d3c-47b5-bc31-1487abfa0e2e tempest-ServerActionsTestOtherA-1851713553 tempest-ServerActionsTestOtherA-1851713553-project-member] Using url versioning {{(pid=102025) process_request /opt/stack/glance/glance/api/middleware/version_negotiation.py:57}}
Jun 11 09:02:26.141719 np0000002597 devstack@g-api.service[102025]: DEBUG glance.api.middleware.version_negotiation [None req-74f9610b-6d3c-47b5-bc31-1487abfa0e2e tempest-ServerActionsTestOtherA-1851713553 tempest-ServerActionsTestOtherA-1851713553-project-member] Matched version: v2 {{(pid=102025) process_request /opt/stack/glance/glance/api/middleware/version_negotiation.py:69}}
