Jun 11 08:55:41.413970 np0000002597 nova-scheduler[95759]: DEBUG cotyledon.oslo_config_glue [-] oslo_limit.connect_retry_delay = None {{(pid=95759) log_opt_values /opt/stack/data/venv/lib/python3.12/site-packages/oslo_config/cfg.py:3256}}
Jun 11 08:55:41.413970 np0000002597 nova-scheduler[95759]: DEBUG cotyledon.oslo_config_glue [-] oslo_limit.endpoint_id = None {{(pid=95759) log_opt_values /opt/stack/data/venv/lib/python3.12/site-packages/oslo_config/cfg.py:3256}}
Jun 11 08:55:41.413970 np0000002597 nova-scheduler[95759]: DEBUG cotyledon.oslo_config_glue [-] oslo_limit.endpoint_interface = public {{(pid=95759) log_opt_values /opt/stack/data/venv/lib/python3.12/site-packages/oslo_config/cfg.py:3256}}
Jun 11 08:55:41.414181 np0000002597 nova-scheduler[95759]: DEBUG cotyledon.oslo_config_glue [-] oslo_limit.endpoint_override = None {{(pid=95759) log_opt_values /opt/stack/data/venv/lib/python3.12/site-packages/oslo_config/cfg.py:3256}}
Jun 11 08:55:41.414181 np0000002597 nova-scheduler[95759]: DEBUG cotyledon.oslo_config_glue [-] oslo_limit.endpoint_region_name = None {{(pid=95759) log_opt_values /opt/stack/data/venv/lib/python3.12/site-packages/oslo_config/cfg.py:3256}}
Jun 11 08:55:41.414181 np0000002597 nova-scheduler[95759]: DEBUG cotyledon.oslo_config_glue [-] oslo_limit.endpoint_service_name = None {{(pid=95759) log_opt_values /opt/stack/data/venv/lib/python3.12/site-packages/oslo_config/cfg.py:3256}}
Jun 11 08:55:41.414181 np0000002597 nova-scheduler[95759]: DEBUG cotyledon.oslo_config_glue [-] oslo_limit.endpoint_service_type = None {{(pid=95759) log_opt_values /opt/stack/data/venv/lib/python3.12/site-packages/oslo_config/cfg.py:3256}}
Jun 11 08:55:41.414181 np0000002597 nova-scheduler[95759]: DEBUG cotyledon.oslo_config_glue [-] oslo_limit.insecure = False {{(pid=95759) log_opt_values /opt/stack/data/venv/lib/python3.12/site-packages/oslo_config/cfg.py:3256}}
Jun 11 08:55:41.414181 np0000002597 nova-scheduler[95759]: DEBUG cotyledon.oslo_config_glue [-] oslo_limit.keyfile = None {{(pid=95759) log_opt_values /opt/stack/data/venv/lib/python3.12/site-packages/oslo_config/cfg.py:3256}}
Jun 11 08:55:41.414181 np0000002597 nova-scheduler[95759]: DEBUG cotyledon.oslo_config_glue [-] oslo_limit.max_version = None {{(pid=95759) log_opt_values /opt/stack/data/venv/lib/python3.12/site-packages/oslo_config/cfg.py:3256}}
Jun 11 08:55:41.414181 np0000002597 nova-scheduler[95759]: DEBUG cotyledon.oslo_config_glue [-] oslo_limit.min_version = None {{(pid=95759) log_opt_values /opt/stack/data/venv/lib/python3.12/site-packages/oslo_config/cfg.py:3256}}
Jun 11 08:55:41.414181 np0000002597 nova-scheduler[95759]: DEBUG cotyledon.oslo_config_glue [-] oslo_limit.region_name = None {{(pid=95759) log_opt_values /opt/stack/data/venv/lib/python3.12/site-packages/oslo_config/cfg.py:3256}}
Jun 11 08:55:41.414368 np0000002597 nova-scheduler[95759]: DEBUG cotyledon.oslo_config_glue [-] oslo_limit.retriable_status_codes = None {{(pid=95759) log_opt_values /opt/stack/data/venv/lib/python3.12/site-packages/oslo_config/cfg.py:3256}}
Jun 11 08:55:41.414368 np0000002597 nova-scheduler[95759]: DEBUG cotyledon.oslo_config_glue [-] oslo_limit.service_name = None {{(pid=95759) log_opt_values /opt/stack/data/venv/lib/python3.12/site-packages/oslo_config/cfg.py:3256}}
Jun 11 08:55:41.414368 np0000002597 nova-scheduler[95759]: DEBUG cotyledon.oslo_config_glue [-] oslo_limit.service_type = None {{(pid=95759) log_opt_values /opt/stack/data/venv/lib/python3.12/site-packages/oslo_config/cfg.py:3256}}
Jun 11 08:55:41.414368 np0000002597 nova-scheduler[95759]: DEBUG cotyledon.oslo_config_glue [-] oslo_limit.split_loggers = False {{(pid=95759) log_opt_values /opt/stack/data/venv/lib/python3.12/site-packages/oslo_config/cfg.py:3256}}
Jun 11 08:55:41.414368 np0000002597 nova-scheduler[95759]: DEBUG cotyledon.oslo_config_glue [-] oslo_limit.status_code_retries = None {{(pid=95759) log_opt_values /opt/stack/data/venv/lib/python3.12/site-packages/oslo_config/cfg.py:3256}}
Jun 11 08:55:41.414368 np0000002597 nova-scheduler[95759]: DEBUG cotyledon.oslo_config_glue [-] oslo_limit.status_code_retry_delay = None {{(pid=95759) log_opt_values /opt/stack/data/venv/lib/python3.12/site-packages/oslo_config/cfg.py:3256}}
Jun 11 08:55:41.414368 np0000002597 nova-scheduler[95759]: DEBUG cotyledon.oslo_config_glue [-] oslo_limit.timeout = None {{(pid=95759) log_opt_values /opt/stack/data/venv/lib/python3.12/site-packages/oslo_config/cfg.py:3256}}
Jun 11 08:55:41.414368 np0000002597 nova-scheduler[95759]: DEBUG cotyledon.oslo_config_glue [-] oslo_limit.valid_interfaces = None {{(pid=95759) log_opt_values /opt/stack/data/venv/lib/python3.12/site-packages/oslo_config/cfg.py:3256}}
Jun 11 08:55:41.414368 np0000002597 nova-scheduler[95759]: DEBUG cotyledon.oslo_config_glue [-] oslo_limit.version = None {{(pid=95759) log_opt_values /opt/stack/data/venv/lib/python3.12/site-packages/oslo_config/cfg.py:3256}}
Jun 11 08:55:41.414543 np0000002597 nova-scheduler[95759]: DEBUG cotyledon.oslo_config_glue [-] oslo_reports.file_event_handler = None {{(pid=95759) log_opt_values /opt/stack/data/venv/lib/python3.12/site-packages/oslo_config/cfg.py:3256}}
Jun 11 08:55:41.414543 np0000002597 nova-scheduler[95759]: DEBUG cotyledon.oslo_config_glue [-] oslo_reports.file_event_handler_interval = 1 {{(pid=95759) log_opt_values /opt/stack/data/venv/lib/python3.12/site-packages/oslo_config/cfg.py:3256}}
Jun 11 08:55:41.414543 np0000002597 nova-scheduler[95759]: DEBUG cotyledon.oslo_config_glue [-] oslo_reports.log_dir = None {{(pid=95759) log_opt_values /opt/stack/data/venv/lib/python3.12/site-packages/oslo_config/cfg.py:3256}}
Jun 11 08:55:41.414543 np0000002597 nova-scheduler[95759]: DEBUG cotyledon.oslo_config_glue [-] ******************************************************************************** {{(pid=95759) log_opt_values /opt/stack/data/venv/lib/python3.12/site-packages/oslo_config/cfg.py:3263}}
Jun 11 08:55:41.414543 np0000002597 nova-scheduler[95759]: DEBUG cotyledon._service_worker [-] Run service ServiceWrapper(2) [95759] {{(pid=95759) wait_forever /opt/stack/data/venv/lib/python3.12/site-packages/cotyledon/_service_worker.py:218}}
Jun 11 08:55:41.414543 np0000002597 nova-scheduler[95759]: INFO nova.service [-] Starting scheduler node (version 33.1.0)
Jun 11 08:55:41.414670 np0000002597 nova-scheduler[95722]: DEBUG oslo_db.sqlalchemy.engines [None req-d5d4fcff-7522-443e-91c9-b0410ff68722 None None] MySQL server mode set to STRICT_TRANS_TABLES,STRICT_ALL_TABLES,NO_ZERO_IN_DATE,NO_ZERO_DATE,ERROR_FOR_DIVISION_BY_ZERO,TRADITIONAL,NO_ENGINE_SUBSTITUTION {{(pid=95722) _check_effective_sql_mode /opt/stack/data/venv/lib/python3.12/site-packages/oslo_db/sqlalchemy/engines.py:325}}
Jun 11 08:55:41.414700 np0000002597 nova-scheduler[95759]: INFO dbcounter [None req-12aeef69-0dcf-4778-ad72-eb91a071e3f9 None None] Registered counter for database nova_cell0
Jun 11 08:55:41.423703 np0000002597 nova-scheduler[95722]: DEBUG dbcounter [-] [95722] Writer thread running {{(pid=95722) stat_writer /opt/stack/data/venv/lib/python3.12/site-packages/dbcounter.py:102}}
Jun 11 08:55:41.433892 np0000002597 nova-scheduler[95757]: DEBUG oslo_db.sqlalchemy.engines [None req-c30e68b0-48b9-433a-a0cd-caf1de51e451 None None] MySQL server mode set to STRICT_TRANS_TABLES,STRICT_ALL_TABLES,NO_ZERO_IN_DATE,NO_ZERO_DATE,ERROR_FOR_DIVISION_BY_ZERO,TRADITIONAL,NO_ENGINE_SUBSTITUTION {{(pid=95757) _check_effective_sql_mode /opt/stack/data/venv/lib/python3.12/site-packages/oslo_db/sqlalchemy/engines.py:325}}
Jun 11 08:55:41.437199 np0000002597 nova-scheduler[95722]: DEBUG nova.service [None req-d5d4fcff-7522-443e-91c9-b0410ff68722 None None] Creating RPC server for service: nova-scheduler on topic: scheduler {{(pid=95722) start /opt/stack/nova/nova/service.py:196}}
Jun 11 08:55:41.442796 np0000002597 nova-scheduler[95757]: DEBUG dbcounter [-] [95757] Writer thread running {{(pid=95757) stat_writer /opt/stack/data/venv/lib/python3.12/site-packages/dbcounter.py:102}}
Jun 11 08:55:41.445267 np0000002597 nova-scheduler[95757]: DEBUG nova.service [None req-c30e68b0-48b9-433a-a0cd-caf1de51e451 None None] Creating RPC server for service: nova-scheduler on topic: scheduler {{(pid=95757) start /opt/stack/nova/nova/service.py:196}}
Jun 11 08:55:41.465202 np0000002597 nova-scheduler[95757]: DEBUG nova.service [None req-c30e68b0-48b9-433a-a0cd-caf1de51e451 None None] Join ServiceGroup membership for this service scheduler {{(pid=95757) start /opt/stack/nova/nova/service.py:222}}
Jun 11 08:55:41.465402 np0000002597 nova-scheduler[95757]: DEBUG nova.servicegroup.drivers.db [None req-c30e68b0-48b9-433a-a0cd-caf1de51e451 None None] DB_Driver: join new ServiceGroup member np0000002597 to the scheduler group, service = {{(pid=95757) join /opt/stack/nova/nova/servicegroup/drivers/db.py:44}}
Jun 11 08:55:41.468358 np0000002597 nova-scheduler[95722]: DEBUG nova.service [None req-d5d4fcff-7522-443e-91c9-b0410ff68722 None None] Join ServiceGroup membership for this service scheduler {{(pid=95722) start /opt/stack/nova/nova/service.py:222}}
Jun 11 08:55:41.468558 np0000002597 nova-scheduler[95722]: DEBUG nova.servicegroup.drivers.db [None req-d5d4fcff-7522-443e-91c9-b0410ff68722 None None] DB_Driver: join new ServiceGroup member np0000002597 to the scheduler group, service = {{(pid=95722) join /opt/stack/nova/nova/servicegroup/drivers/db.py:44}}
Jun 11 08:55:41.471185 np0000002597 nova-scheduler[95759]: DEBUG oslo_db.sqlalchemy.engines [None req-12aeef69-0dcf-4778-ad72-eb91a071e3f9 None None] MySQL server mode set to STRICT_TRANS_TABLES,STRICT_ALL_TABLES,NO_ZERO_IN_DATE,NO_ZERO_DATE,ERROR_FOR_DIVISION_BY_ZERO,TRADITIONAL,NO_ENGINE_SUBSTITUTION {{(pid=95759) _check_effective_sql_mode /opt/stack/data/venv/lib/python3.12/site-packages/oslo_db/sqlalchemy/engines.py:325}}
Jun 11 08:55:41.480849 np0000002597 nova-scheduler[95759]: DEBUG dbcounter [-] [95759] Writer thread running {{(pid=95759) stat_writer /opt/stack/data/venv/lib/python3.12/site-packages/dbcounter.py:102}}
Jun 11 08:55:41.483606 np0000002597 nova-scheduler[95759]: DEBUG nova.service [None req-12aeef69-0dcf-4778-ad72-eb91a071e3f9 None None] Creating RPC server for service: nova-scheduler on topic: scheduler {{(pid=95759) start /opt/stack/nova/nova/service.py:196}}
Jun 11 08:55:41.500385 np0000002597 nova-scheduler[95759]: DEBUG nova.service [None req-12aeef69-0dcf-4778-ad72-eb91a071e3f9 None None] Join ServiceGroup membership for this service scheduler {{(pid=95759) start /opt/stack/nova/nova/service.py:222}}
Jun 11 08:55:41.500523 np0000002597 nova-scheduler[95759]: DEBUG nova.servicegroup.drivers.db [None req-12aeef69-0dcf-4778-ad72-eb91a071e3f9 None None] DB_Driver: join new ServiceGroup member np0000002597 to the scheduler group, service = {{(pid=95759) join /opt/stack/nova/nova/servicegroup/drivers/db.py:44}}
Jun 11 08:55:46.490430 np0000002597 nova-scheduler[95722]: DEBUG oslo.service.backend._threading.loopingcall [-] Fixed interval looping call 'nova.servicegroup.drivers.db.DbDriver._report_state' sleeping for 119.98 seconds {{(pid=95722) _run_loop /opt/stack/data/venv/lib/python3.12/site-packages/oslo_service/backend/_threading/loopingcall.py:125}}
Jun 11 08:55:46.491734 np0000002597 nova-scheduler[95757]: DEBUG oslo.service.backend._threading.loopingcall [-] Fixed interval looping call 'nova.servicegroup.drivers.db.DbDriver._report_state' sleeping for 119.98 seconds {{(pid=95757) _run_loop /opt/stack/data/venv/lib/python3.12/site-packages/oslo_service/backend/_threading/loopingcall.py:125}}
Jun 11 08:55:46.514034 np0000002597 nova-scheduler[95759]: DEBUG oslo.service.backend._threading.loopingcall [-] Fixed interval looping call 'nova.servicegroup.drivers.db.DbDriver._report_state' sleeping for 119.99 seconds {{(pid=95759) _run_loop /opt/stack/data/venv/lib/python3.12/site-packages/oslo_service/backend/_threading/loopingcall.py:125}}
Jun 11 08:55:50.026959 np0000002597 nova-scheduler[94506]: DEBUG dbcounter [-] [94506] Writing DB stats nova_api:SELECT=3 {{(pid=94506) stat_writer /opt/stack/data/venv/lib/python3.12/site-packages/dbcounter.py:115}}
Jun 11 08:55:50.164931 np0000002597 nova-scheduler[94506]: DEBUG dbcounter [-] [94506] Writing DB stats nova_cell0:SELECT=1 {{(pid=94506) stat_writer /opt/stack/data/venv/lib/python3.12/site-packages/dbcounter.py:115}}
Jun 11 08:55:50.169398 np0000002597 nova-scheduler[94506]: DEBUG dbcounter [-] [94506] Writing DB stats nova_cell1:SELECT=1 {{(pid=94506) stat_writer /opt/stack/data/venv/lib/python3.12/site-packages/dbcounter.py:115}}
Jun 11 08:55:54.470814 np0000002597 nova-scheduler[95757]: DEBUG oslo.service.backend._threading.loopingcall [None req-60ef6988-0032-4e47-83cf-0790e0a939f7 None None] Dynamic interval looping call 'nova.service.Service.periodic_tasks' sleeping for 60.00 seconds {{(pid=95757) _run_loop /opt/stack/data/venv/lib/python3.12/site-packages/oslo_service/backend/_threading/loopingcall.py:125}}
Jun 11 08:55:56.482446 np0000002597 nova-scheduler[95722]: DEBUG dbcounter [-] [95722] Writing DB stats nova_cell0:SELECT=4,nova_cell0:INSERT=1,nova_cell0:UPDATE=1 {{(pid=95722) stat_writer /opt/stack/data/venv/lib/python3.12/site-packages/dbcounter.py:115}}
Jun 11 08:55:56.483377 np0000002597 nova-scheduler[95757]: DEBUG dbcounter [-] [95757] Writing DB stats nova_cell0:SELECT=3,nova_cell0:UPDATE=1 {{(pid=95757) stat_writer /opt/stack/data/venv/lib/python3.12/site-packages/dbcounter.py:115}}
Jun 11 08:55:56.510237 np0000002597 nova-scheduler[95759]: DEBUG dbcounter [-] [95759] Writing DB stats nova_cell0:SELECT=3 {{(pid=95759) stat_writer /opt/stack/data/venv/lib/python3.12/site-packages/dbcounter.py:115}}
Jun 11 08:56:17.470601 np0000002597 nova-scheduler[95722]: DEBUG oslo.service.backend._threading.loopingcall [None req-31746d62-a0f1-4725-b4cf-3857a125ec1c None None] Dynamic interval looping call 'nova.service.Service.periodic_tasks' sleeping for 60.00 seconds {{(pid=95722) _run_loop /opt/stack/data/venv/lib/python3.12/site-packages/oslo_service/backend/_threading/loopingcall.py:125}}
Jun 11 08:56:19.502363 np0000002597 nova-scheduler[95759]: DEBUG oslo.service.backend._threading.loopingcall [None req-99309d32-de52-4336-a609-d32752bfd130 None None] Dynamic interval looping call 'nova.service.Service.periodic_tasks' sleeping for 60.00 seconds {{(pid=95759) _run_loop /opt/stack/data/venv/lib/python3.12/site-packages/oslo_service/backend/_threading/loopingcall.py:125}}
Jun 11 08:56:54.471392 np0000002597 nova-scheduler[95757]: DEBUG oslo.service.backend._threading.loopingcall [None req-60ef6988-0032-4e47-83cf-0790e0a939f7 None None] Dynamic interval looping call 'nova.service.Service.periodic_tasks' sleeping for 60.00 seconds {{(pid=95757) _run_loop /opt/stack/data/venv/lib/python3.12/site-packages/oslo_service/backend/_threading/loopingcall.py:125}}
Jun 11 08:57:17.471246 np0000002597 nova-scheduler[95722]: DEBUG oslo.service.backend._threading.loopingcall [None req-31746d62-a0f1-4725-b4cf-3857a125ec1c None None] Dynamic interval looping call 'nova.service.Service.periodic_tasks' sleeping for 60.00 seconds {{(pid=95722) _run_loop /opt/stack/data/venv/lib/python3.12/site-packages/oslo_service/backend/_threading/loopingcall.py:125}}
Jun 11 08:57:19.503026 np0000002597 nova-scheduler[95759]: DEBUG oslo.service.backend._threading.loopingcall [None req-99309d32-de52-4336-a609-d32752bfd130 None None] Dynamic interval looping call 'nova.service.Service.periodic_tasks' sleeping for 60.00 seconds {{(pid=95759) _run_loop /opt/stack/data/venv/lib/python3.12/site-packages/oslo_service/backend/_threading/loopingcall.py:125}}
Jun 11 08:57:46.477797 np0000002597 nova-scheduler[95722]: DEBUG oslo.service.backend._threading.loopingcall [-] Fixed interval looping call 'nova.servicegroup.drivers.db.DbDriver._report_state' sleeping for 119.99 seconds {{(pid=95722) _run_loop /opt/stack/data/venv/lib/python3.12/site-packages/oslo_service/backend/_threading/loopingcall.py:125}}
Jun 11 08:57:46.478312 np0000002597 nova-scheduler[95757]: DEBUG oslo.service.backend._threading.loopingcall [-] Fixed interval looping call 'nova.servicegroup.drivers.db.DbDriver._report_state' sleeping for 119.99 seconds {{(pid=95757) _run_loop /opt/stack/data/venv/lib/python3.12/site-packages/oslo_service/backend/_threading/loopingcall.py:125}}
Jun 11 08:57:46.507665 np0000002597 nova-scheduler[95759]: DEBUG oslo.service.backend._threading.loopingcall [-] Fixed interval looping call 'nova.servicegroup.drivers.db.DbDriver._report_state' sleeping for 120.00 seconds {{(pid=95759) _run_loop /opt/stack/data/venv/lib/python3.12/site-packages/oslo_service/backend/_threading/loopingcall.py:125}}
Jun 11 08:57:54.471835 np0000002597 nova-scheduler[95757]: DEBUG oslo.service.backend._threading.loopingcall [None req-60ef6988-0032-4e47-83cf-0790e0a939f7 None None] Dynamic interval looping call 'nova.service.Service.periodic_tasks' sleeping for 60.00 seconds {{(pid=95757) _run_loop /opt/stack/data/venv/lib/python3.12/site-packages/oslo_service/backend/_threading/loopingcall.py:125}}
Jun 11 08:57:56.474613 np0000002597 nova-scheduler[95722]: DEBUG dbcounter [-] [95722] Writing DB stats nova_cell0:SELECT=1,nova_cell0:UPDATE=1 {{(pid=95722) stat_writer /opt/stack/data/venv/lib/python3.12/site-packages/dbcounter.py:115}}
Jun 11 08:57:56.475251 np0000002597 nova-scheduler[95757]: DEBUG dbcounter [-] [95757] Writing DB stats nova_cell0:SELECT=1,nova_cell0:UPDATE=1 {{(pid=95757) stat_writer /opt/stack/data/venv/lib/python3.12/site-packages/dbcounter.py:115}}
Jun 11 08:57:56.505785 np0000002597 nova-scheduler[95759]: DEBUG dbcounter [-] [95759] Writing DB stats nova_cell0:SELECT=1 {{(pid=95759) stat_writer /opt/stack/data/venv/lib/python3.12/site-packages/dbcounter.py:115}}
Jun 11 08:58:17.472161 np0000002597 nova-scheduler[95722]: DEBUG oslo.service.backend._threading.loopingcall [None req-31746d62-a0f1-4725-b4cf-3857a125ec1c None None] Dynamic interval looping call 'nova.service.Service.periodic_tasks' sleeping for 60.00 seconds {{(pid=95722) _run_loop /opt/stack/data/venv/lib/python3.12/site-packages/oslo_service/backend/_threading/loopingcall.py:125}}
Jun 11 08:58:19.503496 np0000002597 nova-scheduler[95759]: DEBUG oslo.service.backend._threading.loopingcall [None req-99309d32-de52-4336-a609-d32752bfd130 None None] Dynamic interval looping call 'nova.service.Service.periodic_tasks' sleeping for 60.00 seconds {{(pid=95759) _run_loop /opt/stack/data/venv/lib/python3.12/site-packages/oslo_service/backend/_threading/loopingcall.py:125}}
Jun 11 08:58:27.174365 np0000002597 nova-scheduler[95757]: DEBUG nova.scheduler.manager [None req-56e113e0-f47d-4efe-9081-a1c1beb7fcb2 tempest-DeleteServersTestJSON-275202681 tempest-DeleteServersTestJSON-275202681-project-member] Starting to schedule for instances: ['17e26f54-ba80-4c3f-b954-c054126c3564'] {{(pid=95757) select_destinations /opt/stack/nova/nova/scheduler/manager.py:210}}
Jun 11 08:58:27.175663 np0000002597 nova-scheduler[95757]: DEBUG nova.scheduler.request_filter [None req-56e113e0-f47d-4efe-9081-a1c1beb7fcb2 tempest-DeleteServersTestJSON-275202681 tempest-DeleteServersTestJSON-275202681-project-member] compute_status_filter request filter added forbidden trait COMPUTE_STATUS_DISABLED {{(pid=95757) compute_status_filter /opt/stack/nova/nova/scheduler/request_filter.py:253}}
Jun 11 08:58:27.175840 np0000002597 nova-scheduler[95757]: DEBUG nova.scheduler.request_filter [None req-56e113e0-f47d-4efe-9081-a1c1beb7fcb2 tempest-DeleteServersTestJSON-275202681 tempest-DeleteServersTestJSON-275202681-project-member] Request filter 'compute_status_filter' took 0.0 seconds {{(pid=95757) wrapper /opt/stack/nova/nova/scheduler/request_filter.py:46}}
Jun 11 08:58:27.176165 np0000002597 nova-scheduler[95757]: DEBUG nova.scheduler.request_filter [None req-56e113e0-f47d-4efe-9081-a1c1beb7fcb2 tempest-DeleteServersTestJSON-275202681 tempest-DeleteServersTestJSON-275202681-project-member] Request filter 'accelerators_filter' took 0.0 seconds {{(pid=95757) wrapper /opt/stack/nova/nova/scheduler/request_filter.py:46}}
Jun 11 08:58:27.176431 np0000002597 nova-scheduler[95757]: DEBUG nova.scheduler.request_filter [None req-56e113e0-f47d-4efe-9081-a1c1beb7fcb2 tempest-DeleteServersTestJSON-275202681 tempest-DeleteServersTestJSON-275202681-project-member] Request filter 'packed_virtqueue_filter' took 0.0 seconds {{(pid=95757) wrapper /opt/stack/nova/nova/scheduler/request_filter.py:46}}
Jun 11 08:58:27.176792 np0000002597 nova-scheduler[95757]: DEBUG nova.scheduler.request_filter [None req-56e113e0-f47d-4efe-9081-a1c1beb7fcb2 tempest-DeleteServersTestJSON-275202681 tempest-DeleteServersTestJSON-275202681-project-member] Request filter 'remote_managed_ports_filter' took 0.0 seconds {{(pid=95757) wrapper /opt/stack/nova/nova/scheduler/request_filter.py:46}}
Jun 11 08:58:27.176984 np0000002597 nova-scheduler[95757]: DEBUG nova.scheduler.request_filter [None req-56e113e0-f47d-4efe-9081-a1c1beb7fcb2 tempest-DeleteServersTestJSON-275202681 tempest-DeleteServersTestJSON-275202681-project-member] ephemeral_encryption_filter skipped {{(pid=95757) ephemeral_encryption_filter /opt/stack/nova/nova/scheduler/request_filter.py:426}}
Jun 11 08:58:27.177218 np0000002597 nova-scheduler[95757]: DEBUG nova.scheduler.request_filter [None req-56e113e0-f47d-4efe-9081-a1c1beb7fcb2 tempest-DeleteServersTestJSON-275202681 tempest-DeleteServersTestJSON-275202681-project-member] virtio_sound_filter skipped {{(pid=95757) virtio_sound_filter /opt/stack/nova/nova/scheduler/request_filter.py:460}}
Jun 11 08:58:27.178409 np0000002597 nova-scheduler[95757]: DEBUG nova.scheduler.request_filter [None req-56e113e0-f47d-4efe-9081-a1c1beb7fcb2 tempest-DeleteServersTestJSON-275202681 tempest-DeleteServersTestJSON-275202681-project-member] tpm_secret_security_filter skipped {{(pid=95757) tpm_secret_security_filter /opt/stack/nova/nova/scheduler/request_filter.py:477}}
Jun 11 08:58:27.841209 np0000002597 nova-scheduler[95757]: INFO nova.utils [None req-56e113e0-f47d-4efe-9081-a1c1beb7fcb2 tempest-DeleteServersTestJSON-275202681 tempest-DeleteServersTestJSON-275202681-project-member] The cell worker thread pool ForkProcess-2.cell_worker is initialized
Jun 11 08:58:27.841738 np0000002597 nova-scheduler[95757]: DEBUG oslo_concurrency.lockutils [None req-56e113e0-f47d-4efe-9081-a1c1beb7fcb2 tempest-DeleteServersTestJSON-275202681 tempest-DeleteServersTestJSON-275202681-project-member] Acquiring lock "436465bc-cd11-4f9a-86b2-ebcaf3904125" by "nova.context.set_target_cell..get_or_set_cached_cell_and_set_connections" {{(pid=95757) inner /opt/stack/data/venv/lib/python3.12/site-packages/oslo_concurrency/lockutils.py:511}}
Jun 11 08:58:27.841834 np0000002597 nova-scheduler[95757]: DEBUG oslo_concurrency.lockutils [None req-56e113e0-f47d-4efe-9081-a1c1beb7fcb2 tempest-DeleteServersTestJSON-275202681 tempest-DeleteServersTestJSON-275202681-project-member] Lock "436465bc-cd11-4f9a-86b2-ebcaf3904125" acquired by "nova.context.set_target_cell..get_or_set_cached_cell_and_set_connections" :: waited 0.000s {{(pid=95757) inner /opt/stack/data/venv/lib/python3.12/site-packages/oslo_concurrency/lockutils.py:524}}
Jun 11 08:58:27.843328 np0000002597 nova-scheduler[95757]: DEBUG oslo_concurrency.lockutils [None req-56e113e0-f47d-4efe-9081-a1c1beb7fcb2 tempest-DeleteServersTestJSON-275202681 tempest-DeleteServersTestJSON-275202681-project-member] Lock "436465bc-cd11-4f9a-86b2-ebcaf3904125" "released" by "nova.context.set_target_cell..get_or_set_cached_cell_and_set_connections" :: held 0.001s {{(pid=95757) inner /opt/stack/data/venv/lib/python3.12/site-packages/oslo_concurrency/lockutils.py:543}}
Jun 11 08:58:27.845542 np0000002597 nova-scheduler[95757]: INFO dbcounter [None req-56e113e0-f47d-4efe-9081-a1c1beb7fcb2 tempest-DeleteServersTestJSON-275202681 tempest-DeleteServersTestJSON-275202681-project-member] Registered counter for database nova_cell1
Jun 11 08:58:27.899866 np0000002597 nova-scheduler[95757]: DEBUG oslo_db.sqlalchemy.engines [None req-56e113e0-f47d-4efe-9081-a1c1beb7fcb2 tempest-DeleteServersTestJSON-275202681 tempest-DeleteServersTestJSON-275202681-project-member] MySQL server mode set to STRICT_TRANS_TABLES,STRICT_ALL_TABLES,NO_ZERO_IN_DATE,NO_ZERO_DATE,ERROR_FOR_DIVISION_BY_ZERO,TRADITIONAL,NO_ENGINE_SUBSTITUTION {{(pid=95757) _check_effective_sql_mode /opt/stack/data/venv/lib/python3.12/site-packages/oslo_db/sqlalchemy/engines.py:325}}
Jun 11 08:58:27.905625 np0000002597 nova-scheduler[95757]: DEBUG dbcounter [-] [95757] Writer thread running {{(pid=95757) stat_writer /opt/stack/data/venv/lib/python3.12/site-packages/dbcounter.py:102}}
Jun 11 08:58:27.917995 np0000002597 nova-scheduler[95757]: DEBUG oslo_db.sqlalchemy.engines [None req-56e113e0-f47d-4efe-9081-a1c1beb7fcb2 tempest-DeleteServersTestJSON-275202681 tempest-DeleteServersTestJSON-275202681-project-member] Parent process 94506 forked (95757) with an open database connection, which is being discarded and recreated. {{(pid=95757) checkout /opt/stack/data/venv/lib/python3.12/site-packages/oslo_db/sqlalchemy/engines.py:402}}
Jun 11 08:58:27.973403 np0000002597 nova-scheduler[95757]: DEBUG dbcounter [-] [95757] Writer thread running {{(pid=95757) stat_writer /opt/stack/data/venv/lib/python3.12/site-packages/dbcounter.py:102}}
Jun 11 08:58:27.975149 np0000002597 nova-scheduler[95757]: DEBUG oslo_concurrency.lockutils [None req-56e113e0-f47d-4efe-9081-a1c1beb7fcb2 tempest-DeleteServersTestJSON-275202681 tempest-DeleteServersTestJSON-275202681-project-member] Acquiring lock "436465bc-cd11-4f9a-86b2-ebcaf3904125" by "nova.context.set_target_cell..get_or_set_cached_cell_and_set_connections" {{(pid=95757) inner /opt/stack/data/venv/lib/python3.12/site-packages/oslo_concurrency/lockutils.py:511}}
Jun 11 08:58:27.975222 np0000002597 nova-scheduler[95757]: DEBUG oslo_concurrency.lockutils [None req-56e113e0-f47d-4efe-9081-a1c1beb7fcb2 tempest-DeleteServersTestJSON-275202681 tempest-DeleteServersTestJSON-275202681-project-member] Lock "436465bc-cd11-4f9a-86b2-ebcaf3904125" acquired by "nova.context.set_target_cell..get_or_set_cached_cell_and_set_connections" :: waited 0.000s {{(pid=95757) inner /opt/stack/data/venv/lib/python3.12/site-packages/oslo_concurrency/lockutils.py:524}}
Jun 11 08:58:27.975307 np0000002597 nova-scheduler[95757]: DEBUG oslo_concurrency.lockutils [None req-56e113e0-f47d-4efe-9081-a1c1beb7fcb2 tempest-DeleteServersTestJSON-275202681 tempest-DeleteServersTestJSON-275202681-project-member] Lock "436465bc-cd11-4f9a-86b2-ebcaf3904125" "released" by "nova.context.set_target_cell..get_or_set_cached_cell_and_set_connections" :: held 0.000s {{(pid=95757) inner /opt/stack/data/venv/lib/python3.12/site-packages/oslo_concurrency/lockutils.py:543}}
Jun 11 08:58:27.978973 np0000002597 nova-scheduler[95757]: DEBUG oslo_concurrency.lockutils [None req-56e113e0-f47d-4efe-9081-a1c1beb7fcb2 tempest-DeleteServersTestJSON-275202681 tempest-DeleteServersTestJSON-275202681-project-member] Acquiring lock "('np0000002597', 'np0000002597')" by "nova.scheduler.host_manager.HostState.update.._locked_update" {{(pid=95757) inner /opt/stack/data/venv/lib/python3.12/site-packages/oslo_concurrency/lockutils.py:511}}
Jun 11 08:58:27.979194 np0000002597 nova-scheduler[95757]: DEBUG oslo_concurrency.lockutils [None req-56e113e0-f47d-4efe-9081-a1c1beb7fcb2 tempest-DeleteServersTestJSON-275202681 tempest-DeleteServersTestJSON-275202681-project-member] Lock "('np0000002597', 'np0000002597')" acquired by "nova.scheduler.host_manager.HostState.update.._locked_update" :: waited 0.000s {{(pid=95757) inner /opt/stack/data/venv/lib/python3.12/site-packages/oslo_concurrency/lockutils.py:524}}
Jun 11 08:58:27.983465 np0000002597 nova-scheduler[95757]: DEBUG nova.scheduler.host_manager [None req-56e113e0-f47d-4efe-9081-a1c1beb7fcb2 tempest-DeleteServersTestJSON-275202681 tempest-DeleteServersTestJSON-275202681-project-member] Update host state from compute node: ComputeNode(cpu_allocation_ratio=4.0,cpu_info='{"arch": "x86_64", "model": "EPYC-Milan", "vendor": "AMD", "topology": {"cells": 1, "sockets": 12, "cores": 1, "threads": 1}, "maxphysaddr": {"mode": "emulate", "bits": 40}, "features": ["rdtscp", "abm", "pfthreshold", "rdrand", "pcid", "pause-filter", "flushbyasid", "fpu", "aes", "cx8", "pku", "pschange-mc-no", "sse4a", "smep", "pat", "sse4.1", "mmxext", "lfence-always-serializing", "sse4.2", "nrip-save", "fxsr_opt", "sse", "stibp-always-on", "mca", "movbe", "3dnowprefetch", "cx16", "cmp_legacy", "vmcb-clean", "sep", "de", "spec-ctrl", "invpcid", "lbrv", "ssbd", "no-nested-data-bp", "amd-stibp", "xgetbv1", "gds-no", "fsrm", "rdseed", "vpclmulqdq", "ibpb", "popcnt", "fma", "null-sel-clr-base", "tsc", "fxsr", "svme-addr-chk", "xsaveopt", "rdctl-no", "pge", "cmov", "clflush", "amd-psfd", "skip-l1dfl-vmentry", "fsgsbase", "ssse3", "nx", "perfctr_core", "adx", "wbnoinvd", "lahf_lm", "avx2", "clwb", "lm", "bmi1", "x2apic", "amd-ssbd", "pae", "clflushopt", "sse2", "v-vmsave-vmload", "apic", "mmx", "pse", "umip", "tsc-deadline", "smap", "vaes", "npt", "stibp", "rdpid", "pclmuldq", "clzero", "tsc_adjust", "syscall", "xsaves", "virt-ssbd", "tsc-scale", "osvw", "ibrs", "pni", "mce", "pse36", "f16c", "arch-capabilities", "mds-no", "erms", "xsave", "svm", "cr8legacy", "topoext", "xsavec", "misalignsse", "msr", "mtrr", "sha-ni", "xsaveerptr", "hypervisor", "pdpe1gb", "vme", "vgif", "arat", "bmi2", "avx"]}',created_at=2026-06-11T08:56:07Z,current_workload=0,deleted=False,deleted_at=None,disk_allocation_ratio=1.0,disk_available_least=74,free_disk_gb=95,free_ram_mb=23518,host='np0000002597',host_ip=10.4.3.7,hypervisor_hostname='np0000002597',hypervisor_type='QEMU',hypervisor_version=8002002,id=1,local_gb=95,local_gb_used=0,mapped=1,memory_mb=24030,memory_mb_used=512,metrics='[]',numa_topology='{"nova_object.name": "NUMATopology", "nova_object.namespace": "nova", "nova_object.version": "1.2", "nova_object.data": {"cells": [{"nova_object.name": "NUMACell", "nova_object.namespace": "nova", "nova_object.version": "1.5", "nova_object.data": {"id": 0, "cpuset": [0, 1, 2, 3, 4, 5, 6, 7, 8, 9, 10, 11], "pcpuset": [0, 1, 2, 3, 4, 5, 6, 7, 8, 9, 10, 11], "memory": 24030, "cpu_usage": 0, "memory_usage": 0, "pinned_cpus": [], "siblings": [[6], [2], [5], [11], [8], [4], [1], [7], [10], [0], [3], [9]], "mempages": [{"nova_object.name": "NUMAPagesTopology", "nova_object.namespace": "nova", "nova_object.version": "1.1", "nova_object.data": {"size_kb": 4, "total": 6151798, "used": 0, "reserved": 0}, "nova_object.changes": ["used", "total", "reserved", "size_kb"]}, {"nova_object.name": "NUMAPagesTopology", "nova_object.namespace": "nova", "nova_object.version": "1.1", "nova_object.data": {"size_kb": 2048, "total": 0, "used": 0, "reserved": 0}, "nova_object.changes": ["used", "total", "reserved", "size_kb"]}, {"nova_object.name": "NUMAPagesTopology", "nova_object.namespace": "nova", "nova_object.version": "1.1", "nova_object.data": {"size_kb": 1048576, "total": 0, "used": 0, "reserved": 0}, "nova_object.changes": ["used", "total", "reserved", "size_kb"]}], "network_metadata": {"nova_object.name": "NetworkMetadata", "nova_object.namespace": "nova", "nova_object.version": "1.0", "nova_object.data": {"physnets": [], "tunneled": false}, "nova_object.changes": ["tunneled", "physnets"]}, "socket": null}, "nova_object.changes": ["memory_usage", "socket", "cpuset", "pcpuset", "id", "memory", "cpu_usage", "network_metadata", "siblings", "pinned_cpus", "mempages"]}]}, "nova_object.changes": ["cells"]}',pci_device_pools=PciDevicePoolList,ram_allocation_ratio=1.0,running_vms=0,service_id=4,stats={failed_builds='0',uptime=' 08:57:52 up 24 min, 2 users, load average: 1.35, 1.44, 0.83
Jun 11 08:58:27.983465 np0000002597 nova-scheduler[95757]: '},supported_hv_specs=[HVSpec,HVSpec,HVSpec,HVSpec,HVSpec,HVSpec,HVSpec,HVSpec,HVSpec,HVSpec,HVSpec,HVSpec,HVSpec,HVSpec,HVSpec,HVSpec,HVSpec,HVSpec,HVSpec,HVSpec,HVSpec,HVSpec,HVSpec,HVSpec,HVSpec],updated_at=2026-06-11T08:57:54Z,uuid=452aad11-1c53-4b49-990c-6d984caf44d5,vcpus=12,vcpus_used=0) {{(pid=95757) _locked_update /opt/stack/nova/nova/scheduler/host_manager.py:168}}
Jun 11 08:58:27.983465 np0000002597 nova-scheduler[95757]: DEBUG nova.scheduler.host_manager [None req-56e113e0-f47d-4efe-9081-a1c1beb7fcb2 tempest-DeleteServersTestJSON-275202681 tempest-DeleteServersTestJSON-275202681-project-member] Update host state with aggregates: [] {{(pid=95757) _locked_update /opt/stack/nova/nova/scheduler/host_manager.py:171}}
Jun 11 08:58:27.983465 np0000002597 nova-scheduler[95757]: DEBUG nova.scheduler.host_manager [None req-56e113e0-f47d-4efe-9081-a1c1beb7fcb2 tempest-DeleteServersTestJSON-275202681 tempest-DeleteServersTestJSON-275202681-project-member] Update host state with service dict: {'id': 4, 'uuid': '6c385902-f033-4f5d-8b28-3cda7525240d', 'host': 'np0000002597', 'binary': 'nova-compute', 'topic': 'compute', 'report_count': 2, 'disabled': False, 'disabled_reason': None, 'last_seen_up': datetime.datetime(2026, 6, 11, 8, 58, 15, tzinfo=datetime.timezone.utc), 'forced_down': False, 'version': 72, 'created_at': datetime.datetime(2026, 6, 11, 8, 56, 5, tzinfo=datetime.timezone.utc), 'updated_at': datetime.datetime(2026, 6, 11, 8, 58, 15, tzinfo=datetime.timezone.utc), 'deleted_at': None, 'deleted': False} {{(pid=95757) _locked_update /opt/stack/nova/nova/scheduler/host_manager.py:174}}
Jun 11 08:58:27.983465 np0000002597 nova-scheduler[95757]: DEBUG nova.scheduler.host_manager [None req-56e113e0-f47d-4efe-9081-a1c1beb7fcb2 tempest-DeleteServersTestJSON-275202681 tempest-DeleteServersTestJSON-275202681-project-member] Update host state with instances: [] {{(pid=95757) _locked_update /opt/stack/nova/nova/scheduler/host_manager.py:177}}
Jun 11 08:58:27.983843 np0000002597 nova-scheduler[95757]: DEBUG oslo_concurrency.lockutils [None req-56e113e0-f47d-4efe-9081-a1c1beb7fcb2 tempest-DeleteServersTestJSON-275202681 tempest-DeleteServersTestJSON-275202681-project-member] Lock "('np0000002597', 'np0000002597')" "released" by "nova.scheduler.host_manager.HostState.update.._locked_update" :: held 0.003s {{(pid=95757) inner /opt/stack/data/venv/lib/python3.12/site-packages/oslo_concurrency/lockutils.py:543}}
Jun 11 08:58:27.983843 np0000002597 nova-scheduler[95757]: DEBUG nova.filters [None req-56e113e0-f47d-4efe-9081-a1c1beb7fcb2 tempest-DeleteServersTestJSON-275202681 tempest-DeleteServersTestJSON-275202681-project-member] Starting with 1 host(s) {{(pid=95757) get_filtered_objects /opt/stack/nova/nova/filters.py:70}}
Jun 11 08:58:27.983843 np0000002597 nova-scheduler[95757]: DEBUG nova.filters [None req-56e113e0-f47d-4efe-9081-a1c1beb7fcb2 tempest-DeleteServersTestJSON-275202681 tempest-DeleteServersTestJSON-275202681-project-member] Filter ComputeFilter returned 1 host(s) {{(pid=95757) get_filtered_objects /opt/stack/nova/nova/filters.py:102}}
Jun 11 08:58:27.983843 np0000002597 nova-scheduler[95757]: DEBUG nova.filters [None req-56e113e0-f47d-4efe-9081-a1c1beb7fcb2 tempest-DeleteServersTestJSON-275202681 tempest-DeleteServersTestJSON-275202681-project-member] Filter ComputeCapabilitiesFilter returned 1 host(s) {{(pid=95757) get_filtered_objects /opt/stack/nova/nova/filters.py:102}}
Jun 11 08:58:27.983843 np0000002597 nova-scheduler[95757]: DEBUG nova.filters [None req-56e113e0-f47d-4efe-9081-a1c1beb7fcb2 tempest-DeleteServersTestJSON-275202681 tempest-DeleteServersTestJSON-275202681-project-member] Filter ImagePropertiesFilter returned 1 host(s) {{(pid=95757) get_filtered_objects /opt/stack/nova/nova/filters.py:102}}
Jun 11 08:58:27.983843 np0000002597 nova-scheduler[95757]: DEBUG nova.filters [None req-56e113e0-f47d-4efe-9081-a1c1beb7fcb2 tempest-DeleteServersTestJSON-275202681 tempest-DeleteServersTestJSON-275202681-project-member] Filter ServerGroupAntiAffinityFilter returned 1 host(s) {{(pid=95757) get_filtered_objects /opt/stack/nova/nova/filters.py:102}}
Jun 11 08:58:27.983843 np0000002597 nova-scheduler[95757]: DEBUG nova.filters [None req-56e113e0-f47d-4efe-9081-a1c1beb7fcb2 tempest-DeleteServersTestJSON-275202681 tempest-DeleteServersTestJSON-275202681-project-member] Filter ServerGroupAffinityFilter returned 1 host(s) {{(pid=95757) get_filtered_objects /opt/stack/nova/nova/filters.py:102}}
Jun 11 08:58:27.983843 np0000002597 nova-scheduler[95757]: DEBUG nova.filters [None req-56e113e0-f47d-4efe-9081-a1c1beb7fcb2 tempest-DeleteServersTestJSON-275202681 tempest-DeleteServersTestJSON-275202681-project-member] Filter SameHostFilter returned 1 host(s) {{(pid=95757) get_filtered_objects /opt/stack/nova/nova/filters.py:102}}
Jun 11 08:58:27.983843 np0000002597 nova-scheduler[95757]: DEBUG nova.filters [None req-56e113e0-f47d-4efe-9081-a1c1beb7fcb2 tempest-DeleteServersTestJSON-275202681 tempest-DeleteServersTestJSON-275202681-project-member] Filter DifferentHostFilter returned 1 host(s) {{(pid=95757) get_filtered_objects /opt/stack/nova/nova/filters.py:102}}
Jun 11 08:58:27.984356 np0000002597 nova-scheduler[95757]: DEBUG nova.scheduler.manager [None req-56e113e0-f47d-4efe-9081-a1c1beb7fcb2 tempest-DeleteServersTestJSON-275202681 tempest-DeleteServersTestJSON-275202681-project-member] Filtered [(np0000002597, np0000002597) ram: 23518MB disk: 75776MB io_ops: 0 instances: 0, allocation_candidates: 1] {{(pid=95757) _get_sorted_hosts /opt/stack/nova/nova/scheduler/manager.py:743}}
Jun 11 08:58:27.984356 np0000002597 nova-scheduler[95757]: DEBUG nova.scheduler.manager [None req-56e113e0-f47d-4efe-9081-a1c1beb7fcb2 tempest-DeleteServersTestJSON-275202681 tempest-DeleteServersTestJSON-275202681-project-member] Weighed [WeighedHost [host: (np0000002597, np0000002597) ram: 23518MB disk: 75776MB io_ops: 0 instances: 0, allocation_candidates: 1, weight: 0.0]] {{(pid=95757) _get_sorted_hosts /opt/stack/nova/nova/scheduler/manager.py:765}}
Jun 11 08:58:27.984564 np0000002597 nova-scheduler[95757]: DEBUG nova.scheduler.utils [None req-56e113e0-f47d-4efe-9081-a1c1beb7fcb2 tempest-DeleteServersTestJSON-275202681 tempest-DeleteServersTestJSON-275202681-project-member] Attempting to claim resources in the placement API for instance 17e26f54-ba80-4c3f-b954-c054126c3564 {{(pid=95757) claim_resources /opt/stack/nova/nova/scheduler/utils.py:1345}}
Jun 11 08:58:28.172163 np0000002597 nova-scheduler[95757]: DEBUG nova.scheduler.manager [None req-56e113e0-f47d-4efe-9081-a1c1beb7fcb2 tempest-DeleteServersTestJSON-275202681 tempest-DeleteServersTestJSON-275202681-project-member] [instance: 17e26f54-ba80-4c3f-b954-c054126c3564] Selected host: (np0000002597, np0000002597) ram: 23518MB disk: 75776MB io_ops: 0 instances: 0, allocation_candidates: 1 {{(pid=95757) _consume_selected_host /opt/stack/nova/nova/scheduler/manager.py:625}}
Jun 11 08:58:28.172463 np0000002597 nova-scheduler[95757]: DEBUG oslo_concurrency.lockutils [None req-56e113e0-f47d-4efe-9081-a1c1beb7fcb2 tempest-DeleteServersTestJSON-275202681 tempest-DeleteServersTestJSON-275202681-project-member] Acquiring lock "('np0000002597', 'np0000002597')" by "nova.scheduler.host_manager.HostState.consume_from_request.._locked" {{(pid=95757) inner /opt/stack/data/venv/lib/python3.12/site-packages/oslo_concurrency/lockutils.py:511}}
Jun 11 08:58:28.172648 np0000002597 nova-scheduler[95757]: DEBUG oslo_concurrency.lockutils [None req-56e113e0-f47d-4efe-9081-a1c1beb7fcb2 tempest-DeleteServersTestJSON-275202681 tempest-DeleteServersTestJSON-275202681-project-member] Lock "('np0000002597', 'np0000002597')" acquired by "nova.scheduler.host_manager.HostState.consume_from_request.._locked" :: waited 0.000s {{(pid=95757) inner /opt/stack/data/venv/lib/python3.12/site-packages/oslo_concurrency/lockutils.py:524}}
Jun 11 08:58:28.172846 np0000002597 nova-scheduler[95757]: DEBUG oslo_concurrency.lockutils [None req-56e113e0-f47d-4efe-9081-a1c1beb7fcb2 tempest-DeleteServersTestJSON-275202681 tempest-DeleteServersTestJSON-275202681-project-member] Lock "('np0000002597', 'np0000002597')" "released" by "nova.scheduler.host_manager.HostState.consume_from_request.._locked" :: held 0.000s {{(pid=95757) inner /opt/stack/data/venv/lib/python3.12/site-packages/oslo_concurrency/lockutils.py:543}}
Jun 11 08:58:32.281600 np0000002597 nova-scheduler[95722]: DEBUG nova.scheduler.manager [None req-c8e35253-e569-4d30-9870-3c61a3c0fef2 tempest-ServerActionsTestOtherB-1406419758 tempest-ServerActionsTestOtherB-1406419758-project-member] Starting to schedule for instances: ['c1baab3c-0b3b-4bd7-bc2d-9aeb92291734'] {{(pid=95722) select_destinations /opt/stack/nova/nova/scheduler/manager.py:210}}
Jun 11 08:58:32.282078 np0000002597 nova-scheduler[95722]: DEBUG nova.scheduler.request_filter [None req-c8e35253-e569-4d30-9870-3c61a3c0fef2 tempest-ServerActionsTestOtherB-1406419758 tempest-ServerActionsTestOtherB-1406419758-project-member] compute_status_filter request filter added forbidden trait COMPUTE_STATUS_DISABLED {{(pid=95722) compute_status_filter /opt/stack/nova/nova/scheduler/request_filter.py:253}}
Jun 11 08:58:32.282150 np0000002597 nova-scheduler[95722]: DEBUG nova.scheduler.request_filter [None req-c8e35253-e569-4d30-9870-3c61a3c0fef2 tempest-ServerActionsTestOtherB-1406419758 tempest-ServerActionsTestOtherB-1406419758-project-member] Request filter 'compute_status_filter' took 0.0 seconds {{(pid=95722) wrapper /opt/stack/nova/nova/scheduler/request_filter.py:46}}
Jun 11 08:58:32.282633 np0000002597 nova-scheduler[95722]: DEBUG nova.scheduler.request_filter [None req-c8e35253-e569-4d30-9870-3c61a3c0fef2 tempest-ServerActionsTestOtherB-1406419758 tempest-ServerActionsTestOtherB-1406419758-project-member] Request filter 'accelerators_filter' took 0.0 seconds {{(pid=95722) wrapper /opt/stack/nova/nova/scheduler/request_filter.py:46}}
Jun 11 08:58:32.282633 np0000002597 nova-scheduler[95722]: DEBUG nova.scheduler.request_filter [None req-c8e35253-e569-4d30-9870-3c61a3c0fef2 tempest-ServerActionsTestOtherB-1406419758 tempest-ServerActionsTestOtherB-1406419758-project-member] Request filter 'packed_virtqueue_filter' took 0.0 seconds {{(pid=95722) wrapper /opt/stack/nova/nova/scheduler/request_filter.py:46}}
Jun 11 08:58:32.282757 np0000002597 nova-scheduler[95722]: DEBUG nova.scheduler.request_filter [None req-c8e35253-e569-4d30-9870-3c61a3c0fef2 tempest-ServerActionsTestOtherB-1406419758 tempest-ServerActionsTestOtherB-1406419758-project-member] Request filter 'remote_managed_ports_filter' took 0.0 seconds {{(pid=95722) wrapper /opt/stack/nova/nova/scheduler/request_filter.py:46}}
Jun 11 08:58:32.282895 np0000002597 nova-scheduler[95722]: DEBUG nova.scheduler.request_filter [None req-c8e35253-e569-4d30-9870-3c61a3c0fef2 tempest-ServerActionsTestOtherB-1406419758 tempest-ServerActionsTestOtherB-1406419758-project-member] ephemeral_encryption_filter skipped {{(pid=95722) ephemeral_encryption_filter /opt/stack/nova/nova/scheduler/request_filter.py:426}}
Jun 11 08:58:32.283027 np0000002597 nova-scheduler[95722]: DEBUG nova.scheduler.request_filter [None req-c8e35253-e569-4d30-9870-3c61a3c0fef2 tempest-ServerActionsTestOtherB-1406419758 tempest-ServerActionsTestOtherB-1406419758-project-member] virtio_sound_filter skipped {{(pid=95722) virtio_sound_filter /opt/stack/nova/nova/scheduler/request_filter.py:460}}
Jun 11 08:58:32.283591 np0000002597 nova-scheduler[95722]: DEBUG nova.scheduler.request_filter [None req-c8e35253-e569-4d30-9870-3c61a3c0fef2 tempest-ServerActionsTestOtherB-1406419758 tempest-ServerActionsTestOtherB-1406419758-project-member] tpm_secret_security_filter skipped {{(pid=95722) tpm_secret_security_filter /opt/stack/nova/nova/scheduler/request_filter.py:477}}
Jun 11 08:58:32.406983 np0000002597 nova-scheduler[95722]: INFO nova.utils [None req-c8e35253-e569-4d30-9870-3c61a3c0fef2 tempest-ServerActionsTestOtherB-1406419758 tempest-ServerActionsTestOtherB-1406419758-project-member] The cell worker thread pool ForkProcess-1.cell_worker is initialized
Jun 11 08:58:32.407444 np0000002597 nova-scheduler[95722]: DEBUG oslo_concurrency.lockutils [None req-c8e35253-e569-4d30-9870-3c61a3c0fef2 tempest-ServerActionsTestOtherB-1406419758 tempest-ServerActionsTestOtherB-1406419758-project-member] Acquiring lock "436465bc-cd11-4f9a-86b2-ebcaf3904125" by "nova.context.set_target_cell..get_or_set_cached_cell_and_set_connections" {{(pid=95722) inner /opt/stack/data/venv/lib/python3.12/site-packages/oslo_concurrency/lockutils.py:511}}
Jun 11 08:58:32.407740 np0000002597 nova-scheduler[95722]: DEBUG oslo_concurrency.lockutils [None req-c8e35253-e569-4d30-9870-3c61a3c0fef2 tempest-ServerActionsTestOtherB-1406419758 tempest-ServerActionsTestOtherB-1406419758-project-member] Lock "436465bc-cd11-4f9a-86b2-ebcaf3904125" acquired by "nova.context.set_target_cell..get_or_set_cached_cell_and_set_connections" :: waited 0.000s {{(pid=95722) inner /opt/stack/data/venv/lib/python3.12/site-packages/oslo_concurrency/lockutils.py:524}}
Jun 11 08:58:32.409496 np0000002597 nova-scheduler[95722]: DEBUG oslo_concurrency.lockutils [None req-c8e35253-e569-4d30-9870-3c61a3c0fef2 tempest-ServerActionsTestOtherB-1406419758 tempest-ServerActionsTestOtherB-1406419758-project-member] Lock "436465bc-cd11-4f9a-86b2-ebcaf3904125" "released" by "nova.context.set_target_cell..get_or_set_cached_cell_and_set_connections" :: held 0.002s {{(pid=95722) inner /opt/stack/data/venv/lib/python3.12/site-packages/oslo_concurrency/lockutils.py:543}}
Jun 11 08:58:32.411931 np0000002597 nova-scheduler[95722]: INFO dbcounter [None req-c8e35253-e569-4d30-9870-3c61a3c0fef2 tempest-ServerActionsTestOtherB-1406419758 tempest-ServerActionsTestOtherB-1406419758-project-member] Registered counter for database nova_cell1
Jun 11 08:58:32.455670 np0000002597 nova-scheduler[95722]: DEBUG oslo_db.sqlalchemy.engines [None req-c8e35253-e569-4d30-9870-3c61a3c0fef2 tempest-ServerActionsTestOtherB-1406419758 tempest-ServerActionsTestOtherB-1406419758-project-member] MySQL server mode set to STRICT_TRANS_TABLES,STRICT_ALL_TABLES,NO_ZERO_IN_DATE,NO_ZERO_DATE,ERROR_FOR_DIVISION_BY_ZERO,TRADITIONAL,NO_ENGINE_SUBSTITUTION {{(pid=95722) _check_effective_sql_mode /opt/stack/data/venv/lib/python3.12/site-packages/oslo_db/sqlalchemy/engines.py:325}}
Jun 11 08:58:32.460810 np0000002597 nova-scheduler[95722]: DEBUG dbcounter [-] [95722] Writer thread running {{(pid=95722) stat_writer /opt/stack/data/venv/lib/python3.12/site-packages/dbcounter.py:102}}
Jun 11 08:58:32.533466 np0000002597 nova-scheduler[95722]: DEBUG dbcounter [-] [95722] Writer thread running {{(pid=95722) stat_writer /opt/stack/data/venv/lib/python3.12/site-packages/dbcounter.py:102}}
Jun 11 08:58:32.537563 np0000002597 nova-scheduler[95722]: DEBUG oslo_concurrency.lockutils [None req-c8e35253-e569-4d30-9870-3c61a3c0fef2 tempest-ServerActionsTestOtherB-1406419758 tempest-ServerActionsTestOtherB-1406419758-project-member] Acquiring lock "436465bc-cd11-4f9a-86b2-ebcaf3904125" by "nova.context.set_target_cell..get_or_set_cached_cell_and_set_connections" {{(pid=95722) inner /opt/stack/data/venv/lib/python3.12/site-packages/oslo_concurrency/lockutils.py:511}}
Jun 11 08:58:32.537881 np0000002597 nova-scheduler[95722]: DEBUG oslo_concurrency.lockutils [None req-c8e35253-e569-4d30-9870-3c61a3c0fef2 tempest-ServerActionsTestOtherB-1406419758 tempest-ServerActionsTestOtherB-1406419758-project-member] Lock "436465bc-cd11-4f9a-86b2-ebcaf3904125" acquired by "nova.context.set_target_cell..get_or_set_cached_cell_and_set_connections" :: waited 0.000s {{(pid=95722) inner /opt/stack/data/venv/lib/python3.12/site-packages/oslo_concurrency/lockutils.py:524}}
Jun 11 08:58:32.538112 np0000002597 nova-scheduler[95722]: DEBUG oslo_concurrency.lockutils [None req-c8e35253-e569-4d30-9870-3c61a3c0fef2 tempest-ServerActionsTestOtherB-1406419758 tempest-ServerActionsTestOtherB-1406419758-project-member] Lock "436465bc-cd11-4f9a-86b2-ebcaf3904125" "released" by "nova.context.set_target_cell..get_or_set_cached_cell_and_set_connections" :: held 0.000s {{(pid=95722) inner /opt/stack/data/venv/lib/python3.12/site-packages/oslo_concurrency/lockutils.py:543}}
Jun 11 08:58:32.542404 np0000002597 nova-scheduler[95722]: DEBUG oslo_concurrency.lockutils [None req-c8e35253-e569-4d30-9870-3c61a3c0fef2 tempest-ServerActionsTestOtherB-1406419758 tempest-ServerActionsTestOtherB-1406419758-project-member] Acquiring lock "('np0000002597', 'np0000002597')" by "nova.scheduler.host_manager.HostState.update.._locked_update" {{(pid=95722) inner /opt/stack/data/venv/lib/python3.12/site-packages/oslo_concurrency/lockutils.py:511}}
Jun 11 08:58:32.542812 np0000002597 nova-scheduler[95722]: DEBUG oslo_concurrency.lockutils [None req-c8e35253-e569-4d30-9870-3c61a3c0fef2 tempest-ServerActionsTestOtherB-1406419758 tempest-ServerActionsTestOtherB-1406419758-project-member] Lock "('np0000002597', 'np0000002597')" acquired by "nova.scheduler.host_manager.HostState.update.._locked_update" :: waited 0.000s {{(pid=95722) inner /opt/stack/data/venv/lib/python3.12/site-packages/oslo_concurrency/lockutils.py:524}}
